-- Table structure for table `eav_attribute_set`
--

CREATE TABLE `eav_attribute_set` (
  `attribute_set_id` smallint unsigned NOT NULL AUTO_INCREMENT COMMENT 'Attribute Set ID',
  `entity_type_id` smallint unsigned NOT NULL DEFAULT '0' COMMENT 'Entity Type ID',
  `attribute_set_name` varchar(255) DEFAULT NULL COMMENT 'Attribute Set Name',
  `sort_order` smallint NOT NULL DEFAULT '0' COMMENT 'Sort Order',
  PRIMARY KEY (`attribute_set_id`),
  UNIQUE KEY `EAV_ATTRIBUTE_SET_ENTITY_TYPE_ID_ATTRIBUTE_SET_NAME` (`entity_type_id`,`attribute_set_name`),
  KEY `EAV_ATTRIBUTE_SET_ENTITY_TYPE_ID_SORT_ORDER` (`entity_type_id`,`sort_order`),
  CONSTRAINT `EAV_ATTRIBUTE_SET_ENTITY_TYPE_ID_EAV_ENTITY_TYPE_ENTITY_TYPE_ID` FOREIGN KEY (`entity_type_id`) REFERENCES `eav_entity_type` (`entity_type_id`) ON DELETE CASCADE
) ENGINE=InnoDB AUTO_INCREMENT=10 DEFAULT CHARSET=utf8 COMMENT='Eav Attribute Set';

--
-- Dumping data for table `eav_attribute_set`
--

INSERT INTO `eav_attribute_set` VALUES (1,1,'Default',2),(2,2,'Default',2),(3,3,'Default',1),(4,4,'Default',1),(5,5,'Default',1),(6,6,'Default',1),(7,7,'Default',1),(8,8,'Default',1),(9,4,'Auto',0);

--
-- Table structure for table `eav_entity`
--

CREATE TABLE `eav_entity` (
  `entity_id` int unsigned NOT NULL AUTO_INCREMENT COMMENT 'Entity ID',
  `entity_type_id` smallint unsigned NOT NULL DEFAULT '0' COMMENT 'Entity Type ID',
  `attribute_set_id` smallint unsigned NOT NULL DEFAULT '0' COMMENT 'Attribute Set ID',
  `increment_id` varchar(50) DEFAULT NULL COMMENT 'Increment ID',
  `parent_id` int unsigned NOT NULL DEFAULT '0' COMMENT 'Parent ID',
  `store_id` smallint unsigned NOT NULL DEFAULT '0' COMMENT 'Store ID',
  `created_at` timestamp NOT NULL DEFAULT CURRENT_TIMESTAMP COMMENT 'Created At',
  `updated_at` timestamp NOT NULL DEFAULT CURRENT_TIMESTAMP ON UPDATE CURRENT_TIMESTAMP COMMENT 'Updated At',
  `is_active` smallint unsigned NOT NULL DEFAULT '1' COMMENT 'Defines Is Entity Active',
  PRIMARY KEY (`entity_id`),
  KEY `EAV_ENTITY_ENTITY_TYPE_ID` (`entity_type_id`),
  KEY `EAV_ENTITY_STORE_ID` (`store_id`),
  CONSTRAINT `EAV_ENTITY_ENTITY_TYPE_ID_EAV_ENTITY_TYPE_ENTITY_TYPE_ID` FOREIGN KEY (`entity_type_id`) REFERENCES `eav_entity_type` (`entity_type_id`) ON DELETE CASCADE,
  CONSTRAINT `EAV_ENTITY_STORE_ID_STORE_STORE_ID` FOREIGN KEY (`store_id`) REFERENCES `store` (`store_id`) ON DELETE CASCADE
) ENGINE=InnoDB DEFAULT CHARSET=utf8 COMMENT='Eav Entity';

--
-- Dumping data for table `eav_entity`
--


--
-- Table structure for table `eav_entity_attribute`
--

CREATE TABLE `eav_entity_attribute` (
  `entity_attribute_id` int unsigned NOT NULL AUTO_INCREMENT COMMENT 'Entity Attribute ID',
  `entity_type_id` smallint unsigned NOT NULL DEFAULT '0' COMMENT 'Entity Type ID',
  `attribute_set_id` smallint unsigned NOT NULL DEFAULT '0' COMMENT 'Attribute Set ID',
  `attribute_group_id` smallint unsigned NOT NULL DEFAULT '0' COMMENT 'Attribute Group ID',
  `attribute_id` smallint unsigned NOT NULL DEFAULT '0' COMMENT 'Attribute ID',
  `sort_order` smallint NOT NULL DEFAULT '0' COMMENT 'Sort Order',
  PRIMARY KEY (`entity_attribute_id`),
  UNIQUE KEY `EAV_ENTITY_ATTRIBUTE_ATTRIBUTE_SET_ID_ATTRIBUTE_ID` (`attribute_set_id`,`attribute_id`),
  UNIQUE KEY `EAV_ENTITY_ATTRIBUTE_ATTRIBUTE_GROUP_ID_ATTRIBUTE_ID` (`attribute_group_id`,`attribute_id`),
  KEY `EAV_ENTITY_ATTRIBUTE_ATTRIBUTE_SET_ID_SORT_ORDER` (`attribute_set_id`,`sort_order`),
  KEY `EAV_ENTITY_ATTRIBUTE_ATTRIBUTE_ID` (`attribute_id`),
  CONSTRAINT `EAV_ENTITY_ATTRIBUTE_ATTRIBUTE_ID_EAV_ATTRIBUTE_ATTRIBUTE_ID` FOREIGN KEY (`attribute_id`) REFERENCES `eav_attribute` (`attribute_id`) ON DELETE CASCADE,
  CONSTRAINT `EAV_ENTT_ATTR_ATTR_GROUP_ID_EAV_ATTR_GROUP_ATTR_GROUP_ID` FOREIGN KEY (`attribute_group_id`) REFERENCES `eav_attribute_group` (`attribute_group_id`) ON DELETE CASCADE
) ENGINE=InnoDB AUTO_INCREMENT=406 DEFAULT CHARSET=utf8 COMMENT='Eav Entity Attributes';

--
-- Dumping data for table `eav_entity_attribute`
--

INSERT INTO `eav_entity_attribute` VALUES (1,1,1,1,1,10),(2,1,1,1,2,20),(3,1,1,1,3,20),(4,1,1,1,4,30),(5,1,1,1,5,40),(6,1,1,1,6,50),(7,1,1,1,7,60),(8,1,1,1,8,70),(9,1,1,1,9,80),(10,1,1,1,10,25),(11,1,1,1,11,90),(12,1,1,1,12,81),(13,1,1,1,13,115),(14,1,1,1,14,120),(15,1,1,1,15,82),(16,1,1,1,16,83),(17,1,1,1,17,100),(18,1,1,1,18,0),(19,1,1,1,19,0),(20,1,1,1,20,110),(21,1,1,1,21,28),(22,2,2,2,22,10),(23,2,2,2,23,20),(24,2,2,2,24,30),(25,2,2,2,25,40),(26,2,2,2,26,50),(27,2,2,2,27,60),(28,2,2,2,28,70),(29,2,2,2,29,100),(30,2,2,2,30,80),(31,2,2,2,31,90),(32,2,2,2,32,90),(33,2,2,2,33,110),(34,2,2,2,34,120),(35,2,2,2,35,130),(36,2,2,2,36,140),(37,2,2,2,37,132),(38,2,2,2,38,133),(39,2,2,2,39,134),(40,2,2,2,40,135),(41,1,1,1,41,87),(42,1,1,1,42,100),(43,1,1,1,43,110),(44,1,1,1,44,120),(45,3,3,4,45,1),(46,3,3,4,46,2),(47,3,3,4,47,4),(48,3,3,4,48,5),(49,3,3,4,49,6),(50,3,3,4,50,7),(51,3,3,4,51,8),(52,3,3,5,52,10),(53,3,3,5,53,20),(54,3,3,5,54,30),(55,3,3,4,55,12),(56,3,3,4,56,13),(57,3,3,4,57,14),(58,3,3,4,58,15),(59,3,3,4,59,16),(60,3,3,6,60,10),(61,3,3,6,61,30),(62,3,3,6,62,40),(63,3,3,6,63,50),(64,3,3,6,64,60),(65,3,3,4,65,24),(66,3,3,4,66,25),(67,3,3,5,67,40),(68,3,3,5,68,50),(69,3,3,4,69,10),(70,3,3,6,70,5),(71,3,3,6,71,6),(72,3,3,5,72,51),(90,4,4,7,91,6),(96,4,4,8,98,8),(101,4,4,11,103,10),(105,4,4,7,107,14),(106,4,4,7,108,15),(107,4,4,7,109,16),(108,4,4,7,110,17),(109,4,4,7,111,18),(110,4,4,7,112,19),(111,4,4,7,113,20),(116,3,3,6,118,51),(117,3,3,4,119,3),(118,3,3,4,120,17),(120,4,4,7,122,11),(123,4,4,7,125,111),(124,4,4,7,126,112),(125,4,4,7,127,113),(126,4,4,7,128,114),(183,4,4,7,73,2),(184,4,4,7,74,3),(185,4,4,7,77,5),(186,4,4,7,82,9),(187,4,4,7,83,13),(188,4,4,7,93,14),(189,4,4,7,94,16),(190,4,4,7,95,17),(191,4,4,7,97,1),(192,4,4,7,99,11),(193,4,4,7,105,12),(194,4,4,7,114,19),(195,4,4,7,115,8),(196,4,4,7,130,6),(197,4,4,7,131,4),(198,4,4,7,132,10),(199,4,4,7,136,7),(200,4,4,7,137,18),(201,4,4,7,138,15),(202,4,4,13,75,2),(203,4,4,13,76,1),(204,4,4,20,134,1),(205,4,4,10,87,1),(206,4,4,10,88,2),(207,4,4,10,89,3),(208,4,4,10,90,5),(209,4,4,10,96,6),(210,4,4,10,135,4),(211,4,4,9,84,2),(212,4,4,9,85,3),(213,4,4,9,86,4),(214,4,4,9,121,1),(215,4,4,8,78,1),(216,4,4,8,79,2),(217,4,4,8,80,3),(218,4,4,8,81,4),(219,4,4,8,92,5),(220,4,4,8,123,6),(221,4,4,8,124,7),(222,4,4,8,133,8),(223,4,4,11,104,1),(224,4,4,11,106,2),(225,4,4,11,117,3),(226,4,4,14,100,3),(227,4,4,14,101,1),(228,4,4,14,102,2),(229,4,4,14,116,4),(230,4,4,19,129,1),(231,4,4,7,139,102),(240,4,9,24,103,10),(248,4,9,25,98,8),(269,4,9,30,91,6),(275,4,9,30,122,11),(278,4,9,30,107,14),(280,4,9,30,108,15),(283,4,9,30,109,16),(284,4,9,30,110,17),(287,4,9,30,111,18),(289,4,9,30,112,19),(290,4,9,30,113,20),(292,4,9,30,125,111),(293,4,9,30,126,112),(294,4,9,30,127,113),(295,4,9,30,128,114),(346,4,9,30,73,2),(347,4,9,30,74,3),(348,4,9,30,77,5),(349,4,9,30,82,9),(350,4,9,30,93,16),(351,4,9,30,94,18),(352,4,9,30,95,19),(353,4,9,30,97,1),(354,4,9,30,99,11),(355,4,9,30,105,12),(356,4,9,30,114,21),(357,4,9,30,115,8),(358,4,9,30,130,6),(359,4,9,30,131,4),(360,4,9,30,132,10),(361,4,9,30,136,7),(362,4,9,30,137,20),(363,4,9,30,138,17),(364,4,9,30,140,14),(365,4,9,30,141,15),(366,4,9,30,142,13),(367,4,9,29,75,2),(368,4,9,29,76,1),(369,4,9,28,134,1),(370,4,9,27,87,1),(371,4,9,27,88,2),(372,4,9,27,89,3),(373,4,9,27,90,5),(374,4,9,27,96,6),(375,4,9,27,135,4),(376,4,9,26,84,2),(377,4,9,26,85,3),(378,4,9,26,86,4),(379,4,9,26,121,1),(380,4,9,25,78,1),(381,4,9,25,79,2),(382,4,9,25,80,3),(383,4,9,25,81,4),(384,4,9,25,92,5),(385,4,9,25,123,6),(386,4,9,25,124,7),(387,4,9,25,133,8),(388,4,9,24,104,1),(389,4,9,24,106,2),(390,4,9,24,117,3),(391,4,9,23,100,3),(392,4,9,23,101,1),(393,4,9,23,102,2),(394,4,9,23,116,4),(395,4,9,21,129,1),(396,4,9,30,143,115),(397,4,4,7,143,115),(398,4,9,31,144,22),(399,4,4,32,144,22),(400,4,9,31,145,25),(401,4,4,32,145,25),(402,4,9,31,146,30),(403,4,4,32,146,30),(404,4,9,31,147,35),(405,4,4,32,147,35);

--
-- Table structure for table `eav_entity_datetime`
--

CREATE TABLE `eav_entity_datetime` (
  `value_id` int NOT NULL AUTO_INCREMENT COMMENT 'Value ID',
  `entity_type_id` smallint unsigned NOT NULL DEFAULT '0' COMMENT 'Entity Type ID',
  `attribute_id` smallint unsigned NOT NULL DEFAULT '0' COMMENT 'Attribute ID',
  `store_id` smallint unsigned NOT NULL DEFAULT '0' COMMENT 'Store ID',
  `entity_id` int unsigned NOT NULL DEFAULT '0' COMMENT 'Entity ID',
  `value` datetime DEFAULT NULL COMMENT 'Attribute Value',
  PRIMARY KEY (`value_id`),
  UNIQUE KEY `EAV_ENTITY_DATETIME_ENTITY_ID_ATTRIBUTE_ID_STORE_ID` (`entity_id`,`attribute_id`,`store_id`),
  KEY `EAV_ENTITY_DATETIME_STORE_ID` (`store_id`),
  KEY `EAV_ENTITY_DATETIME_ATTRIBUTE_ID_VALUE` (`attribute_id`,`value`),
  KEY `EAV_ENTITY_DATETIME_ENTITY_TYPE_ID_VALUE` (`entity_type_id`,`value`),
  CONSTRAINT `EAV_ENTITY_DATETIME_ENTITY_ID_EAV_ENTITY_ENTITY_ID` FOREIGN KEY (`entity_id`) REFERENCES `eav_entity` (`entity_id`) ON DELETE CASCADE,
  CONSTRAINT `EAV_ENTITY_DATETIME_STORE_ID_STORE_STORE_ID` FOREIGN KEY (`store_id`) REFERENCES `store` (`store_id`) ON DELETE CASCADE,
  CONSTRAINT `EAV_ENTT_DTIME_ENTT_TYPE_ID_EAV_ENTT_TYPE_ENTT_TYPE_ID` FOREIGN KEY (`entity_type_id`) REFERENCES `eav_entity_type` (`entity_type_id`) ON DELETE CASCADE
) ENGINE=InnoDB DEFAULT CHARSET=utf8 COMMENT='Eav Entity Value Prefix';

--
-- Dumping data for table `eav_entity_datetime`
--


--
-- Table structure for table `eav_entity_decimal`
--

CREATE TABLE `eav_entity_decimal` (
  `value_id` int NOT NULL AUTO_INCREMENT COMMENT 'Value ID',
  `entity_type_id` smallint unsigned NOT NULL DEFAULT '0' COMMENT 'Entity Type ID',
  `attribute_id` smallint unsigned NOT NULL DEFAULT '0' COMMENT 'Attribute ID',
  `store_id` smallint unsigned NOT NULL DEFAULT '0' COMMENT 'Store ID',
  `entity_id` int unsigned NOT NULL DEFAULT '0' COMMENT 'Entity ID',
  `value` decimal(12,4) NOT NULL DEFAULT '0.0000' COMMENT 'Attribute Value',
  PRIMARY KEY (`value_id`),
  UNIQUE KEY `EAV_ENTITY_DECIMAL_ENTITY_ID_ATTRIBUTE_ID_STORE_ID` (`entity_id`,`attribute_id`,`store_id`),
  KEY `EAV_ENTITY_DECIMAL_STORE_ID` (`store_id`),
  KEY `EAV_ENTITY_DECIMAL_ATTRIBUTE_ID_VALUE` (`attribute_id`,`value`),
  KEY `EAV_ENTITY_DECIMAL_ENTITY_TYPE_ID_VALUE` (`entity_type_id`,`value`),
  CONSTRAINT `EAV_ENTITY_DECIMAL_ENTITY_ID_EAV_ENTITY_ENTITY_ID` FOREIGN KEY (`entity_id`) REFERENCES `eav_entity` (`entity_id`) ON DELETE CASCADE,
  CONSTRAINT `EAV_ENTITY_DECIMAL_ENTITY_TYPE_ID_EAV_ENTITY_TYPE_ENTITY_TYPE_ID` FOREIGN KEY (`entity_type_id`) REFERENCES `eav_entity_type` (`entity_type_id`) ON DELETE CASCADE,
  CONSTRAINT `EAV_ENTITY_DECIMAL_STORE_ID_STORE_STORE_ID` FOREIGN KEY (`store_id`) REFERENCES `store` (`store_id`) ON DELETE CASCADE
) ENGINE=InnoDB DEFAULT CHARSET=utf8 COMMENT='Eav Entity Value Prefix';

--
-- Dumping data for table `eav_entity_decimal`
--


--
-- Table structure for table `eav_entity_int`
--

CREATE TABLE `eav_entity_int` (
  `value_id` int NOT NULL AUTO_INCREMENT COMMENT 'Value ID',
  `entity_type_id` smallint unsigned NOT NULL DEFAULT '0' COMMENT 'Entity Type ID',
  `attribute_id` smallint unsigned NOT NULL DEFAULT '0' COMMENT 'Attribute ID',
  `store_id` smallint unsigned NOT NULL DEFAULT '0' COMMENT 'Store ID',
  `entity_id` int unsigned NOT NULL DEFAULT '0' COMMENT 'Entity ID',
  `value` int NOT NULL DEFAULT '0' COMMENT 'Attribute Value',
  PRIMARY KEY (`value_id`),
  UNIQUE KEY `EAV_ENTITY_INT_ENTITY_ID_ATTRIBUTE_ID_STORE_ID` (`entity_id`,`attribute_id`,`store_id`),
  KEY `EAV_ENTITY_INT_STORE_ID` (`store_id`),
  KEY `EAV_ENTITY_INT_ATTRIBUTE_ID_VALUE` (`attribute_id`,`value`),
  KEY `EAV_ENTITY_INT_ENTITY_TYPE_ID_VALUE` (`entity_type_id`,`value`),
  CONSTRAINT `EAV_ENTITY_INT_ENTITY_ID_EAV_ENTITY_ENTITY_ID` FOREIGN KEY (`entity_id`) REFERENCES `eav_entity` (`entity_id`) ON DELETE CASCADE,
  CONSTRAINT `EAV_ENTITY_INT_ENTITY_TYPE_ID_EAV_ENTITY_TYPE_ENTITY_TYPE_ID` FOREIGN KEY (`entity_type_id`) REFERENCES `eav_entity_type` (`entity_type_id`) ON DELETE CASCADE,
  CONSTRAINT `EAV_ENTITY_INT_STORE_ID_STORE_STORE_ID` FOREIGN KEY (`store_id`) REFERENCES `store` (`store_id`) ON DELETE CASCADE
) ENGINE=InnoDB DEFAULT CHARSET=utf8 COMMENT='Eav Entity Value Prefix';

--
-- Dumping data for table `eav_entity_int`
--


--
-- Table structure for table `eav_entity_store`
--

CREATE TABLE `eav_entity_store` (
  `entity_store_id` int unsigned NOT NULL AUTO_INCREMENT COMMENT 'Entity Store ID',
  `entity_type_id` smallint unsigned NOT NULL DEFAULT '0' COMMENT 'Entity Type ID',
  `store_id` smallint unsigned NOT NULL DEFAULT '0' COMMENT 'Store ID',
  `increment_prefix` varchar(20) DEFAULT NULL COMMENT 'Increment Prefix',
  `increment_last_id` varchar(50) DEFAULT NULL COMMENT 'Last Incremented ID',
  PRIMARY KEY (`entity_store_id`),
  KEY `EAV_ENTITY_STORE_ENTITY_TYPE_ID` (`entity_type_id`),
  KEY `EAV_ENTITY_STORE_STORE_ID` (`store_id`),
  CONSTRAINT `EAV_ENTITY_STORE_ENTITY_TYPE_ID_EAV_ENTITY_TYPE_ENTITY_TYPE_ID` FOREIGN KEY (`entity_type_id`) REFERENCES `eav_entity_type` (`entity_type_id`) ON DELETE CASCADE,
  CONSTRAINT `EAV_ENTITY_STORE_STORE_ID_STORE_STORE_ID` FOREIGN KEY (`store_id`) REFERENCES `store` (`store_id`) ON DELETE CASCADE
) ENGINE=InnoDB DEFAULT CHARSET=utf8 COMMENT='Eav Entity Store';

--
-- Dumping data for table `eav_entity_store`
--


--
-- Table structure for table `eav_entity_text`
--

CREATE TABLE `eav_entity_text` (
  `value_id` int NOT NULL AUTO_INCREMENT COMMENT 'Value ID',
  `entity_type_id` smallint unsigned NOT NULL DEFAULT '0' COMMENT 'Entity Type ID',
  `attribute_id` smallint unsigned NOT NULL DEFAULT '0' COMMENT 'Attribute ID',
  `store_id` smallint unsigned NOT NULL DEFAULT '0' COMMENT 'Store ID',
  `entity_id` int unsigned NOT NULL DEFAULT '0' COMMENT 'Entity ID',
  `value` text NOT NULL COMMENT 'Attribute Value',
  PRIMARY KEY (`value_id`),
  UNIQUE KEY `EAV_ENTITY_TEXT_ENTITY_ID_ATTRIBUTE_ID_STORE_ID` (`entity_id`,`attribute_id`,`store_id`),
  KEY `EAV_ENTITY_TEXT_ENTITY_TYPE_ID` (`entity_type_id`),
  KEY `EAV_ENTITY_TEXT_ATTRIBUTE_ID` (`attribute_id`),
  KEY `EAV_ENTITY_TEXT_STORE_ID` (`store_id`),
  CONSTRAINT `EAV_ENTITY_TEXT_ENTITY_ID_EAV_ENTITY_ENTITY_ID` FOREIGN KEY (`entity_id`) REFERENCES `eav_entity` (`entity_id`) ON DELETE CASCADE,
  CONSTRAINT `EAV_ENTITY_TEXT_ENTITY_TYPE_ID_EAV_ENTITY_TYPE_ENTITY_TYPE_ID` FOREIGN KEY (`entity_type_id`) REFERENCES `eav_entity_type` (`entity_type_id`) ON DELETE CASCADE,
  CONSTRAINT `EAV_ENTITY_TEXT_STORE_ID_STORE_STORE_ID` FOREIGN KEY (`store_id`) REFERENCES `store` (`store_id`) ON DELETE CASCADE
) ENGINE=InnoDB DEFAULT CHARSET=utf8 COMMENT='Eav Entity Value Prefix';

--
-- Dumping data for table `eav_entity_text`
--


--
-- Table structure for table `eav_entity_type`
--

CREATE TABLE `eav_entity_type` (
  `entity_type_id` smallint unsigned NOT NULL AUTO_INCREMENT COMMENT 'Entity Type ID',
  `entity_type_code` varchar(50) NOT NULL COMMENT 'Entity Type Code',
  `entity_model` varchar(255) NOT NULL COMMENT 'Entity Model',
  `attribute_model` varchar(255) DEFAULT NULL COMMENT 'Attribute Model',
  `entity_table` varchar(255) DEFAULT NULL COMMENT 'Entity Table',
  `value_table_prefix` varchar(255) DEFAULT NULL COMMENT 'Value Table Prefix',
  `entity_id_field` varchar(255) DEFAULT NULL COMMENT 'Entity ID Field',
  `is_data_sharing` smallint unsigned NOT NULL DEFAULT '1' COMMENT 'Defines Is Data Sharing',
  `data_sharing_key` varchar(100) DEFAULT 'default' COMMENT 'Data Sharing Key',
  `default_attribute_set_id` smallint unsigned NOT NULL DEFAULT '0' COMMENT 'Default Attribute Set ID',
  `increment_model` varchar(255) DEFAULT NULL COMMENT 'Increment Model',
  `increment_per_store` smallint unsigned NOT NULL DEFAULT '0' COMMENT 'Increment Per Store',
  `increment_pad_length` smallint unsigned NOT NULL DEFAULT '8' COMMENT 'Increment Pad Length',
  `increment_pad_char` varchar(1) NOT NULL DEFAULT '0' COMMENT 'Increment Pad Char',
  `additional_attribute_table` varchar(255) DEFAULT NULL COMMENT 'Additional Attribute Table',
  `entity_attribute_collection` varchar(255) DEFAULT NULL COMMENT 'Entity Attribute Collection',
  PRIMARY KEY (`entity_type_id`),
  KEY `EAV_ENTITY_TYPE_ENTITY_TYPE_CODE` (`entity_type_code`)
) ENGINE=InnoDB AUTO_INCREMENT=9 DEFAULT CHARSET=utf8 COMMENT='Eav Entity Type';

--
-- Dumping data for table `eav_entity_type`
--

INSERT INTO `eav_entity_type` VALUES (1,'customer','Magento\\Customer\\Model\\ResourceModel\\Customer','Magento\\Customer\\Model\\Attribute','customer_entity',NULL,NULL,1,'default',1,'Magento\\Eav\\Model\\Entity\\Increment\\NumericValue',0,8,'0','customer_eav_attribute','Magento\\Customer\\Model\\ResourceModel\\Attribute\\Collection'),(2,'customer_address','Magento\\Customer\\Model\\ResourceModel\\Address','Magento\\Customer\\Model\\Attribute','customer_address_entity',NULL,NULL,1,'default',2,NULL,0,8,'0','customer_eav_attribute','Magento\\Customer\\Model\\ResourceModel\\Address\\Attribute\\Collection'),(3,'catalog_category','Magento\\Catalog\\Model\\ResourceModel\\Category','Magento\\Catalog\\Model\\ResourceModel\\Eav\\Attribute','catalog_category_entity',NULL,NULL,1,'default',3,NULL,0,8,'0','catalog_eav_attribute','Magento\\Catalog\\Model\\ResourceModel\\Category\\Attribute\\Collection'),(4,'catalog_product','Magento\\Catalog\\Model\\ResourceModel\\Product','Magento\\Catalog\\Model\\ResourceModel\\Eav\\Attribute','catalog_product_entity',NULL,NULL,1,'default',4,NULL,0,8,'0','catalog_eav_attribute','Magento\\Catalog\\Model\\ResourceModel\\Product\\Attribute\\Collection'),(5,'order','Magento\\Sales\\Model\\ResourceModel\\Order',NULL,'sales_order',NULL,NULL,1,'default',5,'Magento\\Eav\\Model\\Entity\\Increment\\NumericValue',1,8,'0',NULL,NULL),(6,'invoice','Magento\\Sales\\Model\\ResourceModel\\Order\\Invoice',NULL,'sales_invoice',NULL,NULL,1,'default',6,'Magento\\Eav\\Model\\Entity\\Increment\\NumericValue',1,8,'0',NULL,NULL),(7,'creditmemo','Magento\\Sales\\Model\\ResourceModel\\Order\\Creditmemo',NULL,'sales_creditmemo',NULL,NULL,1,'default',7,'Magento\\Eav\\Model\\Entity\\Increment\\NumericValue',1,8,'0',NULL,NULL),(8,'shipment','Magento\\Sales\\Model\\ResourceModel\\Order\\Shipment',NULL,'sales_shipment',NULL,NULL,1,'default',8,'Magento\\Eav\\Model\\Entity\\Increment\\NumericValue',1,8,'0',NULL,NULL);

--
-- Table structure for table `eav_entity_varchar`
--

CREATE TABLE `eav_entity_varchar` (
  `value_id` int NOT NULL AUTO_INCREMENT COMMENT 'Value ID',
  `entity_type_id` smallint unsigned NOT NULL DEFAULT '0' COMMENT 'Entity Type ID',
  `attribute_id` smallint unsigned NOT NULL DEFAULT '0' COMMENT 'Attribute ID',
  `store_id` smallint unsigned NOT NULL DEFAULT '0' COMMENT 'Store ID',
  `entity_id` int unsigned NOT NULL DEFAULT '0' COMMENT 'Entity ID',
  `value` varchar(255) DEFAULT NULL COMMENT 'Attribute Value',
  PRIMARY KEY (`value_id`),
  UNIQUE KEY `EAV_ENTITY_VARCHAR_ENTITY_ID_ATTRIBUTE_ID_STORE_ID` (`entity_id`,`attribute_id`,`store_id`),
  KEY `EAV_ENTITY_VARCHAR_STORE_ID` (`store_id`),
  KEY `EAV_ENTITY_VARCHAR_ATTRIBUTE_ID_VALUE` (`attribute_id`,`value`),
  KEY `EAV_ENTITY_VARCHAR_ENTITY_TYPE_ID_VALUE` (`entity_type_id`,`value`),
  CONSTRAINT `EAV_ENTITY_VARCHAR_ENTITY_ID_EAV_ENTITY_ENTITY_ID` FOREIGN KEY (`entity_id`) REFERENCES `eav_entity` (`entity_id`) ON DELETE CASCADE,
  CONSTRAINT `EAV_ENTITY_VARCHAR_ENTITY_TYPE_ID_EAV_ENTITY_TYPE_ENTITY_TYPE_ID` FOREIGN KEY (`entity_type_id`) REFERENCES `eav_entity_type` (`entity_type_id`) ON DELETE CASCADE,
  CONSTRAINT `EAV_ENTITY_VARCHAR_STORE_ID_STORE_STORE_ID` FOREIGN KEY (`store_id`) REFERENCES `store` (`store_id`) ON DELETE CASCADE
) ENGINE=InnoDB DEFAULT CHARSET=utf8 COMMENT='Eav Entity Value Prefix';

--
-- Dumping data for table `eav_entity_varchar`
--


--
-- Table structure for table `eav_form_element`
--

CREATE TABLE `eav_form_element` (
  `element_id` int unsigned NOT NULL AUTO_INCREMENT COMMENT 'Element ID',
  `type_id` smallint unsigned NOT NULL COMMENT 'Type ID',
  `fieldset_id` smallint unsigned DEFAULT NULL COMMENT 'Fieldset ID',
  `attribute_id` smallint unsigned NOT NULL COMMENT 'Attribute ID',
  `sort_order` int NOT NULL DEFAULT '0' COMMENT 'Sort Order',
  PRIMARY KEY (`element_id`),
  UNIQUE KEY `EAV_FORM_ELEMENT_TYPE_ID_ATTRIBUTE_ID` (`type_id`,`attribute_id`),
  KEY `EAV_FORM_ELEMENT_FIELDSET_ID` (`fieldset_id`),
  KEY `EAV_FORM_ELEMENT_ATTRIBUTE_ID` (`attribute_id`),
  CONSTRAINT `EAV_FORM_ELEMENT_ATTRIBUTE_ID_EAV_ATTRIBUTE_ATTRIBUTE_ID` FOREIGN KEY (`attribute_id`) REFERENCES `eav_attribute` (`attribute_id`) ON DELETE CASCADE,
  CONSTRAINT `EAV_FORM_ELEMENT_FIELDSET_ID_EAV_FORM_FIELDSET_FIELDSET_ID` FOREIGN KEY (`fieldset_id`) REFERENCES `eav_form_fieldset` (`fieldset_id`) ON DELETE SET NULL,
  CONSTRAINT `EAV_FORM_ELEMENT_TYPE_ID_EAV_FORM_TYPE_TYPE_ID` FOREIGN KEY (`type_id`) REFERENCES `eav_form_type` (`type_id`) ON DELETE CASCADE
) ENGINE=InnoDB AUTO_INCREMENT=43 DEFAULT CHARSET=utf8 COMMENT='Eav Form Element';

--
-- Dumping data for table `eav_form_element`
--

INSERT INTO `eav_form_element` VALUES (1,1,NULL,23,0),(2,1,NULL,25,1),(3,1,NULL,27,2),(4,1,NULL,9,3),(5,1,NULL,28,4),(6,1,NULL,29,5),(7,1,NULL,31,6),(8,1,NULL,33,7),(9,1,NULL,30,8),(10,1,NULL,34,9),(11,1,NULL,35,10),(12,2,NULL,23,0),(13,2,NULL,25,1),(14,2,NULL,27,2),(15,2,NULL,9,3),(16,2,NULL,28,4),(17,2,NULL,29,5),(18,2,NULL,31,6),(19,2,NULL,33,7),(20,2,NULL,30,8),(21,2,NULL,34,9),(22,2,NULL,35,10),(23,3,NULL,23,0),(24,3,NULL,25,1),(25,3,NULL,27,2),(26,3,NULL,28,3),(27,3,NULL,29,4),(28,3,NULL,31,5),(29,3,NULL,33,6),(30,3,NULL,30,7),(31,3,NULL,34,8),(32,3,NULL,35,9),(33,4,NULL,23,0),(34,4,NULL,25,1),(35,4,NULL,27,2),(36,4,NULL,28,3),(37,4,NULL,29,4),(38,4,NULL,31,5),(39,4,NULL,33,6),(40,4,NULL,30,7),(41,4,NULL,34,8),(42,4,NULL,35,9);

--
-- Table structure for table `eav_form_fieldset`
--

CREATE TABLE `eav_form_fieldset` (
  `fieldset_id` smallint unsigned NOT NULL AUTO_INCREMENT COMMENT 'Fieldset ID',
  `type_id` smallint unsigned NOT NULL COMMENT 'Type ID',
  `code` varchar(64) NOT NULL COMMENT 'Code',
  `sort_order` int NOT NULL DEFAULT '0' COMMENT 'Sort Order',
  PRIMARY KEY (`fieldset_id`),
  UNIQUE KEY `EAV_FORM_FIELDSET_TYPE_ID_CODE` (`type_id`,`code`),
  CONSTRAINT `EAV_FORM_FIELDSET_TYPE_ID_EAV_FORM_TYPE_TYPE_ID` FOREIGN KEY (`type_id`) REFERENCES `eav_form_type` (`type_id`) ON DELETE CASCADE
) ENGINE=InnoDB DEFAULT CHARSET=utf8 COMMENT='Eav Form Fieldset';

--
-- Dumping data for table `eav_form_fieldset`
--


--
-- Table structure for table `eav_form_fieldset_label`
--

CREATE TABLE `eav_form_fieldset_label` (
  `fieldset_id` smallint unsigned NOT NULL COMMENT 'Fieldset ID',
  `store_id` smallint unsigned NOT NULL COMMENT 'Store ID',
  `label` varchar(255) NOT NULL COMMENT 'Label',
  PRIMARY KEY (`fieldset_id`,`store_id`),
  KEY `EAV_FORM_FIELDSET_LABEL_STORE_ID` (`store_id`),
  CONSTRAINT `EAV_FORM_FIELDSET_LABEL_STORE_ID_STORE_STORE_ID` FOREIGN KEY (`store_id`) REFERENCES `store` (`store_id`) ON DELETE CASCADE,
  CONSTRAINT `EAV_FORM_FSET_LBL_FSET_ID_EAV_FORM_FSET_FSET_ID` FOREIGN KEY (`fieldset_id`) REFERENCES `eav_form_fieldset` (`fieldset_id`) ON DELETE CASCADE
) ENGINE=InnoDB DEFAULT CHARSET=utf8 COMMENT='Eav Form Fieldset Label';

--
-- Dumping data for table `eav_form_fieldset_label`
--


--
-- Table structure for table `eav_form_type`
--

CREATE TABLE `eav_form_type` (
  `type_id` smallint unsigned NOT NULL AUTO_INCREMENT COMMENT 'Type ID',
  `code` varchar(64) NOT NULL COMMENT 'Code',
  `label` varchar(255) NOT NULL COMMENT 'Label',
  `is_system` smallint unsigned NOT NULL DEFAULT '0' COMMENT 'Is System',
  `theme` varchar(64) DEFAULT NULL COMMENT 'Theme',
  `store_id` smallint unsigned NOT NULL COMMENT 'Store ID',
  PRIMARY KEY (`type_id`),
  UNIQUE KEY `EAV_FORM_TYPE_CODE_THEME_STORE_ID` (`code`,`theme`,`store_id`),
  KEY `EAV_FORM_TYPE_STORE_ID` (`store_id`),
  CONSTRAINT `EAV_FORM_TYPE_STORE_ID_STORE_STORE_ID` FOREIGN KEY (`store_id`) REFERENCES `store` (`store_id`) ON DELETE CASCADE
) ENGINE=InnoDB AUTO_INCREMENT=5 DEFAULT CHARSET=utf8 COMMENT='Eav Form Type';

--
-- Dumping data for table `eav_form_type`
--

INSERT INTO `eav_form_type` VALUES (1,'checkout_onepage_register','checkout_onepage_register',1,'',0),(2,'checkout_onepage_register_guest','checkout_onepage_register_guest',1,'',0),(3,'checkout_onepage_billing_address','checkout_onepage_billing_address',1,'',0),(4,'checkout_onepage_shipping_address','checkout_onepage_shipping_address',1,'',0);

--
-- Table structure for table `eav_form_type_entity`
--

CREATE TABLE `eav_form_type_entity` (
  `type_id` smallint unsigned NOT NULL COMMENT 'Type ID',
  `entity_type_id` smallint unsigned NOT NULL COMMENT 'Entity Type ID',
  PRIMARY KEY (`type_id`,`entity_type_id`),
  KEY `EAV_FORM_TYPE_ENTITY_ENTITY_TYPE_ID` (`entity_type_id`),
  CONSTRAINT `EAV_FORM_TYPE_ENTITY_TYPE_ID_EAV_FORM_TYPE_TYPE_ID` FOREIGN KEY (`type_id`) REFERENCES `eav_form_type` (`type_id`) ON DELETE CASCADE,
  CONSTRAINT `EAV_FORM_TYPE_ENTT_ENTT_TYPE_ID_EAV_ENTT_TYPE_ENTT_TYPE_ID` FOREIGN KEY (`entity_type_id`) REFERENCES `eav_entity_type` (`entity_type_id`) ON DELETE CASCADE
) ENGINE=InnoDB DEFAULT CHARSET=utf8 COMMENT='Eav Form Type Entity';

--
-- Dumping data for table `eav_form_type_entity`
--

INSERT INTO `eav_form_type_entity` VALUES (1,1),(2,1),(1,2),(2,2),(3,2),(4,2);

--
-- Table structure for table `email_abandoned_cart`
--

CREATE TABLE `email_abandoned_cart` (
  `id` int unsigned NOT NULL AUTO_INCREMENT COMMENT 'Primary Key',
  `quote_id` int unsigned DEFAULT NULL COMMENT 'Quote Id',
  `store_id` smallint unsigned DEFAULT NULL COMMENT 'Store Id',
  `customer_id` int unsigned DEFAULT NULL COMMENT 'Customer ID',
  `email` varchar(255) NOT NULL DEFAULT '' COMMENT 'Email',
  `status` varchar(255) NOT NULL DEFAULT '' COMMENT 'Contact Status',
  `is_active` smallint unsigned NOT NULL DEFAULT '1' COMMENT 'Quote Active',
  `quote_updated_at` timestamp NULL DEFAULT NULL COMMENT 'Quote updated at',
  `abandoned_cart_number` smallint unsigned NOT NULL DEFAULT '0' COMMENT 'Abandoned Cart number',
  `items_count` smallint unsigned DEFAULT '0' COMMENT 'Quote items count',
  `items_ids` varchar(255) DEFAULT NULL COMMENT 'Quote item ids',
  `created_at` timestamp NULL DEFAULT NULL COMMENT 'Created At',
  `updated_at` timestamp NULL DEFAULT NULL COMMENT 'Updated at',
  PRIMARY KEY (`id`),
  KEY `EMAIL_ABANDONED_CART_QUOTE_ID` (`quote_id`),
  KEY `EMAIL_ABANDONED_CART_STORE_ID` (`store_id`),
  KEY `EMAIL_ABANDONED_CART_CUSTOMER_ID` (`customer_id`),
  KEY `EMAIL_ABANDONED_CART_EMAIL` (`email`)
) ENGINE=InnoDB DEFAULT CHARSET=utf8 COMMENT='Abandoned Carts Table';

--
-- Dumping data for table `email_abandoned_cart`
--


--
-- Table structure for table `email_automation`
--

CREATE TABLE `email_automation` (
  `id` int unsigned NOT NULL AUTO_INCREMENT COMMENT 'Primary Key',
  `automation_type` varchar(255) DEFAULT NULL COMMENT 'Automation Type',
  `store_name` varchar(255) DEFAULT NULL COMMENT 'Automation Type',
  `enrolment_status` varchar(255) NOT NULL COMMENT 'Enrolment Status',
  `email` varchar(255) DEFAULT NULL COMMENT 'Email',
  `type_id` varchar(255) DEFAULT NULL COMMENT 'Type ID',
  `program_id` varchar(255) DEFAULT NULL COMMENT 'Program ID',
  `website_id` smallint unsigned NOT NULL COMMENT 'Website Id',
  `message` varchar(255) NOT NULL COMMENT 'Message',
  `created_at` timestamp NULL DEFAULT NULL COMMENT 'Creation Time',
  `updated_at` timestamp NULL DEFAULT NULL COMMENT 'Update Time',
  PRIMARY KEY (`id`),
  KEY `EMAIL_AUTOMATION_AUTOMATION_TYPE` (`automation_type`),
  KEY `EMAIL_AUTOMATION_ENROLMENT_STATUS` (`enrolment_status`),
  KEY `EMAIL_AUTOMATION_TYPE_ID` (`type_id`),
  KEY `EMAIL_AUTOMATION_EMAIL` (`email`),
  KEY `EMAIL_AUTOMATION_PROGRAM_ID` (`program_id`),
  KEY `EMAIL_AUTOMATION_CREATED_AT` (`created_at`),
  KEY `EMAIL_AUTOMATION_UPDATED_AT` (`updated_at`),
  KEY `EMAIL_AUTOMATION_WEBSITE_ID` (`website_id`)
) ENGINE=InnoDB DEFAULT CHARSET=utf8 COMMENT='Automation Status';

--
-- Dumping data for table `email_automation`
--


--
-- Table structure for table `email_campaign`
--

CREATE TABLE `email_campaign` (
  `id` int unsigned NOT NULL AUTO_INCREMENT COMMENT 'Primary Key',
  `campaign_id` int unsigned NOT NULL COMMENT 'Campaign ID',
  `email` varchar(255) NOT NULL DEFAULT '' COMMENT 'Contact Email',
  `customer_id` int unsigned NOT NULL COMMENT 'Customer ID',
  `sent_at` timestamp NULL DEFAULT NULL COMMENT 'Send Date',
  `order_increment_id` varchar(50) NOT NULL COMMENT 'Order Increment ID',
  `quote_id` int unsigned NOT NULL COMMENT 'Sales Quote ID',
  `message` varchar(255) NOT NULL DEFAULT '' COMMENT 'Error Message',
  `checkout_method` varchar(255) NOT NULL DEFAULT '' COMMENT 'Checkout Method Used',
  `store_id` smallint unsigned NOT NULL DEFAULT '0' COMMENT 'Store ID',
  `event_name` varchar(255) NOT NULL DEFAULT '' COMMENT 'Event Name',
  `send_id` varchar(255) NOT NULL DEFAULT '' COMMENT 'Send Id',
  `send_status` smallint NOT NULL DEFAULT '0' COMMENT 'Campaign send status',
  `created_at` timestamp NULL DEFAULT NULL COMMENT 'Creation Time',
  `updated_at` timestamp NULL DEFAULT NULL COMMENT 'Update Time',
  PRIMARY KEY (`id`),
  KEY `EMAIL_CAMPAIGN_STORE_ID` (`store_id`),
  KEY `EMAIL_CAMPAIGN_CAMPAIGN_ID` (`campaign_id`),
  KEY `EMAIL_CAMPAIGN_EMAIL` (`email`),
  KEY `EMAIL_CAMPAIGN_SEND_ID` (`send_id`),
  KEY `EMAIL_CAMPAIGN_SEND_STATUS` (`send_status`),
  KEY `EMAIL_CAMPAIGN_CREATED_AT` (`created_at`),
  KEY `EMAIL_CAMPAIGN_UPDATED_AT` (`updated_at`),
  KEY `EMAIL_CAMPAIGN_SENT_AT` (`sent_at`),
  KEY `EMAIL_CAMPAIGN_EVENT_NAME` (`event_name`),
  KEY `EMAIL_CAMPAIGN_MESSAGE` (`message`),
  KEY `EMAIL_CAMPAIGN_QUOTE_ID` (`quote_id`),
  KEY `EMAIL_CAMPAIGN_CUSTOMER_ID` (`customer_id`),
  CONSTRAINT `EMAIL_CAMPAIGN_STORE_ID_CORE/STORE_STORE_ID` FOREIGN KEY (`store_id`) REFERENCES `store` (`store_id`) ON DELETE CASCADE
) ENGINE=InnoDB DEFAULT CHARSET=utf8 COMMENT='Connector Campaigns';

--
-- Dumping data for table `email_campaign`
--


--
-- Table structure for table `email_catalog`
--

CREATE TABLE `email_catalog` (
  `id` int unsigned NOT NULL AUTO_INCREMENT COMMENT 'Primary Key',
  `product_id` int unsigned NOT NULL COMMENT 'Product Id',
  `processed` smallint unsigned NOT NULL COMMENT 'Product processed',
  `created_at` timestamp NULL DEFAULT NULL COMMENT 'Creation Time',
  `updated_at` timestamp NULL DEFAULT NULL COMMENT 'Update Time',
  `last_imported_at` timestamp NULL DEFAULT NULL COMMENT 'Last imported date',
  PRIMARY KEY (`id`),
  KEY `EMAIL_CATALOG_PRODUCT_ID` (`product_id`),
  KEY `EMAIL_CATALOG_PROCESSED` (`processed`),
  KEY `EMAIL_CATALOG_CREATED_AT` (`created_at`),
  KEY `EMAIL_CATALOG_UPDATED_AT` (`updated_at`),
  KEY `EMAIL_CATALOG_LAST_IMPORTED_AT` (`last_imported_at`),
  CONSTRAINT `EMAIL_CATALOG_PRODUCT_ID_CATALOG_PRODUCT_ENTITY_ENTITY_ID` FOREIGN KEY (`product_id`) REFERENCES `catalog_product_entity` (`entity_id`) ON DELETE CASCADE
) ENGINE=InnoDB AUTO_INCREMENT=263 DEFAULT CHARSET=utf8 COMMENT='Connector Catalog';

--
-- Dumping data for table `email_catalog`
--

INSERT INTO `email_catalog` VALUES (1,1,0,'2021-01-18 03:06:08','2021-01-22 02:48:17',NULL),(2,2,0,'2021-01-18 03:10:22','2021-11-22 01:54:20',NULL),(3,3,0,'2021-01-18 03:13:19','2022-03-10 14:30:35',NULL),(4,4,0,'2021-01-18 03:14:40','2022-01-05 02:32:20',NULL),(5,5,0,'2021-01-18 03:20:39','2022-03-10 14:34:07',NULL),(6,6,0,'2021-01-18 03:23:26','2021-11-22 01:56:32',NULL),(7,7,0,'2021-01-18 03:26:06','2021-11-22 01:58:04',NULL),(8,8,0,'2021-01-18 03:30:06','2021-11-22 01:56:07',NULL),(9,9,0,'2021-01-18 03:31:26','2021-01-22 03:10:10',NULL),(10,10,0,'2021-01-18 03:32:57','2022-01-05 02:32:48',NULL),(11,11,0,'2021-01-18 03:34:52','2022-03-10 14:35:54',NULL),(12,12,0,'2021-01-18 03:36:37','2021-11-29 01:16:50',NULL),(13,13,0,'2021-01-18 03:37:56','2021-11-22 01:40:02',NULL),(14,14,0,'2021-01-18 03:40:03','2021-11-20 10:23:38',NULL),(15,15,0,'2021-01-18 03:41:54','2021-11-20 10:33:11',NULL),(16,16,0,'2021-01-18 03:43:25','2021-11-20 10:35:33',NULL),(17,17,0,'2021-01-18 03:45:01','2021-11-20 10:33:53',NULL),(18,18,0,'2021-01-18 03:46:24','2021-11-20 10:36:31',NULL),(19,19,0,'2021-01-18 03:48:15','2021-11-22 01:40:26',NULL),(20,20,0,'2021-01-18 03:52:07','2021-11-22 02:24:40',NULL),(21,21,0,'2021-01-18 03:53:55','2021-11-22 02:10:33',NULL),(22,22,0,'2021-01-18 03:55:43','2021-11-22 02:10:55',NULL),(23,23,0,'2021-01-18 03:57:56','2021-01-22 03:01:46',NULL),(24,24,0,'2021-01-18 03:59:22','2021-01-22 03:13:27',NULL),(25,25,0,'2021-01-18 04:00:51','2021-01-22 03:01:09',NULL),(26,26,0,'2021-01-18 04:03:19','2022-01-05 02:33:55',NULL),(27,27,0,'2021-01-18 04:04:42','2021-04-20 07:36:03',NULL),(28,28,0,'2021-01-18 04:33:01','2021-11-22 02:15:42',NULL),(29,29,0,'2021-01-18 04:34:50','2021-11-22 02:23:01',NULL),(30,30,0,'2021-01-18 04:36:20','2021-11-22 02:17:40',NULL),(31,31,0,'2021-01-18 04:37:45','2021-11-22 02:19:44',NULL),(32,32,0,'2021-01-18 04:39:35','2021-11-22 02:16:03',NULL),(33,33,0,'2021-01-18 04:41:16','2021-11-22 02:17:07',NULL),(34,34,0,'2021-01-18 04:43:12','2021-11-22 02:20:50',NULL),(35,35,0,'2021-01-18 04:44:37','2021-01-22 02:54:40',NULL),(36,36,0,'2021-01-25 07:58:24','2021-11-22 01:41:01',NULL),(37,37,0,'2021-01-25 07:59:50','2021-11-22 01:42:19',NULL),(38,38,0,'2021-01-25 08:02:08','2021-11-22 01:42:39',NULL),(39,39,0,'2021-01-25 08:04:10','2021-11-22 01:43:04',NULL),(40,40,0,'2021-01-25 08:11:48','2021-11-20 08:15:36',NULL),(41,41,0,'2021-04-24 02:06:44','2021-09-24 01:31:35',NULL),(42,42,0,'2021-04-24 02:09:54','2021-04-24 02:09:54',NULL),(43,43,0,'2021-04-24 02:11:29','2021-04-24 02:11:29',NULL),(44,44,0,'2021-06-08 07:44:46','2021-11-22 02:47:01',NULL),(45,45,0,'2021-06-08 07:46:53','2021-06-08 07:46:53',NULL),(46,46,0,'2021-06-08 07:48:31','2021-11-22 02:46:32',NULL),(47,47,0,'2021-06-08 07:53:59','2021-06-08 07:53:59',NULL),(48,48,0,'2021-06-08 07:57:00','2021-11-22 02:46:07',NULL),(49,49,0,'2021-06-08 08:00:38','2021-06-08 08:00:38',NULL),(50,50,0,'2021-07-03 01:42:12','2021-07-03 03:29:20',NULL),(51,51,0,'2021-07-03 01:48:47','2021-11-22 03:16:04',NULL),(52,52,0,'2021-07-03 01:48:56','2021-07-03 01:48:56',NULL),(53,53,0,'2021-07-03 01:49:04','2021-07-03 01:49:04',NULL),(54,54,0,'2021-07-03 01:49:14','2021-07-03 01:49:14',NULL),(55,55,0,'2021-07-03 01:49:24','2021-07-03 01:49:24',NULL),(56,56,0,'2021-07-03 01:49:32','2021-07-03 02:42:14',NULL),(57,57,0,'2021-07-03 01:49:41','2022-03-02 08:54:27',NULL),(58,58,0,'2021-07-03 01:54:44','2021-07-03 03:27:23',NULL),(59,59,0,'2021-07-03 02:01:34','2021-11-25 02:09:53',NULL),(60,60,0,'2021-07-03 02:05:24','2021-07-03 03:24:36',NULL),(61,61,0,'2021-07-15 08:19:26','2021-11-22 02:12:26',NULL),(62,62,0,'2021-07-15 08:22:49','2021-11-22 02:12:44',NULL),(63,63,0,'2021-07-15 08:24:45','2021-11-22 02:14:15',NULL),(64,64,0,'2021-07-15 08:28:13','2021-11-22 02:13:39',NULL),(65,65,0,'2021-07-15 08:32:33','2021-07-15 09:03:05',NULL),(66,66,0,'2021-07-15 08:56:15','2021-11-22 02:13:56',NULL),(67,68,0,'2021-07-19 09:16:41','2021-11-20 10:19:22',NULL),(68,69,0,'2021-07-19 09:19:33','2021-07-20 03:02:18',NULL),(69,70,0,'2021-07-19 09:23:17','2021-11-20 10:20:39',NULL),(70,71,0,'2021-07-19 09:26:02','2021-07-20 03:03:22',NULL),(71,72,0,'2021-07-19 09:28:37','2021-11-22 02:24:20',NULL),(72,73,0,'2021-07-19 09:30:38','2021-11-20 10:31:15',NULL),(73,74,0,'2021-07-30 02:11:43','2021-07-30 04:48:38',NULL),(74,75,0,'2021-07-30 02:14:54','2021-11-20 10:18:02',NULL),(75,76,0,'2021-07-30 02:17:32','2021-07-30 04:22:32',NULL),(76,77,0,'2021-07-30 02:19:42','2021-11-20 10:16:31',NULL),(77,78,0,'2021-07-30 02:21:57','2021-11-20 08:29:49',NULL),(78,79,0,'2021-07-30 02:24:06','2021-11-20 10:15:13',NULL),(79,80,0,'2021-07-30 02:25:57','2021-07-31 01:20:42',NULL),(80,81,0,'2021-08-05 08:11:55','2021-08-05 08:30:28',NULL),(81,82,0,'2021-08-05 08:13:57','2021-11-22 02:40:28',NULL),(82,83,0,'2021-08-05 08:17:51','2021-08-05 08:29:12',NULL),(83,84,0,'2021-08-05 08:19:33','2021-11-22 02:40:48',NULL),(84,85,0,'2021-08-05 08:21:24','2021-08-05 08:28:04',NULL),(85,86,0,'2021-08-05 08:22:51','2021-11-22 02:40:08',NULL),(86,87,0,'2021-08-05 08:24:25','2021-08-05 08:36:28',NULL),(87,88,0,'2021-08-05 08:26:07','2021-08-05 08:26:07',NULL),(88,89,0,'2021-08-27 02:11:48','2021-08-27 02:36:26',NULL),(89,90,0,'2021-08-27 02:14:13','2021-11-22 02:21:59',NULL),(90,91,0,'2021-08-27 02:16:23','2021-08-27 02:37:49',NULL),(91,92,0,'2021-08-27 02:18:28','2021-08-27 02:18:28',NULL),(92,93,0,'2021-08-27 02:21:05','2021-11-22 02:19:21',NULL),(93,94,0,'2021-08-27 02:23:23','2021-08-27 02:23:23',NULL),(94,95,0,'2021-09-21 08:38:10','2022-01-05 02:33:15',NULL),(95,96,0,'2021-09-21 08:40:31','2021-11-22 02:02:43',NULL),(96,97,0,'2021-09-21 08:42:14','2021-11-22 02:00:07',NULL),(97,98,0,'2021-09-21 08:44:41','2021-09-21 08:50:24',NULL),(98,99,0,'2021-09-21 08:46:37','2021-11-22 02:00:29',NULL),(99,100,0,'2021-09-21 08:48:05','2021-11-22 02:02:18',NULL),(100,101,0,'2021-09-27 01:39:40','2021-11-22 02:04:31',NULL),(101,102,0,'2021-09-27 01:41:39','2021-09-27 02:28:56',NULL),(102,103,0,'2021-09-27 01:44:40','2021-11-22 02:04:54',NULL),(103,104,0,'2021-09-27 01:48:24','2021-11-22 02:06:46',NULL),(104,105,0,'2021-09-27 01:52:04','2021-11-22 02:09:18',NULL),(105,106,0,'2021-09-27 01:53:56','2021-11-22 02:11:14',NULL),(106,107,0,'2021-09-27 01:56:01','2021-11-22 02:06:31',NULL),(107,108,0,'2021-09-27 01:57:50','2021-11-22 02:06:11',NULL),(108,109,0,'2021-09-27 02:01:00','2021-11-22 02:05:16',NULL),(109,110,0,'2021-09-27 02:02:33','2021-11-22 02:05:52',NULL),(110,111,0,'2021-09-27 02:04:55','2021-09-27 02:30:08',NULL),(111,112,0,'2021-09-27 02:06:58','2021-11-22 02:08:16',NULL),(112,113,0,'2021-09-30 02:55:45','2021-09-30 08:12:08',NULL),(113,114,0,'2021-09-30 02:59:00','2021-09-30 03:21:55',NULL),(114,115,0,'2021-09-30 03:01:38','2021-11-22 02:34:14',NULL),(115,116,0,'2021-09-30 03:04:10','2021-11-22 02:33:09',NULL),(116,117,0,'2021-09-30 03:07:08','2021-09-30 03:20:15',NULL),(117,118,0,'2021-09-30 03:09:23','2021-11-22 02:32:44',NULL),(118,119,0,'2021-09-30 03:12:04','2021-09-30 08:10:20',NULL),(119,120,0,'2021-10-11 08:31:04','2021-10-11 08:31:04',NULL),(120,121,0,'2021-10-11 08:33:05','2021-11-22 02:28:45',NULL),(121,122,0,'2021-10-11 08:35:40','2021-10-12 03:02:34',NULL),(122,123,0,'2021-10-11 08:40:40','2021-11-22 02:30:02',NULL),(123,124,0,'2021-10-11 08:45:38','2021-11-22 02:29:08',NULL),(124,125,0,'2021-10-11 08:50:23','2021-10-11 08:50:23',NULL),(125,126,0,'2021-10-11 08:54:19','2021-10-11 08:54:19',NULL),(126,127,0,'2021-10-11 08:59:18','2021-10-11 08:59:18',NULL),(127,128,0,'2021-10-11 09:01:24','2021-11-22 02:29:35',NULL),(128,129,0,'2021-10-11 09:09:17','2021-10-12 02:54:44',NULL),(129,130,0,'2021-10-11 09:11:51','2021-10-11 09:11:51',NULL),(130,131,0,'2021-10-11 09:14:47','2021-11-22 02:30:29',NULL),(131,132,0,'2021-10-21 02:03:46','2021-10-22 01:45:39',NULL),(132,133,0,'2021-10-21 02:05:48','2021-10-21 02:05:48',NULL),(133,134,0,'2021-10-21 02:07:35','2021-11-22 02:25:57',NULL),(134,135,0,'2021-10-21 02:09:23','2021-11-22 02:27:29',NULL),(135,136,0,'2021-10-21 02:11:15','2021-11-22 02:26:16',NULL),(136,137,0,'2021-10-21 02:12:49','2021-10-21 02:12:49',NULL),(137,138,0,'2021-10-21 02:14:28','2021-10-21 02:14:28',NULL),(138,139,0,'2021-10-21 02:15:53','2021-11-22 02:25:37',NULL),(139,140,0,'2021-11-23 01:46:45','2021-11-23 01:55:01',NULL),(140,141,0,'2021-11-23 01:49:34','2021-11-23 01:49:34',NULL),(141,142,0,'2021-11-23 01:51:26','2021-11-23 01:51:26',NULL),(142,143,0,'2021-11-23 01:53:03','2021-11-23 01:53:03',NULL),(143,144,0,'2021-11-23 01:54:38','2021-11-23 01:54:38',NULL),(144,145,0,'2021-11-23 01:59:49','2021-11-23 01:59:49',NULL),(145,146,0,'2021-11-23 02:01:29','2021-11-23 02:01:29',NULL),(146,147,0,'2021-11-23 02:02:59','2021-11-23 02:02:59',NULL),(147,148,0,'2021-11-23 02:04:37','2021-11-23 02:04:37',NULL),(148,149,0,'2021-11-23 02:06:16','2021-11-23 02:06:16',NULL),(149,150,0,'2021-11-23 02:10:33','2021-11-23 02:10:33',NULL),(150,151,0,'2021-11-23 02:12:06','2021-11-23 02:12:06',NULL),(151,152,0,'2021-11-23 02:13:54','2021-11-23 02:13:54',NULL),(152,153,0,'2021-11-23 02:16:51','2021-11-23 02:16:51',NULL),(153,154,0,'2021-11-23 02:18:19','2021-11-23 02:18:19',NULL),(154,155,0,'2021-11-23 02:23:41','2021-11-23 02:23:41',NULL),(155,156,0,'2021-11-23 02:24:54','2021-11-23 02:25:23',NULL),(156,157,0,'2021-11-23 02:26:49','2021-11-23 02:26:49',NULL),(157,158,0,'2021-11-23 02:28:07','2021-11-23 02:28:07',NULL),(158,159,0,'2021-11-23 02:29:24','2021-11-23 02:29:24',NULL),(159,160,0,'2021-11-23 02:36:50','2021-11-23 02:36:50',NULL),(160,161,0,'2021-11-23 02:38:33','2021-11-23 02:38:33',NULL),(161,162,0,'2021-11-23 02:39:59','2021-11-23 02:39:59',NULL),(162,163,0,'2021-11-23 02:42:38','2021-11-23 02:42:38',NULL),(163,164,0,'2021-11-23 02:44:16','2021-11-23 02:44:16',NULL),(164,165,0,'2021-11-23 02:50:27','2021-11-23 02:50:27',NULL),(165,166,0,'2021-11-23 02:51:44','2021-11-23 02:51:44',NULL),(166,167,0,'2021-11-23 02:53:12','2021-11-23 02:53:12',NULL),(167,168,0,'2021-11-23 02:54:38','2021-11-23 02:54:38',NULL),(168,169,0,'2021-11-23 02:55:52','2021-11-23 02:55:52',NULL),(169,170,0,'2021-11-23 03:00:36','2021-11-23 03:00:36',NULL),(170,171,0,'2021-11-23 03:02:01','2021-11-23 03:02:01',NULL),(171,172,0,'2021-11-23 03:03:37','2021-11-23 03:03:37',NULL),(172,173,0,'2021-11-23 03:05:02','2021-11-23 03:05:02',NULL),(173,174,0,'2021-11-23 03:06:07','2021-11-23 03:06:07',NULL),(174,175,0,'2021-11-23 03:10:16','2021-11-23 03:10:16',NULL),(175,176,0,'2021-11-23 03:13:57','2021-11-23 03:13:57',NULL),(176,177,0,'2021-11-23 03:15:20','2021-11-23 03:15:20',NULL),(177,178,0,'2021-11-23 03:16:47','2021-11-23 03:16:47',NULL),(178,179,0,'2021-11-23 03:18:07','2021-11-23 03:18:07',NULL),(179,180,0,'2021-11-23 03:30:24','2021-11-23 03:30:24',NULL),(180,181,0,'2021-11-23 03:33:23','2021-11-23 03:33:23',NULL),(181,182,0,'2021-11-23 03:34:39','2021-11-23 03:34:39',NULL),(182,183,0,'2021-11-23 03:35:52','2021-11-23 03:35:52',NULL),(183,184,0,'2021-11-23 03:37:01','2021-11-23 03:37:01',NULL),(184,185,0,'2021-11-25 02:01:14','2021-11-25 02:01:14',NULL),(185,186,0,'2021-11-25 02:02:47','2021-11-25 02:02:47',NULL),(186,187,0,'2021-11-25 02:03:59','2021-11-25 02:03:59',NULL),(187,188,0,'2021-11-29 01:23:21','2021-11-29 10:04:12',NULL),(188,189,0,'2021-12-13 08:03:51','2021-12-13 08:31:57',NULL),(189,190,0,'2021-12-13 08:09:39','2021-12-13 08:46:47',NULL),(190,191,0,'2021-12-13 08:11:35','2021-12-13 08:12:46',NULL),(191,192,0,'2021-12-13 08:14:03','2021-12-13 08:14:03',NULL),(192,193,0,'2021-12-13 08:15:38','2021-12-13 08:30:48',NULL),(193,194,0,'2021-12-13 08:16:58','2021-12-13 08:47:47',NULL),(194,195,0,'2021-12-13 08:18:26','2021-12-13 08:18:26',NULL),(195,196,0,'2021-12-13 08:20:14','2021-12-13 08:29:30',NULL),(196,197,0,'2021-12-13 08:22:03','2021-12-13 08:22:03',NULL),(197,198,0,'2021-12-13 08:23:19','2021-12-13 08:28:47',NULL),(198,199,0,'2021-12-13 08:24:33','2021-12-13 08:25:19',NULL),(199,200,0,'2021-12-13 08:26:34','2021-12-13 08:47:26',NULL),(200,201,0,'2021-12-22 09:43:35','2021-12-23 03:35:21',NULL),(201,202,0,'2021-12-22 09:49:35','2021-12-24 01:49:37',NULL),(202,203,0,'2021-12-22 09:51:37','2021-12-23 03:36:13',NULL),(203,204,0,'2021-12-22 09:53:25','2021-12-22 09:53:25',NULL),(204,205,0,'2021-12-22 09:57:46','2021-12-22 09:57:46',NULL),(205,206,0,'2021-12-22 09:59:42','2021-12-23 03:54:57',NULL),(206,207,0,'2021-12-22 10:01:30','2021-12-22 10:01:30',NULL),(207,208,0,'2021-12-22 10:03:15','2021-12-23 03:57:00',NULL),(208,209,0,'2021-12-22 10:06:42','2021-12-24 01:18:46',NULL),(209,210,0,'2021-12-22 10:08:15','2021-12-22 10:08:15',NULL),(210,211,0,'2021-12-22 10:10:12','2021-12-24 01:28:00',NULL),(211,212,0,'2021-12-22 10:11:58','2021-12-22 10:11:58',NULL),(212,213,0,'2021-12-22 10:13:36','2021-12-22 10:13:36',NULL),(213,214,0,'2021-12-22 10:15:34','2021-12-23 03:37:00',NULL),(214,215,0,'2021-12-22 10:17:24','2021-12-23 03:40:59',NULL),(215,216,0,'2021-12-22 10:19:03','2021-12-24 01:26:43',NULL),(216,217,0,'2021-12-23 01:32:28','2021-12-24 01:50:11',NULL),(217,218,0,'2021-12-23 01:34:45','2021-12-23 03:57:36',NULL),(218,219,0,'2021-12-23 01:36:19','2021-12-23 01:36:19',NULL),(219,220,0,'2021-12-23 01:38:08','2021-12-23 03:58:07',NULL),(220,221,0,'2021-12-23 01:41:12','2022-03-04 03:52:43',NULL),(221,222,0,'2021-12-23 01:43:28','2021-12-23 01:43:28',NULL),(222,223,0,'2021-12-23 01:44:58','2021-12-23 03:58:38',NULL),(223,224,0,'2021-12-23 01:47:22','2021-12-23 01:47:22',NULL),(224,225,0,'2021-12-23 01:53:45','2021-12-23 01:53:45',NULL),(225,226,0,'2021-12-23 01:55:38','2021-12-24 01:50:46',NULL),(226,227,0,'2021-12-23 01:57:27','2021-12-23 03:34:22',NULL),(227,228,0,'2021-12-23 01:59:02','2021-12-23 01:59:02',NULL),(228,229,0,'2021-12-23 02:07:21','2021-12-23 03:33:37',NULL),(229,230,0,'2021-12-23 02:09:58','2021-12-23 03:32:56',NULL),(230,231,0,'2021-12-23 02:11:28','2021-12-23 03:32:13',NULL),(231,232,0,'2021-12-23 02:13:03','2021-12-23 03:31:18',NULL),(232,233,0,'2022-01-04 02:26:48','2022-01-04 02:26:48',NULL),(233,234,0,'2022-01-04 02:29:24','2022-01-04 02:29:24',NULL),(234,235,0,'2022-01-04 02:33:27','2022-01-04 02:33:27',NULL),(235,236,0,'2022-01-04 02:34:54','2022-01-04 03:00:24',NULL),(236,237,0,'2022-01-04 02:36:34','2022-01-04 02:36:34',NULL),(237,238,0,'2022-01-04 02:38:09','2022-01-04 02:59:09',NULL),(238,239,0,'2022-01-04 02:39:52','2022-01-04 03:00:48',NULL),(239,240,0,'2022-01-04 02:41:28','2022-01-04 02:41:28',NULL),(240,241,0,'2022-01-04 02:42:56','2022-01-04 02:57:52',NULL),(241,242,0,'2022-03-02 03:57:05','2022-03-02 04:45:51',NULL),(242,243,0,'2022-03-02 03:57:33','2022-03-02 04:43:08',NULL),(243,244,0,'2022-03-02 03:58:02','2022-03-02 04:45:51',NULL),(245,246,0,'2022-03-02 09:24:32','2022-03-02 10:28:47',NULL),(246,247,0,'2022-03-02 09:37:12','2022-03-02 09:37:12',NULL),(247,248,0,'2022-03-02 09:37:38','2022-03-02 09:37:38',NULL),(248,249,0,'2022-03-02 10:07:04','2022-03-02 10:07:04',NULL),(249,250,0,'2022-03-02 10:07:36','2022-03-02 10:07:36',NULL),(250,251,0,'2022-03-02 10:08:08','2022-03-02 10:27:50',NULL),(251,252,0,'2022-03-02 10:16:16','2022-03-02 10:16:16',NULL),(252,253,0,'2022-03-02 10:16:45','2022-03-02 10:16:45',NULL),(253,254,0,'2022-03-02 10:17:10','2022-03-02 10:17:10',NULL),(254,255,0,'2022-03-02 10:17:41','2022-03-14 08:31:09',NULL),(255,256,0,'2022-03-02 10:23:00','2022-03-02 10:23:00',NULL),(256,257,0,'2022-03-02 10:23:26','2022-03-02 10:23:26',NULL),(257,258,0,'2022-03-02 10:23:55','2022-03-02 10:23:55',NULL),(258,259,0,'2022-03-04 03:54:41','2022-03-04 04:01:06',NULL),(259,260,0,'2022-03-04 04:02:17','2022-03-04 04:04:47',NULL),(260,261,0,'2022-03-04 04:05:55','2022-03-04 08:52:32',NULL),(261,262,0,'2022-03-04 08:54:18','2022-03-04 08:58:05',NULL),(262,263,0,'2022-03-04 08:59:26','2022-03-04 09:11:49',NULL);

--
-- Table structure for table `email_contact`
--

CREATE TABLE `email_contact` (
  `email_contact_id` int unsigned NOT NULL AUTO_INCREMENT COMMENT 'Primary Key',
  `is_guest` smallint unsigned DEFAULT NULL COMMENT 'Is Guest',
  `contact_id` varchar(15) DEFAULT NULL COMMENT 'Connector Contact ID',
  `customer_id` int unsigned NOT NULL COMMENT 'Customer ID',
  `website_id` smallint unsigned NOT NULL DEFAULT '0' COMMENT 'Website ID',
  `store_id` smallint unsigned NOT NULL DEFAULT '0' COMMENT 'Store ID',
  `email` varchar(255) NOT NULL DEFAULT '' COMMENT 'Customer Email',
  `is_subscriber` smallint unsigned DEFAULT NULL COMMENT 'Is Subscriber',
  `subscriber_status` smallint unsigned DEFAULT NULL COMMENT 'Subscriber status',
  `email_imported` smallint unsigned NOT NULL DEFAULT '0' COMMENT 'Is Imported',
  `subscriber_imported` smallint unsigned NOT NULL DEFAULT '0' COMMENT 'Is Subscriber Imported',
  `suppressed` smallint unsigned DEFAULT NULL COMMENT 'Is Suppressed',
  `last_subscribed_at` timestamp NULL DEFAULT NULL COMMENT 'Last time user subscribed',
  PRIMARY KEY (`email_contact_id`),
  KEY `EMAIL_CONTACT_EMAIL_CONTACT_ID` (`email_contact_id`),
  KEY `EMAIL_CONTACT_IS_GUEST` (`is_guest`),
  KEY `EMAIL_CONTACT_CUSTOMER_ID` (`customer_id`),
  KEY `EMAIL_CONTACT_WEBSITE_ID` (`website_id`),
  KEY `EMAIL_CONTACT_IS_SUBSCRIBER` (`is_subscriber`),
  KEY `EMAIL_CONTACT_SUBSCRIBER_STATUS` (`subscriber_status`),
  KEY `EMAIL_CONTACT_EMAIL_IMPORTED` (`email_imported`),
  KEY `EMAIL_CONTACT_SUBSCRIBER_IMPORTED` (`subscriber_imported`),
  KEY `EMAIL_CONTACT_SUPPRESSED` (`suppressed`),
  KEY `EMAIL_CONTACT_EMAIL` (`email`),
  KEY `EMAIL_CONTACT_CONTACT_ID` (`contact_id`),
  CONSTRAINT `EMAIL_CONTACT_WEBSITE_ID_STORE_WEBSITE_WEBSITE_ID` FOREIGN KEY (`website_id`) REFERENCES `store_website` (`website_id`) ON DELETE CASCADE
) ENGINE=InnoDB AUTO_INCREMENT=104 DEFAULT CHARSET=utf8 COMMENT='Connector Contacts';

--
-- Dumping data for table `email_contact`
--

INSERT INTO `email_contact` VALUES (1,NULL,NULL,0,0,0,'',NULL,NULL,0,0,NULL,NULL),(2,NULL,NULL,0,0,0,'',NULL,NULL,0,0,NULL,NULL),(3,NULL,NULL,0,0,0,'',NULL,NULL,0,0,NULL,NULL),(4,NULL,NULL,0,0,0,'',NULL,NULL,0,0,NULL,NULL),(5,NULL,NULL,0,0,0,'',NULL,NULL,0,0,NULL,NULL),(6,NULL,NULL,0,0,0,'',NULL,NULL,0,0,NULL,NULL),(7,NULL,NULL,0,0,0,'',NULL,NULL,0,0,NULL,NULL),(8,NULL,NULL,0,0,0,'',NULL,NULL,0,0,NULL,NULL),(9,NULL,NULL,0,0,0,'',NULL,NULL,0,0,NULL,NULL),(10,NULL,NULL,0,0,0,'',NULL,NULL,0,0,NULL,NULL),(11,NULL,NULL,0,0,0,'',NULL,NULL,0,0,NULL,NULL),(12,NULL,NULL,0,0,0,'',NULL,NULL,0,0,NULL,NULL),(13,NULL,NULL,0,0,0,'',NULL,NULL,0,0,NULL,NULL),(14,NULL,NULL,0,0,0,'',NULL,NULL,0,0,NULL,NULL),(15,NULL,NULL,0,0,0,'',NULL,NULL,0,0,NULL,NULL),(16,NULL,NULL,0,0,0,'',NULL,NULL,0,0,NULL,NULL),(17,NULL,NULL,0,0,0,'',NULL,NULL,0,0,NULL,NULL),(18,NULL,NULL,0,0,0,'',NULL,NULL,0,0,NULL,NULL),(19,NULL,NULL,0,0,0,'',NULL,NULL,0,0,NULL,NULL),(20,NULL,NULL,0,0,0,'',NULL,NULL,0,0,NULL,NULL),(21,NULL,NULL,0,0,0,'',NULL,NULL,0,0,NULL,NULL),(22,NULL,NULL,0,0,0,'',NULL,NULL,0,0,NULL,NULL),(23,NULL,NULL,0,0,0,'',NULL,NULL,0,0,NULL,NULL),(24,NULL,NULL,0,0,0,'',NULL,NULL,0,0,NULL,NULL),(25,NULL,NULL,0,0,0,'',NULL,NULL,0,0,NULL,NULL),(26,NULL,NULL,0,0,0,'',NULL,NULL,0,0,NULL,NULL),(27,NULL,NULL,0,0,0,'',NULL,NULL,0,0,NULL,NULL),(28,NULL,NULL,0,0,0,'',NULL,NULL,0,0,NULL,NULL),(29,NULL,NULL,0,0,0,'',NULL,NULL,0,0,NULL,NULL),(30,NULL,NULL,0,0,0,'',NULL,NULL,0,0,NULL,NULL),(31,NULL,NULL,0,0,0,'',NULL,NULL,0,0,NULL,NULL),(32,NULL,NULL,0,0,0,'',NULL,NULL,0,0,NULL,NULL),(33,NULL,NULL,0,0,0,'',NULL,NULL,0,0,NULL,NULL),(34,NULL,NULL,0,0,0,'',NULL,NULL,0,0,NULL,NULL),(35,NULL,NULL,0,0,0,'',NULL,NULL,0,0,NULL,NULL),(36,NULL,NULL,0,0,0,'',NULL,NULL,0,0,NULL,NULL),(37,NULL,NULL,0,0,0,'',NULL,NULL,0,0,NULL,NULL),(38,NULL,NULL,0,0,0,'',NULL,NULL,0,0,NULL,NULL),(39,NULL,NULL,0,0,0,'',NULL,NULL,0,0,NULL,NULL),(40,NULL,NULL,0,0,0,'',NULL,NULL,0,0,NULL,NULL),(41,NULL,NULL,0,0,0,'',NULL,NULL,0,0,NULL,NULL),(42,NULL,NULL,0,0,0,'',NULL,NULL,0,0,NULL,NULL),(43,NULL,NULL,0,0,0,'',NULL,NULL,0,0,NULL,NULL),(44,NULL,NULL,0,0,0,'',NULL,NULL,0,0,NULL,NULL),(45,NULL,NULL,0,0,0,'',NULL,NULL,0,0,NULL,NULL),(46,NULL,NULL,0,0,0,'',NULL,NULL,0,0,NULL,NULL),(47,NULL,NULL,0,0,0,'',NULL,NULL,0,0,NULL,NULL),(48,NULL,NULL,0,0,0,'',NULL,NULL,0,0,NULL,NULL),(49,NULL,NULL,0,0,0,'',NULL,NULL,0,0,NULL,NULL),(50,NULL,NULL,0,0,0,'',NULL,NULL,0,0,NULL,NULL),(51,NULL,NULL,0,0,0,'',NULL,NULL,0,0,NULL,NULL),(52,NULL,NULL,0,0,0,'',NULL,NULL,0,0,NULL,NULL),(53,NULL,NULL,0,0,0,'',NULL,NULL,0,0,NULL,NULL),(54,NULL,NULL,0,0,0,'',NULL,NULL,0,0,NULL,NULL),(55,NULL,NULL,0,0,0,'',NULL,NULL,0,0,NULL,NULL),(56,NULL,NULL,0,0,0,'',NULL,NULL,0,0,NULL,NULL),(57,NULL,NULL,0,0,0,'',NULL,NULL,0,0,NULL,NULL),(58,NULL,NULL,0,0,0,'',NULL,NULL,0,0,NULL,NULL),(59,NULL,NULL,0,0,0,'',NULL,NULL,0,0,NULL,NULL),(60,NULL,NULL,0,0,0,'',NULL,NULL,0,0,NULL,NULL),(61,NULL,NULL,0,0,0,'',NULL,NULL,0,0,NULL,NULL),(62,NULL,NULL,0,0,0,'',NULL,NULL,0,0,NULL,NULL),(63,NULL,NULL,0,0,0,'',NULL,NULL,0,0,NULL,NULL),(64,NULL,NULL,0,0,0,'',NULL,NULL,0,0,NULL,NULL),(65,NULL,NULL,0,0,0,'',NULL,NULL,0,0,NULL,NULL),(66,NULL,NULL,0,0,0,'',NULL,NULL,0,0,NULL,NULL),(67,NULL,NULL,0,0,0,'',NULL,NULL,0,0,NULL,NULL),(68,NULL,NULL,0,0,0,'',NULL,NULL,0,0,NULL,NULL),(69,NULL,NULL,0,0,0,'',NULL,NULL,0,0,NULL,NULL),(70,NULL,NULL,0,0,0,'',NULL,NULL,0,0,NULL,NULL),(71,NULL,NULL,0,0,0,'',NULL,NULL,0,0,NULL,NULL),(72,NULL,NULL,0,0,0,'',NULL,NULL,0,0,NULL,NULL),(73,NULL,NULL,0,0,0,'',NULL,NULL,0,0,NULL,NULL),(74,NULL,NULL,0,0,0,'',NULL,NULL,0,0,NULL,NULL),(75,NULL,NULL,0,0,0,'',NULL,NULL,0,0,NULL,NULL),(76,NULL,NULL,0,0,0,'',NULL,NULL,0,0,NULL,NULL),(77,NULL,NULL,0,0,0,'',NULL,NULL,0,0,NULL,NULL),(78,NULL,NULL,0,0,0,'',NULL,NULL,0,0,NULL,NULL),(79,NULL,NULL,0,0,0,'',NULL,NULL,0,0,NULL,NULL),(80,NULL,NULL,0,0,0,'',NULL,NULL,0,0,NULL,NULL),(81,NULL,NULL,0,0,0,'',NULL,NULL,0,0,NULL,NULL),(82,NULL,NULL,0,0,0,'',NULL,NULL,0,0,NULL,NULL),(83,NULL,NULL,0,0,0,'',NULL,NULL,0,0,NULL,NULL),(84,NULL,NULL,0,0,0,'',NULL,NULL,0,0,NULL,NULL),(85,NULL,NULL,0,0,0,'',NULL,NULL,0,0,NULL,NULL),(86,NULL,NULL,0,0,0,'',NULL,NULL,0,0,NULL,NULL),(87,NULL,NULL,0,0,0,'',NULL,NULL,0,0,NULL,NULL),(88,NULL,NULL,0,0,0,'',NULL,NULL,0,0,NULL,NULL),(89,NULL,NULL,0,0,0,'',NULL,NULL,0,0,NULL,NULL),(90,NULL,NULL,0,0,0,'',NULL,NULL,0,0,NULL,NULL),(91,NULL,NULL,0,0,0,'',NULL,NULL,0,0,NULL,NULL),(92,NULL,NULL,0,0,0,'',NULL,NULL,0,0,NULL,NULL),(93,NULL,NULL,0,0,0,'',NULL,NULL,0,0,NULL,NULL),(94,NULL,NULL,0,0,0,'',NULL,NULL,0,0,NULL,NULL),(95,NULL,NULL,0,0,0,'',NULL,NULL,0,0,NULL,NULL),(96,NULL,NULL,0,0,0,'',NULL,NULL,0,0,NULL,NULL),(97,NULL,NULL,0,0,0,'',NULL,NULL,0,0,NULL,NULL),(98,NULL,NULL,0,0,0,'',NULL,NULL,0,0,NULL,NULL),(99,NULL,NULL,0,0,0,'',NULL,NULL,0,0,NULL,NULL),(100,NULL,NULL,0,0,0,'',NULL,NULL,0,0,NULL,NULL),(101,NULL,NULL,0,0,0,'',NULL,NULL,0,0,NULL,NULL),(102,NULL,NULL,0,0,0,'',NULL,NULL,0,0,NULL,NULL),(103,NULL,NULL,0,0,0,'',NULL,NULL,0,0,NULL,NULL);

--
-- Table structure for table `email_contact_consent`
--

CREATE TABLE `email_contact_consent` (
  `id` int unsigned NOT NULL AUTO_INCREMENT COMMENT 'Primary Key',
  `email_contact_id` int unsigned DEFAULT NULL COMMENT 'Email Contact Id',
  `consent_url` varchar(255) DEFAULT NULL COMMENT 'Contact consent url',
  `consent_datetime` datetime DEFAULT NULL COMMENT 'Contact consent datetime',
  `consent_ip` varchar(255) DEFAULT NULL COMMENT 'Contact consent ip',
  `consent_user_agent` varchar(255) DEFAULT NULL COMMENT 'Contact consent user agent',
  PRIMARY KEY (`id`),
  KEY `EMAIL_CONTACT_CONSENT_EMAIL_CONTACT_ID` (`email_contact_id`),
  CONSTRAINT `FK_17E9EA0C469163E550BC6B732AC49FDB` FOREIGN KEY (`email_contact_id`) REFERENCES `email_contact` (`email_contact_id`) ON DELETE CASCADE
) ENGINE=InnoDB DEFAULT CHARSET=utf8 COMMENT='Email contact consent table.';

--
-- Dumping data for table `email_contact_consent`
--


--
-- Table structure for table `email_coupon_attribute`
--

CREATE TABLE `email_coupon_attribute` (
  `id` int unsigned NOT NULL AUTO_INCREMENT COMMENT 'Primary Key',
  `salesrule_coupon_id` int unsigned NOT NULL COMMENT 'Coupon ID',
  `email` varchar(255) DEFAULT NULL COMMENT 'Email',
  `expires_at` timestamp NULL DEFAULT NULL COMMENT 'Coupon expiration date',
  PRIMARY KEY (`id`),
  KEY `EMAIL_COUPON_ATTRIBUTE_COUPON_ID` (`salesrule_coupon_id`),
  KEY `EMAIL_COUPON_ATTRIBUTE_EMAIL` (`email`),
  CONSTRAINT `EMAIL_COUPON_ATTRIBUTE_COUPON_ID_SALESRULE_COUPON_COUPON_ID` FOREIGN KEY (`salesrule_coupon_id`) REFERENCES `salesrule_coupon` (`coupon_id`) ON DELETE CASCADE
) ENGINE=InnoDB DEFAULT CHARSET=utf8 COMMENT='Dotdigital coupon attributes table';

--
-- Dumping data for table `email_coupon_attribute`
--


--
-- Table structure for table `email_failed_auth`
--

CREATE TABLE `email_failed_auth` (
  `id` int unsigned NOT NULL AUTO_INCREMENT COMMENT 'Primary Key',
  `failures_num` int unsigned DEFAULT NULL COMMENT 'Number of fails',
  `first_attempt_date` datetime DEFAULT NULL COMMENT 'First attempt date',
  `last_attempt_date` datetime DEFAULT NULL COMMENT 'Last attempt date',
  `url` varchar(255) DEFAULT NULL COMMENT 'URL',
  `store_id` int unsigned DEFAULT NULL COMMENT 'Store Id',
  PRIMARY KEY (`id`),
  KEY `EMAIL_AUTH_EDC_STORE_ID` (`store_id`)
) ENGINE=InnoDB DEFAULT CHARSET=utf8 COMMENT='Email Failed Auth Table.';

--
-- Dumping data for table `email_failed_auth`
--


--
-- Table structure for table `email_importer`
--

CREATE TABLE `email_importer` (
  `id` int unsigned NOT NULL AUTO_INCREMENT COMMENT 'Primary Key',
  `import_type` varchar(255) NOT NULL DEFAULT '' COMMENT 'Import Type',
  `website_id` smallint NOT NULL DEFAULT '0' COMMENT 'Website Id',
  `import_status` smallint NOT NULL DEFAULT '0' COMMENT 'Import Status',
  `import_id` varchar(255) NOT NULL DEFAULT '' COMMENT 'Import Id',
  `import_data` mediumblob NOT NULL COMMENT 'Import Data',
  `import_mode` varchar(255) NOT NULL DEFAULT '' COMMENT 'Import Mode',
  `import_file` text NOT NULL COMMENT 'Import File',
  `message` varchar(255) NOT NULL DEFAULT '' COMMENT 'Error Message',
  `created_at` timestamp NULL DEFAULT NULL COMMENT 'Creation Time',
  `updated_at` timestamp NULL DEFAULT NULL COMMENT 'Update Time',
  `import_started` timestamp NULL DEFAULT NULL COMMENT 'Import Started',
  `import_finished` timestamp NULL DEFAULT NULL COMMENT 'Import Finished',
  PRIMARY KEY (`id`),
  KEY `EMAIL_IMPORTER_IMPORT_TYPE` (`import_type`),
  KEY `EMAIL_IMPORTER_WEBSITE_ID` (`website_id`),
  KEY `EMAIL_IMPORTER_IMPORT_STATUS` (`import_status`),
  KEY `EMAIL_IMPORTER_IMPORT_MODE` (`import_mode`),
  KEY `EMAIL_IMPORTER_CREATED_AT` (`created_at`),
  KEY `EMAIL_IMPORTER_UPDATED_AT` (`updated_at`),
  KEY `EMAIL_IMPORTER_IMPORT_ID` (`import_id`),
  KEY `EMAIL_IMPORTER_IMPORT_STARTED` (`import_started`),
  KEY `EMAIL_IMPORTER_IMPORT_FINISHED` (`import_finished`)
) ENGINE=InnoDB DEFAULT CHARSET=utf8 COMMENT='Email Importer';

--
-- Dumping data for table `email_importer`
--


--
-- Table structure for table `email_order`
--

CREATE TABLE `email_order` (
  `email_order_id` int unsigned NOT NULL AUTO_INCREMENT COMMENT 'Primary Key',
  `order_id` int unsigned NOT NULL COMMENT 'Order ID',
  `order_status` varchar(255) NOT NULL COMMENT 'Order Status',
  `quote_id` int unsigned NOT NULL COMMENT 'Sales Quote ID',
  `store_id` smallint unsigned NOT NULL DEFAULT '0' COMMENT 'Store ID',
  `email_imported` smallint unsigned NOT NULL DEFAULT '0' COMMENT 'Is Order Imported',
  `modified` smallint unsigned DEFAULT NULL COMMENT 'Is Order Modified',
  `created_at` timestamp NULL DEFAULT NULL COMMENT 'Creation Time',
  `updated_at` timestamp NULL DEFAULT NULL COMMENT 'Update Time',
  PRIMARY KEY (`email_order_id`),
  KEY `EMAIL_ORDER_STORE_ID` (`store_id`),
  KEY `EMAIL_ORDER_QUOTE_ID` (`quote_id`),
  KEY `EMAIL_ORDER_EMAIL_IMPORTED` (`email_imported`),
  KEY `EMAIL_ORDER_ORDER_STATUS` (`order_status`),
  KEY `EMAIL_ORDER_MODIFIED` (`modified`),
  KEY `EMAIL_ORDER_UPDATED_AT` (`updated_at`),
  KEY `EMAIL_ORDER_CREATED_AT` (`created_at`),
  KEY `EMAIL_ORDER_ORDER_ID_SALES_ORDER_ENTITY_ID` (`order_id`),
  CONSTRAINT `EMAIL_ORDER_ORDER_ID_SALES_ORDER_ENTITY_ID` FOREIGN KEY (`order_id`) REFERENCES `sales_order` (`entity_id`) ON DELETE CASCADE,
  CONSTRAINT `EMAIL_ORDER_STORE_ID_STORE_STORE_ID` FOREIGN KEY (`store_id`) REFERENCES `store` (`store_id`) ON DELETE CASCADE
) ENGINE=InnoDB DEFAULT CHARSET=utf8 COMMENT='Transactional Order Data';

--
-- Dumping data for table `email_order`
--


--
-- Table structure for table `email_review`
--

CREATE TABLE `email_review` (
  `id` int unsigned NOT NULL AUTO_INCREMENT COMMENT 'Primary Key',
  `review_id` int unsigned NOT NULL COMMENT 'Review Id',
  `customer_id` int unsigned NOT NULL COMMENT 'Customer ID',
  `store_id` smallint unsigned NOT NULL COMMENT 'Store Id',
  `review_imported` smallint unsigned NOT NULL DEFAULT '0' COMMENT 'Review Imported',
  `created_at` timestamp NULL DEFAULT NULL COMMENT 'Creation Time',
  `updated_at` timestamp NULL DEFAULT NULL COMMENT 'Update Time',
  PRIMARY KEY (`id`),
  KEY `EMAIL_REVIEW_REVIEW_ID` (`review_id`),
  KEY `EMAIL_REVIEW_CUSTOMER_ID` (`customer_id`),
  KEY `EMAIL_REVIEW_STORE_ID` (`store_id`),
  KEY `EMAIL_REVIEW_REVIEW_IMPORTED` (`review_imported`),
  KEY `EMAIL_REVIEW_CREATED_AT` (`created_at`),
  KEY `EMAIL_REVIEW_UPDATED_AT` (`updated_at`)
) ENGINE=InnoDB AUTO_INCREMENT=212 DEFAULT CHARSET=utf8 COMMENT='Connector Reviews';

--
-- Dumping data for table `email_review`
--

INSERT INTO `email_review` VALUES (1,49,1,14,0,'2021-06-08 08:20:05','2021-06-08 08:20:05'),(2,48,1,14,0,'2021-06-08 08:20:16','2021-06-08 08:20:16'),(3,47,1,14,0,'2021-06-08 08:20:31','2021-06-08 08:20:31'),(4,46,1,14,0,'2021-06-08 08:20:39','2021-06-08 08:20:39'),(5,45,1,14,0,'2021-06-08 08:20:47','2021-06-08 08:20:47'),(6,44,1,14,0,'2021-06-08 08:20:54','2021-06-08 08:20:54'),(7,49,1,14,0,'2021-06-10 09:22:45','2021-06-10 09:22:45'),(8,48,1,14,0,'2021-06-10 09:22:52','2021-06-10 09:22:52'),(9,47,1,14,0,'2021-06-10 09:22:56','2021-06-10 09:22:56'),(10,46,1,14,0,'2021-06-10 09:23:01','2021-06-10 09:23:01'),(11,45,1,14,0,'2021-06-10 09:23:06','2021-06-10 09:23:06'),(12,44,1,14,0,'2021-06-10 09:23:11','2021-06-10 09:23:11'),(13,49,1,14,0,'2021-06-14 07:09:33','2021-06-14 07:09:33'),(14,48,1,14,0,'2021-06-14 07:09:37','2021-06-14 07:09:37'),(15,47,1,14,0,'2021-06-14 07:09:42','2021-06-14 07:09:42'),(16,46,1,14,0,'2021-06-14 07:09:45','2021-06-14 07:09:45'),(17,45,1,14,0,'2021-06-14 07:09:49','2021-06-14 07:09:49'),(18,44,1,14,0,'2021-06-14 07:09:52','2021-06-14 07:09:52'),(19,49,1,14,0,'2021-06-21 02:14:48','2021-06-21 02:14:48'),(20,48,1,14,0,'2021-06-21 02:14:53','2021-06-21 02:14:53'),(21,47,1,14,0,'2021-06-21 02:14:56','2021-06-21 02:14:56'),(22,46,1,14,0,'2021-06-21 02:15:00','2021-06-21 02:15:00'),(23,45,1,14,0,'2021-06-21 02:15:22','2021-06-21 02:15:22'),(24,44,1,14,0,'2021-06-21 02:15:26','2021-06-21 02:15:26'),(25,49,1,14,0,'2021-07-14 04:40:45','2021-07-14 04:40:45'),(26,48,1,14,0,'2021-07-14 04:40:50','2021-07-14 04:40:50'),(27,47,1,14,0,'2021-07-14 04:40:53','2021-07-14 04:40:53'),(28,46,1,14,0,'2021-07-14 04:40:57','2021-07-14 04:40:57'),(29,45,1,14,0,'2021-07-14 04:41:01','2021-07-14 04:41:01'),(30,44,1,14,0,'2021-07-14 04:41:06','2021-07-14 04:41:06'),(31,49,1,14,0,'2021-07-14 04:50:57','2021-07-14 04:50:57'),(32,48,1,14,0,'2021-07-14 04:51:00','2021-07-14 04:51:00'),(33,47,1,14,0,'2021-07-14 04:51:03','2021-07-14 04:51:03'),(34,46,1,14,0,'2021-07-14 04:51:05','2021-07-14 04:51:05'),(35,45,1,14,0,'2021-07-14 04:51:07','2021-07-14 04:51:07'),(36,44,1,14,0,'2021-07-14 04:51:09','2021-07-14 04:51:09'),(37,61,1,18,0,'2021-07-15 09:16:35','2021-07-15 09:16:35'),(38,60,1,18,0,'2021-07-15 09:16:40','2021-07-15 09:16:40'),(39,59,1,18,0,'2021-07-15 09:16:48','2021-07-15 09:16:48'),(40,58,1,18,0,'2021-07-15 09:16:54','2021-07-15 09:16:54'),(41,57,1,18,0,'2021-07-15 09:17:01','2021-07-15 09:17:01'),(42,56,1,18,0,'2021-07-15 09:17:08','2021-07-15 09:17:08'),(43,61,1,18,0,'2021-07-17 02:43:43','2021-07-17 02:43:43'),(44,60,1,18,0,'2021-07-17 02:43:47','2021-07-17 02:43:47'),(45,59,1,18,0,'2021-07-17 02:43:50','2021-07-17 02:43:50'),(46,58,1,18,0,'2021-07-17 02:43:53','2021-07-17 02:43:53'),(47,57,1,18,0,'2021-07-17 02:43:58','2021-07-17 02:43:58'),(48,56,1,18,0,'2021-07-17 02:44:02','2021-07-17 02:44:02'),(49,49,1,14,0,'2021-07-17 02:44:27','2021-07-17 02:44:27'),(50,48,1,14,0,'2021-07-17 02:44:30','2021-07-17 02:44:30'),(51,47,1,14,0,'2021-07-17 02:44:33','2021-07-17 02:44:33'),(52,46,1,14,0,'2021-07-17 02:44:36','2021-07-17 02:44:36'),(53,45,1,14,0,'2021-07-17 02:44:39','2021-07-17 02:44:39'),(54,44,1,14,0,'2021-07-17 02:44:43','2021-07-17 02:44:43'),(55,61,1,18,0,'2021-07-19 09:49:01','2021-07-19 09:49:01'),(56,61,1,18,0,'2021-07-22 03:01:22','2021-07-22 03:01:22'),(57,60,1,18,0,'2021-07-22 03:01:27','2021-07-22 03:01:27'),(58,59,1,18,0,'2021-07-22 03:01:31','2021-07-22 03:01:31'),(59,58,1,18,0,'2021-07-22 03:01:35','2021-07-22 03:01:35'),(60,57,1,18,0,'2021-07-22 03:01:39','2021-07-22 03:01:39'),(61,56,1,18,0,'2021-07-22 03:01:43','2021-07-22 03:01:43'),(62,49,1,14,0,'2021-07-22 03:02:16','2021-07-22 03:02:16'),(63,48,1,14,0,'2021-07-22 03:02:20','2021-07-22 03:02:20'),(64,47,1,14,0,'2021-07-22 03:02:24','2021-07-22 03:02:24'),(65,46,1,14,0,'2021-07-22 03:02:28','2021-07-22 03:02:28'),(66,45,1,14,0,'2021-07-22 03:02:33','2021-07-22 03:02:33'),(67,44,1,14,0,'2021-07-22 03:02:38','2021-07-22 03:02:38'),(68,61,1,18,0,'2021-08-02 08:31:10','2021-08-02 08:31:10'),(69,60,1,18,0,'2021-08-02 08:31:14','2021-08-02 08:31:14'),(70,59,1,18,0,'2021-08-02 08:31:17','2021-08-02 08:31:17'),(71,58,1,18,0,'2021-08-02 08:31:21','2021-08-02 08:31:21'),(72,57,1,18,0,'2021-08-02 08:31:24','2021-08-02 08:31:24'),(73,56,1,18,0,'2021-08-02 08:34:15','2021-08-02 08:34:15'),(74,49,1,14,0,'2021-08-02 08:34:39','2021-08-02 08:34:39'),(75,48,1,14,0,'2021-08-02 08:34:42','2021-08-02 08:34:42'),(76,47,1,14,0,'2021-08-02 08:34:47','2021-08-02 08:34:47'),(77,46,1,14,0,'2021-08-02 08:34:50','2021-08-02 08:34:50'),(78,45,1,14,0,'2021-08-02 08:34:54','2021-08-02 08:34:54'),(79,44,1,14,0,'2021-08-02 08:34:57','2021-08-02 08:34:57'),(80,61,1,18,0,'2021-08-02 08:40:33','2021-08-02 08:40:33'),(81,60,1,18,0,'2021-08-02 08:40:34','2021-08-02 08:40:34'),(82,59,1,18,0,'2021-08-02 08:40:35','2021-08-02 08:40:35'),(83,58,1,18,0,'2021-08-02 08:40:36','2021-08-02 08:40:36'),(84,57,1,18,0,'2021-08-02 08:40:38','2021-08-02 08:40:38'),(85,56,1,18,0,'2021-08-02 08:40:39','2021-08-02 08:40:39'),(86,49,1,14,0,'2021-08-02 08:40:48','2021-08-02 08:40:48'),(87,48,1,14,0,'2021-08-02 08:40:49','2021-08-02 08:40:49'),(88,47,1,14,0,'2021-08-02 08:40:51','2021-08-02 08:40:51'),(89,46,1,14,0,'2021-08-02 08:40:52','2021-08-02 08:40:52'),(90,45,1,14,0,'2021-08-02 08:40:53','2021-08-02 08:40:53'),(91,44,1,14,0,'2021-08-02 08:40:55','2021-08-02 08:40:55'),(92,61,1,18,0,'2021-08-16 08:29:35','2021-08-16 08:29:35'),(93,60,1,18,0,'2021-08-16 08:29:38','2021-08-16 08:29:38'),(94,59,1,18,0,'2021-08-16 08:29:41','2021-08-16 08:29:41'),(95,58,1,18,0,'2021-08-16 08:29:44','2021-08-16 08:29:44'),(96,57,1,18,0,'2021-08-16 08:29:46','2021-08-16 08:29:46'),(97,56,1,18,0,'2021-08-16 08:29:49','2021-08-16 08:29:49'),(98,49,1,14,0,'2021-08-16 08:30:08','2021-08-16 08:30:08'),(99,48,1,14,0,'2021-08-16 08:30:11','2021-08-16 08:30:11'),(100,47,1,14,0,'2021-08-16 08:30:14','2021-08-16 08:30:14'),(101,46,1,14,0,'2021-08-16 08:30:17','2021-08-16 08:30:17'),(102,45,1,14,0,'2021-08-16 08:30:20','2021-08-16 08:30:20'),(103,44,1,14,0,'2021-08-16 08:30:23','2021-08-16 08:30:23'),(104,61,1,18,0,'2021-08-27 02:28:36','2021-08-27 02:28:36'),(105,60,1,18,0,'2021-08-27 02:28:39','2021-08-27 02:28:39'),(106,59,1,18,0,'2021-08-27 02:28:42','2021-08-27 02:28:42'),(107,58,1,18,0,'2021-08-27 02:28:45','2021-08-27 02:28:45'),(108,57,1,18,0,'2021-08-27 02:28:48','2021-08-27 02:28:48'),(109,56,1,18,0,'2021-08-27 02:28:51','2021-08-27 02:28:51'),(110,49,1,14,0,'2021-08-27 02:29:14','2021-08-27 02:29:14'),(111,48,1,14,0,'2021-08-27 02:29:18','2021-08-27 02:29:18'),(112,47,1,14,0,'2021-08-27 02:29:21','2021-08-27 02:29:21'),(113,46,1,14,0,'2021-08-27 02:29:24','2021-08-27 02:29:24'),(114,45,1,14,0,'2021-08-27 02:29:27','2021-08-27 02:29:27'),(115,44,1,14,0,'2021-08-27 02:29:29','2021-08-27 02:29:29'),(116,61,1,18,0,'2021-09-21 09:01:39','2021-09-21 09:01:39'),(117,60,1,18,0,'2021-09-21 09:01:42','2021-09-21 09:01:42'),(118,59,1,18,0,'2021-09-21 09:01:45','2021-09-21 09:01:45'),(119,58,1,18,0,'2021-09-21 09:01:48','2021-09-21 09:01:48'),(120,57,1,18,0,'2021-09-21 09:01:51','2021-09-21 09:01:51'),(121,56,1,18,0,'2021-09-21 09:01:54','2021-09-21 09:01:54'),(122,49,1,14,0,'2021-09-21 09:02:16','2021-09-21 09:02:16'),(123,48,1,14,0,'2021-09-21 09:02:19','2021-09-21 09:02:19'),(124,47,1,14,0,'2021-09-21 09:02:22','2021-09-21 09:02:22'),(125,46,1,14,0,'2021-09-21 09:02:25','2021-09-21 09:02:25'),(126,45,1,14,0,'2021-09-21 09:02:28','2021-09-21 09:02:28'),(127,44,1,14,0,'2021-09-21 09:02:31','2021-09-21 09:02:31'),(128,61,1,18,0,'2021-09-27 02:20:33','2021-09-27 02:20:33'),(129,60,1,18,0,'2021-09-27 02:20:35','2021-09-27 02:20:35'),(130,59,1,18,0,'2021-09-27 02:20:37','2021-09-27 02:20:37'),(131,58,1,18,0,'2021-09-27 02:20:40','2021-09-27 02:20:40'),(132,57,1,18,0,'2021-09-27 02:20:43','2021-09-27 02:20:43'),(133,56,1,18,0,'2021-09-27 02:20:46','2021-09-27 02:20:46'),(134,49,1,14,0,'2021-09-27 02:21:04','2021-09-27 02:21:04'),(135,48,1,14,0,'2021-09-27 02:21:07','2021-09-27 02:21:07'),(136,47,1,14,0,'2021-09-27 02:21:10','2021-09-27 02:21:10'),(137,46,1,14,0,'2021-09-27 02:21:12','2021-09-27 02:21:12'),(138,45,1,14,0,'2021-09-27 02:21:15','2021-09-27 02:21:15'),(139,44,1,14,0,'2021-09-27 02:21:18','2021-09-27 02:21:18'),(140,61,1,18,0,'2021-09-30 08:03:27','2021-09-30 08:03:27'),(141,60,1,18,0,'2021-09-30 08:03:30','2021-09-30 08:03:30'),(142,59,1,18,0,'2021-09-30 08:03:32','2021-09-30 08:03:32'),(143,58,1,18,0,'2021-09-30 08:03:35','2021-09-30 08:03:35'),(144,57,1,18,0,'2021-09-30 08:03:38','2021-09-30 08:03:38'),(145,56,1,18,0,'2021-09-30 08:03:41','2021-09-30 08:03:41'),(146,49,1,14,0,'2021-09-30 08:04:02','2021-09-30 08:04:02'),(147,48,1,14,0,'2021-09-30 08:04:05','2021-09-30 08:04:05'),(148,47,1,14,0,'2021-09-30 08:04:08','2021-09-30 08:04:08'),(149,46,1,14,0,'2021-09-30 08:04:10','2021-09-30 08:04:10'),(150,45,1,14,0,'2021-09-30 08:04:13','2021-09-30 08:04:13'),(151,44,1,14,0,'2021-09-30 08:04:16','2021-09-30 08:04:16'),(152,61,1,18,0,'2021-10-12 03:14:58','2021-10-12 03:14:58'),(153,60,1,18,0,'2021-10-12 03:15:00','2021-10-12 03:15:00'),(154,59,1,18,0,'2021-10-12 03:15:03','2021-10-12 03:15:03'),(155,58,1,18,0,'2021-10-12 03:15:06','2021-10-12 03:15:06'),(156,57,1,18,0,'2021-10-12 03:15:08','2021-10-12 03:15:08'),(157,56,1,18,0,'2021-10-12 03:15:11','2021-10-12 03:15:11'),(158,49,1,14,0,'2021-10-12 03:15:29','2021-10-12 03:15:29'),(159,48,1,14,0,'2021-10-12 03:15:31','2021-10-12 03:15:31'),(160,47,1,14,0,'2021-10-12 03:15:34','2021-10-12 03:15:34'),(161,46,1,14,0,'2021-10-12 03:15:37','2021-10-12 03:15:37'),(162,45,1,14,0,'2021-10-12 03:15:39','2021-10-12 03:15:39'),(163,44,1,14,0,'2021-10-12 03:15:42','2021-10-12 03:15:42'),(164,61,1,18,0,'2021-10-21 02:24:34','2021-10-21 02:24:34'),(165,60,1,18,0,'2021-10-21 02:24:37','2021-10-21 02:24:37'),(166,59,1,18,0,'2021-10-21 02:24:39','2021-10-21 02:24:39'),(167,58,1,18,0,'2021-10-21 02:24:41','2021-10-21 02:24:41'),(168,57,1,18,0,'2021-10-21 02:24:44','2021-10-21 02:24:44'),(169,56,1,18,0,'2021-10-21 02:24:46','2021-10-21 02:24:46'),(170,49,1,14,0,'2021-10-21 02:25:01','2021-10-21 02:25:01'),(171,48,1,14,0,'2021-10-21 02:25:03','2021-10-21 02:25:03'),(172,47,1,14,0,'2021-10-21 02:25:05','2021-10-21 02:25:05'),(173,46,1,14,0,'2021-10-21 02:25:07','2021-10-21 02:25:07'),(174,45,1,14,0,'2021-10-21 02:25:08','2021-10-21 02:25:08'),(175,44,1,14,0,'2021-10-21 02:25:10','2021-10-21 02:25:10'),(176,61,1,18,0,'2021-12-13 08:41:52','2021-12-13 08:41:52'),(177,60,1,18,0,'2021-12-13 08:41:54','2021-12-13 08:41:54'),(178,59,1,18,0,'2021-12-13 08:41:57','2021-12-13 08:41:57'),(179,58,1,18,0,'2021-12-13 08:41:59','2021-12-13 08:41:59'),(180,57,1,18,0,'2021-12-13 08:42:01','2021-12-13 08:42:01'),(181,56,1,18,0,'2021-12-13 08:42:03','2021-12-13 08:42:03'),(182,49,1,14,0,'2021-12-13 08:42:17','2021-12-13 08:42:17'),(183,48,1,14,0,'2021-12-13 08:42:19','2021-12-13 08:42:19'),(184,47,1,14,0,'2021-12-13 08:42:22','2021-12-13 08:42:22'),(185,46,1,14,0,'2021-12-13 08:42:24','2021-12-13 08:42:24'),(186,45,1,14,0,'2021-12-13 08:42:26','2021-12-13 08:42:26'),(187,44,1,14,0,'2021-12-13 08:42:29','2021-12-13 08:42:29'),(188,61,1,18,0,'2021-12-23 03:06:20','2021-12-23 03:06:20'),(189,60,1,18,0,'2021-12-23 03:06:23','2021-12-23 03:06:23'),(190,59,1,18,0,'2021-12-23 03:06:25','2021-12-23 03:06:25'),(191,58,1,18,0,'2021-12-23 03:06:28','2021-12-23 03:06:28'),(192,57,1,18,0,'2021-12-23 03:06:31','2021-12-23 03:06:31'),(193,56,1,18,0,'2021-12-23 03:06:34','2021-12-23 03:06:34'),(194,49,1,14,0,'2021-12-23 03:07:30','2021-12-23 03:07:30'),(195,48,1,14,0,'2021-12-23 03:07:32','2021-12-23 03:07:32'),(196,47,1,14,0,'2021-12-23 03:07:35','2021-12-23 03:07:35'),(197,46,1,14,0,'2021-12-23 03:07:38','2021-12-23 03:07:38'),(198,45,1,14,0,'2021-12-23 03:07:43','2021-12-23 03:07:43'),(199,44,1,14,0,'2021-12-23 03:07:46','2021-12-23 03:07:46'),(200,61,1,18,0,'2022-01-04 02:52:40','2022-01-04 02:52:40'),(201,60,1,18,0,'2022-01-04 02:52:42','2022-01-04 02:52:42'),(202,59,1,18,0,'2022-01-04 02:52:44','2022-01-04 02:52:44'),(203,58,1,18,0,'2022-01-04 02:52:47','2022-01-04 02:52:47'),(204,57,1,18,0,'2022-01-04 02:52:49','2022-01-04 02:52:49'),(205,56,1,18,0,'2022-01-04 02:52:52','2022-01-04 02:52:52'),(206,49,1,14,0,'2022-01-04 02:53:09','2022-01-04 02:53:09'),(207,48,1,14,0,'2022-01-04 02:53:11','2022-01-04 02:53:11'),(208,47,1,14,0,'2022-01-04 02:53:13','2022-01-04 02:53:13'),(209,46,1,14,0,'2022-01-04 02:53:16','2022-01-04 02:53:16'),(210,45,1,14,0,'2022-01-04 02:53:18','2022-01-04 02:53:18'),(211,44,1,14,0,'2022-01-04 02:53:21','2022-01-04 02:53:21');

--
-- Table structure for table `email_rules`
--

CREATE TABLE `email_rules` (
  `id` int unsigned NOT NULL AUTO_INCREMENT COMMENT 'Primary Key',
  `name` varchar(255) NOT NULL DEFAULT '' COMMENT 'Rule Name',
  `website_ids` varchar(255) NOT NULL DEFAULT '0' COMMENT 'Website Id',
  `type` smallint NOT NULL DEFAULT '0' COMMENT 'Rule Type',
  `status` smallint NOT NULL DEFAULT '0' COMMENT 'Status',
  `combination` smallint NOT NULL DEFAULT '1' COMMENT 'Rule Condition',
  `conditions` blob NOT NULL COMMENT 'Rule Conditions',
  `created_at` timestamp NULL DEFAULT NULL COMMENT 'Creation Time',
  `updated_at` timestamp NULL DEFAULT NULL COMMENT 'Update Time',
  PRIMARY KEY (`id`)
) ENGINE=InnoDB DEFAULT CHARSET=utf8 COMMENT='Connector Rules';

--
-- Dumping data for table `email_rules`
--


--
-- Table structure for table `email_sms_order_queue`
--

CREATE TABLE `email_sms_order_queue` (
  `id` int unsigned NOT NULL AUTO_INCREMENT COMMENT 'Primary key',
  `website_id` smallint unsigned NOT NULL DEFAULT '0' COMMENT 'Website ID',
  `store_id` smallint unsigned NOT NULL DEFAULT '0' COMMENT 'Store ID',
  `type_id` smallint unsigned NOT NULL DEFAULT '0' COMMENT 'Type ID',
  `order_id` smallint unsigned NOT NULL COMMENT 'Order ID',
  `phone_number` varchar(255) DEFAULT NULL COMMENT 'Phone number',
  `email` varchar(255) DEFAULT NULL COMMENT 'Customer email',
  `additional_data` text COMMENT 'Additional data',
  `status` smallint DEFAULT NULL COMMENT 'Status',
  `content` text COMMENT 'Message content',
  `message_id` varchar(255) DEFAULT NULL COMMENT 'Message ID',
  `message` text COMMENT 'Delivery message',
  `sent_at` timestamp NULL DEFAULT NULL COMMENT 'Sent at date',
  `created_at` timestamp NOT NULL DEFAULT CURRENT_TIMESTAMP COMMENT 'Creation time',
  `updated_at` timestamp NULL DEFAULT NULL COMMENT 'Update time',
  PRIMARY KEY (`id`),
  KEY `EMAIL_SMS_ORDER_QUEUE_WEBSITE_ID` (`website_id`),
  KEY `EMAIL_SMS_ORDER_QUEUE_STORE_ID` (`store_id`),
  CONSTRAINT `EMAIL_SMS_ORDER_QUEUE_STORE_ID_STORE_STORE_ID` FOREIGN KEY (`store_id`) REFERENCES `store` (`store_id`) ON DELETE CASCADE,
  CONSTRAINT `EMAIL_SMS_ORDER_QUEUE_WEBSITE_ID_STORE_WEBSITE_WEBSITE_ID` FOREIGN KEY (`website_id`) REFERENCES `store_website` (`website_id`) ON DELETE CASCADE
) ENGINE=InnoDB DEFAULT CHARSET=utf8 COMMENT='Dotdigital SMS order queue table';

--
-- Dumping data for table `email_sms_order_queue`
--


--
-- Table structure for table `email_template`
--

CREATE TABLE `email_template` (
  `template_id` int unsigned NOT NULL AUTO_INCREMENT COMMENT 'Template ID',
  `template_code` varchar(150) NOT NULL COMMENT 'Template Name',
  `template_text` text NOT NULL COMMENT 'Template Content',
  `template_styles` text COMMENT 'Templste Styles',
  `template_type` int unsigned DEFAULT NULL COMMENT 'Template Type',
  `template_subject` varchar(200) NOT NULL COMMENT 'Template Subject',
  `template_sender_name` varchar(200) DEFAULT NULL COMMENT 'Template Sender Name',
  `template_sender_email` varchar(200) DEFAULT NULL COMMENT 'Template Sender Email',
  `added_at` timestamp NOT NULL DEFAULT CURRENT_TIMESTAMP COMMENT 'Date of Template Creation',
  `modified_at` timestamp NOT NULL DEFAULT CURRENT_TIMESTAMP ON UPDATE CURRENT_TIMESTAMP COMMENT 'Date of Template Modification',
  `orig_template_code` varchar(200) DEFAULT NULL COMMENT 'Original Template Code',
  `orig_template_variables` text COMMENT 'Original Template Variables',
  `is_legacy` tinyint(1) NOT NULL DEFAULT '0' COMMENT 'Should the template render in legacy mode',
  PRIMARY KEY (`template_id`),
  UNIQUE KEY `EMAIL_TEMPLATE_TEMPLATE_CODE` (`template_code`),
  KEY `EMAIL_TEMPLATE_ADDED_AT` (`added_at`),
  KEY `EMAIL_TEMPLATE_MODIFIED_AT` (`modified_at`)
) ENGINE=InnoDB DEFAULT CHARSET=utf8 COMMENT='Email Templates';

--
-- Dumping data for table `email_template`
--


--
-- Table structure for table `email_wishlist`
--

CREATE TABLE `email_wishlist` (
  `id` int unsigned NOT NULL AUTO_INCREMENT COMMENT 'Primary Key',
  `wishlist_id` int unsigned NOT NULL COMMENT 'Wishlist Id',
  `item_count` int unsigned NOT NULL COMMENT 'Item Count',
  `customer_id` int unsigned DEFAULT NULL COMMENT 'Customer ID',
  `store_id` smallint unsigned NOT NULL COMMENT 'Store Id',
  `wishlist_imported` smallint unsigned NOT NULL DEFAULT '0' COMMENT 'Wishlist Imported',
  `wishlist_modified` smallint unsigned DEFAULT NULL COMMENT 'Wishlist Modified [deprecated]',
  `created_at` timestamp NULL DEFAULT NULL COMMENT 'Creation Time',
  `updated_at` timestamp NULL DEFAULT NULL COMMENT 'Update Time',
  PRIMARY KEY (`id`),
  KEY `EMAIL_WISHLIST_WISHLIST_ID` (`wishlist_id`),
  KEY `EMAIL_WISHLIST_ITEM_COUNT` (`item_count`),
  KEY `EMAIL_WISHLIST_CUSTOMER_ID` (`customer_id`),
  KEY `EMAIL_WISHLIST_WISHLIST_MODIFIED` (`wishlist_modified`),
  KEY `EMAIL_WISHLIST_WISHLIST_IMPORTED` (`wishlist_imported`),
  KEY `EMAIL_WISHLIST_CREATED_AT` (`created_at`),
  KEY `EMAIL_WISHLIST_UPDATED_AT` (`updated_at`),
  KEY `EMAIL_WISHLIST_STORE_ID` (`store_id`),
  CONSTRAINT `EMAIL_WISHLIST_CUSTOMER_ID_CUSTOMER_ENTITY_ENTITY_ID` FOREIGN KEY (`customer_id`) REFERENCES `customer_entity` (`entity_id`) ON DELETE CASCADE,
  CONSTRAINT `EMAIL_WISHLIST_WISHLIST_ID_WISHLIST_WISHLIST_ID` FOREIGN KEY (`wishlist_id`) REFERENCES `wishlist` (`wishlist_id`) ON DELETE CASCADE
) ENGINE=InnoDB DEFAULT CHARSET=utf8 COMMENT='Connector Wishlist';

--
-- Dumping data for table `email_wishlist`
--


--
-- Table structure for table `flag`
--

CREATE TABLE `flag` (
  `flag_id` int unsigned NOT NULL AUTO_INCREMENT COMMENT 'Flag Id',
  `flag_code` varchar(255) NOT NULL COMMENT 'Flag Code',
  `state` smallint unsigned NOT NULL DEFAULT '0' COMMENT 'Flag State',
  `flag_data` mediumtext COMMENT 'Flag Data',
  `last_update` timestamp NOT NULL DEFAULT CURRENT_TIMESTAMP ON UPDATE CURRENT_TIMESTAMP COMMENT 'Date of Last Flag Update',
  PRIMARY KEY (`flag_id`),
  KEY `FLAG_LAST_UPDATE` (`last_update`)
) ENGINE=InnoDB AUTO_INCREMENT=3 DEFAULT CHARSET=utf8 COMMENT='Flag';

--
-- Dumping data for table `flag`
--

INSERT INTO `flag` VALUES (1,'analytics_link_attempts_reverse_counter',0,'24','2020-12-16 03:07:54'),(2,'catalog_website_attribute_is_sync_required',0,'2','2020-12-16 04:42:59');

--
-- Table structure for table `gift_message`
--

CREATE TABLE `gift_message` (
  `gift_message_id` int unsigned NOT NULL AUTO_INCREMENT COMMENT 'GiftMessage ID',
  `customer_id` int unsigned NOT NULL DEFAULT '0' COMMENT 'Customer ID',
  `sender` varchar(255) DEFAULT NULL COMMENT 'Sender',
  `recipient` varchar(255) DEFAULT NULL COMMENT 'Registrant',
  `message` text COMMENT 'Message',
  PRIMARY KEY (`gift_message_id`)
) ENGINE=InnoDB DEFAULT CHARSET=utf8 COMMENT='Gift Message';

--
-- Dumping data for table `gift_message`
--


--
-- Table structure for table `googleoptimizer_code`
--

CREATE TABLE `googleoptimizer_code` (
  `code_id` int unsigned NOT NULL AUTO_INCREMENT COMMENT 'Google experiment code ID',
  `entity_id` int unsigned NOT NULL COMMENT 'Optimized entity ID product ID or catalog ID',
  `entity_type` varchar(50) DEFAULT NULL COMMENT 'Optimized entity type',
  `store_id` smallint unsigned NOT NULL COMMENT 'Store ID',
  `experiment_script` text COMMENT 'Google experiment script',
  PRIMARY KEY (`code_id`),
  UNIQUE KEY `GOOGLEOPTIMIZER_CODE_STORE_ID_ENTITY_ID_ENTITY_TYPE` (`store_id`,`entity_id`,`entity_type`),
  CONSTRAINT `GOOGLEOPTIMIZER_CODE_STORE_ID_STORE_STORE_ID` FOREIGN KEY (`store_id`) REFERENCES `store` (`store_id`) ON DELETE CASCADE
) ENGINE=InnoDB DEFAULT CHARSET=utf8 COMMENT='Google Experiment code';

--
-- Dumping data for table `googleoptimizer_code`
--


--
-- Table structure for table `import_history`
--

CREATE TABLE `import_history` (
  `history_id` int unsigned NOT NULL AUTO_INCREMENT COMMENT 'History record ID',
  `started_at` timestamp NOT NULL DEFAULT CURRENT_TIMESTAMP COMMENT 'Started at',
  `user_id` int unsigned NOT NULL DEFAULT '0' COMMENT 'User ID',
  `imported_file` varchar(255) DEFAULT NULL COMMENT 'Imported file',
  `execution_time` varchar(255) DEFAULT NULL COMMENT 'Execution time',
  `summary` varchar(255) DEFAULT NULL COMMENT 'Summary',
  `error_file` varchar(255) NOT NULL COMMENT 'Imported file with errors',
  PRIMARY KEY (`history_id`)
) ENGINE=InnoDB DEFAULT CHARSET=utf8 COMMENT='Import history table';

--
-- Dumping data for table `import_history`
--


--
-- Table structure for table `importexport_importdata`
--

CREATE TABLE `importexport_importdata` (
  `id` int unsigned NOT NULL AUTO_INCREMENT COMMENT 'ID',
  `entity` varchar(50) NOT NULL COMMENT 'Entity',
  `behavior` varchar(10) NOT NULL DEFAULT 'append' COMMENT 'Behavior',
  `data` longtext COMMENT 'Data',
  PRIMARY KEY (`id`)
) ENGINE=InnoDB DEFAULT CHARSET=utf8 COMMENT='Import Data Table';

--
-- Dumping data for table `importexport_importdata`
--


--
-- Table structure for table `indexer_state`
--

CREATE TABLE `indexer_state` (
  `state_id` int unsigned NOT NULL AUTO_INCREMENT COMMENT 'Indexer State ID',
  `indexer_id` varchar(255) DEFAULT NULL COMMENT 'Indexer ID',
  `status` varchar(16) DEFAULT 'invalid' COMMENT 'Indexer Status',
  `updated` datetime DEFAULT NULL COMMENT 'Indexer Status',
  `hash_config` varchar(32) NOT NULL COMMENT 'Hash of indexer config',
  PRIMARY KEY (`state_id`),
  KEY `INDEXER_STATE_INDEXER_ID` (`indexer_id`)
) ENGINE=InnoDB AUTO_INCREMENT=12 DEFAULT CHARSET=utf8 COMMENT='Indexer State';

--
-- Dumping data for table `indexer_state`
--

INSERT INTO `indexer_state` VALUES (1,'design_config_grid','valid','2022-03-14 09:29:54','213ab8ef117db8ce58df264fe3bf2bdc'),(2,'customer_grid','valid','2022-03-04 10:28:30','a90c2d078e06ee24454936e15c03b789'),(3,'catalog_category_product','valid','2022-03-04 10:32:39','213cb065dd93c9423d35176e83383893'),(4,'catalog_product_category','valid','2022-03-04 10:32:40','31f023cb4ca84afedd74f8fcd4499978'),(5,'catalogrule_rule','valid','2022-03-04 10:32:54','553f09d52244b49bd91be4fa33d34aea'),(6,'catalog_product_attribute','valid','2022-03-04 10:33:27','d21b81375cba671ba1e745d7888424b4'),(7,'cataloginventory_stock','valid','2022-03-04 10:33:34','88ae2903ff188b794479ae6136efc31e'),(8,'inventory','valid','2022-03-04 10:33:35','3983638f2cb6dc37d6a119fe29684016'),(9,'catalogrule_product','valid','2022-03-04 10:32:54','9c37d0337121d651ea3a81a273722bec'),(10,'catalog_product_price','valid','2022-03-04 10:33:45','c5f32d12bd7c23ce1a4b56dd01426dfc'),(11,'catalogsearch_fulltext','valid','2022-03-04 10:38:12','4bf8ccf6058c526c76c10f10275137b3');

--
-- Table structure for table `integration`
--

CREATE TABLE `integration` (
  `integration_id` int unsigned NOT NULL AUTO_INCREMENT COMMENT 'Integration ID',
  `name` varchar(255) NOT NULL COMMENT 'Integration name is displayed in the admin interface',
  `email` varchar(255) NOT NULL COMMENT 'Email address of the contact person',
  `endpoint` varchar(255) DEFAULT NULL COMMENT 'Endpoint for posting consumer credentials',
  `status` smallint unsigned NOT NULL COMMENT 'Integration status',
  `consumer_id` int unsigned DEFAULT NULL COMMENT 'Oauth consumer',
  `created_at` timestamp NOT NULL DEFAULT CURRENT_TIMESTAMP COMMENT 'Creation Time',
  `updated_at` timestamp NOT NULL DEFAULT CURRENT_TIMESTAMP ON UPDATE CURRENT_TIMESTAMP COMMENT 'Update Time',
  `setup_type` smallint unsigned NOT NULL DEFAULT '0' COMMENT 'Integration type - manual or config file',
  `identity_link_url` varchar(255) DEFAULT NULL COMMENT 'Identity linking Url',
  PRIMARY KEY (`integration_id`),
  UNIQUE KEY `INTEGRATION_NAME` (`name`),
  UNIQUE KEY `INTEGRATION_CONSUMER_ID` (`consumer_id`),
  CONSTRAINT `INTEGRATION_CONSUMER_ID_OAUTH_CONSUMER_ENTITY_ID` FOREIGN KEY (`consumer_id`) REFERENCES `oauth_consumer` (`entity_id`) ON DELETE CASCADE
) ENGINE=InnoDB DEFAULT CHARSET=utf8 COMMENT='integration';

--
-- Dumping data for table `integration`
--


--
-- Table structure for table `inventory_geoname`
--

CREATE TABLE `inventory_geoname` (
  `country_code` varchar(64) NOT NULL,
  `postcode` varchar(64) NOT NULL,
  `city` varchar(180) NOT NULL,
  `region` varchar(100) NOT NULL,
  `province` varchar(64) NOT NULL,
  `latitude` double NOT NULL,
  `longitude` double NOT NULL,
  `entity_id` int unsigned NOT NULL AUTO_INCREMENT COMMENT 'entity id',
  PRIMARY KEY (`entity_id`)
) ENGINE=InnoDB DEFAULT CHARSET=utf8;

--
-- Dumping data for table `inventory_geoname`
--


--
-- Table structure for table `inventory_low_stock_notification_configuration`
--

CREATE TABLE `inventory_low_stock_notification_configuration` (
  `source_code` varchar(255) NOT NULL,
  `sku` varchar(64) NOT NULL,
  `notify_stock_qty` decimal(12,4) DEFAULT NULL,
  PRIMARY KEY (`source_code`,`sku`)
) ENGINE=InnoDB DEFAULT CHARSET=utf8;

--
-- Dumping data for table `inventory_low_stock_notification_configuration`
--

INSERT INTO `inventory_low_stock_notification_configuration` VALUES ('default','B-010203',NULL),('default','B-0120169',NULL),('default','B-012030',NULL),('default','B-012036',NULL),('default','B-0123692',NULL),('default','B-01236985',NULL),('default','B-012597',NULL),('default','B-0125987',NULL),('default','B-0147896',NULL),('default','B-0159703',NULL),('default','B-0196750',NULL),('default','B-021023',NULL),('default','B-0236598',NULL),('default','B-0259312',NULL),('default','B-0297530',NULL),('default','B-1023954',NULL),('default','B-1452692',NULL),('default','B-145823',NULL),('default','B-1501367',NULL),('default','B-1523689',NULL),('default','B-1529854',NULL),('default','B-254021',NULL),('default','B-2560124',NULL),('default','B-4157412',NULL),('default','B-4560123',NULL),('default','B-4580123',NULL),('default','B-45821',NULL),('default','B-4582641',NULL),('default','B-4589314',NULL),('default','B-485021',NULL),('default','B-5214012',NULL),('default','B-52149023',NULL),('default','B-521740',NULL),('default','B-5462258',NULL),('default','B-5801297',NULL),('default','B-582136',NULL),('default','B-5821452',NULL),('default','B-5824607',NULL),('default','B-5860124',NULL),('default','B-5862012',NULL),('default','B-5890124',NULL),('default','B-5894102',NULL),('default','B-5924136',NULL),('default','B-693125',NULL),('default','B-752641',NULL),('default','B-7596012',NULL),('default','B-780136',NULL),('default','B-8501396',NULL),('default','B-854701',NULL),('default','B-8574901',NULL),('default','B-8574960',NULL),('default','B-8590125',NULL),('default','B-8597013',NULL),('default','B-8901347',NULL),('default','B-963698',NULL),('default','B-9801235',NULL),('default','D-8469315',NULL),('default','F-010230',NULL),('default','F-012036',NULL),('default','F-0123952',NULL),('default','F-012596',NULL),('default','F-25415',NULL),('default','F-254153',NULL),('default','F-523901',NULL),('default','F-5239415',NULL),('default','F-524136',NULL),('default','F-524970',NULL),('default','F-5263874',NULL),('default','F-5801203',NULL),('default','F-582140',NULL),('default','F-584016',NULL),('default','F-587031',NULL),('default','F-589010',NULL),('default','F-5890102',NULL),('default','F-5890123',NULL),('default','F-589023',NULL),('default','F-589301',NULL),('default','F-693120',NULL),('default','F-851402',NULL),('default','F-8540125',NULL),('default','F-856241',NULL),('default','F-856301',NULL),('default','F-8564125',NULL),('default','F-856974',NULL),('default','F-8590120',NULL),('default','F-8590124',NULL),('default','F-8970103',NULL),('default','F-9670123',NULL),('default','F-980125',NULL),('default','Laster Shake Pouch 385g',NULL),('default','M-013971',NULL),('default','M-023145',NULL),('default','M-254973',NULL),('default','M-4521023',NULL),('default','M-56930',NULL),('default','M-569847',NULL),('default','M-582451',NULL),('default','M-5862136',NULL),('default','M-589621',NULL),('default','MK-010201',NULL),('default','MK-010203',NULL),('default','MK-0102037',NULL),('default','MK-0103125',NULL),('default','MK-0103951',NULL),('default','MK-0109642',NULL),('default','MK-0109735',NULL),('default','MK-0120307',NULL),('default','MK-0120320',NULL),('default','MK-01289',NULL),('default','MK-012967',NULL),('default','MK-0130102',NULL),('default','MK-0139301',NULL),('default','MK-018034',NULL),('default','MK-01953',NULL),('default','MK-01963',NULL),('default','MK-0198345',NULL),('default','MK-0210394',NULL),('default','MK-0369124',NULL),('default','MK-0523167',NULL),('default','MK-0853102',NULL),('default','MK-09430521',NULL),('default','MK-10201',NULL),('default','MK-1021362',NULL),('default','MK-1402563',NULL),('default','MK-4012053',NULL),('default','MK-403156',NULL),('default','MK-4253901',NULL),('default','MK-45013',NULL),('default','MK-451365',NULL),('default','MK-4520312',NULL),('default','MK-452136',NULL),('default','MK-455023',NULL),('default','MK-475102',NULL),('default','MK-514021',NULL),('default','MK-524096',NULL),('default','MK-542631',NULL),('default','MK-5429301',NULL),('default','MK-55221',NULL),('default','MK-5554145',NULL),('default','MK-560124',NULL),('default','MK-5601348',NULL),('default','MK-560732',NULL),('default','MK-568963',NULL),('default','MK-5801351',NULL),('default','MK-5824215',NULL),('default','MK-5824301',NULL),('default','MK-583642',NULL),('default','MK-5860123',NULL),('default','MK-5863103',NULL),('default','MK-587031',NULL),('default','MK-5890315',NULL),('default','MK-650314',NULL),('default','MK-6521345',NULL),('default','MK-741254',NULL),('default','MK-7490123',NULL),('default','MK-777031',NULL),('default','MK-7850317',NULL),('default','MK-852406',NULL),('default','MK-852456',NULL),('default','MK-8540319',NULL),('default','MK-854126',NULL),('default','MK-8542369',NULL),('default','MK-8547021',NULL),('default','MK-85602',NULL),('default','MK-85602-1',NULL),('default','MK-8569031',NULL),('default','MK-857031',NULL),('default','MK-8570339',NULL),('default','MK-8570569',NULL),('default','MK-8570645',NULL),('default','MK-8571093',NULL),('default','MK-8576275',NULL),('default','MK-858696',NULL),('default','MK-8590134',NULL),('default','MK-85901348',NULL),('default','MK-85901354',NULL),('default','MK-85964',NULL),('default','MK-8596712',NULL),('default','MK-8597031',NULL),('default','MK-8758596',NULL),('default','MK-879020',NULL),('default','MK-8790435',NULL),('default','MK-8795758',NULL),('default','MK-8896574',NULL),('default','MK-9043594',NULL),('default','MK-9073127',NULL),('default','MK-92135460',NULL),('default','MK-93402156',NULL),('default','MK-9402135',NULL),('default','MK-945230',NULL),('default','MK-946013',NULL),('default','MK-9580315',NULL),('default','MK-9601355',NULL),('default','MK-9610250',NULL),('default','MK-96301',NULL),('default','MK-963035',NULL),('default','MK-9630852',NULL),('default','MK-9631453',NULL),('default','MK-963164',NULL),('default','MK-9634065',NULL),('default','MK-9635013',NULL),('default','MK-96354',NULL),('default','MK-963705',NULL),('default','MK-9640135',NULL),('default','MK-9640192',NULL),('default','MK-964703',NULL),('default','MK-964802',NULL),('default','MK-96501',NULL),('default','MK-965012',NULL),('default','MK-96502',NULL),('default','MK-965027',NULL),('default','MK-96503',NULL),('default','MK-965030',NULL),('default','MK-965240',NULL),('default','MK-965803',NULL),('default','MK-965870',NULL),('default','MK-965874',NULL),('default','MK-967016',NULL),('default','MK-9670315',NULL),('default','MK-9670352',NULL),('default','MK-9671325',NULL),('default','MK-96714531',NULL),('default','MK-968012',NULL),('default','MK-9680134',NULL),('default','MK-96803',NULL),('default','MK-9687402',NULL),('default','MK-9701345',NULL),('default','MK-9730134',NULL),('default','MK-985874',NULL),('default','MK-CF-4525-Blue-15cm',NULL),('default','MK-CF-4525-Red-25cm',NULL),('default','MK-DL-01036',NULL),('default','MK-F-001-1',NULL),('default','MK-F-001-Blue',NULL),('default','MK-F-001-Gray',NULL),('default','MK-F-0010',NULL),('default','MK-F-005-1',NULL),('default','MK-F-007',NULL),('default','MK-F-008',NULL),('default','MK-F-009',NULL),('default','MK-S-14523',NULL);

--
-- Table structure for table `inventory_order_notification`
--

CREATE TABLE `inventory_order_notification` (
  `order_id` int unsigned NOT NULL AUTO_INCREMENT COMMENT 'Order ID',
  `notification_sent` smallint NOT NULL COMMENT 'Has Notification Been Sent For Order',
  `send_notification` smallint NOT NULL COMMENT 'Should Notification Be Send For Order',
  PRIMARY KEY (`order_id`),
  CONSTRAINT `INVENTORY_ORDER_NOTIFICATION_ORDER_ID_SALES_ORDER_ENTITY_ID` FOREIGN KEY (`order_id`) REFERENCES `sales_order` (`entity_id`) ON DELETE CASCADE
) ENGINE=InnoDB DEFAULT CHARSET=utf8;

--
-- Dumping data for table `inventory_order_notification`
--


--
-- Table structure for table `inventory_pickup_location_order`
--

CREATE TABLE `inventory_pickup_location_order` (
  `order_id` int unsigned NOT NULL AUTO_INCREMENT COMMENT 'Order ID',
  `pickup_location_code` varchar(255) NOT NULL COMMENT 'Pickup Location Code',
  PRIMARY KEY (`order_id`),
  CONSTRAINT `INVENTORY_PICKUP_LOCATION_ORDER_ORDER_ID_SALES_ORDER_ENTITY_ID` FOREIGN KEY (`order_id`) REFERENCES `sales_order` (`entity_id`) ON DELETE CASCADE
) ENGINE=InnoDB DEFAULT CHARSET=utf8;

--
-- Dumping data for table `inventory_pickup_location_order`
--


--
-- Table structure for table `inventory_pickup_location_quote_address`
--

CREATE TABLE `inventory_pickup_location_quote_address` (
  `address_id` int unsigned NOT NULL AUTO_INCREMENT COMMENT 'Quote Address ID',
  `pickup_location_code` varchar(255) NOT NULL COMMENT 'Pickup Location Code',
  PRIMARY KEY (`address_id`),
  CONSTRAINT `INV_PICKUP_LOCATION_QUOTE_ADDR_ADDR_ID_QUOTE_ADDR_ADDR_ID` FOREIGN KEY (`address_id`) REFERENCES `quote_address` (`address_id`) ON DELETE CASCADE
) ENGINE=InnoDB DEFAULT CHARSET=utf8;

--
-- Dumping data for table `inventory_pickup_location_quote_address`
--


--
-- Table structure for table `inventory_reservation`
--

CREATE TABLE `inventory_reservation` (
  `reservation_id` int unsigned NOT NULL AUTO_INCREMENT,
  `stock_id` int unsigned NOT NULL,
  `sku` varchar(64) NOT NULL,
  `quantity` decimal(10,4) NOT NULL DEFAULT '0.0000',
  `metadata` varchar(255) DEFAULT NULL,
  PRIMARY KEY (`reservation_id`),
  KEY `INVENTORY_RESERVATION_STOCK_ID_SKU_QUANTITY` (`stock_id`,`sku`,`quantity`)
) ENGINE=InnoDB AUTO_INCREMENT=68 DEFAULT CHARSET=utf8;

--
-- Dumping data for table `inventory_reservation`
--

INSERT INTO `inventory_reservation` VALUES (1,1,'MK-01289',-10.0000,'{\"event_type\":\"order_placed\",\"object_type\":\"order\",\"object_id\":\"\",\"object_increment_id\":\"000000001\"}'),(2,1,'MK-01289',10.0000,'{\"event_type\":\"shipment_created\",\"object_type\":\"order\",\"object_id\":\"1\",\"object_increment_id\":\"000000001\"}'),(3,1,'MK-965870',-1.0000,'{\"event_type\":\"order_placed\",\"object_type\":\"order\",\"object_id\":\"\",\"object_increment_id\":\"000000002\"}'),(4,1,'MK-9635013',-13.0000,'{\"event_type\":\"order_placed\",\"object_type\":\"order\",\"object_id\":\"\",\"object_increment_id\":\"000000002\"}'),(5,1,'MK-96301',-1.0000,'{\"event_type\":\"order_placed\",\"object_type\":\"order\",\"object_id\":\"\",\"object_increment_id\":\"000000002\"}'),(6,1,'MK-45013',-1.0000,'{\"event_type\":\"order_placed\",\"object_type\":\"order\",\"object_id\":\"\",\"object_increment_id\":\"000000003\"}'),(7,1,'MK-018034',-1.0000,'{\"event_type\":\"order_placed\",\"object_type\":\"order\",\"object_id\":\"\",\"object_increment_id\":\"000000003\"}'),(8,1,'MK-96503',-1.0000,'{\"event_type\":\"order_placed\",\"object_type\":\"order\",\"object_id\":\"\",\"object_increment_id\":\"000000003\"}'),(9,1,'MK-01289',-1.0000,'{\"event_type\":\"order_placed\",\"object_type\":\"order\",\"object_id\":\"\",\"object_increment_id\":\"000000003\"}'),(10,1,'MK-01953',-3.0000,'{\"event_type\":\"order_placed\",\"object_type\":\"order\",\"object_id\":\"\",\"object_increment_id\":\"000000003\"}'),(11,1,'MK-96501',-1.0000,'{\"event_type\":\"order_placed\",\"object_type\":\"order\",\"object_id\":\"\",\"object_increment_id\":\"000000003\"}'),(12,1,'MK-965027',-1.0000,'{\"event_type\":\"order_placed\",\"object_type\":\"order\",\"object_id\":\"\",\"object_increment_id\":\"000000004\"}'),(13,1,'MK-965874',-1.0000,'{\"event_type\":\"order_placed\",\"object_type\":\"order\",\"object_id\":\"\",\"object_increment_id\":\"000000004\"}'),(14,1,'MK-01953',-1.0000,'{\"event_type\":\"order_placed\",\"object_type\":\"order\",\"object_id\":\"\",\"object_increment_id\":\"000000004\"}'),(15,1,'MK-01953',-2.0000,'{\"event_type\":\"order_placed\",\"object_type\":\"order\",\"object_id\":\"\",\"object_increment_id\":\"11000000001\"}'),(16,1,'MK-0109735',-2.0000,'{\"event_type\":\"order_placed\",\"object_type\":\"order\",\"object_id\":\"\",\"object_increment_id\":\"11000000001\"}'),(17,1,'MK-583642',-1.0000,'{\"event_type\":\"order_placed\",\"object_type\":\"order\",\"object_id\":\"\",\"object_increment_id\":\"11000000001\"}'),(18,1,'MK-4253901',-3.0000,'{\"event_type\":\"order_placed\",\"object_type\":\"order\",\"object_id\":\"\",\"object_increment_id\":\"11000000001\"}'),(19,1,'MK-96354',-1.0000,'{\"event_type\":\"order_placed\",\"object_type\":\"order\",\"object_id\":\"\",\"object_increment_id\":\"11000000001\"}'),(20,1,'MK-879020',-4.0000,'{\"event_type\":\"order_placed\",\"object_type\":\"order\",\"object_id\":\"\",\"object_increment_id\":\"11000000001\"}'),(21,1,'MK-012967',-1.0000,'{\"event_type\":\"order_placed\",\"object_type\":\"order\",\"object_id\":\"\",\"object_increment_id\":\"11000000001\"}'),(22,1,'MK-852456',-3.0000,'{\"event_type\":\"order_placed\",\"object_type\":\"order\",\"object_id\":\"\",\"object_increment_id\":\"11000000001\"}'),(23,1,'MK-01953',2.0000,'{\"event_type\":\"shipment_created\",\"object_type\":\"order\",\"object_id\":\"5\",\"object_increment_id\":\"11000000001\"}'),(24,1,'MK-0109735',2.0000,'{\"event_type\":\"shipment_created\",\"object_type\":\"order\",\"object_id\":\"5\",\"object_increment_id\":\"11000000001\"}'),(25,1,'MK-583642',1.0000,'{\"event_type\":\"shipment_created\",\"object_type\":\"order\",\"object_id\":\"5\",\"object_increment_id\":\"11000000001\"}'),(26,1,'MK-4253901',3.0000,'{\"event_type\":\"shipment_created\",\"object_type\":\"order\",\"object_id\":\"5\",\"object_increment_id\":\"11000000001\"}'),(27,1,'MK-96354',1.0000,'{\"event_type\":\"shipment_created\",\"object_type\":\"order\",\"object_id\":\"5\",\"object_increment_id\":\"11000000001\"}'),(28,1,'MK-879020',4.0000,'{\"event_type\":\"shipment_created\",\"object_type\":\"order\",\"object_id\":\"5\",\"object_increment_id\":\"11000000001\"}'),(29,1,'MK-012967',1.0000,'{\"event_type\":\"shipment_created\",\"object_type\":\"order\",\"object_id\":\"5\",\"object_increment_id\":\"11000000001\"}'),(30,1,'MK-852456',3.0000,'{\"event_type\":\"shipment_created\",\"object_type\":\"order\",\"object_id\":\"5\",\"object_increment_id\":\"11000000001\"}'),(31,1,'MK-852456',-1.0000,'{\"event_type\":\"order_placed\",\"object_type\":\"order\",\"object_id\":\"\",\"object_increment_id\":\"11000000002\"}'),(32,1,'MK-965027',-1.0000,'{\"event_type\":\"order_placed\",\"object_type\":\"order\",\"object_id\":\"\",\"object_increment_id\":\"11000000002\"}'),(33,1,'MK-85602-1',-1.0000,'{\"event_type\":\"order_placed\",\"object_type\":\"order\",\"object_id\":\"\",\"object_increment_id\":\"11000000002\"}'),(34,1,'MK-968012',-1.0000,'{\"event_type\":\"order_placed\",\"object_type\":\"order\",\"object_id\":\"\",\"object_increment_id\":\"11000000002\"}'),(35,1,'MK-01963',-1.0000,'{\"event_type\":\"order_placed\",\"object_type\":\"order\",\"object_id\":\"\",\"object_increment_id\":\"11000000002\"}'),(36,1,'MK-01289',-1.0000,'{\"event_type\":\"order_placed\",\"object_type\":\"order\",\"object_id\":\"\",\"object_increment_id\":\"11000000002\"}'),(37,1,'MK-96803',-1.0000,'{\"event_type\":\"order_placed\",\"object_type\":\"order\",\"object_id\":\"\",\"object_increment_id\":\"11000000002\"}'),(38,1,'MK-852456',1.0000,'{\"event_type\":\"shipment_created\",\"object_type\":\"order\",\"object_id\":\"6\",\"object_increment_id\":\"11000000002\"}'),(39,1,'MK-965027',1.0000,'{\"event_type\":\"shipment_created\",\"object_type\":\"order\",\"object_id\":\"6\",\"object_increment_id\":\"11000000002\"}'),(40,1,'MK-85602-1',1.0000,'{\"event_type\":\"shipment_created\",\"object_type\":\"order\",\"object_id\":\"6\",\"object_increment_id\":\"11000000002\"}'),(41,1,'MK-968012',1.0000,'{\"event_type\":\"shipment_created\",\"object_type\":\"order\",\"object_id\":\"6\",\"object_increment_id\":\"11000000002\"}'),(42,1,'MK-01963',1.0000,'{\"event_type\":\"shipment_created\",\"object_type\":\"order\",\"object_id\":\"6\",\"object_increment_id\":\"11000000002\"}'),(43,1,'MK-01289',1.0000,'{\"event_type\":\"shipment_created\",\"object_type\":\"order\",\"object_id\":\"6\",\"object_increment_id\":\"11000000002\"}'),(44,1,'MK-96803',1.0000,'{\"event_type\":\"shipment_created\",\"object_type\":\"order\",\"object_id\":\"6\",\"object_increment_id\":\"11000000002\"}'),(45,1,'MK-965803',-20.0000,'{\"event_type\":\"order_placed\",\"object_type\":\"order\",\"object_id\":\"\",\"object_increment_id\":\"14000000001\"}'),(46,1,'MK-010201',-20.0000,'{\"event_type\":\"order_placed\",\"object_type\":\"order\",\"object_id\":\"\",\"object_increment_id\":\"14000000001\"}'),(47,1,'MK-741254',-20.0000,'{\"event_type\":\"order_placed\",\"object_type\":\"order\",\"object_id\":\"\",\"object_increment_id\":\"14000000001\"}'),(48,1,'MK-524096',-20.0000,'{\"event_type\":\"order_placed\",\"object_type\":\"order\",\"object_id\":\"\",\"object_increment_id\":\"14000000001\"}'),(49,1,'MK-8758596',-20.0000,'{\"event_type\":\"order_placed\",\"object_type\":\"order\",\"object_id\":\"\",\"object_increment_id\":\"14000000001\"}'),(50,1,'MK-8896574',-20.0000,'{\"event_type\":\"order_placed\",\"object_type\":\"order\",\"object_id\":\"\",\"object_increment_id\":\"14000000001\"}'),(51,1,'MK-8570645',-1.0000,'{\"event_type\":\"order_placed\",\"object_type\":\"order\",\"object_id\":\"\",\"object_increment_id\":\"18000000001\"}'),(52,1,'MK-0130102',-3.0000,'{\"event_type\":\"order_placed\",\"object_type\":\"order\",\"object_id\":\"\",\"object_increment_id\":\"18000000001\"}'),(53,1,'MK-858696',-8.0000,'{\"event_type\":\"order_placed\",\"object_type\":\"order\",\"object_id\":\"\",\"object_increment_id\":\"18000000001\"}'),(54,1,'MK-0853102',-5.0000,'{\"event_type\":\"order_placed\",\"object_type\":\"order\",\"object_id\":\"\",\"object_increment_id\":\"18000000001\"}'),(55,1,'MK-777031',-10.0000,'{\"event_type\":\"order_placed\",\"object_type\":\"order\",\"object_id\":\"\",\"object_increment_id\":\"18000000001\"}'),(56,1,'MK-455023',-4.0000,'{\"event_type\":\"order_placed\",\"object_type\":\"order\",\"object_id\":\"\",\"object_increment_id\":\"18000000001\"}'),(57,1,'MK-8570645',1.0000,'{\"event_type\":\"shipment_created\",\"object_type\":\"order\",\"object_id\":\"8\",\"object_increment_id\":\"18000000001\"}'),(58,1,'MK-0130102',3.0000,'{\"event_type\":\"shipment_created\",\"object_type\":\"order\",\"object_id\":\"8\",\"object_increment_id\":\"18000000001\"}'),(59,1,'MK-858696',8.0000,'{\"event_type\":\"shipment_created\",\"object_type\":\"order\",\"object_id\":\"8\",\"object_increment_id\":\"18000000001\"}'),(60,1,'MK-0853102',5.0000,'{\"event_type\":\"shipment_created\",\"object_type\":\"order\",\"object_id\":\"8\",\"object_increment_id\":\"18000000001\"}'),(61,1,'MK-777031',10.0000,'{\"event_type\":\"shipment_created\",\"object_type\":\"order\",\"object_id\":\"8\",\"object_increment_id\":\"18000000001\"}'),(62,1,'MK-455023',4.0000,'{\"event_type\":\"shipment_created\",\"object_type\":\"order\",\"object_id\":\"8\",\"object_increment_id\":\"18000000001\"}'),(63,1,'MK-85901348',-2.0000,'{\"event_type\":\"order_placed\",\"object_type\":\"order\",\"object_id\":\"\",\"object_increment_id\":\"28000000001\"}'),(64,1,'MK-5863103',-3.0000,'{\"event_type\":\"order_placed\",\"object_type\":\"order\",\"object_id\":\"\",\"object_increment_id\":\"28000000001\"}'),(65,1,'MK-452136',-1.0000,'{\"event_type\":\"order_placed\",\"object_type\":\"order\",\"object_id\":\"\",\"object_increment_id\":\"28000000001\"}'),(66,1,'MK-5860123',-1.0000,'{\"event_type\":\"order_placed\",\"object_type\":\"order\",\"object_id\":\"\",\"object_increment_id\":\"28000000001\"}'),(67,1,'MK-452136',-1.0000,'{\"event_type\":\"order_placed\",\"object_type\":\"order\",\"object_id\":\"\",\"object_increment_id\":\"28000000002\"}');

--
-- Table structure for table `inventory_shipment_source`
--

CREATE TABLE `inventory_shipment_source` (
  `shipment_id` int unsigned NOT NULL,
  `source_code` varchar(255) NOT NULL,
  PRIMARY KEY (`shipment_id`)
) ENGINE=InnoDB DEFAULT CHARSET=utf8;

--
-- Dumping data for table `inventory_shipment_source`
--

INSERT INTO `inventory_shipment_source` VALUES (1,'default'),(2,'default'),(3,'default'),(4,'default');

--
-- Table structure for table `inventory_source`
--

CREATE TABLE `inventory_source` (
  `source_code` varchar(255) NOT NULL,
  `name` varchar(255) NOT NULL,
  `enabled` smallint unsigned NOT NULL DEFAULT '1',
  `description` text,
  `latitude` decimal(8,6) DEFAULT NULL,
  `longitude` decimal(9,6) DEFAULT NULL,
  `country_id` varchar(2) NOT NULL,
  `region_id` int unsigned DEFAULT NULL,
  `region` varchar(255) DEFAULT NULL,
  `city` varchar(255) DEFAULT NULL,
  `street` varchar(255) DEFAULT NULL,
  `postcode` varchar(255) NOT NULL,
  `contact_name` varchar(255) DEFAULT NULL,
  `email` varchar(255) DEFAULT NULL,
  `phone` varchar(255) DEFAULT NULL,
  `fax` varchar(255) DEFAULT NULL,
  `use_default_carrier_config` smallint unsigned NOT NULL DEFAULT '1',
  `is_pickup_location_active` tinyint(1) NOT NULL DEFAULT '0',
  `frontend_name` varchar(255) DEFAULT '',
  `frontend_description` text,
  PRIMARY KEY (`source_code`)
) ENGINE=InnoDB DEFAULT CHARSET=utf8;

--
-- Dumping data for table `inventory_source`
--

INSERT INTO `inventory_source` VALUES ('default','Default Source',1,'Default Source',0.000000,0.000000,'US',NULL,NULL,NULL,NULL,'00000',NULL,NULL,NULL,NULL,1,0,'',NULL);

--
-- Table structure for table `inventory_source_carrier_link`
--

CREATE TABLE `inventory_source_carrier_link` (
  `link_id` int unsigned NOT NULL AUTO_INCREMENT,
  `source_code` varchar(255) NOT NULL,
  `carrier_code` varchar(255) NOT NULL,
  `position` smallint unsigned DEFAULT NULL,
  PRIMARY KEY (`link_id`),
  KEY `INV_SOURCE_CARRIER_LNK_SOURCE_CODE_INV_SOURCE_SOURCE_CODE` (`source_code`),
  CONSTRAINT `INV_SOURCE_CARRIER_LNK_SOURCE_CODE_INV_SOURCE_SOURCE_CODE` FOREIGN KEY (`source_code`) REFERENCES `inventory_source` (`source_code`) ON DELETE CASCADE
) ENGINE=InnoDB DEFAULT CHARSET=utf8;

--
-- Dumping data for table `inventory_source_carrier_link`
--


--
-- Table structure for table `inventory_source_item`
--

CREATE TABLE `inventory_source_item` (
  `source_item_id` int unsigned NOT NULL AUTO_INCREMENT,
  `source_code` varchar(255) NOT NULL,
  `sku` varchar(64) NOT NULL,
  `quantity` decimal(12,4) NOT NULL DEFAULT '0.0000',
  `status` smallint unsigned NOT NULL DEFAULT '0',
  PRIMARY KEY (`source_item_id`),
  UNIQUE KEY `INVENTORY_SOURCE_ITEM_SOURCE_CODE_SKU` (`source_code`,`sku`),
  KEY `INVENTORY_SOURCE_ITEM_SKU_SOURCE_CODE_QUANTITY` (`sku`,`source_code`,`quantity`),
  CONSTRAINT `INVENTORY_SOURCE_ITEM_SOURCE_CODE_INVENTORY_SOURCE_SOURCE_CODE` FOREIGN KEY (`source_code`) REFERENCES `inventory_source` (`source_code`) ON DELETE CASCADE
) ENGINE=InnoDB AUTO_INCREMENT=1175 DEFAULT CHARSET=utf8;

--
-- Dumping data for table `inventory_source_item`
--

INSERT INTO `inventory_source_item` VALUES (1,'default','MK-10201',100.0000,1),(3,'default','MK-45013',120.0000,1),(5,'default','MK-018034',120.0000,1),(7,'default','MK-475102',200.0000,1),(9,'default','MK-96503',140.0000,1),(11,'default','MK-96502',100.0000,1),(13,'default','MK-964802',102.0000,1),(15,'default','MK-85602',100.0000,1),(17,'default','MK-85964',210.0000,1),(19,'default','MK-965012',200.0000,1),(21,'default','MK-96803',99.0000,1),(23,'default','MK-01289',89.0000,1),(25,'default','MK-01963',99.0000,1),(27,'default','MK-968012',299.0000,1),(29,'default','MK-85602-1',99.0000,1),(31,'default','MK-965027',409.0000,1),(33,'default','MK-852456',296.0000,1),(35,'default','MK-879020',96.0000,1),(37,'default','MK-96354',199.0000,1),(39,'default','MK-965874',100.0000,1),(41,'default','MK-01953',98.0000,1),(43,'default','MK-965870',100.0000,1),(45,'default','MK-852406',140.0000,1),(47,'default','MK-55221',100.0000,1),(49,'default','MK-963164',300.0000,1),(51,'default','MK-964703',500.0000,1),(53,'default','MK-963705',500.0000,1),(55,'default','MK-965240',320.0000,1),(59,'default','MK-9635013',60.0000,1),(61,'default','MK-96301',500.0000,1),(63,'default','MK-9687402',200.0000,1),(65,'default','MK-965030',200.0000,1),(67,'default','MK-963035',100.0000,1),(69,'default','MK-857031',300.0000,1),(71,'default','MK-96501',150.0000,1),(174,'default','MK-4253901',97.0000,1),(176,'default','MK-985874',100.0000,1),(178,'default','MK-583642',99.0000,1),(180,'default','MK-0109735',98.0000,1),(182,'default','MK-012967',96.0000,1),(220,'default','MK-8570339',100.0000,1),(222,'default','MK-587031',100.0000,1),(224,'default','MK-967016',120.0000,1),(239,'default','MK-524096',100.0000,1),(241,'default','MK-8758596',500.0000,1),(243,'default','MK-010201',400.0000,1),(245,'default','MK-8896574',130.0000,1),(247,'default','MK-741254',350.0000,1),(249,'default','MK-965803',200.0000,1),(259,'default','MK-S-14523',100.0000,1),(261,'default','MK-CF-4525-Blue-15cm',100.0000,1),(262,'default','MK-CF-4525-Blue-20cm',100.0000,1),(263,'default','MK-CF-4525-Blue-25cm',100.0000,1),(264,'default','MK-CF-4525-Red-15cm',100.0000,1),(265,'default','MK-CF-4525-Red-20cm',100.0000,1),(266,'default','MK-CF-4525-Red-25cm',100.0000,1),(270,'default','MK-DL-01036',100.0000,1),(283,'default','MK-455023',96.0000,1),(285,'default','MK-777031',200.0000,1),(287,'default','MK-0853102',145.0000,1),(289,'default','MK-858696',302.0000,1),(291,'default','MK-8570645',149.0000,1),(293,'default','MK-0130102',137.0000,1),(322,'default','MK-8597031',100.0000,1),(324,'default','MK-8542369',250.0000,1),(326,'default','MK-8571093',140.0000,1),(328,'default','MK-0102037',120.0000,1),(330,'default','MK-9631453',300.0000,1),(332,'default','MK-8596712',230.0000,1),(358,'default','MK-0109642',100.0000,1),(360,'default','MK-9680134',200.0000,1),(362,'default','MK-8576275',140.0000,1),(364,'default','MK-8795758',300.0000,1),(366,'default','MK-5554145',520.0000,1),(368,'default','MK-8569031',210.0000,1),(370,'default','MK-5429301',120.0000,1),(418,'default','MK-1402563',100.0000,1),(420,'default','MK-8547021',250.0000,1),(422,'default','MK-9630852',140.0000,1),(424,'default','MK-7850317',250.0000,1),(426,'default','MK-8540319',151.0000,1),(428,'default','MK-8790435',300.0000,1),(430,'default','MK-9634065',500.0000,1),(432,'default','MK-9601355',500.0000,1),(454,'default','MK-5801351',100.0000,1),(456,'default','MK-0139301',120.0000,1),(458,'default','MK-0198345',100.0000,1),(460,'default','MK-9670352',150.0000,1),(462,'default','MK-9043594',140.0000,1),(464,'default','MK-9073127',200.0000,1),(472,'default','MK-403156',100.0000,1),(474,'default','MK-0103125',120.0000,1),(476,'default','MK-9580315',140.0000,1),(480,'default','MK-9670315',150.0000,1),(482,'default','MK-5824301',130.0000,1),(484,'default','MK-5824215',150.0000,1),(508,'default','MK-560732',100.0000,1),(510,'default','MK-0120320',120.0000,1),(516,'default','MK-9671325',100.0000,1),(518,'default','MK-8570569',250.0000,1),(520,'default','MK-0523167',250.0000,1),(522,'default','MK-0369124',251.0000,1),(524,'default','MK-5890315',300.0000,1),(526,'default','MK-560124',200.0000,1),(530,'default','MK-8590134',100.0000,1),(532,'default','MK-6521345',100.0000,1),(534,'default','MK-5601348',140.0000,1),(536,'default','MK-650314',100.0000,1),(550,'default','MK-9640135',100.0000,1),(552,'default','MK-9701345',120.0000,1),(554,'default','MK-946013',100.0000,1),(556,'default','MK-514021',310.0000,1),(558,'default','MK-9640192',300.0000,1),(560,'default','MK-0210394',250.0000,1),(562,'default','MK-010203',400.0000,1),(584,'default','MK-4012053',100.0000,1),(586,'default','MK-0103951',150.0000,1),(588,'default','MK-96714531',300.0000,1),(590,'default','MK-92135460',245.0000,1),(592,'default','MK-85901354',140.0000,1),(594,'default','MK-9610250',520.0000,1),(596,'default','MK-09430521',250.0000,1),(598,'default','MK-93402156',250.0000,1),(600,'default','MK-9730134',120.0000,1),(602,'default','MK-945230',140.0000,1),(604,'default','MK-542631',100.0000,1),(606,'default','MK-9402135',250.0000,1),(622,'default','MK-1021362',100.0000,1),(624,'default','MK-7490123',200.0000,1),(626,'default','MK-5860123',250.0000,1),(628,'default','MK-0120307',450.0000,1),(630,'default','MK-5863103',100.0000,1),(632,'default','MK-85901348',120.0000,1),(634,'default','MK-452136',400.0000,1),(636,'default','MK-451365',100.0000,1),(810,'default','B-4582641',120.0000,1),(812,'default','B-752641',120.0000,1),(814,'default','B-8501396',140.0000,1),(816,'default','B-485021',200.0000,1),(818,'default','MK-854126',120.0000,1),(822,'default','B-7596012',120.0000,1),(824,'default','B-8574960',120.0000,1),(826,'default','B-1452692',150.0000,1),(828,'default','B-5462258',200.0000,1),(830,'default','B-5862012',140.0000,1),(832,'default','B-1523689',100.0000,1),(834,'default','B-8590125',100.0000,1),(836,'default','B-5860124',200.0000,1),(838,'default','B-5890124',100.0000,1),(840,'default','B-8574901',200.0000,1),(842,'default','B-45821',100.0000,1),(844,'default','B-8597013',120.0000,1),(848,'default','B-521740',120.0000,1),(850,'default','B-854701',120.0000,1),(852,'default','B-9801235',140.0000,1),(854,'default','B-582136',100.0000,1),(856,'default','B-5214012',100.0000,1),(858,'default','B-52149023',100.0000,1),(860,'default','B-4589314',100.0000,1),(862,'default','B-5801297',120.0000,1),(864,'default','B-1529854',100.0000,1),(866,'default','B-1501367',120.0000,1),(868,'default','B-4580123',200.0000,1),(870,'default','B-012030',150.0000,1),(872,'default','B-0125987',140.0000,1),(874,'default','B-010203',100.0000,1),(876,'default','B-012597',100.0000,1),(878,'default','B-0147896',120.0000,1),(880,'default','B-0236598',140.0000,1),(882,'default','B-5824607',150.0000,1),(884,'default','B-0196750',140.0000,1),(886,'default','B-01236985',150.0000,1),(888,'default','B-8901347',120.0000,1),(890,'default','B-780136',120.0000,1),(892,'default','B-0159703',150.0000,1),(894,'default','B-1023954',100.0000,1),(896,'default','B-0120169',200.0000,1),(898,'default','B-145823',150.0000,1),(900,'default','B-5894102',230.0000,1),(902,'default','B-0297530',150.0000,1),(904,'default','B-4560123',100.0000,1),(906,'default','B-4157412',120.0000,1),(908,'default','B-963698',120.0000,1),(918,'default','D-8469315',120.0000,1),(932,'default','M-4521023',120.0000,1),(934,'default','MK-4520312',140.0000,1),(936,'default','MK-568963',400.0000,1),(940,'default','M-013971',150.0000,1),(942,'default','M-023145',500.0000,1),(944,'default','M-569847',300.0000,1),(946,'default','Laster Shake Pouch 385g',100.0000,1),(948,'default','M-5862136',250.0000,1),(951,'default','M-582451',150.0000,1),(953,'default','M-589621',250.0000,1),(955,'default','M-56930',150.0000,1),(959,'default','M-254973',500.0000,1),(977,'default','F-8564125',100.0000,1),(979,'default','F-254153',100.0000,1),(981,'default','F-856301',140.0000,1),(983,'default','F-856241',150.0000,1),(985,'default','F-856974',200.0000,1),(987,'default','F-589023',140.0000,1),(989,'default','F-012596',250.0000,1),(991,'default','F-8540125',100.0000,1),(993,'default','F-010230',140.0000,1),(995,'default','F-5263874',250.0000,1),(997,'default','F-5239415',150.0000,1),(999,'default','F-8590124',250.0000,1),(1001,'default','F-25415',250.0000,1),(1003,'default','F-584016',100.0000,1),(1005,'default','F-693120',150.0000,1),(1007,'default','F-589301',200.0000,1),(1009,'default','F-9670123',140.0000,1),(1011,'default','F-012036',140.0000,1),(1013,'default','F-524136',230.0000,1),(1015,'default','F-523901',300.0000,1),(1017,'default','F-587031',500.0000,1),(1019,'default','F-5890123',500.0000,1),(1021,'default','F-8590120',400.0000,1),(1023,'default','F-524970',400.0000,1),(1025,'default','F-589010',500.0000,1),(1027,'default','F-582140',500.0000,1),(1029,'default','F-980125',300.0000,1),(1031,'default','F-5801203',400.0000,1),(1033,'default','F-5890102',500.0000,1),(1037,'default','F-8970103',500.0000,1),(1039,'default','F-851402',500.0000,1),(1041,'default','F-0123952',110.0000,1),(1093,'default','B-5821452',140.0000,1),(1095,'default','B-0123692',200.0000,1),(1097,'default','B-021023',360.0000,1),(1099,'default','B-0259312',100.0000,1),(1101,'default','B-5924136',250.0000,1),(1103,'default','B-693125',253.0000,1),(1105,'default','B-254021',120.0000,1),(1107,'default','B-012036',300.0000,1),(1109,'default','B-2560124',400.0000,1),(1127,'default','MK-F-001-Blue',100.0000,1),(1129,'default','MK-F-001-Gray',100.0000,1),(1135,'default','MK-F-001-1',0.0000,1),(1136,'default','MK-F-001',100.0000,1),(1137,'default','MK-F-001-1-Green',100.0000,1),(1138,'default','MK-F-001-1-Yellow',100.0000,1),(1140,'default','Montes Darturien Meros Laciniado-Purple',100.0000,1),(1141,'default','Montes Darturien Meros Laciniado-Red',100.0000,1),(1142,'default','MK-F-004-Brown',50.0000,1),(1143,'default','MK-F-004-Lavender',50.0000,1),(1144,'default','MK-F-004-White',50.0000,1),(1145,'default','MK-F-005-Brown',100.0000,1),(1146,'default','MK-F-005-Black',100.0000,1),(1149,'default','F-587031-1',500.0000,1),(1151,'default','MK-F-005-1',500.0000,1),(1152,'default','MK-F-005',500.0000,1),(1153,'default','MK-F-005-1-1',500.0000,1),(1155,'default','MK-F-007',500.0000,1),(1157,'default','MK-F-007-1',500.0000,1),(1159,'default','MK-F-008',500.0000,1),(1161,'default','MK-F-008-1',500.0000,1),(1163,'default','MK-F-009',500.0000,1),(1165,'default','MK-F-009-1',500.0000,1),(1167,'default','MK-F-0010',500.0000,1);

--
-- Table structure for table `inventory_source_stock_link`
--

CREATE TABLE `inventory_source_stock_link` (
  `link_id` int unsigned NOT NULL AUTO_INCREMENT,
  `stock_id` int unsigned NOT NULL,
  `source_code` varchar(255) NOT NULL,
  `priority` smallint unsigned NOT NULL,
  PRIMARY KEY (`link_id`),
  UNIQUE KEY `INVENTORY_SOURCE_STOCK_LINK_STOCK_ID_SOURCE_CODE` (`stock_id`,`source_code`),
  KEY `INV_SOURCE_STOCK_LNK_SOURCE_CODE_INV_SOURCE_SOURCE_CODE` (`source_code`),
  KEY `INVENTORY_SOURCE_STOCK_LINK_STOCK_ID_PRIORITY` (`stock_id`,`priority`),
  CONSTRAINT `INV_SOURCE_STOCK_LNK_SOURCE_CODE_INV_SOURCE_SOURCE_CODE` FOREIGN KEY (`source_code`) REFERENCES `inventory_source` (`source_code`) ON DELETE CASCADE,
  CONSTRAINT `INVENTORY_SOURCE_STOCK_LINK_STOCK_ID_INVENTORY_STOCK_STOCK_ID` FOREIGN KEY (`stock_id`) REFERENCES `inventory_stock` (`stock_id`) ON DELETE CASCADE
) ENGINE=InnoDB AUTO_INCREMENT=2 DEFAULT CHARSET=utf8;

--
-- Dumping data for table `inventory_source_stock_link`
--

INSERT INTO `inventory_source_stock_link` VALUES (1,1,'default',1);

--
-- Table structure for table `inventory_stock`
--

CREATE TABLE `inventory_stock` (
  `stock_id` int unsigned NOT NULL AUTO_INCREMENT,
  `name` varchar(255) NOT NULL,
  PRIMARY KEY (`stock_id`)
) ENGINE=InnoDB AUTO_INCREMENT=2 DEFAULT CHARSET=utf8;

--
-- Dumping data for table `inventory_stock`
--

INSERT INTO `inventory_stock` VALUES (1,'Default Stock');

--
-- Temporary view structure for view `inventory_stock_1`
--

/*!50001 DROP VIEW IF EXISTS `inventory_stock_1`*/;
/*!50001 CREATE VIEW `inventory_stock_1` AS SELECT 
 1 AS `product_id`,
 1 AS `website_id`,
 1 AS `stock_id`,
 1 AS `quantity`,
 1 AS `is_salable`,
 1 AS `sku`*/;

--
-- Table structure for table `inventory_stock_sales_channel`
--

CREATE TABLE `inventory_stock_sales_channel` (
  `type` varchar(64) NOT NULL,
  `code` varchar(64) NOT NULL,
  `stock_id` int unsigned NOT NULL,
  PRIMARY KEY (`type`,`code`),
  KEY `INVENTORY_STOCK_SALES_CHANNEL_STOCK_ID_INVENTORY_STOCK_STOCK_ID` (`stock_id`),
  CONSTRAINT `INVENTORY_STOCK_SALES_CHANNEL_STOCK_ID_INVENTORY_STOCK_STOCK_ID` FOREIGN KEY (`stock_id`) REFERENCES `inventory_stock` (`stock_id`) ON DELETE CASCADE
) ENGINE=InnoDB DEFAULT CHARSET=utf8;

--
-- Dumping data for table `inventory_stock_sales_channel`
--

INSERT INTO `inventory_stock_sales_channel` VALUES ('website','base',1);

--
-- Table structure for table `klarna_core_order`
--

CREATE TABLE `klarna_core_order` (
  `id` int unsigned NOT NULL AUTO_INCREMENT COMMENT 'Entity Id',
  `klarna_order_id` varchar(255) DEFAULT NULL COMMENT 'Klarna Order Id',
  `session_id` varchar(255) DEFAULT NULL COMMENT 'Session Id',
  `reservation_id` varchar(255) DEFAULT NULL COMMENT 'Reservation Id',
  `order_id` int unsigned NOT NULL COMMENT 'Order Id',
  `is_acknowledged` smallint NOT NULL DEFAULT '0' COMMENT 'Is Acknowledged',
  PRIMARY KEY (`id`),
  KEY `KLARNA_CORE_ORDER_IS_ACKNOWLEDGED` (`is_acknowledged`),
  KEY `KLARNA_CORE_ORDER_ORDER_ID` (`order_id`)
) ENGINE=InnoDB DEFAULT CHARSET=utf8 COMMENT='Klarna Order';

--
-- Dumping data for table `klarna_core_order`
--


--
-- Table structure for table `klarna_logs`
--

CREATE TABLE `klarna_logs` (
  `log_id` smallint NOT NULL AUTO_INCREMENT COMMENT 'Log Id',
  `status` varchar(255) NOT NULL COMMENT 'Status',
  `action` varchar(255) DEFAULT NULL COMMENT 'Action',
  `klarna_id` varchar(255) DEFAULT NULL COMMENT 'Klarna Id',
  `increment_id` varchar(255) DEFAULT NULL COMMENT 'Increment Id',
  `url` varchar(255) NOT NULL COMMENT 'Url',
  `method` varchar(255) NOT NULL COMMENT 'Method',
  `service` varchar(255) NOT NULL COMMENT 'Service',
  `request` text COMMENT 'Request',
  `response` text COMMENT 'Response',
  `created_at` datetime NOT NULL DEFAULT CURRENT_TIMESTAMP COMMENT 'Created at',
  PRIMARY KEY (`log_id`),
  KEY `KLARNA_LOGS_KLARNA_ID` (`klarna_id`),
  FULLTEXT KEY `KLARNA_LOGS_ACTION_KLARNA_ID_INCREMENT_ID_URL` (`action`,`klarna_id`,`increment_id`,`url`)
) ENGINE=InnoDB DEFAULT CHARSET=utf8 COMMENT='Klarna Logs';

--
-- Dumping data for table `klarna_logs`
--


--
-- Table structure for table `klarna_payments_quote`
--

CREATE TABLE `klarna_payments_quote` (
  `payments_quote_id` int unsigned NOT NULL AUTO_INCREMENT COMMENT 'Payments Id',
  `session_id` varchar(255) DEFAULT NULL COMMENT 'Klarna Session Id',
  `client_token` text COMMENT 'Klarna Client Token',
  `authorization_token` varchar(255) DEFAULT NULL COMMENT 'Authorization Token',
  `is_active` smallint NOT NULL DEFAULT '0' COMMENT 'Is Active',
  `quote_id` int unsigned NOT NULL COMMENT 'Quote Id',
  `payment_methods` varchar(255) DEFAULT NULL COMMENT 'Payment Method Categories',
  `payment_method_info` text COMMENT 'Payment Method Category Info',
  PRIMARY KEY (`payments_quote_id`),
  KEY `KLARNA_PAYMENTS_QUOTE_QUOTE_ID` (`quote_id`)
) ENGINE=InnoDB DEFAULT CHARSET=utf8 COMMENT='Klarna Payments Quote';

--
-- Dumping data for table `klarna_payments_quote`
--


--
-- Table structure for table `layout_link`
--

CREATE TABLE `layout_link` (
  `layout_link_id` int unsigned NOT NULL AUTO_INCREMENT COMMENT 'Link ID',
  `store_id` smallint unsigned NOT NULL DEFAULT '0' COMMENT 'Store ID',
  `theme_id` int unsigned NOT NULL COMMENT 'Theme ID',
  `layout_update_id` int unsigned NOT NULL DEFAULT '0' COMMENT 'Layout Update ID',
  `is_temporary` tinyint(1) NOT NULL DEFAULT '0' COMMENT 'Defines whether Layout Update is Temporary',
  PRIMARY KEY (`layout_link_id`),
  KEY `LAYOUT_LINK_THEME_ID_THEME_THEME_ID` (`theme_id`),
  KEY `LAYOUT_LINK_LAYOUT_UPDATE_ID` (`layout_update_id`),
  KEY `LAYOUT_LINK_STORE_ID_THEME_ID_LAYOUT_UPDATE_ID_IS_TEMPORARY` (`store_id`,`theme_id`,`layout_update_id`,`is_temporary`),
  CONSTRAINT `LAYOUT_LINK_LAYOUT_UPDATE_ID_LAYOUT_UPDATE_LAYOUT_UPDATE_ID` FOREIGN KEY (`layout_update_id`) REFERENCES `layout_update` (`layout_update_id`) ON DELETE CASCADE,
  CONSTRAINT `LAYOUT_LINK_STORE_ID_STORE_STORE_ID` FOREIGN KEY (`store_id`) REFERENCES `store` (`store_id`) ON DELETE CASCADE,
  CONSTRAINT `LAYOUT_LINK_THEME_ID_THEME_THEME_ID` FOREIGN KEY (`theme_id`) REFERENCES `theme` (`theme_id`) ON DELETE CASCADE
) ENGINE=InnoDB DEFAULT CHARSET=utf8 COMMENT='Layout Link';

--
-- Dumping data for table `layout_link`
--


--
-- Table structure for table `layout_update`
--

CREATE TABLE `layout_update` (
  `layout_update_id` int unsigned NOT NULL AUTO_INCREMENT COMMENT 'Layout Update ID',
  `handle` varchar(255) DEFAULT NULL COMMENT 'Handle',
  `xml` text COMMENT 'Xml',
  `sort_order` smallint NOT NULL DEFAULT '0' COMMENT 'Sort Order',
  `updated_at` timestamp NULL DEFAULT '0000-00-00 00:00:00' ON UPDATE CURRENT_TIMESTAMP COMMENT 'Last Update Timestamp',
  PRIMARY KEY (`layout_update_id`),
  KEY `LAYOUT_UPDATE_HANDLE` (`handle`)
) ENGINE=InnoDB DEFAULT CHARSET=utf8 COMMENT='Layout Updates';

--
-- Dumping data for table `layout_update`
--


--
-- Table structure for table `login_as_customer`
--

CREATE TABLE `login_as_customer` (
  `secret` varchar(64) NOT NULL COMMENT 'Login Secret',
  `customer_id` int NOT NULL COMMENT 'Customer ID',
  `admin_id` int NOT NULL COMMENT 'Admin ID',
  `created_at` timestamp NULL DEFAULT NULL COMMENT 'Creation Time',
  PRIMARY KEY (`secret`),
  KEY `LOGIN_AS_CUSTOMER_CREATED_AT` (`created_at`)
) ENGINE=InnoDB DEFAULT CHARSET=utf8 COMMENT='Magento Login as Customer Table';

--
-- Dumping data for table `login_as_customer`
--


--
-- Table structure for table `login_as_customer_assistance_allowed`
--

CREATE TABLE `login_as_customer_assistance_allowed` (
  `customer_id` int unsigned NOT NULL COMMENT 'Customer ID',
  PRIMARY KEY (`customer_id`),
  CONSTRAINT `LOGIN_AS_CSTR_ASSISTANCE_ALLOWED_CSTR_ID_CSTR_ENTT_ENTT_ID` FOREIGN KEY (`customer_id`) REFERENCES `customer_entity` (`entity_id`) ON DELETE CASCADE
) ENGINE=InnoDB DEFAULT CHARSET=utf8 COMMENT='Magento Login as Customer Assistance Allowed Table';

--
-- Dumping data for table `login_as_customer_assistance_allowed`
--


--
-- Table structure for table `magefan_blog_category`
--

CREATE TABLE `magefan_blog_category` (
  `category_id` int NOT NULL AUTO_INCREMENT COMMENT 'Category ID',
  `title` varchar(255) DEFAULT NULL COMMENT 'Category Title',
  `meta_title` varchar(255) DEFAULT NULL COMMENT 'Category Meta Title',
  `meta_keywords` text COMMENT 'Category Meta Keywords',
  `meta_description` text COMMENT 'Category Meta Description',
  `identifier` varchar(100) DEFAULT NULL COMMENT 'Category String Identifier',
  `content_heading` varchar(255) DEFAULT NULL COMMENT 'Category Content Heading',
  `content` mediumtext COMMENT 'Category Content',
  `path` varchar(255) DEFAULT NULL COMMENT 'Category Path',
  `position` smallint NOT NULL COMMENT 'Category Position',
  `posts_sort_by` smallint NOT NULL DEFAULT '0' COMMENT 'Post Sort By',
  `include_in_menu` smallint DEFAULT NULL COMMENT 'Category In Menu',
  `is_active` smallint NOT NULL DEFAULT '1' COMMENT 'Is Category Active',
  `display_mode` smallint NOT NULL DEFAULT '0' COMMENT 'Display Mode',
  `page_layout` varchar(255) DEFAULT NULL COMMENT 'Post Layout',
  `layout_update_xml` text COMMENT 'Post Layout Update Content',
  `custom_theme` varchar(100) DEFAULT NULL COMMENT 'Post Custom Theme',
  `custom_layout` varchar(255) DEFAULT NULL COMMENT 'Post Custom Template',
  `custom_layout_update_xml` text COMMENT 'Post Custom Layout Update Content',
  `custom_theme_from` date DEFAULT NULL COMMENT 'Post Custom Theme Active From Date',
  `custom_theme_to` date DEFAULT NULL COMMENT 'Post Custom Theme Active To Date',
  PRIMARY KEY (`category_id`),
  KEY `MAGEFAN_BLOG_CATEGORY_IDENTIFIER` (`identifier`),
  KEY `MAGEFAN_BLOG_CATEGORY_INCLUDE_IN_MENU` (`include_in_menu`),
  FULLTEXT KEY `FTI_B76AD11A0A06CC3327BA3A86A016134F` (`title`,`meta_keywords`,`meta_description`,`identifier`,`content`)
) ENGINE=InnoDB AUTO_INCREMENT=9 DEFAULT CHARSET=utf8 COMMENT='Magefan Blog Category Table';

--
-- Dumping data for table `magefan_blog_category`
--

INSERT INTO `magefan_blog_category` VALUES (1,'Fashion',NULL,NULL,NULL,'fashion',NULL,NULL,NULL,0,0,0,1,0,NULL,NULL,NULL,NULL,NULL,NULL,NULL),(2,'Marketing Tech',NULL,NULL,NULL,'marketing-tech',NULL,NULL,NULL,0,0,0,1,0,NULL,NULL,NULL,NULL,NULL,NULL,NULL),(3,'eCommerce',NULL,NULL,NULL,'ecommerce',NULL,NULL,NULL,0,0,0,1,0,NULL,NULL,NULL,NULL,NULL,NULL,NULL),(4,'Search Parts',NULL,NULL,NULL,'search-parts',NULL,NULL,NULL,0,0,0,1,0,NULL,NULL,NULL,NULL,NULL,NULL,NULL),(5,'Events',NULL,NULL,NULL,'events',NULL,NULL,NULL,0,0,0,1,0,NULL,NULL,NULL,NULL,NULL,NULL,NULL),(6,'Projects',NULL,NULL,NULL,'projects',NULL,NULL,NULL,0,0,0,1,0,NULL,NULL,NULL,NULL,NULL,NULL,NULL),(7,'Beauty and Personal Care',NULL,NULL,NULL,'beauty-and-personal-care',NULL,NULL,NULL,0,0,0,1,0,NULL,NULL,NULL,NULL,NULL,NULL,NULL),(8,'Sport Bike',NULL,NULL,NULL,'sport-bike',NULL,NULL,NULL,0,0,0,1,0,NULL,NULL,NULL,NULL,NULL,NULL,NULL);

--
-- Table structure for table `magefan_blog_category_store`
--

CREATE TABLE `magefan_blog_category_store` (
  `category_id` int NOT NULL COMMENT 'Category ID',
  `store_id` smallint unsigned NOT NULL COMMENT 'Store ID',
  PRIMARY KEY (`category_id`,`store_id`),
  KEY `MAGEFAN_BLOG_CATEGORY_STORE_STORE_ID` (`store_id`),
  CONSTRAINT `MAGEFAN_BLOG_CATEGORY_STORE_STORE_ID_STORE_STORE_ID` FOREIGN KEY (`store_id`) REFERENCES `store` (`store_id`) ON DELETE CASCADE,
  CONSTRAINT `MAGEFAN_BLOG_CTGR_STORE_CTGR_ID_MAGEFAN_BLOG_CTGR_CTGR_ID` FOREIGN KEY (`category_id`) REFERENCES `magefan_blog_category` (`category_id`) ON DELETE CASCADE
) ENGINE=InnoDB DEFAULT CHARSET=utf8 COMMENT='Magefan Blog Category To Store Linkage Table';

--
-- Dumping data for table `magefan_blog_category_store`
--

INSERT INTO `magefan_blog_category_store` VALUES (1,0),(2,0),(3,0),(4,0),(5,0),(6,0),(7,0),(8,0);

--
-- Table structure for table `magefan_blog_comment`
--

CREATE TABLE `magefan_blog_comment` (
  `comment_id` int NOT NULL AUTO_INCREMENT COMMENT 'Comment ID',
  `parent_id` int NOT NULL COMMENT 'Parent Comment ID',
  `post_id` int NOT NULL COMMENT 'Post ID',
  `customer_id` int DEFAULT NULL COMMENT 'Customer ID',
  `admin_id` int DEFAULT NULL COMMENT 'Admin User ID',
  `status` smallint NOT NULL COMMENT 'Comment status',
  `author_type` smallint NOT NULL COMMENT 'Author Type',
  `author_nickname` varchar(255) NOT NULL COMMENT 'Comment Author Nickname',
  `author_email` varchar(255) DEFAULT NULL COMMENT 'Comment Author Email',
  `text` mediumtext COMMENT 'Text',
  `creation_time` timestamp NULL DEFAULT NULL COMMENT 'Comment Creation Time',
  `update_time` timestamp NULL DEFAULT NULL COMMENT 'Comment Update Time',
  PRIMARY KEY (`comment_id`),
  KEY `MAGEFAN_BLOG_COMMENT_PARENT_ID` (`parent_id`),
  KEY `MAGEFAN_BLOG_COMMENT_POST_ID` (`post_id`),
  KEY `MAGEFAN_BLOG_COMMENT_CUSTOMER_ID` (`customer_id`),
  KEY `MAGEFAN_BLOG_COMMENT_ADMIN_ID` (`admin_id`),
  KEY `MAGEFAN_BLOG_COMMENT_STATUS` (`status`),
  CONSTRAINT `MAGEFAN_BLOG_COMMENT_POST_ID_MAGEFAN_BLOG_POST_POST_ID` FOREIGN KEY (`post_id`) REFERENCES `magefan_blog_post` (`post_id`) ON DELETE CASCADE
) ENGINE=InnoDB DEFAULT CHARSET=utf8 COMMENT='magefan_blog_comment';

--
-- Dumping data for table `magefan_blog_comment`
--


--
-- Table structure for table `magefan_blog_post_category`
--

CREATE TABLE `magefan_blog_post_category` (
  `post_id` int NOT NULL COMMENT 'Post ID',
  `category_id` int NOT NULL COMMENT 'Category ID',
  PRIMARY KEY (`post_id`,`category_id`),
  KEY `MAGEFAN_BLOG_POST_CATEGORY_CATEGORY_ID` (`category_id`),
  CONSTRAINT `MAGEFAN_BLOG_POST_CATEGORY_POST_ID_MAGEFAN_BLOG_POST_POST_ID` FOREIGN KEY (`post_id`) REFERENCES `magefan_blog_post` (`post_id`) ON DELETE CASCADE,
  CONSTRAINT `MAGEFAN_BLOG_POST_CTGR_CTGR_ID_MAGEFAN_BLOG_CTGR_CTGR_ID` FOREIGN KEY (`category_id`) REFERENCES `magefan_blog_category` (`category_id`) ON DELETE CASCADE
) ENGINE=InnoDB DEFAULT CHARSET=utf8 COMMENT='Magefan Blog Post To Category Linkage Table';

--
-- Dumping data for table `magefan_blog_post_category`
--

INSERT INTO `magefan_blog_post_category` VALUES (1,1),(2,1),(3,1),(4,1),(5,1),(6,1),(1,2),(3,2),(4,2),(5,2),(6,2),(1,3),(2,3),(3,3),(4,3),(5,3),(6,3),(1,4),(2,4),(3,4),(4,4),(5,4),(6,4),(1,5),(3,5),(4,5),(5,5),(6,5),(1,6),(2,6),(3,6),(4,6),(5,6),(6,6),(7,7),(8,7),(9,7),(10,8),(11,8),(12,8),(13,8);

--
-- Table structure for table `magefan_blog_post_relatedpost`
--

CREATE TABLE `magefan_blog_post_relatedpost` (
  `post_id` int NOT NULL COMMENT 'Post ID',
  `related_id` int NOT NULL COMMENT 'Related Post ID',
  `position` int NOT NULL COMMENT 'Position',
  PRIMARY KEY (`post_id`,`related_id`),
  KEY `MAGEFAN_BLOG_POST_RELATEDPRODUCT_RELATED_ID` (`related_id`),
  CONSTRAINT `FK_9F26E983FE1D7D7063B61D3F3C8D1104` FOREIGN KEY (`post_id`) REFERENCES `magefan_blog_post` (`post_id`) ON DELETE CASCADE,
  CONSTRAINT `MAGEFAN_BLOG_POST_RELATEDPRD1_POST_ID_MAGEFAN_BLOG_POST_POST_ID` FOREIGN KEY (`post_id`) REFERENCES `magefan_blog_post` (`post_id`) ON DELETE CASCADE
) ENGINE=InnoDB DEFAULT CHARSET=utf8 COMMENT='Magefan Blog Post To Post Linkage Table';

--
-- Dumping data for table `magefan_blog_post_relatedpost`
--


--
-- Table structure for table `magefan_blog_post_relatedproduct`
--

CREATE TABLE `magefan_blog_post_relatedproduct` (
  `post_id` int NOT NULL COMMENT 'Post ID',
  `related_id` int unsigned NOT NULL COMMENT 'Related Product ID',
  `position` int NOT NULL COMMENT 'Position',
  PRIMARY KEY (`post_id`,`related_id`),
  KEY `MAGEFAN_BLOG_POST_RELATEDPRODUCT_RELATED_ID` (`related_id`),
  CONSTRAINT `MAGEFAN_BLOG_POST_RELATEDPRD_POST_ID_MAGEFAN_BLOG_POST_POST_ID` FOREIGN KEY (`post_id`) REFERENCES `magefan_blog_post` (`post_id`) ON DELETE CASCADE,
  CONSTRAINT `MAGEFAN_BLOG_POST_RELATEDPRD_RELATED_ID_CAT_PRD_ENTT_ENTT_ID` FOREIGN KEY (`related_id`) REFERENCES `catalog_product_entity` (`entity_id`) ON DELETE CASCADE
) ENGINE=InnoDB DEFAULT CHARSET=utf8 COMMENT='Magefan Blog Post To Product Linkage Table';

--
-- Dumping data for table `magefan_blog_post_relatedproduct`
--


--
-- Table structure for table `magefan_blog_post_store`
--

CREATE TABLE `magefan_blog_post_store` (
  `post_id` int NOT NULL COMMENT 'Post ID',
  `store_id` smallint unsigned NOT NULL COMMENT 'Store ID',
  PRIMARY KEY (`post_id`,`store_id`),
  KEY `MAGEFAN_BLOG_POST_STORE_STORE_ID` (`store_id`),
  CONSTRAINT `MAGEFAN_BLOG_POST_STORE_POST_ID_MAGEFAN_BLOG_POST_POST_ID` FOREIGN KEY (`post_id`) REFERENCES `magefan_blog_post` (`post_id`) ON DELETE CASCADE,
  CONSTRAINT `MAGEFAN_BLOG_POST_STORE_STORE_ID_STORE_STORE_ID` FOREIGN KEY (`store_id`) REFERENCES `store` (`store_id`) ON DELETE CASCADE
) ENGINE=InnoDB DEFAULT CHARSET=utf8 COMMENT='Magefan Blog Post To Store Linkage Table';

--
-- Dumping data for table `magefan_blog_post_store`
--

INSERT INTO `magefan_blog_post_store` VALUES (1,0),(2,0),(3,0),(4,0),(5,0),(6,0),(7,24),(8,24),(9,24),(10,31),(11,31),(12,31),(13,31);

--
-- Table structure for table `magefan_blog_post_tag`
--

CREATE TABLE `magefan_blog_post_tag` (
  `post_id` int NOT NULL COMMENT 'Post ID',
  `tag_id` int NOT NULL COMMENT 'Tag ID',
  PRIMARY KEY (`post_id`,`tag_id`),
  KEY `MAGEFAN_BLOG_POST_TAG_TAG_ID` (`tag_id`),
  CONSTRAINT `MAGEFAN_BLOG_POST_TAG_POST_ID_MAGEFAN_BLOG_POST_POST_ID` FOREIGN KEY (`post_id`) REFERENCES `magefan_blog_post` (`post_id`) ON DELETE CASCADE,
  CONSTRAINT `MAGEFAN_BLOG_POST_TAG_TAG_ID_MAGEFAN_BLOG_TAG_TAG_ID` FOREIGN KEY (`tag_id`) REFERENCES `magefan_blog_tag` (`tag_id`) ON DELETE CASCADE
) ENGINE=InnoDB DEFAULT CHARSET=utf8 COMMENT='Magefan Blog Post To Category Linkage Table';

--
-- Dumping data for table `magefan_blog_post_tag`
--

INSERT INTO `magefan_blog_post_tag` VALUES (1,1),(2,1),(4,1),(1,2),(2,2),(5,2),(6,2),(1,3),(2,3),(6,3),(1,4),(6,4),(1,5),(4,6),(5,7);

--
-- Table structure for table `magefan_blog_tag`
--

CREATE TABLE `magefan_blog_tag` (
  `tag_id` int NOT NULL AUTO_INCREMENT COMMENT 'Tag ID',
  `title` varchar(255) DEFAULT NULL COMMENT 'Tag Title',
  `meta_robots` varchar(255) DEFAULT NULL COMMENT 'Tag Default Robots',
  `meta_description` varchar(255) DEFAULT NULL COMMENT 'Tag Meta Description',
  `meta_keywords` varchar(255) DEFAULT NULL COMMENT 'Tag Meta Keywords',
  `meta_title` varchar(255) DEFAULT NULL COMMENT 'Tag Meta Title',
  `identifier` varchar(100) DEFAULT NULL COMMENT 'Tag String Identifier',
  `page_layout` varchar(255) DEFAULT NULL COMMENT 'Tag Layout',
  `is_active` smallint NOT NULL DEFAULT '1' COMMENT 'Is Tag Active',
  `content` mediumtext COMMENT 'Tag Content',
  `layout_update_xml` text COMMENT 'Tag Layout Update Content',
  `custom_theme` varchar(100) DEFAULT NULL COMMENT 'Tag Custom Theme',
  `custom_layout` varchar(255) DEFAULT NULL COMMENT 'Tag Custom Template',
  `custom_layout_update_xml` text COMMENT 'Tag Custom Layout Update Content',
  `custom_theme_from` date DEFAULT NULL COMMENT 'Tag Custom Theme Active From Date',
  `custom_theme_to` date DEFAULT NULL COMMENT 'Tag Custom Theme Active To Date',
  PRIMARY KEY (`tag_id`),
  KEY `MAGEFAN_BLOG_TAG_IDENTIFIER` (`identifier`),
  KEY `MAGEFAN_BLOG_TAG_IS_ACTIVE` (`is_active`)
) ENGINE=InnoDB AUTO_INCREMENT=8 DEFAULT CHARSET=utf8 COMMENT='Magefan Blog Tag Table';

--
-- Dumping data for table `magefan_blog_tag`
--

INSERT INTO `magefan_blog_tag` VALUES (1,'magentech',NULL,NULL,NULL,NULL,'magentech',NULL,1,NULL,NULL,NULL,NULL,NULL,NULL,NULL),(2,'market',NULL,NULL,NULL,NULL,'market',NULL,1,NULL,NULL,NULL,NULL,NULL,NULL,NULL),(3,'topmart',NULL,NULL,NULL,NULL,'topmart',NULL,1,NULL,NULL,NULL,NULL,NULL,NULL,NULL),(4,'venuse',NULL,NULL,NULL,NULL,'venuse',NULL,1,NULL,NULL,NULL,NULL,NULL,NULL,NULL),(5,'theme',NULL,NULL,NULL,NULL,'theme',NULL,1,NULL,NULL,NULL,NULL,NULL,NULL,NULL),(6,'magetheme',NULL,NULL,NULL,NULL,'magetheme',NULL,1,NULL,NULL,NULL,NULL,NULL,NULL,NULL),(7,'sm-market',NULL,NULL,NULL,NULL,'sm-market',NULL,1,NULL,NULL,NULL,NULL,NULL,NULL,NULL);

--
-- Table structure for table `magefan_blog_tag_store`
--

CREATE TABLE `magefan_blog_tag_store` (
  `tag_id` int NOT NULL COMMENT 'Tag ID',
  `store_id` smallint unsigned NOT NULL COMMENT 'Store ID',
  PRIMARY KEY (`tag_id`,`store_id`),
  KEY `MAGEFAN_BLOG_TAG_STORE_STORE_ID` (`store_id`),
  CONSTRAINT `MAGEFAN_BLOG_TAG_STORE_STORE_ID_STORE_STORE_ID` FOREIGN KEY (`store_id`) REFERENCES `store` (`store_id`) ON DELETE CASCADE,
  CONSTRAINT `MAGEFAN_BLOG_TAG_STORE_TAG_ID_MAGEFAN_BLOG_TAG_TAG_ID` FOREIGN KEY (`tag_id`) REFERENCES `magefan_blog_tag` (`tag_id`) ON DELETE CASCADE
) ENGINE=InnoDB DEFAULT CHARSET=utf8 COMMENT='Magefan Blog Tag To Store Linkage Table';

--
-- Dumping data for table `magefan_blog_tag_store`
--

INSERT INTO `magefan_blog_tag_store` VALUES (1,0),(2,0),(3,0),(4,0),(5,0),(6,0),(7,0);

--
-- Table structure for table `magento_acknowledged_bulk`
--

CREATE TABLE `magento_acknowledged_bulk` (
  `id` int unsigned NOT NULL AUTO_INCREMENT COMMENT 'Internal ID',
  `bulk_uuid` varbinary(39) DEFAULT NULL COMMENT 'Related Bulk UUID',
  PRIMARY KEY (`id`),
  UNIQUE KEY `MAGENTO_ACKNOWLEDGED_BULK_BULK_UUID` (`bulk_uuid`),
  CONSTRAINT `MAGENTO_ACKNOWLEDGED_BULK_BULK_UUID_MAGENTO_BULK_UUID` FOREIGN KEY (`bulk_uuid`) REFERENCES `magento_bulk` (`uuid`) ON DELETE CASCADE
) ENGINE=InnoDB DEFAULT CHARSET=utf8 COMMENT='Bulk that was viewed by user from notification area';

--
-- Dumping data for table `magento_acknowledged_bulk`
--


--
-- Table structure for table `magento_bulk`
--

CREATE TABLE `magento_bulk` (
  `id` int unsigned NOT NULL AUTO_INCREMENT COMMENT 'Bulk Internal ID (must not be exposed)',
  `uuid` varbinary(39) DEFAULT NULL COMMENT 'Bulk UUID (can be exposed to reference bulk entity)',
  `user_id` int unsigned DEFAULT NULL COMMENT 'ID of the WebAPI user that performed an action',
  `user_type` int DEFAULT NULL COMMENT 'Which type of user',
  `description` varchar(255) DEFAULT NULL COMMENT 'Bulk Description',
  `operation_count` int unsigned NOT NULL COMMENT 'Total number of operations scheduled within this bulk',
  `start_time` timestamp NOT NULL DEFAULT CURRENT_TIMESTAMP COMMENT 'Bulk start time',
  PRIMARY KEY (`id`),
  UNIQUE KEY `MAGENTO_BULK_UUID` (`uuid`),
  KEY `MAGENTO_BULK_USER_ID` (`user_id`),
  KEY `MAGENTO_BULK_START_TIME` (`start_time`)
) ENGINE=InnoDB DEFAULT CHARSET=utf8 COMMENT='Bulk entity that represents set of related asynchronous operations';

--
-- Dumping data for table `magento_bulk`
--


--
-- Table structure for table `magento_login_as_customer_log`
--

CREATE TABLE `magento_login_as_customer_log` (
  `log_id` int NOT NULL AUTO_INCREMENT COMMENT 'Log Id',
  `time` timestamp NULL DEFAULT NULL COMMENT 'Event Date',
  `user_id` int unsigned DEFAULT NULL COMMENT 'User Id',
  `user_name` varchar(40) DEFAULT NULL COMMENT 'User Name',
  `customer_id` int unsigned DEFAULT NULL COMMENT 'Customer Id',
  `customer_email` varchar(40) DEFAULT NULL COMMENT 'Customer email',
  PRIMARY KEY (`log_id`),
  KEY `MAGENTO_LOGIN_AS_CUSTOMER_LOG_USER_ID` (`user_id`)
) ENGINE=InnoDB DEFAULT CHARSET=utf8 COMMENT='Login as Customer Logging';

--
-- Dumping data for table `magento_login_as_customer_log`
--


--
-- Table structure for table `magento_operation`
--

CREATE TABLE `magento_operation` (
  `id` int unsigned NOT NULL AUTO_INCREMENT COMMENT 'Operation ID',
  `operation_key` int unsigned DEFAULT NULL COMMENT 'Operation Key',
  `bulk_uuid` varbinary(39) DEFAULT NULL COMMENT 'Related Bulk UUID',
  `topic_name` varchar(255) DEFAULT NULL COMMENT 'Name of the related message queue topic',
  `serialized_data` blob COMMENT 'Data (serialized) required to perform an operation',
  `result_serialized_data` blob COMMENT 'Result data (serialized) after perform an operation',
  `status` smallint DEFAULT '0' COMMENT 'Operation status (OPEN | COMPLETE | RETRIABLY_FAILED | NOT_RETRIABLY_FAILED)',
  `error_code` smallint DEFAULT NULL COMMENT 'Code of the error that appeared during operation execution (used to aggregate related failed operations)',
  `result_message` varchar(255) DEFAULT NULL COMMENT 'Operation result message',
  PRIMARY KEY (`id`),
  KEY `MAGENTO_OPERATION_BULK_UUID_ERROR_CODE` (`bulk_uuid`,`error_code`),
  CONSTRAINT `MAGENTO_OPERATION_BULK_UUID_MAGENTO_BULK_UUID` FOREIGN KEY (`bulk_uuid`) REFERENCES `magento_bulk` (`uuid`) ON DELETE CASCADE
) ENGINE=InnoDB DEFAULT CHARSET=utf8 COMMENT='Operation entity';

--
-- Dumping data for table `magento_operation`
--


--
-- Table structure for table `media_content_asset`
--

CREATE TABLE `media_content_asset` (
  `asset_id` int unsigned NOT NULL COMMENT 'Entity ID',
  `entity_type` varchar(255) NOT NULL COMMENT 'Content type',
  `entity_id` varchar(255) NOT NULL COMMENT 'Content entity id',
  `field` varchar(255) NOT NULL COMMENT 'Content field',
  PRIMARY KEY (`entity_type`,`entity_id`,`field`,`asset_id`),
  KEY `MEDIA_CONTENT_ASSET_ASSET_ID` (`asset_id`)
) ENGINE=InnoDB DEFAULT CHARSET=utf8 COMMENT='Relation between media content and media asset';

--
-- Dumping data for table `media_content_asset`
--


--
-- Table structure for table `media_gallery_asset`
--

CREATE TABLE `media_gallery_asset` (
  `id` int unsigned NOT NULL AUTO_INCREMENT COMMENT 'Entity ID',
  `path` text COMMENT 'Path',
  `title` varchar(255) DEFAULT NULL COMMENT 'Title',
  `description` text COMMENT 'Description',
  `source` varchar(255) DEFAULT NULL COMMENT 'Source',
  `hash` varchar(255) DEFAULT NULL COMMENT 'File hash',
  `content_type` varchar(255) DEFAULT NULL COMMENT 'Content Type',
  `width` int unsigned NOT NULL DEFAULT '0' COMMENT 'Width',
  `height` int unsigned NOT NULL DEFAULT '0' COMMENT 'Height',
  `size` int unsigned NOT NULL COMMENT 'Asset file size in bytes',
  `created_at` timestamp NOT NULL DEFAULT CURRENT_TIMESTAMP COMMENT 'Created At',
  `updated_at` timestamp NOT NULL DEFAULT CURRENT_TIMESTAMP ON UPDATE CURRENT_TIMESTAMP COMMENT 'Updated At',
  PRIMARY KEY (`id`),
  KEY `MEDIA_GALLERY_ASSET_ID` (`id`),
  FULLTEXT KEY `MEDIA_GALLERY_ASSET_TITLE` (`title`)
) ENGINE=InnoDB DEFAULT CHARSET=utf8 COMMENT='Media Gallery Asset';

--
-- Dumping data for table `media_gallery_asset`
--


--
-- Table structure for table `media_gallery_asset_keyword`
--

CREATE TABLE `media_gallery_asset_keyword` (
  `keyword_id` int unsigned NOT NULL COMMENT 'Keyword Id',
  `asset_id` int unsigned NOT NULL COMMENT 'Asset ID',
  PRIMARY KEY (`keyword_id`,`asset_id`),
  KEY `MEDIA_GALLERY_ASSET_KEYWORD_ASSET_ID` (`asset_id`),
  KEY `MEDIA_GALLERY_ASSET_KEYWORD_KEYWORD_ID` (`keyword_id`),
  CONSTRAINT `MEDIA_GALLERY_ASSET_KEYWORD_ASSET_ID_MEDIA_GALLERY_ASSET_ID` FOREIGN KEY (`asset_id`) REFERENCES `media_gallery_asset` (`id`) ON DELETE CASCADE,
  CONSTRAINT `MEDIA_GALLERY_ASSET_KEYWORD_KEYWORD_ID_MEDIA_GALLERY_KEYWORD_ID` FOREIGN KEY (`keyword_id`) REFERENCES `media_gallery_keyword` (`id`) ON DELETE CASCADE
) ENGINE=InnoDB DEFAULT CHARSET=utf8 COMMENT='Media Gallery Asset Keyword';

--
-- Dumping data for table `media_gallery_asset_keyword`
--


--
-- Table structure for table `media_gallery_keyword`
--

CREATE TABLE `media_gallery_keyword` (
  `id` int unsigned NOT NULL AUTO_INCREMENT COMMENT 'Keyword ID',
  `keyword` varchar(255) NOT NULL COMMENT 'Keyword',
  PRIMARY KEY (`id`),
  UNIQUE KEY `MEDIA_GALLERY_KEYWORD_KEYWORD` (`keyword`),
  KEY `MEDIA_GALLERY_KEYWORD_ID` (`id`)
) ENGINE=InnoDB DEFAULT CHARSET=utf8 COMMENT='Media Gallery Keyword';

--
-- Dumping data for table `media_gallery_keyword`
--


--
-- Table structure for table `mview_state`
--

CREATE TABLE `mview_state` (
  `state_id` int unsigned NOT NULL AUTO_INCREMENT COMMENT 'View State ID',
  `view_id` varchar(255) DEFAULT NULL COMMENT 'View ID',
  `mode` varchar(16) DEFAULT 'disabled' COMMENT 'View Mode',
  `status` varchar(16) DEFAULT 'idle' COMMENT 'View Status',
  `updated` datetime DEFAULT NULL COMMENT 'View updated time',
  `version_id` int unsigned DEFAULT NULL COMMENT 'View Version ID',
  PRIMARY KEY (`state_id`),
  KEY `MVIEW_STATE_VIEW_ID` (`view_id`),
  KEY `MVIEW_STATE_MODE` (`mode`)
) ENGINE=InnoDB DEFAULT CHARSET=utf8 COMMENT='View State';

--
-- Dumping data for table `mview_state`
--


--
-- Table structure for table `newsletter_problem`
--

CREATE TABLE `newsletter_problem` (
  `problem_id` int unsigned NOT NULL AUTO_INCREMENT COMMENT 'Problem ID',
  `subscriber_id` int unsigned DEFAULT NULL COMMENT 'Subscriber ID',
  `queue_id` int unsigned NOT NULL DEFAULT '0' COMMENT 'Queue ID',
  `problem_error_code` int unsigned DEFAULT '0' COMMENT 'Problem Error Code',
  `problem_error_text` varchar(200) DEFAULT NULL COMMENT 'Problem Error Text',
  PRIMARY KEY (`problem_id`),
  KEY `NEWSLETTER_PROBLEM_SUBSCRIBER_ID` (`subscriber_id`),
  KEY `NEWSLETTER_PROBLEM_QUEUE_ID` (`queue_id`),
  CONSTRAINT `NEWSLETTER_PROBLEM_QUEUE_ID_NEWSLETTER_QUEUE_QUEUE_ID` FOREIGN KEY (`queue_id`) REFERENCES `newsletter_queue` (`queue_id`) ON DELETE CASCADE,
  CONSTRAINT `NLTTR_PROBLEM_SUBSCRIBER_ID_NLTTR_SUBSCRIBER_SUBSCRIBER_ID` FOREIGN KEY (`subscriber_id`) REFERENCES `newsletter_subscriber` (`subscriber_id`) ON DELETE CASCADE
) ENGINE=InnoDB DEFAULT CHARSET=utf8 COMMENT='Newsletter Problems';

--
-- Dumping data for table `newsletter_problem`
--


--
-- Table structure for table `newsletter_queue`
--

CREATE TABLE `newsletter_queue` (
  `queue_id` int unsigned NOT NULL AUTO_INCREMENT COMMENT 'Queue ID',
  `template_id` int unsigned NOT NULL DEFAULT '0' COMMENT 'Template ID',
  `newsletter_type` int DEFAULT NULL COMMENT 'Newsletter Type',
  `newsletter_text` text COMMENT 'Newsletter Text',
  `newsletter_styles` text COMMENT 'Newsletter Styles',
  `newsletter_subject` varchar(200) DEFAULT NULL COMMENT 'Newsletter Subject',
  `newsletter_sender_name` varchar(200) DEFAULT NULL COMMENT 'Newsletter Sender Name',
  `newsletter_sender_email` varchar(200) DEFAULT NULL COMMENT 'Newsletter Sender Email',
  `queue_status` int unsigned NOT NULL DEFAULT '0' COMMENT 'Queue Status',
  `queue_start_at` timestamp NULL DEFAULT NULL COMMENT 'Queue Start At',
  `queue_finish_at` timestamp NULL DEFAULT NULL COMMENT 'Queue Finish At',
  PRIMARY KEY (`queue_id`),
  KEY `NEWSLETTER_QUEUE_TEMPLATE_ID` (`template_id`),
  CONSTRAINT `NEWSLETTER_QUEUE_TEMPLATE_ID_NEWSLETTER_TEMPLATE_TEMPLATE_ID` FOREIGN KEY (`template_id`) REFERENCES `newsletter_template` (`template_id`) ON DELETE CASCADE
) ENGINE=InnoDB DEFAULT CHARSET=utf8 COMMENT='Newsletter Queue';

--
-- Dumping data for table `newsletter_queue`
--


--
-- Table structure for table `newsletter_queue_link`
--

CREATE TABLE `newsletter_queue_link` (
  `queue_link_id` int unsigned NOT NULL AUTO_INCREMENT COMMENT 'Queue Link ID',
  `queue_id` int unsigned NOT NULL DEFAULT '0' COMMENT 'Queue ID',
  `subscriber_id` int unsigned NOT NULL DEFAULT '0' COMMENT 'Subscriber ID',
  `letter_sent_at` timestamp NULL DEFAULT NULL COMMENT 'Letter Sent At',
  PRIMARY KEY (`queue_link_id`),
  KEY `NEWSLETTER_QUEUE_LINK_SUBSCRIBER_ID` (`subscriber_id`),
  KEY `NEWSLETTER_QUEUE_LINK_QUEUE_ID_LETTER_SENT_AT` (`queue_id`,`letter_sent_at`),
  CONSTRAINT `NEWSLETTER_QUEUE_LINK_QUEUE_ID_NEWSLETTER_QUEUE_QUEUE_ID` FOREIGN KEY (`queue_id`) REFERENCES `newsletter_queue` (`queue_id`) ON DELETE CASCADE,
  CONSTRAINT `NLTTR_QUEUE_LNK_SUBSCRIBER_ID_NLTTR_SUBSCRIBER_SUBSCRIBER_ID` FOREIGN KEY (`subscriber_id`) REFERENCES `newsletter_subscriber` (`subscriber_id`) ON DELETE CASCADE
) ENGINE=InnoDB DEFAULT CHARSET=utf8 COMMENT='Newsletter Queue Link';

--
-- Dumping data for table `newsletter_queue_link`
--


--
-- Table structure for table `newsletter_queue_store_link`
--

CREATE TABLE `newsletter_queue_store_link` (
  `queue_id` int unsigned NOT NULL DEFAULT '0' COMMENT 'Queue ID',
  `store_id` smallint unsigned NOT NULL DEFAULT '0' COMMENT 'Store ID',
  PRIMARY KEY (`queue_id`,`store_id`),
  KEY `NEWSLETTER_QUEUE_STORE_LINK_STORE_ID` (`store_id`),
  CONSTRAINT `NEWSLETTER_QUEUE_STORE_LINK_QUEUE_ID_NEWSLETTER_QUEUE_QUEUE_ID` FOREIGN KEY (`queue_id`) REFERENCES `newsletter_queue` (`queue_id`) ON DELETE CASCADE,
  CONSTRAINT `NEWSLETTER_QUEUE_STORE_LINK_STORE_ID_STORE_STORE_ID` FOREIGN KEY (`store_id`) REFERENCES `store` (`store_id`) ON DELETE CASCADE
) ENGINE=InnoDB DEFAULT CHARSET=utf8 COMMENT='Newsletter Queue Store Link';

--
-- Dumping data for table `newsletter_queue_store_link`
--


--
-- Table structure for table `newsletter_subscriber`
--

CREATE TABLE `newsletter_subscriber` (
  `subscriber_id` int unsigned NOT NULL AUTO_INCREMENT COMMENT 'Subscriber ID',
  `store_id` smallint unsigned DEFAULT '0' COMMENT 'Store ID',
  `change_status_at` timestamp NULL DEFAULT NULL COMMENT 'Change Status At',
  `customer_id` int unsigned NOT NULL DEFAULT '0' COMMENT 'Customer ID',
  `subscriber_email` varchar(150) DEFAULT NULL COMMENT 'Subscriber Email',
  `subscriber_status` int NOT NULL DEFAULT '0' COMMENT 'Subscriber Status',
  `subscriber_confirm_code` varchar(32) DEFAULT 'NULL' COMMENT 'Subscriber Confirm Code',
  PRIMARY KEY (`subscriber_id`),
  KEY `NEWSLETTER_SUBSCRIBER_CUSTOMER_ID` (`customer_id`),
  KEY `NEWSLETTER_SUBSCRIBER_STORE_ID` (`store_id`),
  KEY `NEWSLETTER_SUBSCRIBER_SUBSCRIBER_EMAIL` (`subscriber_email`),
  CONSTRAINT `NEWSLETTER_SUBSCRIBER_STORE_ID_STORE_STORE_ID` FOREIGN KEY (`store_id`) REFERENCES `store` (`store_id`) ON DELETE SET NULL
) ENGINE=InnoDB DEFAULT CHARSET=utf8 COMMENT='Newsletter Subscriber';

--
-- Dumping data for table `newsletter_subscriber`
--


--
-- Table structure for table `newsletter_template`
--

CREATE TABLE `newsletter_template` (
  `template_id` int unsigned NOT NULL AUTO_INCREMENT COMMENT 'Template ID',
  `template_code` varchar(150) DEFAULT NULL COMMENT 'Template Code',
  `template_text` text COMMENT 'Template Text',
  `template_styles` text COMMENT 'Template Styles',
  `template_type` int unsigned DEFAULT NULL COMMENT 'Template Type',
  `template_subject` varchar(200) DEFAULT NULL COMMENT 'Template Subject',
  `template_sender_name` varchar(200) DEFAULT NULL COMMENT 'Template Sender Name',
  `template_sender_email` varchar(200) DEFAULT NULL COMMENT 'Template Sender Email',
  `template_actual` smallint unsigned DEFAULT '1' COMMENT 'Template Actual',
  `added_at` timestamp NULL DEFAULT NULL COMMENT 'Added At',
  `modified_at` timestamp NULL DEFAULT NULL COMMENT 'Modified At',
  `is_legacy` tinyint(1) NOT NULL DEFAULT '0' COMMENT 'Should the template render in legacy mode',
  PRIMARY KEY (`template_id`),
  KEY `NEWSLETTER_TEMPLATE_TEMPLATE_ACTUAL` (`template_actual`),
  KEY `NEWSLETTER_TEMPLATE_ADDED_AT` (`added_at`),
  KEY `NEWSLETTER_TEMPLATE_MODIFIED_AT` (`modified_at`)
) ENGINE=InnoDB DEFAULT CHARSET=utf8 COMMENT='Newsletter Template';

--
-- Dumping data for table `newsletter_template`
--


--
-- Table structure for table `oauth_consumer`
--

CREATE TABLE `oauth_consumer` (
  `entity_id` int unsigned NOT NULL AUTO_INCREMENT COMMENT 'Entity ID',
  `created_at` timestamp NOT NULL DEFAULT CURRENT_TIMESTAMP COMMENT 'Created At',
  `updated_at` timestamp NULL DEFAULT '0000-00-00 00:00:00' ON UPDATE CURRENT_TIMESTAMP COMMENT 'Updated At',
  `name` varchar(255) NOT NULL COMMENT 'Name of consumer',
  `key` varchar(32) NOT NULL COMMENT 'Key code',
  `secret` varchar(32) NOT NULL COMMENT 'Secret code',
  `callback_url` text COMMENT 'Callback URL',
  `rejected_callback_url` text NOT NULL COMMENT 'Rejected callback URL',
  PRIMARY KEY (`entity_id`),
  UNIQUE KEY `OAUTH_CONSUMER_KEY` (`key`),
  UNIQUE KEY `OAUTH_CONSUMER_SECRET` (`secret`),
  KEY `OAUTH_CONSUMER_CREATED_AT` (`created_at`),
  KEY `OAUTH_CONSUMER_UPDATED_AT` (`updated_at`)
) ENGINE=InnoDB DEFAULT CHARSET=utf8 COMMENT='OAuth Consumers';

--
-- Dumping data for table `oauth_consumer`
--


--
-- Table structure for table `oauth_nonce`
--

CREATE TABLE `oauth_nonce` (
  `nonce` varchar(32) NOT NULL COMMENT 'Nonce String',
  `timestamp` int unsigned NOT NULL COMMENT 'Nonce Timestamp',
  `consumer_id` int unsigned NOT NULL COMMENT 'Consumer ID',
  PRIMARY KEY (`nonce`,`consumer_id`),
  KEY `OAUTH_NONCE_CONSUMER_ID_OAUTH_CONSUMER_ENTITY_ID` (`consumer_id`),
  KEY `OAUTH_NONCE_TIMESTAMP` (`timestamp`),
  CONSTRAINT `OAUTH_NONCE_CONSUMER_ID_OAUTH_CONSUMER_ENTITY_ID` FOREIGN KEY (`consumer_id`) REFERENCES `oauth_consumer` (`entity_id`) ON DELETE CASCADE
) ENGINE=InnoDB DEFAULT CHARSET=utf8 COMMENT='OAuth Nonce';

--
-- Dumping data for table `oauth_nonce`
--


--
-- Table structure for table `oauth_token`
--

CREATE TABLE `oauth_token` (
  `entity_id` int unsigned NOT NULL AUTO_INCREMENT COMMENT 'Entity ID',
  `consumer_id` int unsigned DEFAULT NULL COMMENT 'Oauth Consumer ID',
  `admin_id` int unsigned DEFAULT NULL COMMENT 'Admin user ID',
  `customer_id` int unsigned DEFAULT NULL COMMENT 'Customer user ID',
  `type` varchar(16) NOT NULL COMMENT 'Token Type',
  `token` varchar(32) NOT NULL COMMENT 'Token',
  `secret` varchar(32) NOT NULL COMMENT 'Token Secret',
  `verifier` varchar(32) DEFAULT NULL COMMENT 'Token Verifier',
  `callback_url` text NOT NULL COMMENT 'Token Callback URL',
  `revoked` smallint unsigned NOT NULL DEFAULT '0' COMMENT 'Is Token revoked',
  `authorized` smallint unsigned NOT NULL DEFAULT '0' COMMENT 'Is Token authorized',
  `user_type` int DEFAULT NULL COMMENT 'User type',
  `created_at` timestamp NOT NULL DEFAULT CURRENT_TIMESTAMP COMMENT 'Token creation timestamp',
  PRIMARY KEY (`entity_id`),
  UNIQUE KEY `OAUTH_TOKEN_TOKEN` (`token`),
  KEY `OAUTH_TOKEN_ADMIN_ID_ADMIN_USER_USER_ID` (`admin_id`),
  KEY `OAUTH_TOKEN_CUSTOMER_ID_CUSTOMER_ENTITY_ENTITY_ID` (`customer_id`),
  KEY `OAUTH_TOKEN_CONSUMER_ID` (`consumer_id`),
  CONSTRAINT `OAUTH_TOKEN_ADMIN_ID_ADMIN_USER_USER_ID` FOREIGN KEY (`admin_id`) REFERENCES `admin_user` (`user_id`) ON DELETE CASCADE,
  CONSTRAINT `OAUTH_TOKEN_CONSUMER_ID_OAUTH_CONSUMER_ENTITY_ID` FOREIGN KEY (`consumer_id`) REFERENCES `oauth_consumer` (`entity_id`) ON DELETE CASCADE,
  CONSTRAINT `OAUTH_TOKEN_CUSTOMER_ID_CUSTOMER_ENTITY_ENTITY_ID` FOREIGN KEY (`customer_id`) REFERENCES `customer_entity` (`entity_id`) ON DELETE CASCADE
) ENGINE=InnoDB DEFAULT CHARSET=utf8 COMMENT='OAuth Tokens';

--
-- Dumping data for table `oauth_token`
--


--
-- Table structure for table `oauth_token_request_log`
--

CREATE TABLE `oauth_token_request_log` (
  `log_id` int unsigned NOT NULL AUTO_INCREMENT COMMENT 'Log ID',
  `user_name` varchar(255) NOT NULL COMMENT 'Customer email or admin login',
  `user_type` smallint unsigned NOT NULL COMMENT 'User type (admin or customer)',
  `failures_count` smallint unsigned DEFAULT '0' COMMENT 'Number of failed authentication attempts in a row',
  `lock_expires_at` timestamp NOT NULL DEFAULT CURRENT_TIMESTAMP ON UPDATE CURRENT_TIMESTAMP COMMENT 'Lock expiration time',
  PRIMARY KEY (`log_id`),
  UNIQUE KEY `OAUTH_TOKEN_REQUEST_LOG_USER_NAME_USER_TYPE` (`user_name`,`user_type`)
) ENGINE=InnoDB DEFAULT CHARSET=utf8 COMMENT='Log of token request authentication failures.';

--
-- Dumping data for table `oauth_token_request_log`
--


--
-- Table structure for table `pagebuilder_template`
--

CREATE TABLE `pagebuilder_template` (
  `template_id` int NOT NULL AUTO_INCREMENT COMMENT 'Template ID Auto Increment',
  `name` varchar(1024) NOT NULL COMMENT 'Template Name',
  `preview_image` varchar(1024) DEFAULT NULL COMMENT 'Template Preview Image',
  `template` longtext NOT NULL COMMENT 'Master Format HTML',
  `created_for` varchar(255) DEFAULT NULL COMMENT 'Created For',
  `created_at` timestamp NOT NULL DEFAULT CURRENT_TIMESTAMP COMMENT 'Creation Time',
  `updated_at` timestamp NOT NULL DEFAULT CURRENT_TIMESTAMP ON UPDATE CURRENT_TIMESTAMP COMMENT 'Update Time',
  PRIMARY KEY (`template_id`),
  FULLTEXT KEY `PAGEBUILDER_TEMPLATE_NAME` (`name`)
) ENGINE=InnoDB AUTO_INCREMENT=2 DEFAULT CHARSET=utf8 COMMENT='Page Builder Templates';

--
-- Dumping data for table `pagebuilder_template`
--


--
-- Table structure for table `password_reset_request_event`
--

CREATE TABLE `password_reset_request_event` (
  `id` int unsigned NOT NULL AUTO_INCREMENT COMMENT 'Entity ID',
  `request_type` smallint unsigned NOT NULL COMMENT 'Type of the event under a security control',
  `account_reference` varchar(255) DEFAULT NULL COMMENT 'An identifier for existing account or another target',
  `created_at` timestamp NOT NULL DEFAULT CURRENT_TIMESTAMP COMMENT 'Timestamp when the event occurs',
  `ip` varchar(15) NOT NULL COMMENT 'Remote user IP',
  PRIMARY KEY (`id`),
  KEY `PASSWORD_RESET_REQUEST_EVENT_ACCOUNT_REFERENCE` (`account_reference`),
  KEY `PASSWORD_RESET_REQUEST_EVENT_CREATED_AT` (`created_at`)
) ENGINE=InnoDB DEFAULT CHARSET=utf8 COMMENT='Password Reset Request Event under a security control';

--
-- Dumping data for table `password_reset_request_event`
--


--
-- Table structure for table `patch_list`
--

CREATE TABLE `patch_list` (
  `patch_id` int NOT NULL AUTO_INCREMENT COMMENT 'Patch Auto Increment',
  `patch_name` varchar(1024) NOT NULL COMMENT 'Patch Class Name',
  PRIMARY KEY (`patch_id`)
) ENGINE=InnoDB AUTO_INCREMENT=183 DEFAULT CHARSET=utf8 COMMENT='List of data/schema patches';

--
-- Dumping data for table `patch_list`
--

INSERT INTO `patch_list` VALUES (1,'Magento\\Store\\Setup\\Patch\\Schema\\InitializeStoresAndWebsites'),(2,'Magento\\Catalog\\Setup\\Patch\\Schema\\EnableSegmentation'),(3,'Magento\\Bundle\\Setup\\Patch\\Schema\\UpdateBundleRelatedSchema'),(4,'Magento\\InventoryCatalog\\Setup\\Patch\\Schema\\CreateLegacyStockStatusView'),(5,'Magento\\InventoryCatalog\\Setup\\Patch\\Schema\\InitializeDefaultStock'),(6,'Magento\\InventoryCatalog\\Setup\\Patch\\Schema\\UpdateInventorySourceItem'),(7,'Magento\\InventoryCatalog\\Setup\\Patch\\Schema\\ReindexDefaultSource'),(8,'Magento\\InventorySales\\Setup\\Patch\\Schema\\InitializeWebsiteDefaultSock'),(9,'Magento\\Review\\Setup\\Patch\\Schema\\AddUniqueConstraintToReviewEntitySummary'),(10,'Magento\\TwoFactorAuth\\Setup\\Patch\\Schema\\CopyTablesFromOldModule'),(11,'Temando\\ShippingRemover\\Setup\\Patch\\Schema\\EmptyTablesRemoval'),(12,'Magento\\Store\\Setup\\Patch\\Data\\DisableSid'),(13,'Magento\\Store\\Setup\\Patch\\Data\\UpdateStoreGroupCodes'),(14,'Magento\\Directory\\Setup\\Patch\\Data\\InitializeDirectoryData'),(15,'Magento\\Directory\\Setup\\Patch\\Data\\AddCountriesCaribbeanCuracaoKosovoSintMaarten'),(16,'Magento\\Directory\\Setup\\Patch\\Data\\AddDataForCroatia'),(17,'Magento\\Directory\\Setup\\Patch\\Data\\AddDataForIndia'),(18,'Magento\\Directory\\Setup\\Patch\\Data\\AddDataForAustralia'),(19,'Magento\\Directory\\Setup\\Patch\\Data\\AddDataForBelgium'),(20,'Magento\\Directory\\Setup\\Patch\\Data\\AddDataForBulgaria'),(21,'Magento\\Directory\\Setup\\Patch\\Data\\AddDataForChina'),(22,'Magento\\Directory\\Setup\\Patch\\Data\\AddDataForColombia'),(23,'Magento\\Directory\\Setup\\Patch\\Data\\AddDataForItaly'),(24,'Magento\\Directory\\Setup\\Patch\\Data\\AddDataForMexico'),(25,'Magento\\Directory\\Setup\\Patch\\Data\\AddDataForPoland'),(26,'Magento\\Theme\\Setup\\Patch\\Data\\RegisterThemes'),(27,'Magento\\Theme\\Setup\\Patch\\Data\\ConvertSerializedData'),(28,'Magento\\Config\\Setup\\Patch\\Data\\UnsetTinymce3'),(29,'Magento\\Config\\Setup\\Patch\\Data\\UpdateClassAliases'),(30,'Magento\\Authorization\\Setup\\Patch\\Data\\InitializeAuthRoles'),(31,'Magento\\Eav\\Setup\\Patch\\Data\\InitializeAttributeModels'),(32,'Magento\\Customer\\Setup\\Patch\\Data\\DefaultCustomerGroupsAndAttributes'),(33,'Magento\\Customer\\Setup\\Patch\\Data\\UpdateCustomerAttributesMetadata'),(34,'Magento\\Customer\\Setup\\Patch\\Data\\AddNonSpecifiedGenderAttributeOption'),(35,'Magento\\Customer\\Setup\\Patch\\Data\\UpdateIdentifierCustomerAttributesVisibility'),(36,'Magento\\Customer\\Setup\\Patch\\Data\\AddCustomerUpdatedAtAttribute'),(37,'Magento\\Customer\\Setup\\Patch\\Data\\UpgradePasswordHashAndAddress'),(38,'Magento\\Customer\\Setup\\Patch\\Data\\RemoveCheckoutRegisterAndUpdateAttributes'),(39,'Magento\\Customer\\Setup\\Patch\\Data\\AddSecurityTrackingAttributes'),(40,'Magento\\Customer\\Setup\\Patch\\Data\\UpdateAutocompleteOnStorefrontConfigPath'),(41,'Magento\\Customer\\Setup\\Patch\\Data\\MigrateStoresAllowedCountriesToWebsite'),(42,'Magento\\Customer\\Setup\\Patch\\Data\\ConvertValidationRulesFromSerializedToJson'),(43,'Magento\\Customer\\Setup\\Patch\\Data\\UpdateCustomerAddressAttributesSortOrder'),(44,'Magento\\Customer\\Setup\\Patch\\Data\\UpdateVATNumber'),(45,'Magento\\Customer\\Setup\\Patch\\Data\\UpdateCustomerAttributeInputFilters'),(46,'Magento\\Customer\\Setup\\Patch\\Data\\UpdateDefaultCustomerGroupInConfig'),(47,'Magento\\Indexer\\Setup\\Patch\\Data\\InitializeIndexerState'),(48,'Magento\\Cms\\Setup\\Patch\\Data\\CreateDefaultPages'),(49,'Magento\\Cms\\Setup\\Patch\\Data\\UpdatePrivacyPolicyPage'),(50,'Magento\\Cms\\Setup\\Patch\\Data\\ConvertWidgetConditionsToJson'),(51,'Magento\\Catalog\\Setup\\Patch\\Data\\InstallDefaultCategories'),(52,'Magento\\Catalog\\Setup\\Patch\\Data\\SetNewResourceModelsPaths'),(53,'Magento\\Catalog\\Setup\\Patch\\Data\\UpdateDefaultAttributeValue'),(54,'Magento\\Catalog\\Setup\\Patch\\Data\\UpdateMediaAttributesBackendTypes'),(55,'Magento\\Catalog\\Setup\\Patch\\Data\\UpdateProductAttributes'),(56,'Magento\\Catalog\\Setup\\Patch\\Data\\UpdateProductMetaDescription'),(57,'Magento\\Catalog\\Setup\\Patch\\Data\\ChangePriceAttributeDefaultScope'),(58,'Magento\\Catalog\\Setup\\Patch\\Data\\DisallowUsingHtmlForProductName'),(59,'Magento\\Catalog\\Setup\\Patch\\Data\\EnableDirectiveParsing'),(60,'Magento\\Catalog\\Setup\\Patch\\Data\\EnableSegmentation'),(61,'Magento\\Catalog\\Setup\\Patch\\Data\\UpdateCustomLayoutAttributes'),(62,'Magento\\Catalog\\Setup\\Patch\\Data\\UpdateProductDescriptionOrder'),(63,'Magento\\Catalog\\Setup\\Patch\\Data\\UpgradeWidgetData'),(64,'Magento\\Catalog\\Setup\\Patch\\Data\\UpgradeWebsiteAttributes'),(65,'Magento\\CatalogInventory\\Setup\\Patch\\Data\\CreateDefaultStock'),(66,'Magento\\CatalogInventory\\Setup\\Patch\\Data\\UpdateStockItemsWebsite'),(67,'Magento\\CatalogInventory\\Setup\\Patch\\Data\\ConvertSerializedDataToJson'),(68,'Magento\\CatalogRule\\Setup\\Patch\\Data\\UpdateClassAliasesForCatalogRules'),(69,'Magento\\CatalogRule\\Setup\\Patch\\Data\\ConvertSerializedDataToJson'),(70,'Magento\\CatalogUrlRewrite\\Setup\\Patch\\Data\\CreateUrlAttributes'),(71,'Magento\\CatalogUrlRewrite\\Setup\\Patch\\Data\\UpdateUrlKeyForProducts'),(72,'Magento\\CatalogUrlRewrite\\Setup\\Patch\\Data\\UpdateUrlKeySearchable'),(73,'Magento\\Widget\\Setup\\Patch\\Data\\UpgradeModelInstanceClassAliases'),(74,'Magento\\Widget\\Setup\\Patch\\Data\\ConvertSerializedData'),(75,'Magento\\Quote\\Setup\\Patch\\Data\\InstallEntityTypes'),(76,'Magento\\Quote\\Setup\\Patch\\Data\\ConvertSerializedDataToJson'),(77,'Magento\\Quote\\Setup\\Patch\\Data\\WishlistDataCleanUp'),(78,'Magento\\User\\Setup\\Patch\\Data\\UpgradePasswordHashes'),(79,'Magento\\User\\Setup\\Patch\\Data\\UpgradeSerializedFields'),(80,'Magento\\Msrp\\Setup\\Patch\\Data\\InitializeMsrpAttributes'),(81,'Magento\\Msrp\\Setup\\Patch\\Data\\ChangeMsrpAttributeLabel'),(82,'Magento\\Msrp\\Setup\\Patch\\Data\\ChangePriceAttributeDefaultScope'),(83,'Magento\\Sales\\Setup\\Patch\\Data\\InstallOrderStatusesAndInitialSalesConfig'),(84,'Magento\\Sales\\Setup\\Patch\\Data\\UpdateEntityTypes'),(85,'Magento\\Sales\\Setup\\Patch\\Data\\ConvertSerializedDataToJson'),(86,'Magento\\Sales\\Setup\\Patch\\Data\\FillQuoteAddressIdInSalesOrderAddress'),(87,'Magento\\Sales\\Setup\\Patch\\Data\\UpdateEntityTypeModelForInvoice'),(88,'Magento\\Sales\\Setup\\Patch\\Data\\WishlistDataCleanUp'),(89,'Magento\\Checkout\\Setup\\Patch\\Data\\PrepareInitialCheckoutConfiguration'),(90,'Magento\\CurrencySymbol\\Setup\\Patch\\Data\\ConvertSerializedCustomCurrencySymbolToJson'),(91,'Magento\\Integration\\Setup\\Patch\\Data\\RemoveInactiveTokens'),(92,'Magento\\Downloadable\\Setup\\Patch\\Data\\AddDownloadableHostsConfig'),(93,'Magento\\Downloadable\\Setup\\Patch\\Data\\InstallDownloadableAttributes'),(94,'Magento\\Downloadable\\Setup\\Patch\\Data\\UpdateLinksExistDefaultAttributeValue'),(95,'Magento\\Dhl\\Setup\\Patch\\Data\\PrepareShipmentDays'),(96,'Magento\\ConfigurableProduct\\Setup\\Patch\\Data\\InstallInitialConfigurableAttributes'),(97,'Magento\\ConfigurableProduct\\Setup\\Patch\\Data\\UpdateManufacturerAttribute'),(98,'Magento\\ConfigurableProduct\\Setup\\Patch\\Data\\UpdateTierPriceAttribute'),(99,'Magento\\CatalogSearch\\Setup\\Patch\\Data\\MySQLSearchRemovalNotification'),(100,'Magento\\CatalogSearch\\Setup\\Patch\\Data\\SetInitialSearchWeightForAttributes'),(101,'Magento\\Elasticsearch\\Setup\\Patch\\Data\\InvalidateIndex'),(102,'Magento\\Email\\Setup\\Patch\\Data\\FlagLegacyTemplates'),(103,'Magento\\EncryptionKey\\Setup\\Patch\\Data\\SodiumChachaPatch'),(104,'Magento\\Fedex\\Setup\\Patch\\Data\\ConfigureFedexDefaults'),(105,'Magento\\GiftMessage\\Setup\\Patch\\Data\\AddGiftMessageAttributes'),(106,'Magento\\GiftMessage\\Setup\\Patch\\Data\\MoveGiftMessageToGiftOptionsGroup'),(107,'Magento\\GiftMessage\\Setup\\Patch\\Data\\UpdateGiftMessageAttribute'),(108,'Magento\\GroupedProduct\\Setup\\Patch\\Data\\InitializeGroupedProductLinks'),(109,'Magento\\GroupedProduct\\Setup\\Patch\\Data\\UpdateProductRelations'),(110,'Magento\\Bundle\\Setup\\Patch\\Data\\ApplyAttributesUpdate'),(111,'Magento\\Bundle\\Setup\\Patch\\Data\\UpdateBundleRelatedEntityTypes'),(112,'Magento\\Analytics\\Setup\\Patch\\Data\\PrepareInitialConfig'),(113,'Magento\\Analytics\\Setup\\Patch\\Data\\ActivateDataCollection'),(114,'Magento\\InventoryLowQuantityNotification\\Setup\\Patch\\Data\\MigrateCatalogInventoryNotifyStockQuantityData'),(115,'Magento\\Reports\\Setup\\Patch\\Data\\InitializeReportEntityTypesAndPages'),(116,'Magento\\Reports\\Setup\\Patch\\Data\\ReportDisableNotification'),(117,'Magento\\Newsletter\\Setup\\Patch\\Data\\FlagLegacyTemplates'),(118,'Magento\\SalesRule\\Setup\\Patch\\Data\\PrepareRuleModelSerializedData'),(119,'Magento\\SalesRule\\Setup\\Patch\\Data\\ConvertSerializedDataToJson'),(120,'Magento\\SalesRule\\Setup\\Patch\\Data\\FillSalesRuleProductAttributeTable'),(121,'Magento\\Vault\\Setup\\Patch\\Data\\SetCreditCardAsDefaultTokenType'),(122,'Magento\\Paypal\\Setup\\Patch\\Data\\AddPaypalOrderStatuses'),(123,'Magento\\Paypal\\Setup\\Patch\\Data\\UpdatePaypalCreditOption'),(124,'Magento\\Paypal\\Setup\\Patch\\Data\\UpdateSmartButtonLabel'),(125,'Magento\\Paypal\\Setup\\Patch\\Data\\UpdateSmartButtonSize'),(126,'Magento\\ReCaptchaMigration\\Setup\\Patch\\Data\\MigrateConfigToRecaptchaModules'),(127,'Magento\\Review\\Setup\\Patch\\Data\\InitReviewStatusesAndData'),(128,'Magento\\OfflineShipping\\Setup\\Patch\\Data\\UpdateQuoteShippingAddresses'),(129,'Magento\\OfflineShipping\\Setup\\Patch\\Data\\UpdateShippingTablerate'),(130,'Magento\\UrlRewrite\\Setup\\Patch\\Data\\ConvertSerializedDataToJson'),(131,'Magento\\Swatches\\Setup\\Patch\\Data\\AddSwatchImageAttribute'),(132,'Magento\\Swatches\\Setup\\Patch\\Data\\AddSwatchImageToDefaultAttribtueSet'),(133,'Magento\\Swatches\\Setup\\Patch\\Data\\UpdateAdminTextSwatchValues'),(134,'Magento\\Swatches\\Setup\\Patch\\Data\\ConvertAdditionalDataToJson'),(135,'Magento\\Tax\\Setup\\Patch\\Data\\AddTaxAttributeAndTaxClasses'),(136,'Magento\\Tax\\Setup\\Patch\\Data\\UpdateTaxClassAttributeVisibility'),(137,'Magento\\Tax\\Setup\\Patch\\Data\\UpdateTaxRegionId'),(138,'Magento\\TwoFactorAuth\\Setup\\Patch\\Data\\CopyConfigFromOldModule'),(139,'Magento\\TwoFactorAuth\\Setup\\Patch\\Data\\EncryptConfiguration'),(140,'Magento\\TwoFactorAuth\\Setup\\Patch\\Data\\EncryptGoogleSecrets'),(141,'Magento\\TwoFactorAuth\\Setup\\Patch\\Data\\EncryptSecrets'),(142,'Magento\\TwoFactorAuth\\Setup\\Patch\\Data\\GenerateDuoSecurityKey'),(143,'Magento\\TwoFactorAuth\\Setup\\Patch\\Data\\PopulateCountryTable'),(144,'Magento\\TwoFactorAuth\\Setup\\Patch\\Data\\ResetU2fConfig'),(145,'Magento\\SampleData\\Setup\\Patch\\Data\\ClearSampleDataState'),(146,'Magento\\Usps\\Setup\\Patch\\Data\\UpdateAllowedMethods'),(147,'Magento\\Weee\\Setup\\Patch\\Data\\InitQuoteAndOrderAttributes'),(148,'Magento\\Wishlist\\Setup\\Patch\\Data\\ConvertSerializedData'),(149,'Magento\\Wishlist\\Setup\\Patch\\Data\\WishlistDataCleanUp'),(150,'Klarna\\Core\\Setup\\Patch\\Data\\UpdateKcoApiPathsInCoreConfig'),(151,'Klarna\\Core\\Setup\\Patch\\Data\\UpdateKlarnaApiVersionInCoreConfig'),(152,'Klarna\\Kp\\Setup\\Patch\\Data\\RemoveHtmlTag'),(153,'Klarna\\Kp\\Setup\\Patch\\Data\\ResetIsActive'),(154,'Temando\\ShippingRemover\\Setup\\Patch\\Data\\AttributesRemoval'),(155,'Temando\\ShippingRemover\\Setup\\Patch\\Data\\BookmarkCleaner'),(156,'Temando\\ShippingRemover\\Setup\\Patch\\Data\\ConfigRemoval'),(157,'Vertex\\Tax\\Setup\\Patch\\Data\\DetermineCurrentConfigForShippingOriginUse'),(158,'Vertex\\Tax\\Setup\\Patch\\Data\\EnableCacheType'),(159,'Vertex\\Tax\\Setup\\Patch\\Data\\ExpandDefaultTaxClassesPatch'),(160,'Vertex\\Tax\\Setup\\Patch\\Data\\MigrateCustomerCodeFromEav'),(161,'Magento\\Directory\\Setup\\Patch\\Data\\AddDataForUruguay'),(162,'Magento\\MediaGalleryUi\\Setup\\Patch\\Data\\AddMediaGalleryPermissions'),(163,'Magento\\Directory\\Setup\\Patch\\Data\\AddDataForAlbania'),(164,'Magento\\Directory\\Setup\\Patch\\Data\\AddDataForArgentina'),(165,'Magento\\Directory\\Setup\\Patch\\Data\\AddDataForBolivia'),(166,'Magento\\Directory\\Setup\\Patch\\Data\\AddDataForChile'),(167,'Magento\\Directory\\Setup\\Patch\\Data\\AddDataForDenmark'),(168,'Magento\\Directory\\Setup\\Patch\\Data\\AddDataForEcuador'),(169,'Magento\\Directory\\Setup\\Patch\\Data\\AddDataForGreece'),(170,'Magento\\Directory\\Setup\\Patch\\Data\\AddDataForGuyana'),(171,'Magento\\Directory\\Setup\\Patch\\Data\\AddDataForIceland'),(172,'Magento\\Directory\\Setup\\Patch\\Data\\AddDataForParaguay'),(173,'Magento\\Directory\\Setup\\Patch\\Data\\AddDataForPeru'),(174,'Magento\\Directory\\Setup\\Patch\\Data\\AddDataForPortugal'),(175,'Magento\\Directory\\Setup\\Patch\\Data\\AddDataForSuriname'),(176,'Magento\\Directory\\Setup\\Patch\\Data\\AddDataForSweden'),(177,'Magento\\Directory\\Setup\\Patch\\Data\\AddDataForVenezuela'),(178,'Magento\\PageBuilder\\Setup\\Patch\\Data\\UpdateProductAttribute'),(179,'Magento\\PageBuilder\\Setup\\Patch\\Data\\UpgradePageBuilderStripStyles'),(180,'Magento\\Paypal\\Setup\\Patch\\Data\\UpdateBmltoPayLater'),(181,'Vertex\\Tax\\Setup\\Patch\\Data\\UpdateCronConfiguration'),(182,'Vertex\\RequestLogging\\Setup\\Patch\\Data\\UpdateCronConfiguration');

--
-- Table structure for table `paypal_billing_agreement`
--

CREATE TABLE `paypal_billing_agreement` (
  `agreement_id` int unsigned NOT NULL AUTO_INCREMENT COMMENT 'Agreement ID',
  `customer_id` int unsigned NOT NULL COMMENT 'Customer ID',
  `method_code` varchar(32) NOT NULL COMMENT 'Method Code',
  `reference_id` varchar(32) NOT NULL COMMENT 'Reference ID',
  `status` varchar(20) NOT NULL COMMENT 'Status',
  `created_at` timestamp NOT NULL DEFAULT CURRENT_TIMESTAMP COMMENT 'Created At',
  `updated_at` timestamp NULL DEFAULT NULL COMMENT 'Updated At',
  `store_id` smallint unsigned DEFAULT NULL COMMENT 'Store ID',
  `agreement_label` varchar(255) DEFAULT NULL COMMENT 'Agreement Label',
  PRIMARY KEY (`agreement_id`),
  KEY `PAYPAL_BILLING_AGREEMENT_CUSTOMER_ID` (`customer_id`),
  KEY `PAYPAL_BILLING_AGREEMENT_STORE_ID` (`store_id`),
  CONSTRAINT `PAYPAL_BILLING_AGREEMENT_CUSTOMER_ID_CUSTOMER_ENTITY_ENTITY_ID` FOREIGN KEY (`customer_id`) REFERENCES `customer_entity` (`entity_id`) ON DELETE CASCADE,
  CONSTRAINT `PAYPAL_BILLING_AGREEMENT_STORE_ID_STORE_STORE_ID` FOREIGN KEY (`store_id`) REFERENCES `store` (`store_id`) ON DELETE SET NULL
) ENGINE=InnoDB DEFAULT CHARSET=utf8 COMMENT='Sales Billing Agreement';

--
-- Dumping data for table `paypal_billing_agreement`
--


--
-- Table structure for table `paypal_billing_agreement_order`
--

CREATE TABLE `paypal_billing_agreement_order` (
  `agreement_id` int unsigned NOT NULL COMMENT 'Agreement ID',
  `order_id` int unsigned NOT NULL COMMENT 'Order ID',
  PRIMARY KEY (`agreement_id`,`order_id`),
  KEY `PAYPAL_BILLING_AGREEMENT_ORDER_ORDER_ID` (`order_id`),
  CONSTRAINT `PAYPAL_BILLING_AGREEMENT_ORDER_ORDER_ID_SALES_ORDER_ENTITY_ID` FOREIGN KEY (`order_id`) REFERENCES `sales_order` (`entity_id`) ON DELETE CASCADE,
  CONSTRAINT `PAYPAL_BILLING_AGRT_ORDER_AGRT_ID_PAYPAL_BILLING_AGRT_AGRT_ID` FOREIGN KEY (`agreement_id`) REFERENCES `paypal_billing_agreement` (`agreement_id`) ON DELETE CASCADE
) ENGINE=InnoDB DEFAULT CHARSET=utf8 COMMENT='Sales Billing Agreement Order';

--
-- Dumping data for table `paypal_billing_agreement_order`
--


--
-- Table structure for table `paypal_cert`
--

CREATE TABLE `paypal_cert` (
  `cert_id` smallint unsigned NOT NULL AUTO_INCREMENT COMMENT 'Cert ID',
  `website_id` smallint unsigned NOT NULL DEFAULT '0' COMMENT 'Website ID',
  `content` text COMMENT 'Content',
  `updated_at` timestamp NULL DEFAULT NULL COMMENT 'Updated At',
  PRIMARY KEY (`cert_id`),
  KEY `PAYPAL_CERT_WEBSITE_ID` (`website_id`),
  CONSTRAINT `PAYPAL_CERT_WEBSITE_ID_STORE_WEBSITE_WEBSITE_ID` FOREIGN KEY (`website_id`) REFERENCES `store_website` (`website_id`) ON DELETE CASCADE
) ENGINE=InnoDB DEFAULT CHARSET=utf8 COMMENT='Paypal Certificate Table';

--
-- Dumping data for table `paypal_cert`
--


--
-- Table structure for table `paypal_payment_transaction`
--

CREATE TABLE `paypal_payment_transaction` (
  `transaction_id` int unsigned NOT NULL AUTO_INCREMENT COMMENT 'Entity ID',
  `txn_id` varchar(100) DEFAULT NULL COMMENT 'Txn ID',
  `additional_information` blob COMMENT 'Additional Information',
  `created_at` timestamp NULL DEFAULT NULL COMMENT 'Created At',
  PRIMARY KEY (`transaction_id`),
  UNIQUE KEY `PAYPAL_PAYMENT_TRANSACTION_TXN_ID` (`txn_id`)
) ENGINE=InnoDB DEFAULT CHARSET=utf8 COMMENT='PayPal Payflow Link Payment Transaction';

--
-- Dumping data for table `paypal_payment_transaction`
--


--
-- Table structure for table `paypal_settlement_report`
--

CREATE TABLE `paypal_settlement_report` (
  `report_id` int unsigned NOT NULL AUTO_INCREMENT COMMENT 'Report ID',
  `report_date` date DEFAULT NULL COMMENT 'Report Date',
  `account_id` varchar(64) DEFAULT NULL COMMENT 'Account ID',
  `filename` varchar(24) DEFAULT NULL COMMENT 'Filename',
  `last_modified` timestamp NULL DEFAULT NULL COMMENT 'Last Modified',
  PRIMARY KEY (`report_id`),
  UNIQUE KEY `PAYPAL_SETTLEMENT_REPORT_REPORT_DATE_ACCOUNT_ID` (`report_date`,`account_id`)
) ENGINE=InnoDB DEFAULT CHARSET=utf8 COMMENT='Paypal Settlement Report Table';

--
-- Dumping data for table `paypal_settlement_report`
--


--
-- Table structure for table `paypal_settlement_report_row`
--

CREATE TABLE `paypal_settlement_report_row` (
  `row_id` int unsigned NOT NULL AUTO_INCREMENT COMMENT 'Row ID',
  `report_id` int unsigned NOT NULL COMMENT 'Report ID',
  `transaction_id` varchar(19) DEFAULT NULL COMMENT 'Transaction ID',
  `invoice_id` varchar(127) DEFAULT NULL COMMENT 'Invoice ID',
  `paypal_reference_id` varchar(19) DEFAULT NULL COMMENT 'Paypal Reference ID',
  `paypal_reference_id_type` varchar(3) DEFAULT NULL COMMENT 'Paypal Reference ID Type',
  `transaction_event_code` varchar(5) DEFAULT NULL COMMENT 'Transaction Event Code',
  `transaction_initiation_date` timestamp NULL DEFAULT NULL COMMENT 'Transaction Initiation Date',
  `transaction_completion_date` timestamp NULL DEFAULT NULL COMMENT 'Transaction Completion Date',
  `transaction_debit_or_credit` varchar(2) NOT NULL DEFAULT 'CR' COMMENT 'Transaction Debit Or Credit',
  `gross_transaction_amount` decimal(20,6) NOT NULL DEFAULT '0.000000' COMMENT 'Gross Transaction Amount',
  `gross_transaction_currency` varchar(3) DEFAULT NULL COMMENT 'Gross Transaction Currency',
  `fee_debit_or_credit` varchar(2) DEFAULT NULL COMMENT 'Fee Debit Or Credit',
  `fee_amount` decimal(20,6) NOT NULL DEFAULT '0.000000' COMMENT 'Fee Amount',
  `fee_currency` varchar(3) DEFAULT NULL COMMENT 'Fee Currency',
  `custom_field` varchar(255) DEFAULT NULL COMMENT 'Custom Field',
  `consumer_id` varchar(127) DEFAULT NULL COMMENT 'Consumer ID',
  `payment_tracking_id` varchar(255) DEFAULT NULL COMMENT 'Payment Tracking ID',
  `store_id` varchar(50) DEFAULT NULL COMMENT 'Store ID',
  PRIMARY KEY (`row_id`),
  KEY `PAYPAL_SETTLEMENT_REPORT_ROW_REPORT_ID` (`report_id`),
  CONSTRAINT `FK_E183E488F593E0DE10C6EBFFEBAC9B55` FOREIGN KEY (`report_id`) REFERENCES `paypal_settlement_report` (`report_id`) ON DELETE CASCADE
) ENGINE=InnoDB DEFAULT CHARSET=utf8 COMMENT='Paypal Settlement Report Row Table';

--
-- Dumping data for table `paypal_settlement_report_row`
--


--
-- Table structure for table `persistent_session`
--

CREATE TABLE `persistent_session` (
  `persistent_id` int unsigned NOT NULL AUTO_INCREMENT COMMENT 'Session ID',
  `key` varchar(50) NOT NULL COMMENT 'Unique cookie key',
  `customer_id` int unsigned DEFAULT NULL COMMENT 'Customer ID',
  `website_id` smallint unsigned NOT NULL DEFAULT '0' COMMENT 'Website ID',
  `info` text COMMENT 'Session Data',
  `updated_at` timestamp NOT NULL DEFAULT CURRENT_TIMESTAMP ON UPDATE CURRENT_TIMESTAMP COMMENT 'Updated At',
  PRIMARY KEY (`persistent_id`),
  UNIQUE KEY `PERSISTENT_SESSION_KEY` (`key`),
  UNIQUE KEY `PERSISTENT_SESSION_CUSTOMER_ID` (`customer_id`),
  KEY `PERSISTENT_SESSION_WEBSITE_ID_STORE_WEBSITE_WEBSITE_ID` (`website_id`),
  KEY `PERSISTENT_SESSION_UPDATED_AT` (`updated_at`),
  CONSTRAINT `PERSISTENT_SESSION_CUSTOMER_ID_CUSTOMER_ENTITY_ENTITY_ID` FOREIGN KEY (`customer_id`) REFERENCES `customer_entity` (`entity_id`) ON DELETE CASCADE,
  CONSTRAINT `PERSISTENT_SESSION_WEBSITE_ID_STORE_WEBSITE_WEBSITE_ID` FOREIGN KEY (`website_id`) REFERENCES `store_website` (`website_id`) ON DELETE CASCADE
) ENGINE=InnoDB DEFAULT CHARSET=utf8 COMMENT='Persistent Session';

--
-- Dumping data for table `persistent_session`
--


--
-- Table structure for table `product_alert_price`
--

CREATE TABLE `product_alert_price` (
  `alert_price_id` int unsigned NOT NULL AUTO_INCREMENT COMMENT 'Product alert price ID',
  `customer_id` int unsigned NOT NULL DEFAULT '0' COMMENT 'Customer ID',
  `product_id` int unsigned NOT NULL DEFAULT '0' COMMENT 'Product ID',
  `price` decimal(20,6) NOT NULL DEFAULT '0.000000' COMMENT 'Price amount',
  `website_id` smallint unsigned NOT NULL DEFAULT '0' COMMENT 'Website ID',
  `store_id` smallint unsigned DEFAULT '0' COMMENT 'Store ID',
  `add_date` timestamp NOT NULL DEFAULT CURRENT_TIMESTAMP COMMENT 'Product alert add date',
  `last_send_date` timestamp NULL DEFAULT NULL COMMENT 'Product alert last send date',
  `send_count` smallint unsigned NOT NULL DEFAULT '0' COMMENT 'Product alert send count',
  `status` smallint unsigned NOT NULL DEFAULT '0' COMMENT 'Product alert status',
  PRIMARY KEY (`alert_price_id`),
  KEY `PRODUCT_ALERT_PRICE_CUSTOMER_ID` (`customer_id`),
  KEY `PRODUCT_ALERT_PRICE_PRODUCT_ID` (`product_id`),
  KEY `PRODUCT_ALERT_PRICE_WEBSITE_ID` (`website_id`),
  KEY `PRODUCT_ALERT_PRICE_STORE_ID` (`store_id`),
  CONSTRAINT `PRODUCT_ALERT_PRICE_CUSTOMER_ID_CUSTOMER_ENTITY_ENTITY_ID` FOREIGN KEY (`customer_id`) REFERENCES `customer_entity` (`entity_id`) ON DELETE CASCADE,
  CONSTRAINT `PRODUCT_ALERT_PRICE_PRODUCT_ID_CATALOG_PRODUCT_ENTITY_ENTITY_ID` FOREIGN KEY (`product_id`) REFERENCES `catalog_product_entity` (`entity_id`) ON DELETE CASCADE,
  CONSTRAINT `PRODUCT_ALERT_PRICE_STORE_ID_STORE_STORE_ID` FOREIGN KEY (`store_id`) REFERENCES `store` (`store_id`) ON DELETE CASCADE,
  CONSTRAINT `PRODUCT_ALERT_PRICE_WEBSITE_ID_STORE_WEBSITE_WEBSITE_ID` FOREIGN KEY (`website_id`) REFERENCES `store_website` (`website_id`) ON DELETE CASCADE
) ENGINE=InnoDB DEFAULT CHARSET=utf8 COMMENT='Product Alert Price';

--
-- Dumping data for table `product_alert_price`
--


--
-- Table structure for table `product_alert_stock`
--

CREATE TABLE `product_alert_stock` (
  `alert_stock_id` int unsigned NOT NULL AUTO_INCREMENT COMMENT 'Product alert stock ID',
  `customer_id` int unsigned NOT NULL DEFAULT '0' COMMENT 'Customer ID',
  `product_id` int unsigned NOT NULL DEFAULT '0' COMMENT 'Product ID',
  `website_id` smallint unsigned NOT NULL DEFAULT '0' COMMENT 'Website ID',
  `store_id` smallint unsigned DEFAULT '0' COMMENT 'Store ID',
  `add_date` timestamp NOT NULL DEFAULT CURRENT_TIMESTAMP COMMENT 'Product alert add date',
  `send_date` timestamp NULL DEFAULT NULL COMMENT 'Product alert send date',
  `send_count` smallint unsigned NOT NULL DEFAULT '0' COMMENT 'Send Count',
  `status` smallint unsigned NOT NULL DEFAULT '0' COMMENT 'Product alert status',
  PRIMARY KEY (`alert_stock_id`),
  KEY `PRODUCT_ALERT_STOCK_CUSTOMER_ID` (`customer_id`),
  KEY `PRODUCT_ALERT_STOCK_PRODUCT_ID` (`product_id`),
  KEY `PRODUCT_ALERT_STOCK_WEBSITE_ID` (`website_id`),
  KEY `PRODUCT_ALERT_STOCK_STORE_ID` (`store_id`),
  CONSTRAINT `PRODUCT_ALERT_STOCK_CUSTOMER_ID_CUSTOMER_ENTITY_ENTITY_ID` FOREIGN KEY (`customer_id`) REFERENCES `customer_entity` (`entity_id`) ON DELETE CASCADE,
  CONSTRAINT `PRODUCT_ALERT_STOCK_PRODUCT_ID_CATALOG_PRODUCT_ENTITY_ENTITY_ID` FOREIGN KEY (`product_id`) REFERENCES `catalog_product_entity` (`entity_id`) ON DELETE CASCADE,
  CONSTRAINT `PRODUCT_ALERT_STOCK_STORE_ID_STORE_STORE_ID` FOREIGN KEY (`store_id`) REFERENCES `store` (`store_id`) ON DELETE CASCADE,
  CONSTRAINT `PRODUCT_ALERT_STOCK_WEBSITE_ID_STORE_WEBSITE_WEBSITE_ID` FOREIGN KEY (`website_id`) REFERENCES `store_website` (`website_id`) ON DELETE CASCADE
) ENGINE=InnoDB DEFAULT CHARSET=utf8 COMMENT='Product Alert Stock';

--
-- Dumping data for table `product_alert_stock`
--


--
-- Table structure for table `queue`
--

CREATE TABLE `queue` (
  `id` int unsigned NOT NULL AUTO_INCREMENT COMMENT 'Queue ID',
  `name` varchar(255) DEFAULT NULL COMMENT 'Queue name',
  PRIMARY KEY (`id`),
  UNIQUE KEY `QUEUE_NAME` (`name`)
) ENGINE=InnoDB AUTO_INCREMENT=18 DEFAULT CHARSET=utf8 COMMENT='Table storing unique queues';

--
-- Dumping data for table `queue`
--

INSERT INTO `queue` VALUES (15,'async.operations.all'),(9,'codegenerator'),(3,'export'),(10,'inventory.indexer.sourceItem'),(11,'inventory.indexer.stock'),(5,'inventory.mass.update'),(6,'inventory.reservations.cleanup'),(7,'inventory.reservations.update'),(12,'inventory.reservations.updateSalabilityStatus'),(4,'inventory.source.items.cleanup'),(13,'media.content.synchronization'),(16,'media.gallery.renditions.update'),(14,'media.gallery.synchronization'),(8,'media.storage.catalog.image.resize'),(1,'product_action_attribute.update'),(2,'product_action_attribute.website.update'),(17,'sales.rule.update.coupon.usage');

--
-- Table structure for table `queue_lock`
--

CREATE TABLE `queue_lock` (
  `id` int unsigned NOT NULL AUTO_INCREMENT COMMENT 'Message ID',
  `message_code` varchar(255) NOT NULL DEFAULT '' COMMENT 'Message Code',
  `created_at` timestamp NOT NULL DEFAULT CURRENT_TIMESTAMP ON UPDATE CURRENT_TIMESTAMP COMMENT 'Created At',
  PRIMARY KEY (`id`),
  UNIQUE KEY `QUEUE_LOCK_MESSAGE_CODE` (`message_code`)
) ENGINE=InnoDB DEFAULT CHARSET=utf8 COMMENT='Messages that were processed are inserted here to be locked.';

--
-- Dumping data for table `queue_lock`
--


--
-- Table structure for table `queue_message`
--

CREATE TABLE `queue_message` (
  `id` bigint unsigned NOT NULL AUTO_INCREMENT COMMENT 'Message ID',
  `topic_name` varchar(255) DEFAULT NULL COMMENT 'Message topic',
  `body` longtext COMMENT 'Message body',
  PRIMARY KEY (`id`)
) ENGINE=InnoDB AUTO_INCREMENT=15 DEFAULT CHARSET=utf8 COMMENT='Queue messages';

--
-- Dumping data for table `queue_message`
--

INSERT INTO `queue_message` VALUES (1,'inventory.reservations.updateSalabilityStatus','{\"skus\":[\"MK-01289\"],\"stock\":1}'),(2,'inventory.reservations.updateSalabilityStatus','{\"skus\":[\"MK-01289\"],\"stock\":1}'),(3,'inventory.reservations.updateSalabilityStatus','{\"skus\":[\"MK-965870\",\"MK-9635013\",\"MK-96301\"],\"stock\":1}'),(4,'inventory.reservations.updateSalabilityStatus','{\"skus\":[\"MK-45013\",\"MK-018034\",\"MK-96503\",\"MK-01289\",\"MK-01953\",\"MK-96501\"],\"stock\":1}'),(5,'inventory.reservations.updateSalabilityStatus','{\"skus\":[\"MK-965027\",\"MK-965874\",\"MK-01953\"],\"stock\":1}'),(6,'inventory.reservations.updateSalabilityStatus','{\"skus\":[\"MK-01953\",\"MK-0109735\",\"MK-583642\",\"MK-4253901\",\"MK-96354\",\"MK-879020\",\"MK-012967\",\"MK-852456\"],\"stock\":1}'),(7,'inventory.reservations.updateSalabilityStatus','{\"skus\":[\"MK-01953\",\"MK-0109735\",\"MK-583642\",\"MK-4253901\",\"MK-96354\",\"MK-879020\",\"MK-012967\",\"MK-852456\"],\"stock\":1}'),(8,'inventory.reservations.updateSalabilityStatus','{\"skus\":[\"MK-852456\",\"MK-965027\",\"MK-85602-1\",\"MK-968012\",\"MK-01963\",\"MK-01289\",\"MK-96803\"],\"stock\":1}'),(9,'inventory.reservations.updateSalabilityStatus','{\"skus\":[\"MK-852456\",\"MK-965027\",\"MK-85602-1\",\"MK-968012\",\"MK-01963\",\"MK-01289\",\"MK-96803\"],\"stock\":1}'),(10,'inventory.reservations.updateSalabilityStatus','{\"skus\":[\"MK-965803\",\"MK-010201\",\"MK-741254\",\"MK-524096\",\"MK-8758596\",\"MK-8896574\"],\"stock\":1}'),(11,'inventory.reservations.updateSalabilityStatus','{\"skus\":[\"MK-8570645\",\"MK-0130102\",\"MK-858696\",\"MK-0853102\",\"MK-777031\",\"MK-455023\"],\"stock\":1}'),(12,'inventory.reservations.updateSalabilityStatus','{\"skus\":[\"MK-8570645\",\"MK-0130102\",\"MK-858696\",\"MK-0853102\",\"MK-777031\",\"MK-455023\"],\"stock\":1}'),(13,'inventory.reservations.updateSalabilityStatus','{\"skus\":[\"MK-85901348\",\"MK-5863103\",\"MK-452136\",\"MK-5860123\"],\"stock\":1}'),(14,'inventory.reservations.updateSalabilityStatus','{\"skus\":[\"MK-452136\"],\"stock\":1}');

--
-- Table structure for table `queue_message_status`
--

CREATE TABLE `queue_message_status` (
  `id` bigint unsigned NOT NULL AUTO_INCREMENT COMMENT 'Relation ID',
  `queue_id` int unsigned NOT NULL COMMENT 'Queue ID',
  `message_id` bigint unsigned NOT NULL COMMENT 'Message ID',
  `updated_at` timestamp NOT NULL DEFAULT CURRENT_TIMESTAMP ON UPDATE CURRENT_TIMESTAMP COMMENT 'Updated At',
  `status` smallint unsigned NOT NULL COMMENT 'Message status in particular queue',
  `number_of_trials` smallint unsigned NOT NULL DEFAULT '0' COMMENT 'Number of trials to processed failed message processing',
  PRIMARY KEY (`id`),
  UNIQUE KEY `QUEUE_MESSAGE_STATUS_QUEUE_ID_MESSAGE_ID` (`queue_id`,`message_id`),
  KEY `QUEUE_MESSAGE_STATUS_MESSAGE_ID_QUEUE_MESSAGE_ID` (`message_id`),
  KEY `QUEUE_MESSAGE_STATUS_STATUS_UPDATED_AT` (`status`,`updated_at`),
  CONSTRAINT `QUEUE_MESSAGE_STATUS_MESSAGE_ID_QUEUE_MESSAGE_ID` FOREIGN KEY (`message_id`) REFERENCES `queue_message` (`id`) ON DELETE CASCADE,
  CONSTRAINT `QUEUE_MESSAGE_STATUS_QUEUE_ID_QUEUE_ID` FOREIGN KEY (`queue_id`) REFERENCES `queue` (`id`) ON DELETE CASCADE
) ENGINE=InnoDB AUTO_INCREMENT=15 DEFAULT CHARSET=utf8 COMMENT='Relation table to keep associations between queues and messages';

--
-- Dumping data for table `queue_message_status`
--

INSERT INTO `queue_message_status` VALUES (1,12,1,'2021-01-20 02:33:00',2,0),(2,12,2,'2021-01-20 02:33:40',2,0),(3,12,3,'2021-01-28 02:14:57',2,0),(4,12,4,'2021-01-28 02:41:37',2,0),(5,12,5,'2021-04-28 03:30:55',2,0),(6,12,6,'2021-06-02 04:52:38',2,0),(7,12,7,'2021-06-02 04:54:51',2,0),(8,12,8,'2021-06-02 05:16:10',2,0),(9,12,9,'2021-06-02 05:19:20',2,0),(10,12,10,'2021-06-08 08:11:25',2,0),(11,12,11,'2021-07-15 09:11:25',2,0),(12,12,12,'2021-07-15 09:12:59',2,0),(13,12,13,'2021-10-23 01:43:54',2,0),(14,12,14,'2021-10-23 01:52:24',2,0);

--
-- Table structure for table `queue_poison_pill`
--

CREATE TABLE `queue_poison_pill` (
  `version` varchar(255) NOT NULL COMMENT 'Poison Pill version.'
) ENGINE=InnoDB DEFAULT CHARSET=utf8 COMMENT='Sequence table for poison pill versions';

--
-- Dumping data for table `queue_poison_pill`
--

INSERT INTO `queue_poison_pill` VALUES ('version-622b61922f70a');

--
-- Table structure for table `quote_address`
--

CREATE TABLE `quote_address` (
  `address_id` int unsigned NOT NULL AUTO_INCREMENT COMMENT 'Address ID',
  `quote_id` int unsigned NOT NULL DEFAULT '0' COMMENT 'Quote ID',
  `created_at` timestamp NOT NULL DEFAULT CURRENT_TIMESTAMP COMMENT 'Created At',
  `updated_at` timestamp NOT NULL DEFAULT CURRENT_TIMESTAMP ON UPDATE CURRENT_TIMESTAMP COMMENT 'Updated At',
  `customer_id` int unsigned DEFAULT NULL COMMENT 'Customer ID',
  `save_in_address_book` smallint DEFAULT '0' COMMENT 'Save In Address Book',
  `customer_address_id` int unsigned DEFAULT NULL COMMENT 'Customer Address ID',
  `address_type` varchar(10) DEFAULT NULL COMMENT 'Address Type',
  `email` varchar(255) DEFAULT NULL COMMENT 'Email',
  `prefix` varchar(40) DEFAULT NULL COMMENT 'Prefix',
  `firstname` varchar(255) DEFAULT NULL,
  `middlename` varchar(40) DEFAULT NULL,
  `lastname` varchar(255) DEFAULT NULL,
  `suffix` varchar(40) DEFAULT NULL COMMENT 'Suffix',
  `company` varchar(255) DEFAULT NULL COMMENT 'Company',
  `street` varchar(255) DEFAULT NULL COMMENT 'Street',
  `city` varchar(255) DEFAULT NULL,
  `region` varchar(255) DEFAULT NULL,
  `region_id` int unsigned DEFAULT NULL COMMENT 'Region ID',
  `postcode` varchar(20) DEFAULT NULL COMMENT 'Postcode',
  `country_id` varchar(30) DEFAULT NULL COMMENT 'Country ID',
  `telephone` varchar(255) DEFAULT NULL,
  `fax` varchar(255) DEFAULT NULL,
  `same_as_billing` smallint unsigned NOT NULL DEFAULT '0' COMMENT 'Same As Billing',
  `collect_shipping_rates` smallint unsigned NOT NULL DEFAULT '0' COMMENT 'Collect Shipping Rates',
  `shipping_method` varchar(120) DEFAULT NULL,
  `shipping_description` varchar(255) DEFAULT NULL COMMENT 'Shipping Description',
  `weight` decimal(12,4) NOT NULL DEFAULT '0.0000' COMMENT 'Weight',
  `subtotal` decimal(20,4) NOT NULL DEFAULT '0.0000' COMMENT 'Subtotal',
  `base_subtotal` decimal(20,4) NOT NULL DEFAULT '0.0000' COMMENT 'Base Subtotal',
  `subtotal_with_discount` decimal(20,4) NOT NULL DEFAULT '0.0000' COMMENT 'Subtotal With Discount',
  `base_subtotal_with_discount` decimal(20,4) NOT NULL DEFAULT '0.0000' COMMENT 'Base Subtotal With Discount',
  `tax_amount` decimal(20,4) NOT NULL DEFAULT '0.0000' COMMENT 'Tax Amount',
  `base_tax_amount` decimal(20,4) NOT NULL DEFAULT '0.0000' COMMENT 'Base Tax Amount',
  `shipping_amount` decimal(20,4) NOT NULL DEFAULT '0.0000' COMMENT 'Shipping Amount',
  `base_shipping_amount` decimal(20,4) NOT NULL DEFAULT '0.0000' COMMENT 'Base Shipping Amount',
  `shipping_tax_amount` decimal(20,4) DEFAULT NULL COMMENT 'Shipping Tax Amount',
  `base_shipping_tax_amount` decimal(20,4) DEFAULT NULL COMMENT 'Base Shipping Tax Amount',
  `discount_amount` decimal(20,4) NOT NULL DEFAULT '0.0000' COMMENT 'Discount Amount',
  `base_discount_amount` decimal(20,4) NOT NULL DEFAULT '0.0000' COMMENT 'Base Discount Amount',
  `grand_total` decimal(20,4) NOT NULL DEFAULT '0.0000' COMMENT 'Grand Total',
  `base_grand_total` decimal(20,4) NOT NULL DEFAULT '0.0000' COMMENT 'Base Grand Total',
  `customer_notes` text COMMENT 'Customer Notes',
  `applied_taxes` text COMMENT 'Applied Taxes',
  `discount_description` varchar(255) DEFAULT NULL COMMENT 'Discount Description',
  `shipping_discount_amount` decimal(20,4) DEFAULT NULL COMMENT 'Shipping Discount Amount',
  `base_shipping_discount_amount` decimal(20,4) DEFAULT NULL COMMENT 'Base Shipping Discount Amount',
  `subtotal_incl_tax` decimal(20,4) DEFAULT NULL COMMENT 'Subtotal Incl Tax',
  `base_subtotal_total_incl_tax` decimal(20,4) DEFAULT NULL COMMENT 'Base Subtotal Total Incl Tax',
  `discount_tax_compensation_amount` decimal(20,4) DEFAULT NULL COMMENT 'Discount Tax Compensation Amount',
  `base_discount_tax_compensation_amount` decimal(20,4) DEFAULT NULL COMMENT 'Base Discount Tax Compensation Amount',
  `shipping_discount_tax_compensation_amount` decimal(20,4) DEFAULT NULL COMMENT 'Shipping Discount Tax Compensation Amount',
  `base_shipping_discount_tax_compensation_amnt` decimal(20,4) DEFAULT NULL COMMENT 'Base Shipping Discount Tax Compensation Amount',
  `shipping_incl_tax` decimal(20,4) DEFAULT NULL COMMENT 'Shipping Incl Tax',
  `base_shipping_incl_tax` decimal(20,4) DEFAULT NULL COMMENT 'Base Shipping Incl Tax',
  `vat_id` text COMMENT 'Vat ID',
  `vat_is_valid` smallint DEFAULT NULL COMMENT 'Vat Is Valid',
  `vat_request_id` text COMMENT 'Vat Request ID',
  `vat_request_date` text COMMENT 'Vat Request Date',
  `vat_request_success` smallint DEFAULT NULL COMMENT 'Vat Request Success',
  `validated_country_code` text COMMENT 'Validated Country Code',
  `validated_vat_number` text COMMENT 'Validated Vat Number',
  `gift_message_id` int DEFAULT NULL COMMENT 'Gift Message ID',
  `free_shipping` smallint unsigned NOT NULL DEFAULT '0' COMMENT 'Free Shipping',
  PRIMARY KEY (`address_id`),
  KEY `QUOTE_ADDRESS_QUOTE_ID` (`quote_id`),
  CONSTRAINT `QUOTE_ADDRESS_QUOTE_ID_QUOTE_ENTITY_ID` FOREIGN KEY (`quote_id`) REFERENCES `quote` (`entity_id`) ON DELETE CASCADE
) ENGINE=InnoDB AUTO_INCREMENT=263 DEFAULT CHARSET=utf8 COMMENT='Sales Flat Quote Address';

--
-- Dumping data for table `quote_address`
--

INSERT INTO `quote_address` VALUES (2,1,'2020-12-16 04:30:21','2021-01-20 02:32:50',1,1,1,'shipping','cuongtd@ytcvn.com',NULL,'Magentech',NULL,'Magentech',NULL,'Magentech','Magentech','Ha Noi',NULL,NULL,'10000','VN','123456789',NULL,0,0,'flatrate_flatrate','Flat Rate - Fixed',0.0000,900.0000,900.0000,900.0000,900.0000,0.0000,0.0000,50.0000,50.0000,0.0000,0.0000,0.0000,0.0000,950.0000,950.0000,NULL,'[]',NULL,0.0000,0.0000,900.0000,900.0000,0.0000,0.0000,0.0000,NULL,50.0000,50.0000,NULL,NULL,NULL,NULL,NULL,NULL,NULL,NULL,0),(5,1,'2021-01-20 02:32:57','2021-01-20 02:32:57',1,NULL,NULL,'billing','cuongtd@ytcvn.com',NULL,'Magentech',NULL,'Magentech',NULL,'Magentech','Magentech','Ha Noi',NULL,NULL,'10000','VN','123456789',NULL,0,0,NULL,NULL,0.0000,0.0000,0.0000,0.0000,0.0000,0.0000,0.0000,0.0000,0.0000,0.0000,0.0000,0.0000,0.0000,0.0000,0.0000,NULL,'null',NULL,0.0000,0.0000,0.0000,NULL,0.0000,0.0000,0.0000,NULL,0.0000,0.0000,NULL,NULL,NULL,NULL,NULL,NULL,NULL,NULL,0),(7,3,'2021-01-20 10:16:17','2021-04-28 03:29:59',1,0,1,'shipping','cuongtd@ytcvn.com',NULL,'Magentech',NULL,'Magentech',NULL,'Magentech','Magentech','Ha Noi',NULL,NULL,'10000','VN','123456789',NULL,0,0,'flatrate_flatrate','Flat Rate - Fixed',0.0000,503.0000,503.0000,503.0000,503.0000,0.0000,0.0000,15.0000,15.0000,0.0000,0.0000,0.0000,0.0000,518.0000,518.0000,NULL,'[]',NULL,0.0000,0.0000,503.0000,503.0000,0.0000,0.0000,0.0000,NULL,15.0000,15.0000,NULL,NULL,NULL,NULL,NULL,NULL,NULL,NULL,0),(8,4,'2021-01-22 04:09:37','2021-01-22 04:09:37',NULL,0,NULL,'billing',NULL,NULL,NULL,NULL,NULL,NULL,NULL,NULL,NULL,NULL,NULL,NULL,NULL,NULL,NULL,0,0,NULL,NULL,0.0000,0.0000,0.0000,0.0000,0.0000,0.0000,0.0000,0.0000,0.0000,0.0000,0.0000,0.0000,0.0000,0.0000,0.0000,NULL,'null',NULL,0.0000,0.0000,0.0000,NULL,0.0000,0.0000,0.0000,NULL,0.0000,0.0000,NULL,NULL,NULL,NULL,NULL,NULL,NULL,NULL,0),(9,4,'2021-01-22 04:09:37','2021-01-22 04:09:37',NULL,0,NULL,'shipping',NULL,NULL,NULL,NULL,NULL,NULL,NULL,NULL,NULL,NULL,NULL,NULL,NULL,NULL,NULL,1,1,NULL,NULL,0.0000,225.0000,225.0000,225.0000,225.0000,0.0000,0.0000,0.0000,0.0000,0.0000,0.0000,0.0000,0.0000,225.0000,225.0000,NULL,'[]',NULL,0.0000,0.0000,225.0000,225.0000,0.0000,0.0000,0.0000,NULL,0.0000,0.0000,NULL,NULL,NULL,NULL,NULL,NULL,NULL,NULL,0),(10,5,'2021-01-25 02:00:20','2021-01-25 02:00:20',NULL,0,NULL,'billing',NULL,NULL,NULL,NULL,NULL,NULL,NULL,NULL,NULL,NULL,NULL,NULL,NULL,NULL,NULL,0,0,NULL,NULL,0.0000,0.0000,0.0000,0.0000,0.0000,0.0000,0.0000,0.0000,0.0000,0.0000,0.0000,0.0000,0.0000,0.0000,0.0000,NULL,'null',NULL,0.0000,0.0000,0.0000,NULL,0.0000,0.0000,0.0000,NULL,0.0000,0.0000,NULL,NULL,NULL,NULL,NULL,NULL,NULL,NULL,0),(11,5,'2021-01-25 02:00:20','2021-01-25 02:00:20',NULL,0,NULL,'shipping',NULL,NULL,NULL,NULL,NULL,NULL,NULL,NULL,NULL,NULL,NULL,NULL,NULL,NULL,NULL,1,0,NULL,NULL,0.0000,220.0000,220.0000,220.0000,220.0000,0.0000,0.0000,0.0000,0.0000,0.0000,0.0000,0.0000,0.0000,220.0000,220.0000,NULL,'[]',NULL,0.0000,0.0000,220.0000,220.0000,0.0000,0.0000,0.0000,NULL,0.0000,0.0000,NULL,NULL,NULL,NULL,NULL,NULL,NULL,NULL,0),(12,6,'2021-01-25 07:44:50','2021-01-25 07:44:50',NULL,0,NULL,'billing',NULL,NULL,NULL,NULL,NULL,NULL,NULL,NULL,NULL,NULL,NULL,NULL,NULL,NULL,NULL,0,0,NULL,NULL,0.0000,0.0000,0.0000,0.0000,0.0000,0.0000,0.0000,0.0000,0.0000,0.0000,0.0000,0.0000,0.0000,0.0000,0.0000,NULL,'null',NULL,0.0000,0.0000,0.0000,NULL,0.0000,0.0000,0.0000,NULL,0.0000,0.0000,NULL,NULL,NULL,NULL,NULL,NULL,NULL,NULL,0),(13,6,'2021-01-25 07:44:50','2021-01-25 07:44:50',NULL,0,NULL,'shipping',NULL,NULL,NULL,NULL,NULL,NULL,NULL,NULL,NULL,NULL,NULL,NULL,NULL,NULL,NULL,1,1,NULL,NULL,0.0000,1028.0000,1028.0000,1028.0000,1028.0000,0.0000,0.0000,0.0000,0.0000,0.0000,0.0000,0.0000,0.0000,1028.0000,1028.0000,NULL,'[]',NULL,0.0000,0.0000,1028.0000,1028.0000,0.0000,0.0000,0.0000,NULL,0.0000,0.0000,NULL,NULL,NULL,NULL,NULL,NULL,NULL,NULL,0),(14,7,'2021-01-26 03:14:46','2021-01-26 03:14:46',NULL,0,NULL,'billing',NULL,NULL,NULL,NULL,NULL,NULL,NULL,NULL,NULL,NULL,NULL,NULL,NULL,NULL,NULL,0,0,NULL,NULL,0.0000,0.0000,0.0000,0.0000,0.0000,0.0000,0.0000,0.0000,0.0000,0.0000,0.0000,0.0000,0.0000,0.0000,0.0000,NULL,'null',NULL,0.0000,0.0000,0.0000,NULL,0.0000,0.0000,0.0000,NULL,0.0000,0.0000,NULL,NULL,NULL,NULL,NULL,NULL,NULL,NULL,0),(15,7,'2021-01-26 03:14:46','2021-01-26 03:14:46',NULL,0,NULL,'shipping',NULL,NULL,NULL,NULL,NULL,NULL,NULL,NULL,NULL,NULL,NULL,NULL,NULL,NULL,NULL,1,1,NULL,NULL,0.0000,290.0000,290.0000,290.0000,290.0000,0.0000,0.0000,0.0000,0.0000,0.0000,0.0000,0.0000,0.0000,290.0000,290.0000,NULL,'[]',NULL,0.0000,0.0000,290.0000,290.0000,0.0000,0.0000,0.0000,NULL,0.0000,0.0000,NULL,NULL,NULL,NULL,NULL,NULL,NULL,NULL,0),(16,8,'2021-01-26 09:04:08','2021-01-26 09:04:08',NULL,0,NULL,'billing',NULL,NULL,NULL,NULL,NULL,NULL,NULL,NULL,NULL,NULL,NULL,NULL,NULL,NULL,NULL,0,0,NULL,NULL,0.0000,0.0000,0.0000,0.0000,0.0000,0.0000,0.0000,0.0000,0.0000,0.0000,0.0000,0.0000,0.0000,0.0000,0.0000,NULL,'null',NULL,0.0000,0.0000,0.0000,NULL,0.0000,0.0000,0.0000,NULL,0.0000,0.0000,NULL,NULL,NULL,NULL,NULL,NULL,NULL,NULL,0),(17,8,'2021-01-26 09:04:08','2021-01-26 09:04:08',NULL,0,NULL,'shipping',NULL,NULL,NULL,NULL,NULL,NULL,NULL,NULL,NULL,NULL,NULL,NULL,NULL,NULL,NULL,1,0,NULL,NULL,0.0000,120.0000,120.0000,120.0000,120.0000,0.0000,0.0000,0.0000,0.0000,0.0000,0.0000,0.0000,0.0000,120.0000,120.0000,NULL,'[]',NULL,0.0000,0.0000,120.0000,120.0000,0.0000,0.0000,0.0000,NULL,0.0000,0.0000,NULL,NULL,NULL,NULL,NULL,NULL,NULL,NULL,0),(20,10,'2021-01-27 06:46:11','2021-01-27 06:46:11',NULL,0,NULL,'billing',NULL,NULL,NULL,NULL,NULL,NULL,NULL,NULL,NULL,NULL,NULL,NULL,NULL,NULL,NULL,0,0,NULL,NULL,0.0000,0.0000,0.0000,0.0000,0.0000,0.0000,0.0000,0.0000,0.0000,0.0000,0.0000,0.0000,0.0000,0.0000,0.0000,NULL,'null',NULL,0.0000,0.0000,0.0000,NULL,0.0000,0.0000,0.0000,NULL,0.0000,0.0000,NULL,NULL,NULL,NULL,NULL,NULL,NULL,NULL,0),(21,10,'2021-01-27 06:46:11','2021-01-27 06:46:11',NULL,0,NULL,'shipping',NULL,NULL,NULL,NULL,NULL,NULL,NULL,NULL,NULL,NULL,NULL,NULL,NULL,NULL,NULL,1,0,NULL,NULL,0.0000,105.0000,105.0000,105.0000,105.0000,0.0000,0.0000,0.0000,0.0000,0.0000,0.0000,0.0000,0.0000,105.0000,105.0000,NULL,'[]',NULL,0.0000,0.0000,105.0000,105.0000,0.0000,0.0000,0.0000,NULL,0.0000,0.0000,NULL,NULL,NULL,NULL,NULL,NULL,NULL,NULL,0),(22,11,'2021-01-27 10:08:19','2021-01-27 10:08:19',NULL,0,NULL,'billing',NULL,NULL,NULL,NULL,NULL,NULL,NULL,NULL,NULL,NULL,NULL,NULL,NULL,NULL,NULL,0,0,NULL,NULL,0.0000,0.0000,0.0000,0.0000,0.0000,0.0000,0.0000,0.0000,0.0000,0.0000,0.0000,0.0000,0.0000,0.0000,0.0000,NULL,'null',NULL,0.0000,0.0000,0.0000,NULL,0.0000,0.0000,0.0000,NULL,0.0000,0.0000,NULL,NULL,NULL,NULL,NULL,NULL,NULL,NULL,0),(23,11,'2021-01-27 10:08:19','2021-01-27 10:08:19',NULL,0,NULL,'shipping',NULL,NULL,NULL,NULL,NULL,NULL,NULL,NULL,NULL,NULL,NULL,NULL,NULL,NULL,NULL,1,0,NULL,NULL,0.0000,220.0000,220.0000,220.0000,220.0000,0.0000,0.0000,0.0000,0.0000,0.0000,0.0000,0.0000,0.0000,220.0000,220.0000,NULL,'[]',NULL,0.0000,0.0000,220.0000,220.0000,0.0000,0.0000,0.0000,NULL,0.0000,0.0000,NULL,NULL,NULL,NULL,NULL,NULL,NULL,NULL,0),(25,12,'2021-01-28 01:49:31','2021-01-28 02:14:28',2,1,2,'shipping','admin678@gmail.com',NULL,'admin',NULL,'admin',NULL,NULL,'fgfgf','fgfgfg',NULL,NULL,'92126','TT','fgfgfgfg',NULL,0,0,'flatrate_flatrate','Flat Rate - Fixed',0.0000,3730.0000,3730.0000,3730.0000,3730.0000,0.0000,0.0000,75.0000,75.0000,0.0000,0.0000,0.0000,0.0000,3805.0000,3805.0000,NULL,'[]',NULL,0.0000,0.0000,3730.0000,3730.0000,0.0000,0.0000,0.0000,NULL,75.0000,75.0000,NULL,NULL,NULL,NULL,NULL,NULL,NULL,NULL,0),(26,12,'2021-01-28 02:14:54','2021-01-28 02:14:54',2,NULL,NULL,'billing','admin678@gmail.com',NULL,'admin',NULL,'admin',NULL,NULL,'fgfgf','fgfgfg',NULL,NULL,'92126','TT','fgfgfgfg',NULL,0,0,NULL,NULL,0.0000,0.0000,0.0000,0.0000,0.0000,0.0000,0.0000,0.0000,0.0000,0.0000,0.0000,0.0000,0.0000,0.0000,0.0000,NULL,'null',NULL,0.0000,0.0000,0.0000,NULL,0.0000,0.0000,0.0000,NULL,0.0000,0.0000,NULL,NULL,NULL,NULL,NULL,NULL,NULL,NULL,0),(28,13,'2021-01-28 02:17:09','2021-01-28 02:41:28',2,0,2,'shipping','admin678@gmail.com',NULL,'admin',NULL,'admin',NULL,NULL,'fgfgf','fgfgfg',NULL,NULL,'92126','TT','fgfgfgfg',NULL,0,0,'flatrate_flatrate','Flat Rate - Fixed',0.0000,1658.0000,1658.0000,1658.0000,1658.0000,0.0000,0.0000,40.0000,40.0000,0.0000,0.0000,0.0000,0.0000,1698.0000,1698.0000,NULL,'[]',NULL,0.0000,0.0000,1658.0000,1658.0000,0.0000,0.0000,0.0000,NULL,40.0000,40.0000,NULL,NULL,NULL,NULL,NULL,NULL,NULL,NULL,0),(31,13,'2021-01-28 02:41:35','2021-01-28 02:41:35',2,NULL,2,'billing','admin678@gmail.com',NULL,'admin',NULL,'admin',NULL,NULL,'fgfgf','fgfgfg',NULL,NULL,'92126','TT','fgfgfgfg',NULL,0,0,NULL,NULL,0.0000,0.0000,0.0000,0.0000,0.0000,0.0000,0.0000,0.0000,0.0000,0.0000,0.0000,0.0000,0.0000,0.0000,0.0000,NULL,'null',NULL,0.0000,0.0000,0.0000,NULL,0.0000,0.0000,0.0000,NULL,0.0000,0.0000,NULL,NULL,NULL,NULL,NULL,NULL,NULL,NULL,0),(32,15,'2021-01-28 04:22:08','2021-01-28 04:22:08',NULL,0,NULL,'billing','magentech@magentech.com',NULL,'Magentech',NULL,'Magentech',NULL,'Magentech','Magentech','Magentech',NULL,NULL,'123456','TM','123456789',NULL,0,0,NULL,NULL,0.0000,0.0000,0.0000,0.0000,0.0000,0.0000,0.0000,0.0000,0.0000,0.0000,0.0000,0.0000,0.0000,0.0000,0.0000,NULL,'null',NULL,0.0000,0.0000,0.0000,NULL,0.0000,0.0000,0.0000,NULL,0.0000,0.0000,NULL,NULL,NULL,NULL,NULL,NULL,NULL,NULL,0),(33,15,'2021-01-28 04:22:08','2021-01-28 04:22:52',NULL,0,NULL,'shipping',NULL,NULL,'Magentech',NULL,'Magentech',NULL,'Magentech','Magentech','Magentech',NULL,NULL,'123456','TM','123456789',NULL,0,0,'flatrate_flatrate','Flat Rate - Fixed',0.0000,120.0000,120.0000,120.0000,120.0000,0.0000,0.0000,5.0000,5.0000,0.0000,0.0000,0.0000,0.0000,125.0000,125.0000,NULL,'[]',NULL,0.0000,0.0000,120.0000,120.0000,0.0000,0.0000,0.0000,NULL,5.0000,5.0000,NULL,NULL,NULL,NULL,NULL,NULL,NULL,NULL,0),(34,16,'2021-01-28 09:21:39','2021-01-28 09:21:39',2,0,NULL,'billing','admin678@gmail.com',NULL,NULL,NULL,NULL,NULL,NULL,NULL,NULL,NULL,NULL,NULL,NULL,NULL,NULL,0,0,NULL,NULL,0.0000,0.0000,0.0000,0.0000,0.0000,0.0000,0.0000,0.0000,0.0000,0.0000,0.0000,0.0000,0.0000,0.0000,0.0000,NULL,'null',NULL,0.0000,0.0000,0.0000,NULL,0.0000,0.0000,0.0000,NULL,0.0000,0.0000,NULL,NULL,NULL,NULL,NULL,NULL,NULL,NULL,0),(35,16,'2021-01-28 09:21:39','2021-01-28 09:21:39',2,0,NULL,'shipping','admin678@gmail.com',NULL,NULL,NULL,NULL,NULL,NULL,NULL,NULL,NULL,NULL,NULL,NULL,NULL,NULL,1,1,NULL,NULL,0.0000,505.0000,505.0000,505.0000,505.0000,0.0000,0.0000,0.0000,0.0000,0.0000,0.0000,0.0000,0.0000,505.0000,505.0000,NULL,'[]',NULL,0.0000,0.0000,505.0000,505.0000,0.0000,0.0000,0.0000,NULL,0.0000,0.0000,NULL,NULL,NULL,NULL,NULL,NULL,NULL,NULL,0),(36,17,'2021-01-28 09:33:42','2021-01-28 09:33:42',NULL,0,NULL,'billing',NULL,NULL,NULL,NULL,NULL,NULL,NULL,NULL,NULL,NULL,NULL,NULL,NULL,NULL,NULL,0,0,NULL,NULL,0.0000,0.0000,0.0000,0.0000,0.0000,0.0000,0.0000,0.0000,0.0000,0.0000,0.0000,0.0000,0.0000,0.0000,0.0000,NULL,'null',NULL,0.0000,0.0000,0.0000,NULL,0.0000,0.0000,0.0000,NULL,0.0000,0.0000,NULL,NULL,NULL,NULL,NULL,NULL,NULL,NULL,0),(37,17,'2021-01-28 09:33:42','2021-01-28 09:33:42',NULL,0,NULL,'shipping',NULL,NULL,NULL,NULL,NULL,NULL,NULL,NULL,NULL,NULL,NULL,NULL,NULL,NULL,NULL,1,0,NULL,NULL,0.0000,105.0000,105.0000,105.0000,105.0000,0.0000,0.0000,0.0000,0.0000,0.0000,0.0000,0.0000,0.0000,105.0000,105.0000,NULL,'[]',NULL,0.0000,0.0000,105.0000,105.0000,0.0000,0.0000,0.0000,NULL,0.0000,0.0000,NULL,NULL,NULL,NULL,NULL,NULL,NULL,NULL,0),(38,18,'2021-01-28 09:34:10','2021-01-28 09:34:10',NULL,0,NULL,'billing',NULL,NULL,NULL,NULL,NULL,NULL,NULL,NULL,NULL,NULL,NULL,NULL,NULL,NULL,NULL,0,0,NULL,NULL,0.0000,0.0000,0.0000,0.0000,0.0000,0.0000,0.0000,0.0000,0.0000,0.0000,0.0000,0.0000,0.0000,0.0000,0.0000,NULL,'null',NULL,0.0000,0.0000,0.0000,NULL,0.0000,0.0000,0.0000,NULL,0.0000,0.0000,NULL,NULL,NULL,NULL,NULL,NULL,NULL,NULL,0),(39,18,'2021-01-28 09:34:10','2021-01-28 09:34:10',NULL,0,NULL,'shipping',NULL,NULL,NULL,NULL,NULL,NULL,NULL,NULL,NULL,NULL,NULL,NULL,NULL,NULL,NULL,1,0,NULL,NULL,0.0000,105.0000,105.0000,105.0000,105.0000,0.0000,0.0000,0.0000,0.0000,0.0000,0.0000,0.0000,0.0000,105.0000,105.0000,NULL,'[]',NULL,0.0000,0.0000,105.0000,105.0000,0.0000,0.0000,0.0000,NULL,0.0000,0.0000,NULL,NULL,NULL,NULL,NULL,NULL,NULL,NULL,0),(40,19,'2021-01-28 10:21:41','2021-01-28 10:21:41',NULL,0,NULL,'billing',NULL,NULL,NULL,NULL,NULL,NULL,NULL,NULL,NULL,NULL,NULL,NULL,NULL,NULL,NULL,0,0,NULL,NULL,0.0000,0.0000,0.0000,0.0000,0.0000,0.0000,0.0000,0.0000,0.0000,0.0000,0.0000,0.0000,0.0000,0.0000,0.0000,NULL,'null',NULL,0.0000,0.0000,0.0000,NULL,0.0000,0.0000,0.0000,NULL,0.0000,0.0000,NULL,NULL,NULL,NULL,NULL,NULL,NULL,NULL,0),(41,19,'2021-01-28 10:21:41','2021-01-28 10:21:41',NULL,0,NULL,'shipping',NULL,NULL,NULL,NULL,NULL,NULL,NULL,NULL,NULL,NULL,NULL,NULL,NULL,NULL,NULL,1,1,NULL,NULL,0.0000,470.0000,470.0000,470.0000,470.0000,0.0000,0.0000,0.0000,0.0000,0.0000,0.0000,0.0000,0.0000,470.0000,470.0000,NULL,'[]',NULL,0.0000,0.0000,470.0000,470.0000,0.0000,0.0000,0.0000,NULL,0.0000,0.0000,NULL,NULL,NULL,NULL,NULL,NULL,NULL,NULL,0),(42,20,'2021-01-28 10:22:32','2021-01-28 10:22:32',NULL,0,NULL,'billing',NULL,NULL,NULL,NULL,NULL,NULL,NULL,NULL,NULL,NULL,NULL,NULL,NULL,NULL,NULL,0,0,NULL,NULL,0.0000,0.0000,0.0000,0.0000,0.0000,0.0000,0.0000,0.0000,0.0000,0.0000,0.0000,0.0000,0.0000,0.0000,0.0000,NULL,'null',NULL,0.0000,0.0000,0.0000,NULL,0.0000,0.0000,0.0000,NULL,0.0000,0.0000,NULL,NULL,NULL,NULL,NULL,NULL,NULL,NULL,0),(43,20,'2021-01-28 10:22:32','2021-01-28 10:22:32',NULL,0,NULL,'shipping',NULL,NULL,NULL,NULL,NULL,NULL,NULL,NULL,NULL,NULL,NULL,NULL,NULL,NULL,NULL,1,0,NULL,NULL,0.0000,105.0000,105.0000,105.0000,105.0000,0.0000,0.0000,0.0000,0.0000,0.0000,0.0000,0.0000,0.0000,105.0000,105.0000,NULL,'[]',NULL,0.0000,0.0000,105.0000,105.0000,0.0000,0.0000,0.0000,NULL,0.0000,0.0000,NULL,NULL,NULL,NULL,NULL,NULL,NULL,NULL,0),(44,21,'2021-01-28 10:26:17','2021-01-28 10:26:17',NULL,0,NULL,'billing',NULL,NULL,NULL,NULL,NULL,NULL,NULL,NULL,NULL,NULL,NULL,NULL,NULL,NULL,NULL,0,0,NULL,NULL,0.0000,0.0000,0.0000,0.0000,0.0000,0.0000,0.0000,0.0000,0.0000,0.0000,0.0000,0.0000,0.0000,0.0000,0.0000,NULL,'null',NULL,0.0000,0.0000,0.0000,NULL,0.0000,0.0000,0.0000,NULL,0.0000,0.0000,NULL,NULL,NULL,NULL,NULL,NULL,NULL,NULL,0),(45,21,'2021-01-28 10:26:17','2021-01-28 10:26:17',NULL,0,NULL,'shipping',NULL,NULL,NULL,NULL,NULL,NULL,NULL,NULL,NULL,NULL,NULL,NULL,NULL,NULL,NULL,1,1,NULL,NULL,0.0000,1449.0000,1449.0000,1449.0000,1449.0000,0.0000,0.0000,0.0000,0.0000,0.0000,0.0000,0.0000,0.0000,1449.0000,1449.0000,NULL,'[]',NULL,0.0000,0.0000,1449.0000,1449.0000,0.0000,0.0000,0.0000,NULL,0.0000,0.0000,NULL,NULL,NULL,NULL,NULL,NULL,NULL,NULL,0),(46,22,'2021-04-12 07:42:39','2021-04-12 07:42:39',NULL,0,NULL,'billing',NULL,NULL,NULL,NULL,NULL,NULL,NULL,NULL,NULL,NULL,NULL,NULL,NULL,NULL,NULL,0,0,NULL,NULL,0.0000,0.0000,0.0000,0.0000,0.0000,0.0000,0.0000,0.0000,0.0000,0.0000,0.0000,0.0000,0.0000,0.0000,0.0000,NULL,'null',NULL,0.0000,0.0000,0.0000,NULL,0.0000,0.0000,0.0000,NULL,0.0000,0.0000,NULL,NULL,NULL,NULL,NULL,NULL,NULL,NULL,0),(47,22,'2021-04-12 07:42:39','2021-04-12 07:42:39',NULL,0,NULL,'shipping',NULL,NULL,NULL,NULL,NULL,NULL,NULL,NULL,NULL,NULL,NULL,NULL,NULL,NULL,NULL,1,1,NULL,NULL,0.0000,324.0000,324.0000,324.0000,324.0000,0.0000,0.0000,0.0000,0.0000,0.0000,0.0000,0.0000,0.0000,324.0000,324.0000,NULL,'[]',NULL,0.0000,0.0000,324.0000,324.0000,0.0000,0.0000,0.0000,NULL,0.0000,0.0000,NULL,NULL,NULL,NULL,NULL,NULL,NULL,NULL,0),(50,24,'2021-04-24 08:10:17','2021-04-24 08:10:17',NULL,0,NULL,'billing',NULL,NULL,NULL,NULL,NULL,NULL,NULL,NULL,NULL,NULL,NULL,NULL,NULL,NULL,NULL,0,0,NULL,NULL,0.0000,0.0000,0.0000,0.0000,0.0000,0.0000,0.0000,0.0000,0.0000,0.0000,0.0000,0.0000,0.0000,0.0000,0.0000,NULL,'null',NULL,0.0000,0.0000,0.0000,NULL,0.0000,0.0000,0.0000,NULL,0.0000,0.0000,NULL,NULL,NULL,NULL,NULL,NULL,NULL,NULL,0),(51,24,'2021-04-24 08:10:17','2021-04-24 08:10:17',NULL,0,NULL,'shipping',NULL,NULL,NULL,NULL,NULL,NULL,NULL,NULL,NULL,NULL,NULL,NULL,NULL,NULL,NULL,1,1,NULL,NULL,0.0000,105.0000,105.0000,105.0000,105.0000,0.0000,0.0000,0.0000,0.0000,0.0000,0.0000,0.0000,0.0000,105.0000,105.0000,NULL,'[]',NULL,0.0000,0.0000,105.0000,105.0000,0.0000,0.0000,0.0000,NULL,0.0000,0.0000,NULL,NULL,NULL,NULL,NULL,NULL,NULL,NULL,0),(56,25,'2021-04-28 02:48:26','2021-04-28 02:48:26',NULL,0,NULL,'billing','aaa@aaa.com',NULL,'cuong',NULL,'cuong',NULL,'magentech','adsfasdf','asdfasdf',NULL,NULL,'10000','RU','123456789',NULL,0,0,NULL,NULL,0.0000,0.0000,0.0000,0.0000,0.0000,0.0000,0.0000,0.0000,0.0000,0.0000,0.0000,0.0000,0.0000,0.0000,0.0000,NULL,'null',NULL,0.0000,0.0000,0.0000,NULL,0.0000,0.0000,0.0000,NULL,0.0000,0.0000,NULL,NULL,NULL,NULL,NULL,NULL,NULL,NULL,0),(57,25,'2021-04-28 02:48:26','2021-04-28 02:48:51',NULL,0,NULL,'shipping',NULL,NULL,'cuong',NULL,'cuong',NULL,'magentech','adsfasdf','asdfasdf',NULL,NULL,'10000','RU','123456789',NULL,0,0,'flatrate_flatrate','Flat Rate - Fixed',0.0000,220.0000,220.0000,220.0000,220.0000,0.0000,0.0000,5.0000,5.0000,0.0000,0.0000,0.0000,0.0000,225.0000,225.0000,NULL,'[]',NULL,0.0000,0.0000,220.0000,220.0000,0.0000,0.0000,0.0000,NULL,5.0000,5.0000,NULL,NULL,NULL,NULL,NULL,NULL,NULL,NULL,0),(58,26,'2021-04-28 02:49:45','2021-04-28 02:49:45',NULL,0,NULL,'billing','asdfasdf@aa.com',NULL,'cuong',NULL,'cuong',NULL,'magentech','ádasdf','ádfasdf',NULL,NULL,'10000','TO','123456789',NULL,0,0,NULL,NULL,0.0000,0.0000,0.0000,0.0000,0.0000,0.0000,0.0000,0.0000,0.0000,0.0000,0.0000,0.0000,0.0000,0.0000,0.0000,NULL,'null',NULL,0.0000,0.0000,0.0000,NULL,0.0000,0.0000,0.0000,NULL,0.0000,0.0000,NULL,NULL,NULL,NULL,NULL,NULL,NULL,NULL,0),(59,26,'2021-04-28 02:49:45','2021-04-28 02:50:14',NULL,0,NULL,'shipping',NULL,NULL,'cuong',NULL,'cuong',NULL,'magentech','ádasdf','ádfasdf',NULL,NULL,'10000','TO','123456789',NULL,0,0,'flatrate_flatrate','Flat Rate - Fixed',0.0000,220.0000,220.0000,220.0000,220.0000,0.0000,0.0000,5.0000,5.0000,0.0000,0.0000,0.0000,0.0000,225.0000,225.0000,NULL,'[]',NULL,0.0000,0.0000,220.0000,220.0000,0.0000,0.0000,0.0000,NULL,5.0000,5.0000,NULL,NULL,NULL,NULL,NULL,NULL,NULL,NULL,0),(60,27,'2021-04-28 02:58:28','2021-04-28 02:58:28',NULL,0,NULL,'billing','adsfasdf@eee.com',NULL,'cuong',NULL,'cuong',NULL,'asdfasdf','ádfàd','asdfasdf',NULL,NULL,'10000','TN','123456789',NULL,0,0,NULL,NULL,0.0000,0.0000,0.0000,0.0000,0.0000,0.0000,0.0000,0.0000,0.0000,0.0000,0.0000,0.0000,0.0000,0.0000,0.0000,NULL,'null',NULL,0.0000,0.0000,0.0000,NULL,0.0000,0.0000,0.0000,NULL,0.0000,0.0000,NULL,NULL,NULL,NULL,NULL,NULL,NULL,NULL,0),(61,27,'2021-04-28 02:58:28','2021-04-28 02:59:00',NULL,0,NULL,'shipping',NULL,NULL,'cuong',NULL,'cuong',NULL,'asdfasdf','ádfàd','asdfasdf',NULL,NULL,'10000','TN','123456789',NULL,0,0,'flatrate_flatrate','Flat Rate - Fixed',0.0000,220.0000,220.0000,220.0000,220.0000,0.0000,0.0000,5.0000,5.0000,0.0000,0.0000,0.0000,0.0000,225.0000,225.0000,NULL,'[]',NULL,0.0000,0.0000,220.0000,220.0000,0.0000,0.0000,0.0000,NULL,5.0000,5.0000,NULL,NULL,NULL,NULL,NULL,NULL,NULL,NULL,0),(62,28,'2021-04-28 03:11:14','2021-04-28 03:11:14',NULL,0,NULL,'billing',NULL,NULL,NULL,NULL,NULL,NULL,NULL,NULL,NULL,NULL,NULL,NULL,NULL,NULL,NULL,0,0,NULL,NULL,0.0000,0.0000,0.0000,0.0000,0.0000,0.0000,0.0000,0.0000,0.0000,0.0000,0.0000,0.0000,0.0000,0.0000,0.0000,NULL,'null',NULL,0.0000,0.0000,0.0000,NULL,0.0000,0.0000,0.0000,NULL,0.0000,0.0000,NULL,NULL,NULL,NULL,NULL,NULL,NULL,NULL,0),(63,28,'2021-04-28 03:11:14','2021-04-28 03:11:14',NULL,0,NULL,'shipping',NULL,NULL,NULL,NULL,NULL,NULL,NULL,NULL,NULL,NULL,NULL,NULL,NULL,NULL,NULL,1,0,NULL,NULL,0.0000,220.0000,220.0000,220.0000,220.0000,0.0000,0.0000,0.0000,0.0000,0.0000,0.0000,0.0000,0.0000,220.0000,220.0000,NULL,'[]',NULL,0.0000,0.0000,220.0000,220.0000,0.0000,0.0000,0.0000,NULL,0.0000,0.0000,NULL,NULL,NULL,NULL,NULL,NULL,NULL,NULL,0),(64,29,'2021-04-28 03:14:25','2021-04-28 03:14:25',NULL,0,NULL,'billing','asdfasdf@aaa.com',NULL,'adsfasdf',NULL,'asdfasdf',NULL,'asdfasdf','adsfasdf','asdfasdf',NULL,NULL,'10000','TH','123456789',NULL,0,0,NULL,NULL,0.0000,0.0000,0.0000,0.0000,0.0000,0.0000,0.0000,0.0000,0.0000,0.0000,0.0000,0.0000,0.0000,0.0000,0.0000,NULL,'null',NULL,0.0000,0.0000,0.0000,NULL,0.0000,0.0000,0.0000,NULL,0.0000,0.0000,NULL,NULL,NULL,NULL,NULL,NULL,NULL,NULL,0),(65,29,'2021-04-28 03:14:25','2021-04-28 03:14:55',NULL,0,NULL,'shipping',NULL,NULL,'adsfasdf',NULL,'asdfasdf',NULL,'asdfasdf','adsfasdf','asdfasdf',NULL,NULL,'10000','TH','123456789',NULL,0,0,'flatrate_flatrate','Flat Rate - Fixed',0.0000,220.0000,220.0000,220.0000,220.0000,0.0000,0.0000,5.0000,5.0000,0.0000,0.0000,0.0000,0.0000,225.0000,225.0000,NULL,'[]',NULL,0.0000,0.0000,220.0000,220.0000,0.0000,0.0000,0.0000,NULL,5.0000,5.0000,NULL,NULL,NULL,NULL,NULL,NULL,NULL,NULL,0),(66,30,'2021-04-28 03:15:52','2021-04-28 03:15:52',NULL,0,NULL,'billing','asdfasdf@asdf.com',NULL,'asdfasdf',NULL,'asdfasdf',NULL,NULL,'asdfasdf','asdfasdf',NULL,NULL,'10000','TZ','123456789',NULL,0,0,NULL,NULL,0.0000,0.0000,0.0000,0.0000,0.0000,0.0000,0.0000,0.0000,0.0000,0.0000,0.0000,0.0000,0.0000,0.0000,0.0000,NULL,'null',NULL,0.0000,0.0000,0.0000,NULL,0.0000,0.0000,0.0000,NULL,0.0000,0.0000,NULL,NULL,NULL,NULL,NULL,NULL,NULL,NULL,0),(67,30,'2021-04-28 03:15:52','2021-04-28 03:16:16',NULL,0,NULL,'shipping',NULL,NULL,'asdfasdf',NULL,'asdfasdf',NULL,NULL,'asdfasdf','asdfasdf',NULL,NULL,'10000','TZ','123456789',NULL,0,0,'flatrate_flatrate','Flat Rate - Fixed',0.0000,220.0000,220.0000,220.0000,220.0000,0.0000,0.0000,5.0000,5.0000,0.0000,0.0000,0.0000,0.0000,225.0000,225.0000,NULL,'[]',NULL,0.0000,0.0000,220.0000,220.0000,0.0000,0.0000,0.0000,NULL,5.0000,5.0000,NULL,NULL,NULL,NULL,NULL,NULL,NULL,NULL,0),(68,31,'2021-04-28 03:25:44','2021-04-28 03:25:44',NULL,0,NULL,'billing','admin@asdfasdf.com',NULL,'asdfasdf',NULL,'sdfasdfa',NULL,'asdfasdf','asdfasdf','asdfasdf',NULL,NULL,'10000','TV','123456789',NULL,0,0,NULL,NULL,0.0000,0.0000,0.0000,0.0000,0.0000,0.0000,0.0000,0.0000,0.0000,0.0000,0.0000,0.0000,0.0000,0.0000,0.0000,NULL,'null',NULL,0.0000,0.0000,0.0000,NULL,0.0000,0.0000,0.0000,NULL,0.0000,0.0000,NULL,NULL,NULL,NULL,NULL,NULL,NULL,NULL,0),(69,31,'2021-04-28 03:25:44','2021-04-28 03:26:29',NULL,0,NULL,'shipping',NULL,NULL,'asdfasdf',NULL,'sdfasdfa',NULL,'asdfasdf','asdfasdf','asdfasdf',NULL,NULL,'10000','TV','123456789',NULL,0,0,'flatrate_flatrate','Flat Rate - Fixed',0.0000,220.0000,220.0000,220.0000,220.0000,0.0000,0.0000,5.0000,5.0000,0.0000,0.0000,0.0000,0.0000,225.0000,225.0000,NULL,'[]',NULL,0.0000,0.0000,220.0000,220.0000,0.0000,0.0000,0.0000,NULL,5.0000,5.0000,NULL,NULL,NULL,NULL,NULL,NULL,NULL,NULL,0),(72,3,'2021-04-28 03:30:54','2021-04-28 03:30:54',1,NULL,1,'billing','cuongtd@ytcvn.com',NULL,'Magentech',NULL,'Magentech',NULL,'Magentech','Magentech','Ha Noi',NULL,NULL,'10000','VN','123456789',NULL,0,0,NULL,NULL,0.0000,0.0000,0.0000,0.0000,0.0000,0.0000,0.0000,0.0000,0.0000,0.0000,0.0000,0.0000,0.0000,0.0000,0.0000,NULL,'null',NULL,0.0000,0.0000,0.0000,NULL,0.0000,0.0000,0.0000,NULL,0.0000,0.0000,NULL,NULL,NULL,NULL,NULL,NULL,NULL,NULL,0),(74,33,'2021-04-28 03:31:30','2021-06-02 04:52:31',1,0,1,'shipping','cuongtd@ytcvn.com',NULL,'Magentech',NULL,'Magentech',NULL,'Magentech','Magentech','Ha Noi',NULL,NULL,'10000','VN','123456789',NULL,0,0,'flatrate_flatrate','Flat Rate - Fixed',0.0000,2651.0000,2651.0000,2651.0000,2651.0000,0.0000,0.0000,85.0000,85.0000,0.0000,0.0000,0.0000,0.0000,2736.0000,2736.0000,NULL,'[]',NULL,0.0000,0.0000,2651.0000,2651.0000,0.0000,0.0000,0.0000,NULL,85.0000,85.0000,NULL,NULL,NULL,NULL,NULL,NULL,NULL,NULL,0),(75,34,'2021-04-28 03:33:12','2021-04-28 03:33:12',NULL,0,NULL,'billing','asdf@rrr.com',NULL,'asdfasdf',NULL,'asdfasdf',NULL,NULL,'asdfasdf','asdfasdf',NULL,NULL,'10000','TR','123456789',NULL,0,0,NULL,NULL,0.0000,0.0000,0.0000,0.0000,0.0000,0.0000,0.0000,0.0000,0.0000,0.0000,0.0000,0.0000,0.0000,0.0000,0.0000,NULL,'null',NULL,0.0000,0.0000,0.0000,NULL,0.0000,0.0000,0.0000,NULL,0.0000,0.0000,NULL,NULL,NULL,NULL,NULL,NULL,NULL,NULL,0),(76,34,'2021-04-28 03:33:12','2021-04-28 03:33:37',NULL,0,NULL,'shipping',NULL,NULL,'asdfasdf',NULL,'asdfasdf',NULL,NULL,'asdfasdf','asdfasdf',NULL,NULL,'10000','TR','123456789',NULL,0,0,'flatrate_flatrate','Flat Rate - Fixed',0.0000,220.0000,220.0000,220.0000,220.0000,0.0000,0.0000,5.0000,5.0000,0.0000,0.0000,0.0000,0.0000,225.0000,225.0000,NULL,'[]',NULL,0.0000,0.0000,220.0000,220.0000,0.0000,0.0000,0.0000,NULL,5.0000,5.0000,NULL,NULL,NULL,NULL,NULL,NULL,NULL,NULL,0),(77,35,'2021-04-28 03:34:34','2021-04-28 03:34:34',NULL,0,NULL,'billing','asdfasf@eee.com',NULL,'adsfasdf',NULL,'adsfasdf',NULL,NULL,'asdfasdf','adsfasdfasf',NULL,NULL,'123456','TM','123456789',NULL,0,0,NULL,NULL,0.0000,0.0000,0.0000,0.0000,0.0000,0.0000,0.0000,0.0000,0.0000,0.0000,0.0000,0.0000,0.0000,0.0000,0.0000,NULL,'null',NULL,0.0000,0.0000,0.0000,NULL,0.0000,0.0000,0.0000,NULL,0.0000,0.0000,NULL,NULL,NULL,NULL,NULL,NULL,NULL,NULL,0),(78,35,'2021-04-28 03:34:34','2021-04-28 03:35:09',NULL,0,NULL,'shipping',NULL,NULL,'adsfasdf',NULL,'adsfasdf',NULL,NULL,'asdfasdf','adsfasdfasf',NULL,NULL,'123456','TM','123456789',NULL,0,0,'flatrate_flatrate','Flat Rate - Fixed',0.0000,220.0000,220.0000,220.0000,220.0000,0.0000,0.0000,5.0000,5.0000,0.0000,0.0000,0.0000,0.0000,225.0000,225.0000,NULL,'[]',NULL,0.0000,0.0000,220.0000,220.0000,0.0000,0.0000,0.0000,NULL,5.0000,5.0000,NULL,NULL,NULL,NULL,NULL,NULL,NULL,NULL,0),(79,36,'2021-04-28 03:39:24','2021-04-28 03:39:24',NULL,0,NULL,'billing','asdfasdf@aas.com',NULL,'adsfasdf',NULL,'adsfasdf',NULL,NULL,'sdfasdf','asdfasdf',NULL,NULL,'10000','TL','123456789',NULL,0,0,NULL,NULL,0.0000,0.0000,0.0000,0.0000,0.0000,0.0000,0.0000,0.0000,0.0000,0.0000,0.0000,0.0000,0.0000,0.0000,0.0000,NULL,'null',NULL,0.0000,0.0000,0.0000,NULL,0.0000,0.0000,0.0000,NULL,0.0000,0.0000,NULL,NULL,NULL,NULL,NULL,NULL,NULL,NULL,0),(80,36,'2021-04-28 03:39:24','2021-04-28 03:39:53',NULL,0,NULL,'shipping',NULL,NULL,'adsfasdf',NULL,'adsfasdf',NULL,NULL,'sdfasdf','asdfasdf',NULL,NULL,'10000','TL','123456789',NULL,0,0,'flatrate_flatrate','Flat Rate - Fixed',0.0000,220.0000,220.0000,220.0000,220.0000,0.0000,0.0000,5.0000,5.0000,0.0000,0.0000,0.0000,0.0000,225.0000,225.0000,NULL,'[]',NULL,0.0000,0.0000,220.0000,220.0000,0.0000,0.0000,0.0000,NULL,5.0000,5.0000,NULL,NULL,NULL,NULL,NULL,NULL,NULL,NULL,0),(81,37,'2021-04-28 03:40:54','2021-04-28 03:40:54',NULL,0,NULL,'billing','asdfasfd@uuu.com',NULL,'asdfasdf',NULL,'asdfasdf',NULL,NULL,'asdfasdf','asdfasdf',NULL,NULL,'10000','TC','123456789',NULL,0,0,NULL,NULL,0.0000,0.0000,0.0000,0.0000,0.0000,0.0000,0.0000,0.0000,0.0000,0.0000,0.0000,0.0000,0.0000,0.0000,0.0000,NULL,'null',NULL,0.0000,0.0000,0.0000,NULL,0.0000,0.0000,0.0000,NULL,0.0000,0.0000,NULL,NULL,NULL,NULL,NULL,NULL,NULL,NULL,0),(82,37,'2021-04-28 03:40:54','2021-04-28 03:41:19',NULL,0,NULL,'shipping',NULL,NULL,'asdfasdf',NULL,'asdfasdf',NULL,NULL,'asdfasdf','asdfasdf',NULL,NULL,'10000','TC','123456789',NULL,0,0,'flatrate_flatrate','Flat Rate - Fixed',0.0000,220.0000,220.0000,220.0000,220.0000,0.0000,0.0000,5.0000,5.0000,0.0000,0.0000,0.0000,0.0000,225.0000,225.0000,NULL,'[]',NULL,0.0000,0.0000,220.0000,220.0000,0.0000,0.0000,0.0000,NULL,5.0000,5.0000,NULL,NULL,NULL,NULL,NULL,NULL,NULL,NULL,0),(83,38,'2021-04-28 03:44:19','2021-04-28 03:44:19',NULL,0,NULL,'billing','adfasdfasd@asdfasdf.com',NULL,'asdfasdf',NULL,'asdfasdf',NULL,NULL,'asdfasdf','asdfasdf',NULL,NULL,'123456','TJ','123456789',NULL,0,0,NULL,NULL,0.0000,0.0000,0.0000,0.0000,0.0000,0.0000,0.0000,0.0000,0.0000,0.0000,0.0000,0.0000,0.0000,0.0000,0.0000,NULL,'null',NULL,0.0000,0.0000,0.0000,NULL,0.0000,0.0000,0.0000,NULL,0.0000,0.0000,NULL,NULL,NULL,NULL,NULL,NULL,NULL,NULL,0),(84,38,'2021-04-28 03:44:19','2021-04-28 03:44:49',NULL,0,NULL,'shipping',NULL,NULL,'asdfasdf',NULL,'asdfasdf',NULL,NULL,'asdfasdf','asdfasdf',NULL,NULL,'123456','TJ','123456789',NULL,0,0,'flatrate_flatrate','Flat Rate - Fixed',0.0000,250.0000,250.0000,250.0000,250.0000,0.0000,0.0000,5.0000,5.0000,0.0000,0.0000,0.0000,0.0000,255.0000,255.0000,NULL,'[]',NULL,0.0000,0.0000,250.0000,250.0000,0.0000,0.0000,0.0000,NULL,5.0000,5.0000,NULL,NULL,NULL,NULL,NULL,NULL,NULL,NULL,0),(85,39,'2021-04-28 03:57:05','2021-04-28 03:57:05',NULL,0,NULL,'billing','asdfasf@asaa.com',NULL,'asadsfasdf',NULL,'adsfasdf',NULL,NULL,'asdfasf','asdfasdf',NULL,NULL,'10000','AE','123456789',NULL,0,0,NULL,NULL,0.0000,0.0000,0.0000,0.0000,0.0000,0.0000,0.0000,0.0000,0.0000,0.0000,0.0000,0.0000,0.0000,0.0000,0.0000,NULL,'null',NULL,0.0000,0.0000,0.0000,NULL,0.0000,0.0000,0.0000,NULL,0.0000,0.0000,NULL,NULL,NULL,NULL,NULL,NULL,NULL,NULL,0),(86,39,'2021-04-28 03:57:05','2021-04-28 04:37:37',NULL,0,NULL,'shipping',NULL,NULL,'asadsfasdf',NULL,'adsfasdf',NULL,NULL,'asdfasf','asdfasdf',NULL,NULL,'10000','AE','123456789',NULL,0,0,'flatrate_flatrate','Flat Rate - Fixed',0.0000,220.0000,220.0000,220.0000,220.0000,0.0000,0.0000,5.0000,5.0000,0.0000,0.0000,0.0000,0.0000,225.0000,225.0000,NULL,'[]',NULL,0.0000,0.0000,220.0000,220.0000,0.0000,0.0000,0.0000,NULL,5.0000,5.0000,NULL,NULL,NULL,NULL,NULL,NULL,NULL,NULL,0),(89,40,'2021-04-28 04:53:21','2021-04-28 04:53:21',NULL,0,NULL,'billing','asdfasf@a.com',NULL,'asdf',NULL,'asdf',NULL,NULL,'asdfsf','asdfasdf',NULL,NULL,'12345','TH','123456789',NULL,0,0,NULL,NULL,0.0000,0.0000,0.0000,0.0000,0.0000,0.0000,0.0000,0.0000,0.0000,0.0000,0.0000,0.0000,0.0000,0.0000,0.0000,NULL,'null',NULL,0.0000,0.0000,0.0000,NULL,0.0000,0.0000,0.0000,NULL,0.0000,0.0000,NULL,NULL,NULL,NULL,NULL,NULL,NULL,NULL,0),(90,40,'2021-04-28 04:53:21','2021-04-28 04:53:49',NULL,0,NULL,'shipping',NULL,NULL,'asdf',NULL,'asdf',NULL,NULL,'asdfsf','asdfasdf',NULL,NULL,'12345','TH','123456789',NULL,0,0,'flatrate_flatrate','Flat Rate - Fixed',0.0000,220.0000,220.0000,220.0000,220.0000,0.0000,0.0000,5.0000,5.0000,0.0000,0.0000,0.0000,0.0000,225.0000,225.0000,NULL,'[]',NULL,0.0000,0.0000,220.0000,220.0000,0.0000,0.0000,0.0000,NULL,5.0000,5.0000,NULL,NULL,NULL,NULL,NULL,NULL,NULL,NULL,0),(91,41,'2021-04-28 04:54:06','2021-04-28 04:54:06',NULL,0,NULL,'billing','asdfasdf@aaaa.com',NULL,'asdfasdf',NULL,'asdfasdf',NULL,NULL,'asdfasdf','adsfasdf',NULL,NULL,'123456','TZ','123456789',NULL,0,0,NULL,NULL,0.0000,0.0000,0.0000,0.0000,0.0000,0.0000,0.0000,0.0000,0.0000,0.0000,0.0000,0.0000,0.0000,0.0000,0.0000,NULL,'null',NULL,0.0000,0.0000,0.0000,NULL,0.0000,0.0000,0.0000,NULL,0.0000,0.0000,NULL,NULL,NULL,NULL,NULL,NULL,NULL,NULL,0),(92,41,'2021-04-28 04:54:06','2021-04-28 04:54:44',NULL,0,NULL,'shipping',NULL,NULL,'asdfasdf',NULL,'asdfasdf',NULL,NULL,'asdfasdf','adsfasdf',NULL,NULL,'123456','TZ','123456789',NULL,0,0,'flatrate_flatrate','Flat Rate - Fixed',0.0000,220.0000,220.0000,220.0000,220.0000,0.0000,0.0000,5.0000,5.0000,0.0000,0.0000,0.0000,0.0000,225.0000,225.0000,NULL,'[]',NULL,0.0000,0.0000,220.0000,220.0000,0.0000,0.0000,0.0000,NULL,5.0000,5.0000,NULL,NULL,NULL,NULL,NULL,NULL,NULL,NULL,0),(93,42,'2021-04-28 04:57:54','2021-04-28 04:57:54',NULL,0,NULL,'billing','asdfasdf@aaaa.com',NULL,'asdfasdf',NULL,'asdfasdf',NULL,NULL,'asdfasdf','asdfasdf',NULL,NULL,'123456','TT','123456789',NULL,0,0,NULL,NULL,0.0000,0.0000,0.0000,0.0000,0.0000,0.0000,0.0000,0.0000,0.0000,0.0000,0.0000,0.0000,0.0000,0.0000,0.0000,NULL,'null',NULL,0.0000,0.0000,0.0000,NULL,0.0000,0.0000,0.0000,NULL,0.0000,0.0000,NULL,NULL,NULL,NULL,NULL,NULL,NULL,NULL,0),(94,42,'2021-04-28 04:57:54','2021-04-28 04:58:24',NULL,0,NULL,'shipping',NULL,NULL,'asdfasdf',NULL,'asdfasdf',NULL,NULL,'asdfasdf','asdfasdf',NULL,NULL,'123456','TT','123456789',NULL,0,0,'flatrate_flatrate','Flat Rate - Fixed',0.0000,220.0000,220.0000,220.0000,220.0000,0.0000,0.0000,5.0000,5.0000,0.0000,0.0000,0.0000,0.0000,225.0000,225.0000,NULL,'[]',NULL,0.0000,0.0000,220.0000,220.0000,0.0000,0.0000,0.0000,NULL,5.0000,5.0000,NULL,NULL,NULL,NULL,NULL,NULL,NULL,NULL,0),(95,43,'2021-04-28 07:17:16','2021-04-28 07:17:16',NULL,0,NULL,'billing','fasdf@ass.com',NULL,'asdfasf',NULL,'adsfasdf',NULL,NULL,'asdfsadf','asdfasdf',NULL,NULL,'123456','TG','123456789',NULL,0,0,NULL,NULL,0.0000,0.0000,0.0000,0.0000,0.0000,0.0000,0.0000,0.0000,0.0000,0.0000,0.0000,0.0000,0.0000,0.0000,0.0000,NULL,'null',NULL,0.0000,0.0000,0.0000,NULL,0.0000,0.0000,0.0000,NULL,0.0000,0.0000,NULL,NULL,NULL,NULL,NULL,NULL,NULL,NULL,0),(96,43,'2021-04-28 07:17:16','2021-04-28 07:17:47',NULL,0,NULL,'shipping',NULL,NULL,'asdfasf',NULL,'adsfasdf',NULL,NULL,'asdfsadf','asdfasdf',NULL,NULL,'123456','TG','123456789',NULL,0,0,'flatrate_flatrate','Flat Rate - Fixed',0.0000,220.0000,220.0000,220.0000,220.0000,0.0000,0.0000,5.0000,5.0000,0.0000,0.0000,0.0000,0.0000,225.0000,225.0000,NULL,'[]',NULL,0.0000,0.0000,220.0000,220.0000,0.0000,0.0000,0.0000,NULL,5.0000,5.0000,NULL,NULL,NULL,NULL,NULL,NULL,NULL,NULL,0),(97,44,'2021-04-28 07:19:03','2021-04-28 07:19:03',NULL,0,NULL,'billing','asdfasdf@aaa.com',NULL,'asdfasdf',NULL,'asdfasdf',NULL,NULL,'asdfasdf','adsfasdf',NULL,NULL,'123456','TZ','123456789',NULL,0,0,NULL,NULL,0.0000,0.0000,0.0000,0.0000,0.0000,0.0000,0.0000,0.0000,0.0000,0.0000,0.0000,0.0000,0.0000,0.0000,0.0000,NULL,'null',NULL,0.0000,0.0000,0.0000,NULL,0.0000,0.0000,0.0000,NULL,0.0000,0.0000,NULL,NULL,NULL,NULL,NULL,NULL,NULL,NULL,0),(98,44,'2021-04-28 07:19:03','2021-04-28 07:19:33',NULL,0,NULL,'shipping',NULL,NULL,'asdfasdf',NULL,'asdfasdf',NULL,NULL,'asdfasdf','adsfasdf',NULL,NULL,'123456','TZ','123456789',NULL,0,0,'flatrate_flatrate','Flat Rate - Fixed',0.0000,220.0000,220.0000,220.0000,220.0000,0.0000,0.0000,5.0000,5.0000,0.0000,0.0000,0.0000,0.0000,225.0000,225.0000,NULL,'[]',NULL,0.0000,0.0000,220.0000,220.0000,0.0000,0.0000,0.0000,NULL,5.0000,5.0000,NULL,NULL,NULL,NULL,NULL,NULL,NULL,NULL,0),(99,45,'2021-05-28 04:02:43','2021-05-28 04:02:43',NULL,0,NULL,'billing',NULL,NULL,NULL,NULL,NULL,NULL,NULL,NULL,NULL,NULL,NULL,NULL,NULL,NULL,NULL,0,0,NULL,NULL,0.0000,0.0000,0.0000,0.0000,0.0000,0.0000,0.0000,0.0000,0.0000,0.0000,0.0000,0.0000,0.0000,0.0000,0.0000,NULL,'null',NULL,0.0000,0.0000,0.0000,NULL,0.0000,0.0000,0.0000,NULL,0.0000,0.0000,NULL,NULL,NULL,NULL,NULL,NULL,NULL,NULL,0),(100,45,'2021-05-28 04:02:43','2021-05-28 04:02:43',NULL,0,NULL,'shipping',NULL,NULL,NULL,NULL,NULL,NULL,NULL,NULL,NULL,NULL,NULL,NULL,NULL,NULL,NULL,1,1,NULL,NULL,0.0000,532.0000,532.0000,532.0000,532.0000,0.0000,0.0000,0.0000,0.0000,0.0000,0.0000,0.0000,0.0000,532.0000,532.0000,NULL,'[]',NULL,0.0000,0.0000,532.0000,532.0000,0.0000,0.0000,0.0000,NULL,0.0000,0.0000,NULL,NULL,NULL,NULL,NULL,NULL,NULL,NULL,0),(103,33,'2021-06-02 04:52:36','2021-06-02 04:52:36',1,NULL,1,'billing','cuongtd@ytcvn.com',NULL,'Magentech',NULL,'Magentech',NULL,'Magentech','Magentech','Ha Noi',NULL,NULL,'10000','VN','123456789',NULL,0,0,NULL,NULL,0.0000,0.0000,0.0000,0.0000,0.0000,0.0000,0.0000,0.0000,0.0000,0.0000,0.0000,0.0000,0.0000,0.0000,0.0000,NULL,'null',NULL,0.0000,0.0000,0.0000,NULL,0.0000,0.0000,0.0000,NULL,0.0000,0.0000,NULL,NULL,NULL,NULL,NULL,NULL,NULL,NULL,0),(105,47,'2021-06-02 05:15:20','2021-06-02 05:15:58',1,0,1,'shipping','cuongtd@ytcvn.com',NULL,'Magentech',NULL,'Magentech',NULL,'Magentech','Magentech','Ha Noi',NULL,NULL,'10000','VN','123456789',NULL,0,0,'flatrate_flatrate','Flat Rate - Fixed',0.0000,1977.0000,1977.0000,1977.0000,1977.0000,0.0000,0.0000,35.0000,35.0000,0.0000,0.0000,0.0000,0.0000,2012.0000,2012.0000,NULL,'[]',NULL,0.0000,0.0000,1977.0000,1977.0000,0.0000,0.0000,0.0000,NULL,35.0000,35.0000,NULL,NULL,NULL,NULL,NULL,NULL,NULL,NULL,0),(106,47,'2021-06-02 05:16:05','2021-06-02 05:16:05',1,NULL,1,'billing','cuongtd@ytcvn.com',NULL,'Magentech',NULL,'Magentech',NULL,'Magentech','Magentech','Ha Noi',NULL,NULL,'10000','VN','123456789',NULL,0,0,NULL,NULL,0.0000,0.0000,0.0000,0.0000,0.0000,0.0000,0.0000,0.0000,0.0000,0.0000,0.0000,0.0000,0.0000,0.0000,0.0000,NULL,'null',NULL,0.0000,0.0000,0.0000,NULL,0.0000,0.0000,0.0000,NULL,0.0000,0.0000,NULL,NULL,NULL,NULL,NULL,NULL,NULL,NULL,0),(108,48,'2021-06-08 08:09:38','2021-06-08 08:11:15',1,0,1,'shipping','cuongtd@ytcvn.com',NULL,'Magentech',NULL,'Magentech',NULL,'Magentech','Magentech','Ha Noi',NULL,NULL,'10000','VN','123456789',NULL,0,0,'flatrate_flatrate','Flat Rate - Fixed',0.0000,28380.0000,28380.0000,28380.0000,28380.0000,0.0000,0.0000,600.0000,600.0000,0.0000,0.0000,0.0000,0.0000,28980.0000,28980.0000,NULL,'[]',NULL,0.0000,0.0000,28380.0000,28380.0000,0.0000,0.0000,0.0000,NULL,600.0000,600.0000,NULL,NULL,NULL,NULL,NULL,NULL,NULL,NULL,0),(109,48,'2021-06-08 08:11:22','2021-06-08 08:11:22',1,NULL,1,'billing','cuongtd@ytcvn.com',NULL,'Magentech',NULL,'Magentech',NULL,'Magentech','Magentech','Ha Noi',NULL,NULL,'10000','VN','123456789',NULL,0,0,NULL,NULL,0.0000,0.0000,0.0000,0.0000,0.0000,0.0000,0.0000,0.0000,0.0000,0.0000,0.0000,0.0000,0.0000,0.0000,0.0000,NULL,'null',NULL,0.0000,0.0000,0.0000,NULL,0.0000,0.0000,0.0000,NULL,0.0000,0.0000,NULL,NULL,NULL,NULL,NULL,NULL,NULL,NULL,0),(111,49,'2021-06-14 08:26:08','2021-07-15 09:11:18',1,0,1,'shipping','cuongtd@ytcvn.com',NULL,'Magentech',NULL,'Magentech',NULL,'Magentech','Magentech','Ha Noi',NULL,NULL,'10000','VN','123456789',NULL,0,0,'flatrate_flatrate','Flat Rate - Fixed',0.0000,8334.0000,8334.0000,8334.0000,8334.0000,0.0000,0.0000,155.0000,155.0000,0.0000,0.0000,0.0000,0.0000,8489.0000,8489.0000,NULL,'[]',NULL,0.0000,0.0000,8334.0000,8334.0000,0.0000,0.0000,0.0000,NULL,155.0000,155.0000,NULL,NULL,NULL,NULL,NULL,NULL,NULL,NULL,0),(112,50,'2021-06-19 03:26:31','2021-06-19 03:26:31',NULL,0,NULL,'billing',NULL,NULL,NULL,NULL,NULL,NULL,NULL,NULL,NULL,NULL,NULL,NULL,NULL,NULL,NULL,0,0,NULL,NULL,0.0000,0.0000,0.0000,0.0000,0.0000,0.0000,0.0000,0.0000,0.0000,0.0000,0.0000,0.0000,0.0000,0.0000,0.0000,NULL,'null',NULL,0.0000,0.0000,0.0000,NULL,0.0000,0.0000,0.0000,NULL,0.0000,0.0000,NULL,NULL,NULL,NULL,NULL,NULL,NULL,NULL,0),(113,50,'2021-06-19 03:26:31','2021-06-19 03:26:31',NULL,0,NULL,'shipping',NULL,NULL,NULL,NULL,NULL,NULL,NULL,NULL,NULL,NULL,NULL,NULL,NULL,NULL,NULL,1,0,NULL,NULL,0.0000,110.0000,110.0000,110.0000,110.0000,0.0000,0.0000,0.0000,0.0000,0.0000,0.0000,0.0000,0.0000,110.0000,110.0000,NULL,'[]',NULL,0.0000,0.0000,110.0000,110.0000,0.0000,0.0000,0.0000,NULL,0.0000,0.0000,NULL,NULL,NULL,NULL,NULL,NULL,NULL,NULL,0),(116,51,'2021-07-01 10:34:36','2021-07-01 10:34:36',NULL,0,NULL,'billing',NULL,NULL,NULL,NULL,NULL,NULL,NULL,NULL,NULL,NULL,NULL,NULL,NULL,NULL,NULL,0,0,NULL,NULL,0.0000,0.0000,0.0000,0.0000,0.0000,0.0000,0.0000,0.0000,0.0000,0.0000,0.0000,0.0000,0.0000,0.0000,0.0000,NULL,'null',NULL,0.0000,0.0000,0.0000,NULL,0.0000,0.0000,0.0000,NULL,0.0000,0.0000,NULL,NULL,NULL,NULL,NULL,NULL,NULL,NULL,0),(117,51,'2021-07-01 10:34:37','2021-07-01 10:34:37',NULL,0,NULL,'shipping',NULL,NULL,NULL,NULL,NULL,NULL,NULL,NULL,NULL,NULL,NULL,NULL,NULL,NULL,NULL,1,0,NULL,NULL,0.0000,180.0000,180.0000,180.0000,180.0000,0.0000,0.0000,0.0000,0.0000,0.0000,0.0000,0.0000,0.0000,180.0000,180.0000,NULL,'[]',NULL,0.0000,0.0000,180.0000,180.0000,0.0000,0.0000,0.0000,NULL,0.0000,0.0000,NULL,NULL,NULL,NULL,NULL,NULL,NULL,NULL,0),(118,52,'2021-07-02 05:00:52','2021-07-02 05:00:52',NULL,0,NULL,'billing',NULL,NULL,NULL,NULL,NULL,NULL,NULL,NULL,NULL,NULL,NULL,NULL,NULL,NULL,NULL,0,0,NULL,NULL,0.0000,0.0000,0.0000,0.0000,0.0000,0.0000,0.0000,0.0000,0.0000,0.0000,0.0000,0.0000,0.0000,0.0000,0.0000,NULL,'null',NULL,0.0000,0.0000,0.0000,NULL,0.0000,0.0000,0.0000,NULL,0.0000,0.0000,NULL,NULL,NULL,NULL,NULL,NULL,NULL,NULL,0),(119,52,'2021-07-02 05:00:53','2021-07-02 05:00:53',NULL,0,NULL,'shipping',NULL,NULL,NULL,NULL,NULL,NULL,NULL,NULL,NULL,NULL,NULL,NULL,NULL,NULL,NULL,1,0,NULL,NULL,0.0000,500.0000,500.0000,500.0000,500.0000,0.0000,0.0000,0.0000,0.0000,0.0000,0.0000,0.0000,0.0000,500.0000,500.0000,NULL,'[]',NULL,0.0000,0.0000,500.0000,500.0000,0.0000,0.0000,0.0000,NULL,0.0000,0.0000,NULL,NULL,NULL,NULL,NULL,NULL,NULL,NULL,0),(120,53,'2021-07-02 07:43:46','2021-07-02 07:43:46',NULL,0,NULL,'billing',NULL,NULL,NULL,NULL,NULL,NULL,NULL,NULL,NULL,NULL,NULL,NULL,NULL,NULL,NULL,0,0,NULL,NULL,0.0000,0.0000,0.0000,0.0000,0.0000,0.0000,0.0000,0.0000,0.0000,0.0000,0.0000,0.0000,0.0000,0.0000,0.0000,NULL,'null',NULL,0.0000,0.0000,0.0000,NULL,0.0000,0.0000,0.0000,NULL,0.0000,0.0000,NULL,NULL,NULL,NULL,NULL,NULL,NULL,NULL,0),(121,53,'2021-07-02 07:43:46','2021-07-02 07:43:46',NULL,0,NULL,'shipping',NULL,NULL,NULL,NULL,NULL,NULL,NULL,NULL,NULL,NULL,NULL,NULL,NULL,NULL,NULL,1,1,NULL,NULL,0.0000,340.0000,340.0000,340.0000,340.0000,0.0000,0.0000,0.0000,0.0000,0.0000,0.0000,0.0000,0.0000,340.0000,340.0000,NULL,'[]',NULL,0.0000,0.0000,340.0000,340.0000,0.0000,0.0000,0.0000,NULL,0.0000,0.0000,NULL,NULL,NULL,NULL,NULL,NULL,NULL,NULL,0),(122,54,'2021-07-03 01:33:28','2021-07-03 01:33:28',NULL,0,NULL,'billing',NULL,NULL,NULL,NULL,NULL,NULL,NULL,NULL,NULL,NULL,NULL,NULL,NULL,NULL,NULL,0,0,NULL,NULL,0.0000,0.0000,0.0000,0.0000,0.0000,0.0000,0.0000,0.0000,0.0000,0.0000,0.0000,0.0000,0.0000,0.0000,0.0000,NULL,'null',NULL,0.0000,0.0000,0.0000,NULL,0.0000,0.0000,0.0000,NULL,0.0000,0.0000,NULL,NULL,NULL,NULL,NULL,NULL,NULL,NULL,0),(123,54,'2021-07-03 01:33:28','2021-07-03 04:29:37',NULL,0,NULL,'shipping',NULL,NULL,NULL,NULL,NULL,NULL,NULL,NULL,NULL,NULL,NULL,NULL,NULL,NULL,NULL,1,0,NULL,NULL,0.0000,1730.0000,1730.0000,1730.0000,1730.0000,0.0000,0.0000,0.0000,0.0000,0.0000,0.0000,0.0000,0.0000,1730.0000,1730.0000,NULL,'[]',NULL,0.0000,0.0000,1730.0000,1730.0000,0.0000,0.0000,0.0000,NULL,0.0000,0.0000,NULL,NULL,NULL,NULL,NULL,NULL,NULL,NULL,0),(124,55,'2021-07-03 07:36:10','2021-07-03 07:36:10',NULL,0,NULL,'billing',NULL,NULL,NULL,NULL,NULL,NULL,NULL,NULL,NULL,NULL,NULL,NULL,NULL,NULL,NULL,0,0,NULL,NULL,0.0000,0.0000,0.0000,0.0000,0.0000,0.0000,0.0000,0.0000,0.0000,0.0000,0.0000,0.0000,0.0000,0.0000,0.0000,NULL,'null',NULL,0.0000,0.0000,0.0000,NULL,0.0000,0.0000,0.0000,NULL,0.0000,0.0000,NULL,NULL,NULL,NULL,NULL,NULL,NULL,NULL,0),(125,55,'2021-07-03 07:36:10','2021-07-03 07:36:10',NULL,0,NULL,'shipping',NULL,NULL,NULL,NULL,NULL,NULL,NULL,NULL,NULL,NULL,NULL,NULL,NULL,NULL,NULL,1,0,NULL,NULL,0.0000,210.0000,210.0000,210.0000,210.0000,0.0000,0.0000,0.0000,0.0000,0.0000,0.0000,0.0000,0.0000,210.0000,210.0000,NULL,'[]',NULL,0.0000,0.0000,210.0000,210.0000,0.0000,0.0000,0.0000,NULL,0.0000,0.0000,NULL,NULL,NULL,NULL,NULL,NULL,NULL,NULL,0),(126,56,'2021-07-03 07:36:14','2021-07-03 07:36:14',NULL,0,NULL,'billing',NULL,NULL,NULL,NULL,NULL,NULL,NULL,NULL,NULL,NULL,NULL,NULL,NULL,NULL,NULL,0,0,NULL,NULL,0.0000,0.0000,0.0000,0.0000,0.0000,0.0000,0.0000,0.0000,0.0000,0.0000,0.0000,0.0000,0.0000,0.0000,0.0000,NULL,'null',NULL,0.0000,0.0000,0.0000,NULL,0.0000,0.0000,0.0000,NULL,0.0000,0.0000,NULL,NULL,NULL,NULL,NULL,NULL,NULL,NULL,0),(127,56,'2021-07-03 07:36:14','2021-07-03 07:36:14',NULL,0,NULL,'shipping',NULL,NULL,NULL,NULL,NULL,NULL,NULL,NULL,NULL,NULL,NULL,NULL,NULL,NULL,NULL,1,1,NULL,NULL,0.0000,674.0000,674.0000,674.0000,674.0000,0.0000,0.0000,0.0000,0.0000,0.0000,0.0000,0.0000,0.0000,674.0000,674.0000,NULL,'[]',NULL,0.0000,0.0000,674.0000,674.0000,0.0000,0.0000,0.0000,NULL,0.0000,0.0000,NULL,NULL,NULL,NULL,NULL,NULL,NULL,NULL,0),(128,57,'2021-07-03 07:37:01','2021-07-03 07:37:01',NULL,0,NULL,'billing',NULL,NULL,NULL,NULL,NULL,NULL,NULL,NULL,NULL,NULL,NULL,NULL,NULL,NULL,NULL,0,0,NULL,NULL,0.0000,0.0000,0.0000,0.0000,0.0000,0.0000,0.0000,0.0000,0.0000,0.0000,0.0000,0.0000,0.0000,0.0000,0.0000,NULL,'null',NULL,0.0000,0.0000,0.0000,NULL,0.0000,0.0000,0.0000,NULL,0.0000,0.0000,NULL,NULL,NULL,NULL,NULL,NULL,NULL,NULL,0),(129,57,'2021-07-03 07:37:01','2021-07-03 07:37:01',NULL,0,NULL,'shipping',NULL,NULL,NULL,NULL,NULL,NULL,NULL,NULL,NULL,NULL,NULL,NULL,NULL,NULL,NULL,1,1,NULL,NULL,0.0000,325.0000,325.0000,325.0000,325.0000,0.0000,0.0000,0.0000,0.0000,0.0000,0.0000,0.0000,0.0000,325.0000,325.0000,NULL,'[]',NULL,0.0000,0.0000,325.0000,325.0000,0.0000,0.0000,0.0000,NULL,0.0000,0.0000,NULL,NULL,NULL,NULL,NULL,NULL,NULL,NULL,0),(130,58,'2021-07-14 09:29:58','2021-07-14 09:29:58',NULL,0,NULL,'billing',NULL,NULL,NULL,NULL,NULL,NULL,NULL,NULL,NULL,NULL,NULL,NULL,NULL,NULL,NULL,0,0,NULL,NULL,0.0000,315.0000,315.0000,315.0000,315.0000,0.0000,0.0000,0.0000,0.0000,0.0000,0.0000,0.0000,0.0000,315.0000,315.0000,NULL,'[]',NULL,0.0000,0.0000,315.0000,315.0000,0.0000,0.0000,0.0000,NULL,0.0000,0.0000,NULL,NULL,NULL,NULL,NULL,NULL,NULL,NULL,0),(131,58,'2021-07-14 09:29:59','2021-07-14 09:29:59',NULL,0,NULL,'shipping',NULL,NULL,NULL,NULL,NULL,NULL,NULL,NULL,NULL,NULL,NULL,NULL,NULL,NULL,NULL,1,1,NULL,NULL,0.0000,0.0000,0.0000,0.0000,0.0000,0.0000,0.0000,0.0000,0.0000,0.0000,0.0000,0.0000,0.0000,0.0000,0.0000,NULL,'null',NULL,0.0000,0.0000,0.0000,NULL,0.0000,0.0000,0.0000,NULL,0.0000,0.0000,NULL,NULL,NULL,NULL,NULL,NULL,NULL,NULL,0),(134,49,'2021-07-15 09:11:22','2021-07-15 09:11:22',1,NULL,1,'billing','cuongtd@ytcvn.com',NULL,'Magentech',NULL,'Magentech',NULL,'Magentech','Magentech','Ha Noi',NULL,NULL,'10000','VN','123456789',NULL,0,0,NULL,NULL,0.0000,0.0000,0.0000,0.0000,0.0000,0.0000,0.0000,0.0000,0.0000,0.0000,0.0000,0.0000,0.0000,0.0000,0.0000,NULL,'null',NULL,0.0000,0.0000,0.0000,NULL,0.0000,0.0000,0.0000,NULL,0.0000,0.0000,NULL,NULL,NULL,NULL,NULL,NULL,NULL,NULL,0),(137,61,'2021-07-17 04:40:54','2021-07-17 04:40:54',NULL,0,NULL,'billing',NULL,NULL,NULL,NULL,NULL,NULL,NULL,NULL,NULL,NULL,NULL,NULL,NULL,NULL,NULL,0,0,NULL,NULL,0.0000,0.0000,0.0000,0.0000,0.0000,0.0000,0.0000,0.0000,0.0000,0.0000,0.0000,0.0000,0.0000,0.0000,0.0000,NULL,'null',NULL,0.0000,0.0000,0.0000,NULL,0.0000,0.0000,0.0000,NULL,0.0000,0.0000,NULL,NULL,NULL,NULL,NULL,NULL,NULL,NULL,0),(138,61,'2021-07-17 04:40:54','2021-07-17 04:40:54',NULL,0,NULL,'shipping',NULL,NULL,NULL,NULL,NULL,NULL,NULL,NULL,NULL,NULL,NULL,NULL,NULL,NULL,NULL,1,0,NULL,NULL,0.0000,250.0000,250.0000,250.0000,250.0000,0.0000,0.0000,0.0000,0.0000,0.0000,0.0000,0.0000,0.0000,250.0000,250.0000,NULL,'[]',NULL,0.0000,0.0000,250.0000,250.0000,0.0000,0.0000,0.0000,NULL,0.0000,0.0000,NULL,NULL,NULL,NULL,NULL,NULL,NULL,NULL,0),(143,64,'2021-07-17 10:02:13','2021-07-17 10:02:13',NULL,0,NULL,'billing',NULL,NULL,NULL,NULL,NULL,NULL,NULL,NULL,NULL,NULL,NULL,NULL,NULL,NULL,NULL,0,0,NULL,NULL,0.0000,0.0000,0.0000,0.0000,0.0000,0.0000,0.0000,0.0000,0.0000,0.0000,0.0000,0.0000,0.0000,0.0000,0.0000,NULL,'null',NULL,0.0000,0.0000,0.0000,NULL,0.0000,0.0000,0.0000,NULL,0.0000,0.0000,NULL,NULL,NULL,NULL,NULL,NULL,NULL,NULL,0),(144,64,'2021-07-17 10:02:13','2021-07-17 10:02:13',NULL,0,NULL,'shipping',NULL,NULL,NULL,NULL,NULL,NULL,NULL,NULL,NULL,NULL,NULL,NULL,NULL,NULL,NULL,1,1,NULL,NULL,0.0000,3990.0000,3990.0000,3990.0000,3990.0000,0.0000,0.0000,0.0000,0.0000,0.0000,0.0000,0.0000,0.0000,3990.0000,3990.0000,NULL,'[]',NULL,0.0000,0.0000,3990.0000,3990.0000,0.0000,0.0000,0.0000,NULL,0.0000,0.0000,NULL,NULL,NULL,NULL,NULL,NULL,NULL,NULL,0),(145,65,'2021-07-23 03:42:00','2021-07-23 03:42:00',NULL,0,NULL,'billing',NULL,NULL,NULL,NULL,NULL,NULL,NULL,NULL,NULL,NULL,NULL,NULL,NULL,NULL,NULL,0,0,NULL,NULL,0.0000,0.0000,0.0000,0.0000,0.0000,0.0000,0.0000,0.0000,0.0000,0.0000,0.0000,0.0000,0.0000,0.0000,0.0000,NULL,'null',NULL,0.0000,0.0000,0.0000,NULL,0.0000,0.0000,0.0000,NULL,0.0000,0.0000,NULL,NULL,NULL,NULL,NULL,NULL,NULL,NULL,0),(146,65,'2021-07-23 03:42:00','2021-07-23 03:42:00',NULL,0,NULL,'shipping',NULL,NULL,NULL,NULL,NULL,NULL,NULL,NULL,NULL,NULL,NULL,NULL,NULL,NULL,NULL,1,0,NULL,NULL,0.0000,250.0000,250.0000,250.0000,250.0000,0.0000,0.0000,0.0000,0.0000,0.0000,0.0000,0.0000,0.0000,250.0000,250.0000,NULL,'[]',NULL,0.0000,0.0000,250.0000,250.0000,0.0000,0.0000,0.0000,NULL,0.0000,0.0000,NULL,NULL,NULL,NULL,NULL,NULL,NULL,NULL,0),(147,66,'2021-07-26 09:52:45','2021-07-26 09:52:45',NULL,0,NULL,'billing',NULL,NULL,NULL,NULL,NULL,NULL,NULL,NULL,NULL,NULL,NULL,NULL,NULL,NULL,NULL,0,0,NULL,NULL,0.0000,0.0000,0.0000,0.0000,0.0000,0.0000,0.0000,0.0000,0.0000,0.0000,0.0000,0.0000,0.0000,0.0000,0.0000,NULL,'null',NULL,0.0000,0.0000,0.0000,NULL,0.0000,0.0000,0.0000,NULL,0.0000,0.0000,NULL,NULL,NULL,NULL,NULL,NULL,NULL,NULL,0),(148,66,'2021-07-26 09:52:45','2021-07-26 09:52:45',NULL,0,NULL,'shipping',NULL,NULL,NULL,NULL,NULL,NULL,NULL,NULL,NULL,NULL,NULL,NULL,NULL,NULL,NULL,1,1,NULL,NULL,0.0000,1385.0000,1385.0000,1385.0000,1385.0000,0.0000,0.0000,0.0000,0.0000,0.0000,0.0000,0.0000,0.0000,1385.0000,1385.0000,NULL,'[]',NULL,0.0000,0.0000,1385.0000,1385.0000,0.0000,0.0000,0.0000,NULL,0.0000,0.0000,NULL,NULL,NULL,NULL,NULL,NULL,NULL,NULL,0),(149,67,'2021-07-29 06:35:45','2021-07-29 06:35:45',NULL,0,NULL,'billing',NULL,NULL,NULL,NULL,NULL,NULL,NULL,NULL,NULL,NULL,NULL,NULL,NULL,NULL,NULL,0,0,NULL,NULL,0.0000,0.0000,0.0000,0.0000,0.0000,0.0000,0.0000,0.0000,0.0000,0.0000,0.0000,0.0000,0.0000,0.0000,0.0000,NULL,'null',NULL,0.0000,0.0000,0.0000,NULL,0.0000,0.0000,0.0000,NULL,0.0000,0.0000,NULL,NULL,NULL,NULL,NULL,NULL,NULL,NULL,0),(150,67,'2021-07-29 06:35:46','2021-07-29 06:35:46',NULL,0,NULL,'shipping',NULL,NULL,NULL,NULL,NULL,NULL,NULL,NULL,NULL,NULL,NULL,NULL,NULL,NULL,NULL,1,0,NULL,NULL,0.0000,375.0000,375.0000,375.0000,375.0000,0.0000,0.0000,0.0000,0.0000,0.0000,0.0000,0.0000,0.0000,375.0000,375.0000,NULL,'[]',NULL,0.0000,0.0000,375.0000,375.0000,0.0000,0.0000,0.0000,NULL,0.0000,0.0000,NULL,NULL,NULL,NULL,NULL,NULL,NULL,NULL,0),(151,68,'2021-07-29 07:01:56','2021-07-29 07:01:56',NULL,0,NULL,'billing',NULL,NULL,NULL,NULL,NULL,NULL,NULL,NULL,NULL,NULL,NULL,NULL,NULL,NULL,NULL,0,0,NULL,NULL,0.0000,0.0000,0.0000,0.0000,0.0000,0.0000,0.0000,0.0000,0.0000,0.0000,0.0000,0.0000,0.0000,0.0000,0.0000,NULL,'null',NULL,0.0000,0.0000,0.0000,NULL,0.0000,0.0000,0.0000,NULL,0.0000,0.0000,NULL,NULL,NULL,NULL,NULL,NULL,NULL,NULL,0),(152,68,'2021-07-29 07:01:56','2021-07-29 07:01:56',NULL,0,NULL,'shipping',NULL,NULL,NULL,NULL,NULL,NULL,NULL,NULL,NULL,NULL,NULL,NULL,NULL,NULL,NULL,1,0,NULL,NULL,0.0000,375.0000,375.0000,375.0000,375.0000,0.0000,0.0000,0.0000,0.0000,0.0000,0.0000,0.0000,0.0000,375.0000,375.0000,NULL,'[]',NULL,0.0000,0.0000,375.0000,375.0000,0.0000,0.0000,0.0000,NULL,0.0000,0.0000,NULL,NULL,NULL,NULL,NULL,NULL,NULL,NULL,0),(153,69,'2021-07-31 01:15:07','2021-07-31 01:15:07',NULL,0,NULL,'billing',NULL,NULL,NULL,NULL,NULL,NULL,NULL,NULL,NULL,NULL,NULL,NULL,NULL,NULL,NULL,0,0,NULL,NULL,0.0000,0.0000,0.0000,0.0000,0.0000,0.0000,0.0000,0.0000,0.0000,0.0000,0.0000,0.0000,0.0000,0.0000,0.0000,NULL,'null',NULL,0.0000,0.0000,0.0000,NULL,0.0000,0.0000,0.0000,NULL,0.0000,0.0000,NULL,NULL,NULL,NULL,NULL,NULL,NULL,NULL,0),(154,69,'2021-07-31 01:15:07','2021-07-31 01:32:07',NULL,0,NULL,'shipping',NULL,NULL,NULL,NULL,NULL,NULL,NULL,NULL,NULL,NULL,NULL,NULL,NULL,NULL,NULL,1,0,NULL,NULL,0.0000,248.0000,248.0000,248.0000,248.0000,0.0000,0.0000,0.0000,0.0000,0.0000,0.0000,0.0000,0.0000,248.0000,248.0000,NULL,'[]',NULL,0.0000,0.0000,248.0000,248.0000,0.0000,0.0000,0.0000,NULL,0.0000,0.0000,NULL,NULL,NULL,NULL,NULL,NULL,NULL,NULL,0),(155,70,'2021-08-13 04:36:07','2021-08-13 04:36:07',NULL,0,NULL,'billing',NULL,NULL,NULL,NULL,NULL,NULL,NULL,NULL,NULL,NULL,NULL,NULL,NULL,NULL,NULL,0,0,NULL,NULL,0.0000,0.0000,0.0000,0.0000,0.0000,0.0000,0.0000,0.0000,0.0000,0.0000,0.0000,0.0000,0.0000,0.0000,0.0000,NULL,'null',NULL,0.0000,0.0000,0.0000,NULL,0.0000,0.0000,0.0000,NULL,0.0000,0.0000,NULL,NULL,NULL,NULL,NULL,NULL,NULL,NULL,0),(156,70,'2021-08-13 04:36:07','2021-08-13 04:36:07',NULL,0,NULL,'shipping',NULL,NULL,NULL,NULL,NULL,NULL,NULL,NULL,NULL,NULL,NULL,NULL,NULL,NULL,NULL,1,0,NULL,NULL,0.0000,110.0000,110.0000,110.0000,110.0000,0.0000,0.0000,0.0000,0.0000,0.0000,0.0000,0.0000,0.0000,110.0000,110.0000,NULL,'[]',NULL,0.0000,0.0000,110.0000,110.0000,0.0000,0.0000,0.0000,NULL,0.0000,0.0000,NULL,NULL,NULL,NULL,NULL,NULL,NULL,NULL,0),(157,71,'2021-08-17 08:47:14','2021-08-17 08:47:14',NULL,0,NULL,'billing',NULL,NULL,NULL,NULL,NULL,NULL,NULL,NULL,NULL,NULL,NULL,NULL,NULL,NULL,NULL,0,0,NULL,NULL,0.0000,0.0000,0.0000,0.0000,0.0000,0.0000,0.0000,0.0000,0.0000,0.0000,0.0000,0.0000,0.0000,0.0000,0.0000,NULL,'null',NULL,0.0000,0.0000,0.0000,315.0000,0.0000,0.0000,0.0000,NULL,0.0000,0.0000,NULL,NULL,NULL,NULL,NULL,NULL,NULL,NULL,0),(158,71,'2021-08-17 08:47:14','2021-08-17 08:47:14',NULL,0,NULL,'shipping',NULL,NULL,NULL,NULL,NULL,NULL,NULL,NULL,NULL,NULL,NULL,NULL,NULL,NULL,NULL,1,1,NULL,NULL,0.0000,655.0000,655.0000,655.0000,655.0000,0.0000,0.0000,0.0000,0.0000,0.0000,0.0000,0.0000,0.0000,655.0000,655.0000,NULL,'[]',NULL,0.0000,0.0000,655.0000,655.0000,0.0000,0.0000,0.0000,NULL,0.0000,0.0000,NULL,NULL,NULL,NULL,NULL,NULL,NULL,NULL,0),(159,72,'2021-08-18 01:27:03','2021-08-18 01:27:03',NULL,0,NULL,'billing',NULL,NULL,NULL,NULL,NULL,NULL,NULL,NULL,NULL,NULL,NULL,NULL,NULL,NULL,NULL,0,0,NULL,NULL,0.0000,0.0000,0.0000,0.0000,0.0000,0.0000,0.0000,0.0000,0.0000,0.0000,0.0000,0.0000,0.0000,0.0000,0.0000,NULL,'null',NULL,0.0000,0.0000,0.0000,NULL,0.0000,0.0000,0.0000,NULL,0.0000,0.0000,NULL,NULL,NULL,NULL,NULL,NULL,NULL,NULL,0),(160,72,'2021-08-18 01:27:03','2021-08-18 01:40:06',NULL,0,NULL,'shipping',NULL,NULL,NULL,NULL,NULL,NULL,NULL,NULL,NULL,NULL,NULL,NULL,NULL,NULL,NULL,1,0,NULL,NULL,0.0000,110.0000,110.0000,110.0000,110.0000,0.0000,0.0000,0.0000,0.0000,0.0000,0.0000,0.0000,0.0000,110.0000,110.0000,NULL,'[]',NULL,0.0000,0.0000,110.0000,110.0000,0.0000,0.0000,0.0000,NULL,0.0000,0.0000,NULL,NULL,NULL,NULL,NULL,NULL,NULL,NULL,0),(161,73,'2021-08-18 04:29:39','2021-08-18 04:29:39',NULL,0,NULL,'billing',NULL,NULL,NULL,NULL,NULL,NULL,NULL,NULL,NULL,NULL,NULL,NULL,NULL,NULL,NULL,0,0,NULL,NULL,0.0000,0.0000,0.0000,0.0000,0.0000,0.0000,0.0000,0.0000,0.0000,0.0000,0.0000,0.0000,0.0000,0.0000,0.0000,NULL,'null',NULL,0.0000,0.0000,0.0000,NULL,0.0000,0.0000,0.0000,NULL,0.0000,0.0000,NULL,NULL,NULL,NULL,NULL,NULL,NULL,NULL,0),(162,73,'2021-08-18 04:29:39','2021-08-18 04:29:39',NULL,0,NULL,'shipping',NULL,NULL,NULL,NULL,NULL,NULL,NULL,NULL,NULL,NULL,NULL,NULL,NULL,NULL,NULL,1,0,NULL,NULL,0.0000,95.0000,95.0000,95.0000,95.0000,0.0000,0.0000,0.0000,0.0000,0.0000,0.0000,0.0000,0.0000,95.0000,95.0000,NULL,'[]',NULL,0.0000,0.0000,95.0000,95.0000,0.0000,0.0000,0.0000,NULL,0.0000,0.0000,NULL,NULL,NULL,NULL,NULL,NULL,NULL,NULL,0),(167,74,'2021-08-24 09:24:11','2021-08-24 09:24:11',NULL,0,NULL,'billing',NULL,NULL,NULL,NULL,NULL,NULL,NULL,NULL,NULL,NULL,NULL,NULL,NULL,NULL,NULL,0,0,NULL,NULL,0.0000,0.0000,0.0000,0.0000,0.0000,0.0000,0.0000,0.0000,0.0000,0.0000,0.0000,0.0000,0.0000,0.0000,0.0000,NULL,'null',NULL,0.0000,0.0000,0.0000,NULL,0.0000,0.0000,0.0000,NULL,0.0000,0.0000,NULL,NULL,NULL,NULL,NULL,NULL,NULL,NULL,0),(168,74,'2021-08-24 09:24:11','2021-08-24 09:24:11',NULL,0,NULL,'shipping',NULL,NULL,NULL,NULL,NULL,NULL,NULL,NULL,NULL,NULL,NULL,NULL,NULL,NULL,NULL,1,1,NULL,NULL,0.0000,0.0000,0.0000,0.0000,0.0000,0.0000,0.0000,0.0000,0.0000,0.0000,0.0000,0.0000,0.0000,0.0000,0.0000,NULL,'null',NULL,0.0000,0.0000,0.0000,NULL,0.0000,0.0000,0.0000,NULL,0.0000,0.0000,NULL,NULL,NULL,NULL,NULL,NULL,NULL,NULL,0),(169,75,'2021-08-25 04:38:01','2021-08-25 04:38:01',NULL,0,NULL,'billing',NULL,NULL,NULL,NULL,NULL,NULL,NULL,NULL,NULL,NULL,NULL,NULL,NULL,NULL,NULL,0,0,NULL,NULL,0.0000,0.0000,0.0000,0.0000,0.0000,0.0000,0.0000,0.0000,0.0000,0.0000,0.0000,0.0000,0.0000,0.0000,0.0000,NULL,'null',NULL,0.0000,0.0000,0.0000,NULL,0.0000,0.0000,0.0000,NULL,0.0000,0.0000,NULL,NULL,NULL,NULL,NULL,NULL,NULL,NULL,0),(170,75,'2021-08-25 04:38:01','2021-08-25 04:38:01',NULL,0,NULL,'shipping',NULL,NULL,NULL,NULL,NULL,NULL,NULL,NULL,NULL,NULL,NULL,NULL,NULL,NULL,NULL,1,1,NULL,NULL,0.0000,815.0000,815.0000,815.0000,815.0000,0.0000,0.0000,0.0000,0.0000,0.0000,0.0000,0.0000,0.0000,815.0000,815.0000,NULL,'[]',NULL,0.0000,0.0000,815.0000,815.0000,0.0000,0.0000,0.0000,NULL,0.0000,0.0000,NULL,NULL,NULL,NULL,NULL,NULL,NULL,NULL,0),(173,76,'2021-09-20 07:44:03','2021-09-20 07:44:03',NULL,0,NULL,'billing',NULL,NULL,NULL,NULL,NULL,NULL,NULL,NULL,NULL,NULL,NULL,NULL,NULL,NULL,NULL,0,0,NULL,NULL,0.0000,1260.0000,1260.0000,1260.0000,1260.0000,0.0000,0.0000,0.0000,0.0000,0.0000,0.0000,0.0000,0.0000,1260.0000,1260.0000,NULL,'[]',NULL,0.0000,0.0000,1260.0000,1260.0000,0.0000,0.0000,0.0000,NULL,0.0000,0.0000,NULL,NULL,NULL,NULL,NULL,NULL,NULL,NULL,0),(174,76,'2021-09-20 07:44:03','2021-09-20 07:44:03',NULL,0,NULL,'shipping',NULL,NULL,NULL,NULL,NULL,NULL,NULL,NULL,NULL,NULL,NULL,NULL,NULL,NULL,NULL,1,1,NULL,NULL,0.0000,0.0000,0.0000,0.0000,0.0000,0.0000,0.0000,0.0000,0.0000,0.0000,0.0000,0.0000,0.0000,0.0000,0.0000,NULL,'null',NULL,0.0000,0.0000,0.0000,NULL,0.0000,0.0000,0.0000,NULL,0.0000,0.0000,NULL,NULL,NULL,NULL,NULL,NULL,NULL,NULL,0),(177,78,'2021-10-09 04:59:49','2021-10-09 04:59:49',NULL,0,NULL,'billing',NULL,NULL,NULL,NULL,NULL,NULL,NULL,NULL,NULL,NULL,NULL,NULL,NULL,NULL,NULL,0,0,NULL,NULL,0.0000,0.0000,0.0000,0.0000,0.0000,0.0000,0.0000,0.0000,0.0000,0.0000,0.0000,0.0000,0.0000,0.0000,0.0000,NULL,'null',NULL,0.0000,0.0000,0.0000,NULL,0.0000,0.0000,0.0000,NULL,0.0000,0.0000,NULL,NULL,NULL,NULL,NULL,NULL,NULL,NULL,0),(178,78,'2021-10-09 04:59:49','2021-10-09 04:59:49',NULL,0,NULL,'shipping',NULL,NULL,NULL,NULL,NULL,NULL,NULL,NULL,NULL,NULL,NULL,NULL,NULL,NULL,NULL,1,1,NULL,NULL,0.0000,872.0000,872.0000,872.0000,872.0000,0.0000,0.0000,0.0000,0.0000,0.0000,0.0000,0.0000,0.0000,872.0000,872.0000,NULL,'[]',NULL,0.0000,0.0000,872.0000,872.0000,0.0000,0.0000,0.0000,NULL,0.0000,0.0000,NULL,NULL,NULL,NULL,NULL,NULL,NULL,NULL,0),(181,80,'2021-10-18 07:57:01','2021-10-18 07:57:01',NULL,0,NULL,'billing',NULL,NULL,NULL,NULL,NULL,NULL,NULL,NULL,NULL,NULL,NULL,NULL,NULL,NULL,NULL,0,0,NULL,NULL,0.0000,945.0000,945.0000,945.0000,945.0000,0.0000,0.0000,0.0000,0.0000,0.0000,0.0000,0.0000,0.0000,945.0000,945.0000,NULL,'[]',NULL,0.0000,0.0000,945.0000,945.0000,0.0000,0.0000,0.0000,NULL,0.0000,0.0000,NULL,NULL,NULL,NULL,NULL,NULL,NULL,NULL,0),(182,80,'2021-10-18 07:57:01','2021-10-18 07:57:01',NULL,0,NULL,'shipping',NULL,NULL,NULL,NULL,NULL,NULL,NULL,NULL,NULL,NULL,NULL,NULL,NULL,NULL,NULL,1,1,NULL,NULL,0.0000,0.0000,0.0000,0.0000,0.0000,0.0000,0.0000,0.0000,0.0000,0.0000,0.0000,0.0000,0.0000,0.0000,0.0000,NULL,'null',NULL,0.0000,0.0000,0.0000,NULL,0.0000,0.0000,0.0000,NULL,0.0000,0.0000,NULL,NULL,NULL,NULL,NULL,NULL,NULL,NULL,0),(193,60,'2021-10-22 03:08:22','2021-10-22 03:08:22',1,0,NULL,'billing','cuongtd@ytcvn.com',NULL,NULL,NULL,NULL,NULL,NULL,NULL,NULL,NULL,NULL,NULL,NULL,NULL,NULL,0,0,NULL,NULL,0.0000,650.0000,650.0000,650.0000,650.0000,0.0000,0.0000,0.0000,0.0000,0.0000,0.0000,0.0000,0.0000,650.0000,650.0000,NULL,'[]',NULL,0.0000,0.0000,650.0000,650.0000,0.0000,0.0000,0.0000,NULL,0.0000,0.0000,NULL,NULL,NULL,NULL,NULL,NULL,NULL,NULL,0),(194,60,'2021-10-22 03:08:22','2021-10-22 03:08:22',1,0,NULL,'shipping','cuongtd@ytcvn.com',NULL,NULL,NULL,NULL,NULL,NULL,NULL,NULL,NULL,NULL,NULL,NULL,NULL,NULL,1,1,NULL,NULL,0.0000,0.0000,0.0000,0.0000,0.0000,0.0000,0.0000,0.0000,0.0000,0.0000,0.0000,0.0000,0.0000,0.0000,0.0000,NULL,'null',NULL,0.0000,0.0000,0.0000,2945.0000,0.0000,0.0000,0.0000,NULL,0.0000,0.0000,NULL,NULL,NULL,NULL,NULL,NULL,NULL,NULL,0),(195,82,'2021-10-22 08:35:33','2021-10-22 08:35:33',NULL,0,NULL,'billing',NULL,NULL,NULL,NULL,NULL,NULL,NULL,NULL,NULL,NULL,NULL,NULL,NULL,NULL,NULL,0,0,NULL,NULL,0.0000,0.0000,0.0000,0.0000,0.0000,0.0000,0.0000,0.0000,0.0000,0.0000,0.0000,0.0000,0.0000,0.0000,0.0000,NULL,'null',NULL,0.0000,0.0000,0.0000,NULL,0.0000,0.0000,0.0000,NULL,0.0000,0.0000,NULL,NULL,NULL,NULL,NULL,NULL,NULL,NULL,0),(196,82,'2021-10-22 08:35:33','2021-10-22 09:28:11',NULL,0,NULL,'shipping',NULL,NULL,NULL,NULL,NULL,NULL,NULL,NULL,NULL,NULL,NULL,NULL,NULL,NULL,NULL,1,0,NULL,NULL,0.0000,110.0000,110.0000,110.0000,110.0000,0.0000,0.0000,0.0000,0.0000,0.0000,0.0000,0.0000,0.0000,110.0000,110.0000,NULL,'[]',NULL,0.0000,0.0000,110.0000,110.0000,0.0000,0.0000,0.0000,NULL,0.0000,0.0000,NULL,NULL,NULL,NULL,NULL,NULL,NULL,NULL,0),(198,83,'2021-10-23 01:30:16','2021-10-23 01:42:38',3,1,3,'shipping','admin876@gmail.com',NULL,'jena',NULL,'nguyen',NULL,NULL,'Hà Nội','hanoi',NULL,NULL,'98224','VN','0347338465',NULL,0,0,'flatrate_flatrate','Flat Rate - Fixed',0.0000,2150.0000,2150.0000,2150.0000,2150.0000,0.0000,0.0000,35.0000,35.0000,0.0000,0.0000,0.0000,0.0000,2185.0000,2185.0000,NULL,'[]',NULL,0.0000,0.0000,2150.0000,2150.0000,0.0000,0.0000,0.0000,NULL,35.0000,35.0000,NULL,NULL,NULL,NULL,NULL,NULL,NULL,NULL,0),(199,84,'2021-10-23 01:42:14','2021-10-23 01:42:14',NULL,0,NULL,'billing',NULL,NULL,NULL,NULL,NULL,NULL,NULL,NULL,NULL,NULL,NULL,NULL,NULL,NULL,NULL,0,0,NULL,NULL,0.0000,0.0000,0.0000,0.0000,0.0000,0.0000,0.0000,0.0000,0.0000,0.0000,0.0000,0.0000,0.0000,0.0000,0.0000,NULL,'null',NULL,0.0000,0.0000,0.0000,NULL,0.0000,0.0000,0.0000,NULL,0.0000,0.0000,NULL,NULL,NULL,NULL,NULL,NULL,NULL,NULL,0),(200,84,'2021-10-23 01:42:14','2021-10-23 01:42:14',NULL,0,NULL,'shipping',NULL,NULL,NULL,NULL,NULL,NULL,NULL,NULL,NULL,NULL,NULL,NULL,NULL,NULL,NULL,1,1,NULL,NULL,0.0000,800.0000,800.0000,800.0000,800.0000,0.0000,0.0000,0.0000,0.0000,0.0000,0.0000,0.0000,0.0000,800.0000,800.0000,NULL,'[]',NULL,0.0000,0.0000,800.0000,800.0000,0.0000,0.0000,0.0000,NULL,0.0000,0.0000,NULL,NULL,NULL,NULL,NULL,NULL,NULL,NULL,0),(201,83,'2021-10-23 01:43:54','2021-10-23 01:43:54',3,NULL,NULL,'billing','admin876@gmail.com',NULL,'jena',NULL,'nguyen',NULL,NULL,'Hà Nội','hanoi',NULL,NULL,'98224','VN','0347338465',NULL,0,0,NULL,NULL,0.0000,0.0000,0.0000,0.0000,0.0000,0.0000,0.0000,0.0000,0.0000,0.0000,0.0000,0.0000,0.0000,0.0000,0.0000,NULL,'null',NULL,0.0000,0.0000,0.0000,NULL,0.0000,0.0000,0.0000,NULL,0.0000,0.0000,NULL,NULL,NULL,NULL,NULL,NULL,NULL,NULL,0),(203,85,'2021-10-23 01:49:49','2021-10-23 01:51:42',3,1,4,'shipping','admin876@gmail.com',NULL,'jena',NULL,'nguyen',NULL,NULL,'18 thái hà','hanoi',NULL,NULL,'98224','VN','0347338465',NULL,0,0,'flatrate_flatrate','Flat Rate - Fixed',0.0000,435.0000,435.0000,435.0000,435.0000,0.0000,0.0000,5.0000,5.0000,0.0000,0.0000,0.0000,0.0000,440.0000,440.0000,NULL,'[]',NULL,0.0000,0.0000,435.0000,435.0000,0.0000,0.0000,0.0000,NULL,5.0000,5.0000,NULL,NULL,NULL,NULL,NULL,NULL,NULL,NULL,0),(204,85,'2021-10-23 01:52:24','2021-10-23 01:52:24',3,NULL,NULL,'billing','admin876@gmail.com',NULL,'jena',NULL,'nguyen',NULL,NULL,'18 thái hà','hanoi',NULL,NULL,'98224','VN','0347338465',NULL,0,0,NULL,NULL,0.0000,0.0000,0.0000,0.0000,0.0000,0.0000,0.0000,0.0000,0.0000,0.0000,0.0000,0.0000,0.0000,0.0000,0.0000,NULL,'null',NULL,0.0000,0.0000,0.0000,NULL,0.0000,0.0000,0.0000,NULL,0.0000,0.0000,NULL,NULL,NULL,NULL,NULL,NULL,NULL,NULL,0),(205,86,'2021-10-29 08:53:24','2021-10-29 08:53:24',NULL,0,NULL,'billing',NULL,NULL,NULL,NULL,NULL,NULL,NULL,NULL,NULL,NULL,NULL,NULL,NULL,NULL,NULL,0,0,NULL,NULL,0.0000,0.0000,0.0000,0.0000,0.0000,0.0000,0.0000,0.0000,0.0000,0.0000,0.0000,0.0000,0.0000,0.0000,0.0000,NULL,'null',NULL,0.0000,0.0000,0.0000,NULL,0.0000,0.0000,0.0000,NULL,0.0000,0.0000,NULL,NULL,NULL,NULL,NULL,NULL,NULL,NULL,0),(206,86,'2021-10-29 08:53:24','2021-10-29 08:53:24',NULL,0,NULL,'shipping',NULL,NULL,NULL,NULL,NULL,NULL,NULL,NULL,NULL,NULL,NULL,NULL,NULL,NULL,NULL,1,1,NULL,NULL,0.0000,13960.0000,13960.0000,13960.0000,13960.0000,0.0000,0.0000,0.0000,0.0000,0.0000,0.0000,0.0000,0.0000,13960.0000,13960.0000,NULL,'[]',NULL,0.0000,0.0000,13960.0000,13960.0000,0.0000,0.0000,0.0000,NULL,0.0000,0.0000,NULL,NULL,NULL,NULL,NULL,NULL,NULL,NULL,0),(215,88,'2021-11-02 07:34:06','2021-11-02 07:34:06',NULL,0,NULL,'billing',NULL,NULL,NULL,NULL,NULL,NULL,NULL,NULL,NULL,NULL,NULL,NULL,NULL,NULL,NULL,0,0,NULL,NULL,0.0000,0.0000,0.0000,0.0000,0.0000,0.0000,0.0000,0.0000,0.0000,0.0000,0.0000,0.0000,0.0000,0.0000,0.0000,NULL,'null',NULL,0.0000,0.0000,0.0000,NULL,0.0000,0.0000,0.0000,NULL,0.0000,0.0000,NULL,NULL,NULL,NULL,NULL,NULL,NULL,NULL,0),(216,88,'2021-11-02 07:34:06','2021-11-02 07:34:06',NULL,0,NULL,'shipping',NULL,NULL,NULL,NULL,NULL,NULL,NULL,NULL,NULL,NULL,NULL,NULL,NULL,NULL,NULL,1,1,NULL,NULL,0.0000,0.0000,0.0000,0.0000,0.0000,0.0000,0.0000,0.0000,0.0000,0.0000,0.0000,0.0000,0.0000,0.0000,0.0000,NULL,'null',NULL,0.0000,0.0000,0.0000,NULL,0.0000,0.0000,0.0000,NULL,0.0000,0.0000,NULL,NULL,NULL,NULL,NULL,NULL,NULL,NULL,0),(217,89,'2021-11-02 08:22:12','2021-11-02 08:22:12',NULL,0,NULL,'billing',NULL,NULL,NULL,NULL,NULL,NULL,NULL,NULL,NULL,NULL,NULL,NULL,NULL,NULL,NULL,0,0,NULL,NULL,0.0000,0.0000,0.0000,0.0000,0.0000,0.0000,0.0000,0.0000,0.0000,0.0000,0.0000,0.0000,0.0000,0.0000,0.0000,NULL,'null',NULL,0.0000,0.0000,0.0000,NULL,0.0000,0.0000,0.0000,NULL,0.0000,0.0000,NULL,NULL,NULL,NULL,NULL,NULL,NULL,NULL,0),(218,89,'2021-11-02 08:22:12','2021-11-02 08:22:12',NULL,0,NULL,'shipping',NULL,NULL,NULL,NULL,NULL,NULL,NULL,NULL,NULL,NULL,NULL,NULL,NULL,NULL,NULL,1,0,NULL,NULL,0.0000,1135.0000,1135.0000,1135.0000,1135.0000,0.0000,0.0000,0.0000,0.0000,0.0000,0.0000,0.0000,0.0000,1135.0000,1135.0000,NULL,'[]',NULL,0.0000,0.0000,1135.0000,1135.0000,0.0000,0.0000,0.0000,NULL,0.0000,0.0000,NULL,NULL,NULL,NULL,NULL,NULL,NULL,NULL,0),(221,90,'2021-11-04 08:00:41','2021-11-04 08:00:41',NULL,0,NULL,'billing',NULL,NULL,NULL,NULL,NULL,NULL,NULL,NULL,NULL,NULL,NULL,NULL,NULL,NULL,NULL,0,0,NULL,NULL,0.0000,0.0000,0.0000,0.0000,0.0000,0.0000,0.0000,0.0000,0.0000,0.0000,0.0000,0.0000,0.0000,0.0000,0.0000,NULL,'null',NULL,0.0000,0.0000,0.0000,NULL,0.0000,0.0000,0.0000,NULL,0.0000,0.0000,NULL,NULL,NULL,NULL,NULL,NULL,NULL,NULL,0),(222,90,'2021-11-04 08:00:41','2021-11-04 08:00:41',NULL,0,NULL,'shipping',NULL,NULL,NULL,NULL,NULL,NULL,NULL,NULL,NULL,NULL,NULL,NULL,NULL,NULL,NULL,1,1,NULL,NULL,0.0000,570.0000,570.0000,570.0000,570.0000,0.0000,0.0000,0.0000,0.0000,0.0000,0.0000,0.0000,0.0000,570.0000,570.0000,NULL,'[]',NULL,0.0000,0.0000,570.0000,570.0000,0.0000,0.0000,0.0000,NULL,0.0000,0.0000,NULL,NULL,NULL,NULL,NULL,NULL,NULL,NULL,0),(223,91,'2021-11-08 04:57:50','2021-11-08 04:57:50',NULL,0,NULL,'billing',NULL,NULL,NULL,NULL,NULL,NULL,NULL,NULL,NULL,NULL,NULL,NULL,NULL,NULL,NULL,0,0,NULL,NULL,0.0000,315.0000,315.0000,315.0000,315.0000,0.0000,0.0000,0.0000,0.0000,0.0000,0.0000,0.0000,0.0000,315.0000,315.0000,NULL,'[]',NULL,0.0000,0.0000,315.0000,315.0000,0.0000,0.0000,0.0000,NULL,0.0000,0.0000,NULL,NULL,NULL,NULL,NULL,NULL,NULL,NULL,0),(224,91,'2021-11-08 04:57:50','2021-11-08 04:57:50',NULL,0,NULL,'shipping',NULL,NULL,NULL,NULL,NULL,NULL,NULL,NULL,NULL,NULL,NULL,NULL,NULL,NULL,NULL,1,1,NULL,NULL,0.0000,0.0000,0.0000,0.0000,0.0000,0.0000,0.0000,0.0000,0.0000,0.0000,0.0000,0.0000,0.0000,0.0000,0.0000,NULL,'null',NULL,0.0000,0.0000,0.0000,NULL,0.0000,0.0000,0.0000,NULL,0.0000,0.0000,NULL,NULL,NULL,NULL,NULL,NULL,NULL,NULL,0),(225,92,'2021-11-08 06:28:17','2021-11-08 06:28:17',NULL,0,NULL,'billing',NULL,NULL,NULL,NULL,NULL,NULL,NULL,NULL,NULL,NULL,NULL,NULL,NULL,NULL,NULL,0,0,NULL,NULL,0.0000,0.0000,0.0000,0.0000,0.0000,0.0000,0.0000,0.0000,0.0000,0.0000,0.0000,0.0000,0.0000,0.0000,0.0000,NULL,'null',NULL,0.0000,0.0000,0.0000,NULL,0.0000,0.0000,0.0000,NULL,0.0000,0.0000,NULL,NULL,NULL,NULL,NULL,NULL,NULL,NULL,0),(226,92,'2021-11-08 06:28:17','2021-11-08 06:28:17',NULL,0,NULL,'shipping',NULL,NULL,NULL,NULL,NULL,NULL,NULL,NULL,NULL,NULL,NULL,NULL,NULL,NULL,NULL,1,0,NULL,NULL,0.0000,220.0000,220.0000,220.0000,220.0000,0.0000,0.0000,0.0000,0.0000,0.0000,0.0000,0.0000,0.0000,220.0000,220.0000,NULL,'[]',NULL,0.0000,0.0000,220.0000,220.0000,0.0000,0.0000,0.0000,NULL,0.0000,0.0000,NULL,NULL,NULL,NULL,NULL,NULL,NULL,NULL,0),(227,93,'2021-11-17 06:47:56','2021-11-17 06:47:56',NULL,0,NULL,'billing',NULL,NULL,NULL,NULL,NULL,NULL,NULL,NULL,NULL,NULL,NULL,NULL,NULL,NULL,NULL,0,0,NULL,NULL,0.0000,0.0000,0.0000,0.0000,0.0000,0.0000,0.0000,0.0000,0.0000,0.0000,0.0000,0.0000,0.0000,0.0000,0.0000,NULL,'null',NULL,0.0000,0.0000,0.0000,NULL,0.0000,0.0000,0.0000,NULL,0.0000,0.0000,NULL,NULL,NULL,NULL,NULL,NULL,NULL,NULL,0),(228,93,'2021-11-17 06:47:56','2021-11-17 06:47:56',NULL,0,NULL,'shipping',NULL,NULL,NULL,NULL,NULL,NULL,NULL,NULL,NULL,NULL,NULL,NULL,NULL,NULL,NULL,1,0,NULL,NULL,0.0000,675.0000,675.0000,675.0000,675.0000,0.0000,0.0000,0.0000,0.0000,0.0000,0.0000,0.0000,0.0000,675.0000,675.0000,NULL,'[]',NULL,0.0000,0.0000,675.0000,675.0000,0.0000,0.0000,0.0000,NULL,0.0000,0.0000,NULL,NULL,NULL,NULL,NULL,NULL,NULL,NULL,0),(229,94,'2021-11-17 07:25:44','2021-11-17 07:25:44',NULL,0,NULL,'billing',NULL,NULL,NULL,NULL,NULL,NULL,NULL,NULL,NULL,NULL,NULL,NULL,NULL,NULL,NULL,0,0,NULL,NULL,0.0000,0.0000,0.0000,0.0000,0.0000,0.0000,0.0000,0.0000,0.0000,0.0000,0.0000,0.0000,0.0000,0.0000,0.0000,NULL,'null',NULL,0.0000,0.0000,0.0000,NULL,0.0000,0.0000,0.0000,NULL,0.0000,0.0000,NULL,NULL,NULL,NULL,NULL,NULL,NULL,NULL,0),(230,94,'2021-11-17 07:25:44','2021-11-17 08:46:15',NULL,0,NULL,'shipping',NULL,NULL,NULL,NULL,NULL,NULL,NULL,NULL,NULL,NULL,NULL,NULL,NULL,NULL,NULL,1,0,NULL,NULL,0.0000,1220.0000,1220.0000,1220.0000,1220.0000,0.0000,0.0000,0.0000,0.0000,0.0000,0.0000,0.0000,0.0000,1220.0000,1220.0000,NULL,'[]',NULL,0.0000,0.0000,1220.0000,1220.0000,0.0000,0.0000,0.0000,NULL,0.0000,0.0000,NULL,NULL,NULL,NULL,NULL,NULL,NULL,NULL,0),(231,95,'2021-11-25 02:17:25','2021-11-25 02:17:25',NULL,0,NULL,'billing',NULL,NULL,NULL,NULL,NULL,NULL,NULL,NULL,NULL,NULL,NULL,NULL,NULL,NULL,NULL,0,0,NULL,NULL,0.0000,0.0000,0.0000,0.0000,0.0000,0.0000,0.0000,0.0000,0.0000,0.0000,0.0000,0.0000,0.0000,0.0000,0.0000,NULL,'null',NULL,0.0000,0.0000,0.0000,NULL,0.0000,0.0000,0.0000,NULL,0.0000,0.0000,NULL,NULL,NULL,NULL,NULL,NULL,NULL,NULL,0),(232,95,'2021-11-25 02:17:25','2021-11-25 02:31:04',NULL,0,NULL,'shipping',NULL,NULL,NULL,NULL,NULL,NULL,NULL,NULL,NULL,NULL,NULL,NULL,NULL,NULL,NULL,1,1,NULL,NULL,0.0000,1379.0000,1379.0000,1379.0000,1379.0000,0.0000,0.0000,0.0000,0.0000,0.0000,0.0000,0.0000,0.0000,1379.0000,1379.0000,NULL,'[]',NULL,0.0000,0.0000,1379.0000,1379.0000,0.0000,0.0000,0.0000,NULL,0.0000,0.0000,NULL,NULL,NULL,NULL,NULL,NULL,NULL,NULL,0),(233,96,'2021-11-25 04:54:01','2021-11-25 04:54:01',NULL,0,NULL,'billing',NULL,NULL,NULL,NULL,NULL,NULL,NULL,NULL,NULL,NULL,NULL,NULL,NULL,NULL,NULL,0,0,NULL,NULL,0.0000,0.0000,0.0000,0.0000,0.0000,0.0000,0.0000,0.0000,0.0000,0.0000,0.0000,0.0000,0.0000,0.0000,0.0000,NULL,'null',NULL,0.0000,0.0000,0.0000,NULL,0.0000,0.0000,0.0000,NULL,0.0000,0.0000,NULL,NULL,NULL,NULL,NULL,NULL,NULL,NULL,0),(234,96,'2021-11-25 04:54:01','2021-11-25 04:54:01',NULL,0,NULL,'shipping',NULL,NULL,NULL,NULL,NULL,NULL,NULL,NULL,NULL,NULL,NULL,NULL,NULL,NULL,NULL,1,0,NULL,NULL,0.0000,90.0000,90.0000,90.0000,90.0000,0.0000,0.0000,0.0000,0.0000,0.0000,0.0000,0.0000,0.0000,90.0000,90.0000,NULL,'[]',NULL,0.0000,0.0000,90.0000,90.0000,0.0000,0.0000,0.0000,NULL,0.0000,0.0000,NULL,NULL,NULL,NULL,NULL,NULL,NULL,NULL,0),(235,97,'2021-11-25 09:28:39','2021-11-25 09:28:39',NULL,0,NULL,'billing',NULL,NULL,NULL,NULL,NULL,NULL,NULL,NULL,NULL,NULL,NULL,NULL,NULL,NULL,NULL,0,0,NULL,NULL,0.0000,0.0000,0.0000,0.0000,0.0000,0.0000,0.0000,0.0000,0.0000,0.0000,0.0000,0.0000,0.0000,0.0000,0.0000,NULL,'null',NULL,0.0000,0.0000,0.0000,NULL,0.0000,0.0000,0.0000,NULL,0.0000,0.0000,NULL,NULL,NULL,NULL,NULL,NULL,NULL,NULL,0),(236,97,'2021-11-25 09:28:39','2021-11-25 09:28:39',NULL,0,NULL,'shipping',NULL,NULL,NULL,NULL,NULL,NULL,NULL,NULL,NULL,NULL,NULL,NULL,NULL,NULL,NULL,1,0,NULL,NULL,0.0000,1401.0000,1401.0000,1401.0000,1401.0000,0.0000,0.0000,0.0000,0.0000,0.0000,0.0000,0.0000,0.0000,1401.0000,1401.0000,NULL,'[]',NULL,0.0000,0.0000,1401.0000,1401.0000,0.0000,0.0000,0.0000,NULL,0.0000,0.0000,NULL,NULL,NULL,NULL,NULL,NULL,NULL,NULL,0),(237,98,'2021-12-02 07:24:36','2021-12-02 07:24:36',NULL,0,NULL,'billing',NULL,NULL,NULL,NULL,NULL,NULL,NULL,NULL,NULL,NULL,NULL,NULL,NULL,NULL,NULL,0,0,NULL,NULL,0.0000,0.0000,0.0000,0.0000,0.0000,0.0000,0.0000,0.0000,0.0000,0.0000,0.0000,0.0000,0.0000,0.0000,0.0000,NULL,'null',NULL,0.0000,0.0000,0.0000,NULL,0.0000,0.0000,0.0000,NULL,0.0000,0.0000,NULL,NULL,NULL,NULL,NULL,NULL,NULL,NULL,0),(238,98,'2021-12-02 07:24:36','2021-12-02 07:24:36',NULL,0,NULL,'shipping',NULL,NULL,NULL,NULL,NULL,NULL,NULL,NULL,NULL,NULL,NULL,NULL,NULL,NULL,NULL,1,0,NULL,NULL,0.0000,200.0000,200.0000,200.0000,200.0000,0.0000,0.0000,0.0000,0.0000,0.0000,0.0000,0.0000,0.0000,200.0000,200.0000,NULL,'[]',NULL,0.0000,0.0000,200.0000,200.0000,0.0000,0.0000,0.0000,NULL,0.0000,0.0000,NULL,NULL,NULL,NULL,NULL,NULL,NULL,NULL,0),(239,99,'2021-12-08 03:46:41','2021-12-08 03:46:41',NULL,0,NULL,'billing',NULL,NULL,NULL,NULL,NULL,NULL,NULL,NULL,NULL,NULL,NULL,NULL,NULL,NULL,NULL,0,0,NULL,NULL,0.0000,0.0000,0.0000,0.0000,0.0000,0.0000,0.0000,0.0000,0.0000,0.0000,0.0000,0.0000,0.0000,0.0000,0.0000,NULL,'null',NULL,0.0000,0.0000,0.0000,NULL,0.0000,0.0000,0.0000,NULL,0.0000,0.0000,NULL,NULL,NULL,NULL,NULL,NULL,NULL,NULL,0),(240,99,'2021-12-08 03:46:41','2021-12-08 03:46:41',NULL,0,NULL,'shipping',NULL,NULL,NULL,NULL,NULL,NULL,NULL,NULL,NULL,NULL,NULL,NULL,NULL,NULL,NULL,1,0,NULL,NULL,0.0000,220.0000,220.0000,220.0000,220.0000,0.0000,0.0000,0.0000,0.0000,0.0000,0.0000,0.0000,0.0000,220.0000,220.0000,NULL,'[]',NULL,0.0000,0.0000,220.0000,220.0000,0.0000,0.0000,0.0000,NULL,0.0000,0.0000,NULL,NULL,NULL,NULL,NULL,NULL,NULL,NULL,0),(243,100,'2021-12-16 09:18:14','2021-12-16 09:18:14',NULL,0,NULL,'billing',NULL,NULL,NULL,NULL,NULL,NULL,NULL,NULL,NULL,NULL,NULL,NULL,NULL,NULL,NULL,0,0,NULL,NULL,0.0000,0.0000,0.0000,0.0000,0.0000,0.0000,0.0000,0.0000,0.0000,0.0000,0.0000,0.0000,0.0000,0.0000,0.0000,NULL,'null',NULL,0.0000,0.0000,0.0000,NULL,0.0000,0.0000,0.0000,NULL,0.0000,0.0000,NULL,NULL,NULL,NULL,NULL,NULL,NULL,NULL,0),(244,100,'2021-12-16 09:18:14','2021-12-16 09:18:14',NULL,0,NULL,'shipping',NULL,NULL,NULL,NULL,NULL,NULL,NULL,NULL,NULL,NULL,NULL,NULL,NULL,NULL,NULL,1,1,NULL,NULL,0.0000,0.0000,0.0000,0.0000,0.0000,0.0000,0.0000,0.0000,0.0000,0.0000,0.0000,0.0000,0.0000,0.0000,0.0000,NULL,'null',NULL,0.0000,0.0000,0.0000,NULL,0.0000,0.0000,0.0000,NULL,0.0000,0.0000,NULL,NULL,NULL,NULL,NULL,NULL,NULL,NULL,0),(245,101,'2022-01-04 09:23:40','2022-01-04 09:23:40',NULL,0,NULL,'billing',NULL,NULL,NULL,NULL,NULL,NULL,NULL,NULL,NULL,NULL,NULL,NULL,NULL,NULL,NULL,0,0,NULL,NULL,0.0000,0.0000,0.0000,0.0000,0.0000,0.0000,0.0000,0.0000,0.0000,0.0000,0.0000,0.0000,0.0000,0.0000,0.0000,NULL,'null',NULL,0.0000,0.0000,0.0000,NULL,0.0000,0.0000,0.0000,NULL,0.0000,0.0000,NULL,NULL,NULL,NULL,NULL,NULL,NULL,NULL,0),(246,101,'2022-01-04 09:23:40','2022-01-04 09:23:40',NULL,0,NULL,'shipping',NULL,NULL,NULL,NULL,NULL,NULL,NULL,NULL,NULL,NULL,NULL,NULL,NULL,NULL,NULL,1,0,NULL,NULL,0.0000,450.0000,450.0000,450.0000,450.0000,0.0000,0.0000,0.0000,0.0000,0.0000,0.0000,0.0000,0.0000,450.0000,450.0000,NULL,'[]',NULL,0.0000,0.0000,450.0000,450.0000,0.0000,0.0000,0.0000,NULL,0.0000,0.0000,NULL,NULL,NULL,NULL,NULL,NULL,NULL,NULL,0),(247,102,'2022-01-04 09:30:25','2022-01-04 09:30:25',4,0,NULL,'billing','admin45@gmail.com',NULL,NULL,NULL,NULL,NULL,NULL,NULL,NULL,NULL,NULL,NULL,NULL,NULL,NULL,0,0,NULL,NULL,0.0000,0.0000,0.0000,0.0000,0.0000,0.0000,0.0000,0.0000,0.0000,0.0000,0.0000,0.0000,0.0000,0.0000,0.0000,NULL,'null',NULL,0.0000,0.0000,0.0000,NULL,0.0000,0.0000,0.0000,NULL,0.0000,0.0000,NULL,NULL,NULL,NULL,NULL,NULL,NULL,NULL,0),(248,102,'2022-01-04 09:30:25','2022-01-04 09:30:25',4,0,NULL,'shipping','admin45@gmail.com',NULL,NULL,NULL,NULL,NULL,NULL,NULL,NULL,NULL,NULL,NULL,NULL,NULL,NULL,1,1,NULL,NULL,0.0000,7208.0000,7208.0000,7208.0000,7208.0000,0.0000,0.0000,0.0000,0.0000,0.0000,0.0000,0.0000,0.0000,7208.0000,7208.0000,NULL,'[]',NULL,0.0000,0.0000,7208.0000,7208.0000,0.0000,0.0000,0.0000,NULL,0.0000,0.0000,NULL,NULL,NULL,NULL,NULL,NULL,NULL,NULL,0),(249,103,'2022-01-04 09:49:51','2022-01-04 09:49:51',NULL,0,NULL,'billing',NULL,NULL,NULL,NULL,NULL,NULL,NULL,NULL,NULL,NULL,NULL,NULL,NULL,NULL,NULL,0,0,NULL,NULL,0.0000,0.0000,0.0000,0.0000,0.0000,0.0000,0.0000,0.0000,0.0000,0.0000,0.0000,0.0000,0.0000,0.0000,0.0000,NULL,'null',NULL,0.0000,0.0000,0.0000,NULL,0.0000,0.0000,0.0000,NULL,0.0000,0.0000,NULL,NULL,NULL,NULL,NULL,NULL,NULL,NULL,0),(250,103,'2022-01-04 09:49:51','2022-01-04 09:49:51',NULL,0,NULL,'shipping',NULL,NULL,NULL,NULL,NULL,NULL,NULL,NULL,NULL,NULL,NULL,NULL,NULL,NULL,NULL,1,0,NULL,NULL,0.0000,450.0000,450.0000,450.0000,450.0000,0.0000,0.0000,0.0000,0.0000,0.0000,0.0000,0.0000,0.0000,450.0000,450.0000,NULL,'[]',NULL,0.0000,0.0000,450.0000,450.0000,0.0000,0.0000,0.0000,NULL,0.0000,0.0000,NULL,NULL,NULL,NULL,NULL,NULL,NULL,NULL,0),(251,104,'2022-01-05 02:22:38','2022-01-05 02:22:38',NULL,0,NULL,'billing',NULL,NULL,NULL,NULL,NULL,NULL,NULL,NULL,NULL,NULL,NULL,NULL,NULL,NULL,NULL,0,0,NULL,NULL,0.0000,0.0000,0.0000,0.0000,0.0000,0.0000,0.0000,0.0000,0.0000,0.0000,0.0000,0.0000,0.0000,0.0000,0.0000,NULL,'null',NULL,0.0000,0.0000,0.0000,NULL,0.0000,0.0000,0.0000,NULL,0.0000,0.0000,NULL,NULL,NULL,NULL,NULL,NULL,NULL,NULL,0),(252,104,'2022-01-05 02:22:38','2022-01-05 02:35:17',NULL,0,NULL,'shipping',NULL,NULL,NULL,NULL,NULL,NULL,NULL,NULL,NULL,NULL,NULL,NULL,NULL,NULL,NULL,1,1,NULL,NULL,0.0000,2356.0000,2356.0000,2356.0000,2356.0000,0.0000,0.0000,0.0000,0.0000,0.0000,0.0000,0.0000,0.0000,2356.0000,2356.0000,NULL,'[]',NULL,0.0000,0.0000,2356.0000,2356.0000,0.0000,0.0000,0.0000,NULL,0.0000,0.0000,NULL,NULL,NULL,NULL,NULL,NULL,NULL,NULL,0),(253,105,'2022-02-28 09:59:23','2022-02-28 09:59:23',NULL,0,NULL,'billing',NULL,NULL,NULL,NULL,NULL,NULL,NULL,NULL,NULL,NULL,NULL,NULL,NULL,NULL,NULL,0,0,NULL,NULL,0.0000,0.0000,0.0000,0.0000,0.0000,0.0000,0.0000,0.0000,0.0000,0.0000,0.0000,0.0000,0.0000,0.0000,0.0000,NULL,'null',NULL,0.0000,0.0000,0.0000,NULL,0.0000,0.0000,0.0000,NULL,0.0000,0.0000,NULL,NULL,NULL,NULL,NULL,NULL,NULL,NULL,0),(254,105,'2022-02-28 09:59:23','2022-02-28 09:59:23',NULL,0,NULL,'shipping',NULL,NULL,NULL,NULL,NULL,NULL,NULL,NULL,NULL,NULL,NULL,NULL,NULL,NULL,NULL,1,0,NULL,NULL,0.0000,109.0000,109.0000,109.0000,109.0000,0.0000,0.0000,0.0000,0.0000,0.0000,0.0000,0.0000,0.0000,109.0000,109.0000,NULL,'[]',NULL,0.0000,0.0000,109.0000,109.0000,0.0000,0.0000,0.0000,NULL,0.0000,0.0000,NULL,NULL,NULL,NULL,NULL,NULL,NULL,NULL,0),(255,106,'2022-03-11 02:37:35','2022-03-11 02:37:35',NULL,0,NULL,'billing',NULL,NULL,NULL,NULL,NULL,NULL,NULL,NULL,NULL,NULL,NULL,NULL,NULL,NULL,NULL,0,0,NULL,NULL,0.0000,0.0000,0.0000,0.0000,0.0000,0.0000,0.0000,0.0000,0.0000,0.0000,0.0000,0.0000,0.0000,0.0000,0.0000,NULL,'null',NULL,0.0000,0.0000,0.0000,45.0000,0.0000,0.0000,0.0000,NULL,0.0000,0.0000,NULL,NULL,NULL,NULL,NULL,NULL,NULL,NULL,0),(256,106,'2022-03-11 02:37:36','2022-03-11 02:37:36',NULL,0,NULL,'shipping',NULL,NULL,NULL,NULL,NULL,NULL,NULL,NULL,NULL,NULL,NULL,NULL,NULL,NULL,NULL,1,1,NULL,NULL,0.0000,75.0000,75.0000,75.0000,75.0000,0.0000,0.0000,0.0000,0.0000,0.0000,0.0000,0.0000,0.0000,75.0000,75.0000,NULL,'[]',NULL,0.0000,0.0000,75.0000,75.0000,0.0000,0.0000,0.0000,NULL,0.0000,0.0000,NULL,NULL,NULL,NULL,NULL,NULL,NULL,NULL,0),(257,107,'2022-03-11 02:38:56','2022-03-11 02:38:56',NULL,0,NULL,'billing',NULL,NULL,NULL,NULL,NULL,NULL,NULL,NULL,NULL,NULL,NULL,NULL,NULL,NULL,NULL,0,0,NULL,NULL,0.0000,0.0000,0.0000,0.0000,0.0000,0.0000,0.0000,0.0000,0.0000,0.0000,0.0000,0.0000,0.0000,0.0000,0.0000,NULL,'null',NULL,0.0000,0.0000,0.0000,NULL,0.0000,0.0000,0.0000,NULL,0.0000,0.0000,NULL,NULL,NULL,NULL,NULL,NULL,NULL,NULL,0),(258,107,'2022-03-11 02:38:56','2022-03-11 02:38:56',NULL,0,NULL,'shipping',NULL,NULL,NULL,NULL,NULL,NULL,NULL,NULL,NULL,NULL,NULL,NULL,NULL,NULL,NULL,1,0,NULL,NULL,0.0000,20.0000,20.0000,20.0000,20.0000,0.0000,0.0000,0.0000,0.0000,0.0000,0.0000,0.0000,0.0000,20.0000,20.0000,NULL,'[]',NULL,0.0000,0.0000,20.0000,20.0000,0.0000,0.0000,0.0000,NULL,0.0000,0.0000,NULL,NULL,NULL,NULL,NULL,NULL,NULL,NULL,0),(259,108,'2022-03-14 03:09:25','2022-03-14 03:09:25',NULL,0,NULL,'billing',NULL,NULL,NULL,NULL,NULL,NULL,NULL,NULL,NULL,NULL,NULL,NULL,NULL,NULL,NULL,0,0,NULL,NULL,0.0000,0.0000,0.0000,0.0000,0.0000,0.0000,0.0000,0.0000,0.0000,0.0000,0.0000,0.0000,0.0000,0.0000,0.0000,NULL,'null',NULL,0.0000,0.0000,0.0000,NULL,0.0000,0.0000,0.0000,NULL,0.0000,0.0000,NULL,NULL,NULL,NULL,NULL,NULL,NULL,NULL,0),(260,108,'2022-03-14 03:09:25','2022-03-14 03:09:25',NULL,0,NULL,'shipping',NULL,NULL,NULL,NULL,NULL,NULL,NULL,NULL,NULL,NULL,NULL,NULL,NULL,NULL,NULL,1,1,NULL,NULL,0.0000,50.0000,50.0000,50.0000,50.0000,0.0000,0.0000,0.0000,0.0000,0.0000,0.0000,0.0000,0.0000,50.0000,50.0000,NULL,'[]',NULL,0.0000,0.0000,50.0000,50.0000,0.0000,0.0000,0.0000,NULL,0.0000,0.0000,NULL,NULL,NULL,NULL,NULL,NULL,NULL,NULL,0),(261,109,'2022-03-14 04:41:35','2022-03-14 04:41:35',NULL,0,NULL,'billing',NULL,NULL,NULL,NULL,NULL,NULL,NULL,NULL,NULL,NULL,NULL,NULL,NULL,NULL,NULL,0,0,NULL,NULL,0.0000,0.0000,0.0000,0.0000,0.0000,0.0000,0.0000,0.0000,0.0000,0.0000,0.0000,0.0000,0.0000,0.0000,0.0000,NULL,'null',NULL,0.0000,0.0000,0.0000,NULL,0.0000,0.0000,0.0000,NULL,0.0000,0.0000,NULL,NULL,NULL,NULL,NULL,NULL,NULL,NULL,0),(262,109,'2022-03-14 04:41:35','2022-03-14 04:41:35',NULL,0,NULL,'shipping',NULL,NULL,NULL,NULL,NULL,NULL,NULL,NULL,NULL,NULL,NULL,NULL,NULL,NULL,NULL,1,0,NULL,NULL,0.0000,20.0000,20.0000,20.0000,20.0000,0.0000,0.0000,0.0000,0.0000,0.0000,0.0000,0.0000,0.0000,20.0000,20.0000,NULL,'[]',NULL,0.0000,0.0000,20.0000,20.0000,0.0000,0.0000,0.0000,NULL,0.0000,0.0000,NULL,NULL,NULL,NULL,NULL,NULL,NULL,NULL,0);

--
