-- Table structure for table `catalog_category_product_index_tmp`
--

CREATE TABLE `catalog_category_product_index_tmp` (
  `category_id` int unsigned NOT NULL DEFAULT '0' COMMENT 'Category ID',
  `product_id` int unsigned NOT NULL DEFAULT '0' COMMENT 'Product ID',
  `position` int NOT NULL DEFAULT '0' COMMENT 'Position',
  `is_parent` smallint unsigned NOT NULL DEFAULT '0' COMMENT 'Is Parent',
  `store_id` smallint unsigned NOT NULL DEFAULT '0' COMMENT 'Store ID',
  `visibility` smallint unsigned NOT NULL COMMENT 'Visibility',
  PRIMARY KEY (`category_id`,`product_id`,`store_id`),
  KEY `CAT_CTGR_PRD_IDX_TMP_PRD_ID_CTGR_ID_STORE_ID` (`product_id`,`category_id`,`store_id`)
) ENGINE=InnoDB DEFAULT CHARSET=utf8 COMMENT='Catalog Category Product Indexer temporary table';

--
-- Dumping data for table `catalog_category_product_index_tmp`
--


--
-- Table structure for table `catalog_compare_item`
--

CREATE TABLE `catalog_compare_item` (
  `catalog_compare_item_id` int unsigned NOT NULL AUTO_INCREMENT COMMENT 'Compare Item ID',
  `visitor_id` int unsigned NOT NULL DEFAULT '0' COMMENT 'Visitor ID',
  `customer_id` int unsigned DEFAULT NULL COMMENT 'Customer ID',
  `product_id` int unsigned NOT NULL DEFAULT '0' COMMENT 'Product ID',
  `store_id` smallint unsigned DEFAULT NULL COMMENT 'Store ID',
  `list_id` int unsigned DEFAULT NULL COMMENT 'List ID',
  PRIMARY KEY (`catalog_compare_item_id`),
  KEY `CATALOG_COMPARE_ITEM_PRODUCT_ID` (`product_id`),
  KEY `CATALOG_COMPARE_ITEM_VISITOR_ID_PRODUCT_ID` (`visitor_id`,`product_id`),
  KEY `CATALOG_COMPARE_ITEM_CUSTOMER_ID_PRODUCT_ID` (`customer_id`,`product_id`),
  KEY `CATALOG_COMPARE_ITEM_STORE_ID` (`store_id`),
  KEY `CATALOG_COMPARE_ITEM_LIST_ID_CATALOG_COMPARE_LIST_LIST_ID` (`list_id`),
  CONSTRAINT `CATALOG_COMPARE_ITEM_CUSTOMER_ID_CUSTOMER_ENTITY_ENTITY_ID` FOREIGN KEY (`customer_id`) REFERENCES `customer_entity` (`entity_id`) ON DELETE CASCADE,
  CONSTRAINT `CATALOG_COMPARE_ITEM_LIST_ID_CATALOG_COMPARE_LIST_LIST_ID` FOREIGN KEY (`list_id`) REFERENCES `catalog_compare_list` (`list_id`) ON DELETE CASCADE,
  CONSTRAINT `CATALOG_COMPARE_ITEM_PRODUCT_ID_CATALOG_PRODUCT_ENTITY_ENTITY_ID` FOREIGN KEY (`product_id`) REFERENCES `catalog_product_entity` (`entity_id`) ON DELETE CASCADE,
  CONSTRAINT `CATALOG_COMPARE_ITEM_STORE_ID_STORE_STORE_ID` FOREIGN KEY (`store_id`) REFERENCES `store` (`store_id`) ON DELETE SET NULL
) ENGINE=InnoDB AUTO_INCREMENT=27 DEFAULT CHARSET=utf8 COMMENT='Catalog Compare Table';

--
-- Dumping data for table `catalog_compare_item`
--

INSERT INTO `catalog_compare_item` VALUES (5,28,NULL,12,1,NULL),(8,31,2,22,1,NULL),(9,46,NULL,12,6,NULL),(10,139,NULL,57,1,NULL),(11,0,1,2,26,NULL),(13,268,NULL,12,1,NULL),(14,270,NULL,12,1,NULL),(15,276,NULL,59,1,NULL),(16,0,1,59,1,NULL),(17,278,NULL,45,1,NULL),(18,279,NULL,59,1,NULL),(19,280,NULL,59,1,NULL),(20,280,NULL,14,1,NULL),(21,283,NULL,59,1,NULL),(23,290,NULL,60,1,NULL),(24,290,NULL,14,1,NULL),(26,338,NULL,238,31,NULL);

--
-- Table structure for table `catalog_compare_list`
--

CREATE TABLE `catalog_compare_list` (
  `list_id` int unsigned NOT NULL AUTO_INCREMENT COMMENT 'Compare List ID',
  `list_id_mask` varchar(32) DEFAULT NULL COMMENT 'Masked ID',
  `customer_id` int unsigned DEFAULT NULL COMMENT 'Customer ID',
  PRIMARY KEY (`list_id`),
  UNIQUE KEY `CATALOG_COMPARE_LIST_CUSTOMER_ID` (`customer_id`),
  KEY `CATALOG_COMPARE_LIST_LIST_ID_MASK` (`list_id_mask`),
  CONSTRAINT `CATALOG_COMPARE_LIST_CUSTOMER_ID_CUSTOMER_ENTITY_ENTITY_ID` FOREIGN KEY (`customer_id`) REFERENCES `customer_entity` (`entity_id`) ON DELETE CASCADE
) ENGINE=InnoDB DEFAULT CHARSET=utf8 COMMENT='Catalog Compare List with hash Table';

--
-- Dumping data for table `catalog_compare_list`
--


--
-- Table structure for table `catalog_eav_attribute`
--

CREATE TABLE `catalog_eav_attribute` (
  `attribute_id` smallint unsigned NOT NULL COMMENT 'Attribute ID',
  `frontend_input_renderer` varchar(255) DEFAULT NULL COMMENT 'Frontend Input Renderer',
  `is_global` smallint unsigned NOT NULL DEFAULT '1' COMMENT 'Is Global',
  `is_visible` smallint unsigned NOT NULL DEFAULT '1' COMMENT 'Is Visible',
  `is_searchable` smallint unsigned NOT NULL DEFAULT '0' COMMENT 'Is Searchable',
  `is_filterable` smallint unsigned NOT NULL DEFAULT '0' COMMENT 'Is Filterable',
  `is_comparable` smallint unsigned NOT NULL DEFAULT '0' COMMENT 'Is Comparable',
  `is_visible_on_front` smallint unsigned NOT NULL DEFAULT '0' COMMENT 'Is Visible On Front',
  `is_html_allowed_on_front` smallint unsigned NOT NULL DEFAULT '0' COMMENT 'Is HTML Allowed On Front',
  `is_used_for_price_rules` smallint unsigned NOT NULL DEFAULT '0' COMMENT 'Is Used For Price Rules',
  `is_filterable_in_search` smallint unsigned NOT NULL DEFAULT '0' COMMENT 'Is Filterable In Search',
  `used_in_product_listing` smallint unsigned NOT NULL DEFAULT '0' COMMENT 'Is Used In Product Listing',
  `used_for_sort_by` smallint unsigned NOT NULL DEFAULT '0' COMMENT 'Is Used For Sorting',
  `apply_to` varchar(255) DEFAULT NULL COMMENT 'Apply To',
  `is_visible_in_advanced_search` smallint unsigned NOT NULL DEFAULT '0' COMMENT 'Is Visible In Advanced Search',
  `position` int NOT NULL DEFAULT '0' COMMENT 'Position',
  `is_wysiwyg_enabled` smallint unsigned NOT NULL DEFAULT '0' COMMENT 'Is WYSIWYG Enabled',
  `is_used_for_promo_rules` smallint unsigned NOT NULL DEFAULT '0' COMMENT 'Is Used For Promo Rules',
  `is_required_in_admin_store` smallint unsigned NOT NULL DEFAULT '0' COMMENT 'Is Required In Admin Store',
  `is_used_in_grid` smallint unsigned NOT NULL DEFAULT '0' COMMENT 'Is Used in Grid',
  `is_visible_in_grid` smallint unsigned NOT NULL DEFAULT '0' COMMENT 'Is Visible in Grid',
  `is_filterable_in_grid` smallint unsigned NOT NULL DEFAULT '0' COMMENT 'Is Filterable in Grid',
  `search_weight` float NOT NULL DEFAULT '1' COMMENT 'Search Weight',
  `additional_data` text COMMENT 'Additional swatch attributes data',
  `is_pagebuilder_enabled` tinyint(1) NOT NULL DEFAULT '0' COMMENT 'Is PageBuilder Enabled',
  PRIMARY KEY (`attribute_id`),
  KEY `CATALOG_EAV_ATTRIBUTE_USED_FOR_SORT_BY` (`used_for_sort_by`),
  KEY `CATALOG_EAV_ATTRIBUTE_USED_IN_PRODUCT_LISTING` (`used_in_product_listing`),
  CONSTRAINT `CATALOG_EAV_ATTRIBUTE_ATTRIBUTE_ID_EAV_ATTRIBUTE_ATTRIBUTE_ID` FOREIGN KEY (`attribute_id`) REFERENCES `eav_attribute` (`attribute_id`) ON DELETE CASCADE
) ENGINE=InnoDB DEFAULT CHARSET=utf8 COMMENT='Catalog EAV Attribute Table';

--
-- Dumping data for table `catalog_eav_attribute`
--

INSERT INTO `catalog_eav_attribute` VALUES (45,NULL,0,1,0,0,0,0,0,0,0,0,0,NULL,0,0,0,0,0,0,0,0,1,NULL,0),(46,NULL,0,1,0,0,0,0,0,0,0,0,0,NULL,0,0,0,0,0,0,0,0,1,NULL,0),(47,NULL,0,1,0,0,0,0,1,0,0,0,0,NULL,0,0,1,0,0,0,0,0,1,NULL,0),(48,NULL,0,1,0,0,0,0,0,0,0,0,0,NULL,0,0,0,0,0,0,0,0,1,NULL,0),(49,NULL,0,1,0,0,0,0,0,0,0,0,0,NULL,0,0,0,0,0,0,0,0,1,NULL,0),(50,NULL,0,1,0,0,0,0,0,0,0,0,0,NULL,0,0,0,0,0,0,0,0,1,NULL,0),(51,NULL,0,1,0,0,0,0,0,0,0,0,0,NULL,0,0,0,0,0,0,0,0,1,NULL,0),(52,NULL,0,1,0,0,0,0,0,0,0,0,0,NULL,0,0,0,0,0,0,0,0,1,NULL,0),(53,NULL,0,1,0,0,0,0,0,0,0,0,0,NULL,0,0,0,0,0,0,0,0,1,NULL,0),(54,NULL,1,1,0,0,0,0,0,0,0,0,0,NULL,0,0,0,0,0,0,0,0,1,NULL,0),(55,NULL,1,0,0,0,0,0,0,0,0,0,0,NULL,0,0,0,0,0,0,0,0,1,NULL,0),(56,NULL,1,0,0,0,0,0,0,0,0,0,0,NULL,0,0,0,0,0,0,0,0,1,NULL,0),(57,NULL,1,0,0,0,0,0,0,0,0,0,0,NULL,0,0,0,0,0,0,0,0,1,NULL,0),(58,NULL,1,0,0,0,0,0,0,0,0,0,0,NULL,0,0,0,0,0,0,0,0,1,NULL,0),(59,NULL,1,0,0,0,0,0,0,0,0,0,0,NULL,0,0,0,0,0,0,0,0,1,NULL,0),(60,NULL,0,1,0,0,0,0,0,0,0,0,0,NULL,0,0,0,0,0,0,0,0,1,NULL,0),(61,NULL,0,1,0,0,0,0,0,0,0,0,0,NULL,0,0,0,0,0,0,0,0,1,NULL,0),(62,NULL,0,1,0,0,0,0,0,0,0,0,0,NULL,0,0,0,0,0,0,0,0,1,NULL,0),(63,NULL,0,1,0,0,0,0,0,0,0,0,0,NULL,0,0,0,0,0,0,0,0,1,NULL,0),(64,NULL,0,0,0,0,0,0,0,0,0,0,0,NULL,0,0,0,0,0,0,0,0,1,NULL,0),(65,NULL,1,0,0,0,0,0,0,0,0,0,0,NULL,0,0,0,0,0,0,0,0,1,NULL,0),(66,NULL,1,0,0,0,0,0,0,0,0,0,0,NULL,0,0,0,0,0,0,0,0,1,NULL,0),(67,'Magento\\Catalog\\Block\\Adminhtml\\Category\\Helper\\Sortby\\Available',0,1,0,0,0,0,0,0,0,0,0,NULL,0,0,0,0,0,0,0,0,1,NULL,0),(68,'Magento\\Catalog\\Block\\Adminhtml\\Category\\Helper\\Sortby\\DefaultSortby',0,1,0,0,0,0,0,0,0,0,0,NULL,0,0,0,0,0,0,0,0,1,NULL,0),(69,NULL,0,1,0,0,0,0,0,0,0,0,0,NULL,0,0,0,0,0,0,0,0,1,NULL,0),(70,NULL,0,1,0,0,0,0,0,0,0,0,0,NULL,0,0,0,0,0,0,0,0,1,NULL,0),(71,NULL,0,1,0,0,0,0,0,0,0,0,0,NULL,0,0,0,0,0,0,0,0,1,NULL,0),(72,'Magento\\Catalog\\Block\\Adminhtml\\Category\\Helper\\Pricestep',0,1,0,0,0,0,0,0,0,0,0,NULL,0,0,0,0,0,0,0,0,1,NULL,0),(73,NULL,0,1,1,0,0,0,0,0,0,1,1,NULL,1,0,0,0,0,0,0,0,5,NULL,0),(74,NULL,1,1,1,0,1,0,0,0,0,0,0,NULL,1,0,0,0,0,0,0,0,6,NULL,0),(75,NULL,0,1,1,0,1,0,1,0,0,0,0,NULL,1,0,1,0,0,0,0,0,1,NULL,1),(76,NULL,0,1,1,0,1,0,1,0,0,1,0,NULL,1,0,1,0,0,1,0,0,1,NULL,0),(77,NULL,1,1,1,1,0,0,0,0,0,1,1,'simple,virtual,downloadable,configurable,bundle',1,0,0,0,0,0,0,0,1,NULL,0),(78,NULL,1,1,0,0,0,0,0,0,0,1,0,'simple,virtual,downloadable,configurable,bundle',0,0,0,0,0,1,0,1,1,NULL,0),(79,NULL,2,1,0,0,0,0,0,0,0,1,0,'simple,virtual,downloadable,configurable,bundle',0,0,0,0,0,1,0,0,1,NULL,0),(80,NULL,2,1,0,0,0,0,0,0,0,1,0,'simple,virtual,downloadable,configurable,bundle',0,0,0,0,0,1,0,0,1,NULL,0),(81,NULL,1,1,0,0,0,0,0,0,0,0,0,'simple,virtual,downloadable',0,0,0,0,0,1,0,1,1,NULL,0),(82,'Magento\\Catalog\\Block\\Adminhtml\\Product\\Helper\\Form\\Weight',1,1,0,0,0,0,0,0,0,0,0,'simple,virtual,downloadable,configurable,bundle',0,0,0,0,0,1,0,1,1,NULL,0),(83,NULL,1,1,1,1,1,1,1,0,1,1,0,'simple,configurable',1,0,0,1,0,1,0,1,1,NULL,0),(84,NULL,0,1,0,0,0,0,0,0,0,0,0,NULL,0,0,0,0,0,1,0,1,1,NULL,0),(85,NULL,0,1,0,0,0,0,0,0,0,0,0,NULL,0,0,0,0,0,1,0,1,1,NULL,0),(86,NULL,0,1,0,0,0,0,0,0,0,0,0,NULL,0,0,0,0,0,1,0,1,1,NULL,0),(87,NULL,0,1,0,0,0,0,0,0,0,1,0,NULL,0,0,0,0,0,0,0,0,1,NULL,0),(88,NULL,0,1,0,0,0,0,0,0,0,1,0,NULL,0,0,0,0,0,0,0,0,1,NULL,0),(89,NULL,0,1,0,0,0,0,0,0,0,1,0,NULL,0,0,0,0,0,0,0,0,1,NULL,0),(90,NULL,1,1,0,0,0,0,0,0,0,0,0,NULL,0,0,0,0,0,0,0,0,1,NULL,0),(91,NULL,1,0,0,0,0,0,0,0,0,0,0,NULL,0,0,0,0,0,0,0,0,1,NULL,0),(92,NULL,2,1,0,0,0,0,0,0,0,0,0,'simple,virtual,downloadable,bundle',0,0,0,0,0,0,0,0,1,NULL,0),(93,NULL,1,1,1,1,1,1,0,0,1,1,0,'simple,virtual,configurable',1,0,0,1,0,1,0,1,1,'{\"swatch_input_type\":\"visual\",\"update_product_preview_image\":\"1\",\"use_product_image_for_swatch\":\"0\"}',0),(94,NULL,2,1,0,0,0,0,0,0,0,1,0,NULL,0,0,0,0,0,1,0,0,1,NULL,0),(95,NULL,2,1,0,0,0,0,0,0,0,1,0,NULL,0,0,0,0,0,1,0,0,1,NULL,0),(96,NULL,1,1,0,0,0,0,0,0,0,0,0,NULL,0,0,0,0,0,0,0,0,1,NULL,0),(97,'Magento\\Framework\\Data\\Form\\Element\\Hidden',2,1,1,0,0,0,0,0,0,1,0,NULL,0,0,0,0,1,0,0,0,1,NULL,0),(98,NULL,1,0,0,0,0,0,0,0,0,0,0,'simple,virtual,downloadable,configurable,bundle',0,0,0,0,0,0,0,0,1,NULL,0),(99,NULL,0,1,0,0,0,0,0,0,0,0,0,NULL,0,0,0,0,1,0,0,0,1,NULL,0),(100,NULL,0,1,0,0,0,0,0,0,0,0,0,NULL,0,0,0,0,0,1,0,1,1,NULL,0),(101,NULL,0,1,0,0,0,0,0,0,0,0,0,NULL,0,0,0,0,0,1,0,0,1,NULL,0),(102,NULL,0,1,0,0,0,0,0,0,0,0,0,NULL,0,0,0,0,0,1,0,0,1,NULL,0),(103,NULL,0,0,0,0,0,0,0,0,0,0,0,NULL,0,0,0,0,0,0,0,0,1,NULL,0),(104,NULL,0,1,0,0,0,0,0,0,0,0,0,NULL,0,0,0,0,0,1,0,0,1,NULL,0),(105,'Magento\\Catalog\\Block\\Adminhtml\\Product\\Helper\\Form\\Category',1,1,0,0,0,0,0,0,0,0,0,NULL,0,0,0,0,0,0,0,0,1,NULL,0),(106,NULL,0,1,0,0,0,0,0,0,0,0,0,NULL,0,0,0,0,0,0,0,0,1,NULL,0),(107,NULL,1,0,0,0,0,0,0,0,0,1,0,NULL,0,0,0,0,0,0,0,0,1,NULL,0),(108,NULL,1,0,0,0,0,0,0,0,0,0,0,NULL,0,0,0,0,0,0,0,0,1,NULL,0),(109,NULL,0,0,0,0,0,0,0,0,0,1,0,NULL,0,0,0,0,0,0,0,0,1,NULL,0),(110,NULL,0,0,0,0,0,0,0,0,0,1,0,NULL,0,0,0,0,0,0,0,0,1,NULL,0),(111,NULL,0,0,0,0,0,0,0,0,0,1,0,NULL,0,0,0,0,0,0,0,0,1,NULL,0),(112,NULL,1,0,0,0,0,0,0,0,0,0,0,NULL,0,0,0,0,0,0,0,0,1,NULL,0),(113,NULL,1,0,0,0,0,0,0,0,0,0,0,NULL,0,0,0,0,0,0,0,0,1,NULL,0),(114,NULL,2,1,0,0,0,0,0,0,0,0,0,'simple,bundle,configurable,grouped',0,0,0,0,0,1,0,1,1,NULL,0),(115,'Magento\\CatalogInventory\\Block\\Adminhtml\\Form\\Field\\Stock',1,1,0,0,0,0,0,0,0,0,0,NULL,0,0,0,0,0,0,0,0,1,NULL,0),(116,NULL,0,1,0,0,0,0,0,0,0,0,0,NULL,0,0,0,0,0,1,0,0,1,NULL,0),(117,NULL,0,1,0,0,0,0,0,0,0,0,0,NULL,0,0,0,0,0,0,0,0,1,NULL,0),(118,NULL,0,1,0,0,0,0,0,0,0,0,0,NULL,0,0,0,0,0,0,0,0,1,NULL,0),(119,NULL,0,1,1,0,0,0,0,0,0,0,0,NULL,0,0,0,0,0,0,0,0,1,NULL,0),(120,NULL,0,0,0,0,0,0,0,0,0,0,0,NULL,0,0,0,0,0,0,0,0,1,NULL,0),(121,NULL,0,1,1,0,0,0,0,0,0,1,0,NULL,0,0,0,0,0,1,0,1,1,NULL,0),(122,NULL,0,0,0,0,0,0,0,0,0,0,0,NULL,0,0,0,0,0,0,0,0,1,NULL,0),(123,'Magento\\Msrp\\Block\\Adminhtml\\Product\\Helper\\Form\\Type',1,1,0,0,0,0,0,0,0,1,0,'simple,virtual,downloadable,bundle,configurable',0,0,0,0,0,1,0,1,1,NULL,0),(124,'Magento\\Msrp\\Block\\Adminhtml\\Product\\Helper\\Form\\Type\\Price',2,1,0,0,0,0,0,0,0,1,0,'simple,virtual,downloadable,bundle,configurable',0,0,0,0,0,0,0,0,1,NULL,0),(125,NULL,1,0,0,0,0,0,0,0,0,1,0,'downloadable',0,0,0,0,0,0,0,0,1,NULL,0),(126,NULL,0,0,0,0,0,0,0,0,0,0,0,'downloadable',0,0,0,0,0,0,0,0,1,NULL,0),(127,NULL,0,0,0,0,0,0,0,0,0,0,0,'downloadable',0,0,0,0,0,0,0,0,1,NULL,0),(128,NULL,1,0,0,0,0,0,0,0,0,1,0,'downloadable',0,0,0,0,0,0,0,0,1,NULL,0),(129,'Magento\\GiftMessage\\Block\\Adminhtml\\Product\\Helper\\Form\\Config',1,1,0,0,0,0,0,0,0,0,0,NULL,0,0,0,0,0,1,0,0,1,NULL,0),(130,NULL,1,1,0,0,0,0,0,0,0,1,0,'bundle',0,0,0,0,0,0,0,0,1,NULL,0),(131,NULL,1,1,0,0,0,0,0,0,0,0,0,'bundle',0,0,0,0,0,0,0,0,1,NULL,0),(132,NULL,1,1,0,0,0,0,0,0,0,1,0,'bundle',0,0,0,0,0,0,0,0,1,NULL,0),(133,NULL,1,1,0,0,0,0,0,0,0,1,0,'bundle',0,0,0,0,0,0,0,0,1,NULL,0),(134,NULL,1,1,0,0,0,0,0,0,0,1,0,'bundle',0,0,0,0,0,0,0,0,1,NULL,0),(135,NULL,0,1,0,0,0,0,0,0,0,1,0,NULL,0,0,0,0,0,0,0,0,1,NULL,0),(136,NULL,2,1,1,0,0,0,0,0,0,1,0,'simple,virtual,downloadable,configurable,bundle',0,0,0,0,0,1,0,1,1,NULL,0),(137,NULL,1,1,0,0,0,0,0,0,0,1,0,'simple,configurable,virtual,bundle,downloadable',0,0,0,0,0,0,0,0,1,NULL,0),(138,NULL,1,1,0,1,0,1,1,0,1,1,0,NULL,0,0,0,1,0,0,1,0,1,'{\"swatch_input_type\":\"text\",\"update_product_preview_image\":\"1\",\"use_product_image_for_swatch\":0}',0),(139,NULL,1,1,0,0,0,0,0,0,0,1,0,'simple,configurable,virtual,bundle,downloadable',0,0,0,0,0,0,0,0,1,NULL,0),(140,NULL,1,1,1,1,0,1,1,0,1,1,0,NULL,1,0,0,0,0,1,1,1,1,NULL,0),(141,NULL,1,1,1,1,0,1,1,0,1,1,0,NULL,1,0,0,0,0,1,1,1,1,NULL,0),(142,NULL,1,1,1,1,0,1,1,0,1,1,0,NULL,0,0,0,0,0,1,1,1,1,NULL,0),(143,NULL,1,1,0,0,0,0,0,0,0,1,0,NULL,0,0,0,0,0,0,0,0,1,NULL,0),(144,NULL,1,1,0,0,0,0,0,0,0,1,0,'simple,configurable,virtual,bundle,downloadable',0,0,0,0,0,0,0,0,1,NULL,0),(145,NULL,1,1,0,0,0,0,0,0,0,1,0,'simple,configurable,virtual,bundle,downloadable',0,0,0,0,0,0,0,0,1,NULL,0),(146,NULL,1,1,0,0,0,0,0,0,0,1,0,'simple,configurable,virtual,bundle,downloadable',0,0,0,0,0,0,0,0,1,NULL,0),(147,NULL,1,1,0,0,0,0,0,0,0,1,0,'simple,configurable,virtual,bundle,downloadable',0,0,0,0,0,0,0,0,1,NULL,0);

--
-- Table structure for table `catalog_product_bundle_option`
--

CREATE TABLE `catalog_product_bundle_option` (
  `option_id` int unsigned NOT NULL AUTO_INCREMENT COMMENT 'Option ID',
  `parent_id` int unsigned NOT NULL COMMENT 'Parent ID',
  `required` smallint unsigned NOT NULL DEFAULT '0' COMMENT 'Required',
  `position` int unsigned NOT NULL DEFAULT '0' COMMENT 'Position',
  `type` varchar(255) DEFAULT NULL COMMENT 'Type',
  PRIMARY KEY (`option_id`),
  KEY `CATALOG_PRODUCT_BUNDLE_OPTION_PARENT_ID` (`parent_id`),
  CONSTRAINT `CAT_PRD_BNDL_OPT_PARENT_ID_CAT_PRD_ENTT_ENTT_ID` FOREIGN KEY (`parent_id`) REFERENCES `catalog_product_entity` (`entity_id`) ON DELETE CASCADE
) ENGINE=InnoDB AUTO_INCREMENT=15 DEFAULT CHARSET=utf8 COMMENT='Catalog Product Bundle Option';

--
-- Dumping data for table `catalog_product_bundle_option`
--

INSERT INTO `catalog_product_bundle_option` VALUES (4,59,1,6,'radio'),(5,59,1,2,'radio'),(6,59,1,4,'checkbox'),(8,59,0,8,'checkbox'),(9,59,1,1,'radio'),(10,59,0,9,'checkbox'),(11,59,1,5,'radio'),(12,59,1,3,'radio'),(13,59,0,7,'radio'),(14,59,0,10,'select');

--
-- Table structure for table `catalog_product_bundle_option_value`
--

CREATE TABLE `catalog_product_bundle_option_value` (
  `value_id` int unsigned NOT NULL AUTO_INCREMENT COMMENT 'Value ID',
  `option_id` int unsigned NOT NULL COMMENT 'Option ID',
  `store_id` smallint unsigned NOT NULL COMMENT 'Store ID',
  `title` varchar(255) DEFAULT NULL COMMENT 'Title',
  `parent_product_id` int unsigned NOT NULL COMMENT 'Parent Product ID',
  PRIMARY KEY (`value_id`),
  UNIQUE KEY `CAT_PRD_BNDL_OPT_VAL_OPT_ID_PARENT_PRD_ID_STORE_ID` (`option_id`,`parent_product_id`,`store_id`),
  CONSTRAINT `CAT_PRD_BNDL_OPT_VAL_OPT_ID_CAT_PRD_BNDL_OPT_OPT_ID` FOREIGN KEY (`option_id`) REFERENCES `catalog_product_bundle_option` (`option_id`) ON DELETE CASCADE
) ENGINE=InnoDB AUTO_INCREMENT=151 DEFAULT CHARSET=utf8 COMMENT='Catalog Product Bundle Option Value';

--
-- Dumping data for table `catalog_product_bundle_option_value`
--

INSERT INTO `catalog_product_bundle_option_value` VALUES (16,4,0,'Case',59),(21,5,0,'Chipset',59),(24,6,0,'HDD/SSD',59),(36,8,0,'Keyboard',59),(49,9,0,'Mainboard',59),(60,10,0,'Mouse',59),(67,11,0,'Power',59),(75,12,0,'Ram',59),(84,13,0,'VGA',59),(130,14,0,'Operating Systems',59);

--
-- Table structure for table `catalog_product_bundle_price_index`
--

CREATE TABLE `catalog_product_bundle_price_index` (
  `entity_id` int unsigned NOT NULL COMMENT 'Entity ID',
  `website_id` smallint unsigned NOT NULL COMMENT 'Website ID',
  `customer_group_id` int unsigned NOT NULL COMMENT 'Customer Group ID',
  `min_price` decimal(20,6) NOT NULL COMMENT 'Min Price',
  `max_price` decimal(20,6) NOT NULL COMMENT 'Max Price',
  PRIMARY KEY (`entity_id`,`website_id`,`customer_group_id`),
  KEY `CATALOG_PRODUCT_BUNDLE_PRICE_INDEX_WEBSITE_ID` (`website_id`),
  KEY `CATALOG_PRODUCT_BUNDLE_PRICE_INDEX_CUSTOMER_GROUP_ID` (`customer_group_id`),
  CONSTRAINT `CAT_PRD_BNDL_PRICE_IDX_CSTR_GROUP_ID_CSTR_GROUP_CSTR_GROUP_ID` FOREIGN KEY (`customer_group_id`) REFERENCES `customer_group` (`customer_group_id`) ON DELETE CASCADE,
  CONSTRAINT `CAT_PRD_BNDL_PRICE_IDX_ENTT_ID_CAT_PRD_ENTT_ENTT_ID` FOREIGN KEY (`entity_id`) REFERENCES `catalog_product_entity` (`entity_id`) ON DELETE CASCADE,
  CONSTRAINT `CAT_PRD_BNDL_PRICE_IDX_WS_ID_STORE_WS_WS_ID` FOREIGN KEY (`website_id`) REFERENCES `store_website` (`website_id`) ON DELETE CASCADE
) ENGINE=InnoDB DEFAULT CHARSET=utf8 COMMENT='Catalog Product Bundle Price Index';

--
-- Dumping data for table `catalog_product_bundle_price_index`
--


--
-- Table structure for table `catalog_product_bundle_selection`
--

CREATE TABLE `catalog_product_bundle_selection` (
  `selection_id` int unsigned NOT NULL AUTO_INCREMENT COMMENT 'Selection ID',
  `option_id` int unsigned NOT NULL COMMENT 'Option ID',
  `parent_product_id` int unsigned NOT NULL COMMENT 'Parent Product ID',
  `product_id` int unsigned NOT NULL COMMENT 'Product ID',
  `position` int unsigned NOT NULL DEFAULT '0' COMMENT 'Position',
  `is_default` smallint unsigned NOT NULL DEFAULT '0' COMMENT 'Is Default',
  `selection_price_type` smallint unsigned NOT NULL DEFAULT '0' COMMENT 'Selection Price Type',
  `selection_price_value` decimal(12,4) NOT NULL DEFAULT '0.0000' COMMENT 'Selection Price Value',
  `selection_qty` decimal(12,4) DEFAULT NULL COMMENT 'Selection Qty',
  `selection_can_change_qty` smallint NOT NULL DEFAULT '0' COMMENT 'Selection Can Change Qty',
  PRIMARY KEY (`selection_id`),
  KEY `CATALOG_PRODUCT_BUNDLE_SELECTION_OPTION_ID` (`option_id`),
  KEY `CATALOG_PRODUCT_BUNDLE_SELECTION_PRODUCT_ID` (`product_id`),
  CONSTRAINT `CAT_PRD_BNDL_SELECTION_OPT_ID_CAT_PRD_BNDL_OPT_OPT_ID` FOREIGN KEY (`option_id`) REFERENCES `catalog_product_bundle_option` (`option_id`) ON DELETE CASCADE,
  CONSTRAINT `CAT_PRD_BNDL_SELECTION_PRD_ID_CAT_PRD_ENTT_ENTT_ID` FOREIGN KEY (`product_id`) REFERENCES `catalog_product_entity` (`entity_id`) ON DELETE CASCADE
) ENGINE=InnoDB AUTO_INCREMENT=63 DEFAULT CHARSET=utf8 COMMENT='Catalog Product Bundle Selection';

--
-- Dumping data for table `catalog_product_bundle_selection`
--

INSERT INTO `catalog_product_bundle_selection` VALUES (10,4,59,144,1,0,0,0.0000,1.0000,0),(11,4,59,143,2,0,0,0.0000,1.0000,0),(12,4,59,142,3,0,0,0.0000,1.0000,0),(13,4,59,141,4,0,0,0.0000,1.0000,0),(14,4,59,140,5,0,0,0.0000,1.0000,0),(15,5,59,145,1,0,0,0.0000,1.0000,0),(16,5,59,146,2,0,0,0.0000,1.0000,0),(17,5,59,147,3,0,0,0.0000,1.0000,0),(18,5,59,148,4,0,0,0.0000,1.0000,0),(19,5,59,149,5,0,0,0.0000,1.0000,0),(20,6,59,150,1,0,0,0.0000,1.0000,0),(21,6,59,151,2,0,0,0.0000,1.0000,0),(22,6,59,152,3,0,0,0.0000,1.0000,0),(23,6,59,153,4,0,0,0.0000,1.0000,0),(24,6,59,154,5,0,0,0.0000,1.0000,0),(30,8,59,155,1,0,0,0.0000,1.0000,0),(31,8,59,156,2,0,0,0.0000,1.0000,0),(32,8,59,157,3,0,0,0.0000,1.0000,0),(33,8,59,158,4,0,0,0.0000,1.0000,0),(34,8,59,159,5,0,0,0.0000,1.0000,0),(35,9,59,160,1,0,0,0.0000,1.0000,0),(36,9,59,161,2,0,0,0.0000,1.0000,0),(37,9,59,162,3,0,0,0.0000,1.0000,0),(38,9,59,163,4,0,0,0.0000,1.0000,0),(39,9,59,164,5,0,0,0.0000,1.0000,0),(40,10,59,165,1,0,0,0.0000,1.0000,0),(41,10,59,166,2,0,0,0.0000,1.0000,0),(42,10,59,167,3,0,0,0.0000,1.0000,0),(43,10,59,168,4,0,0,0.0000,1.0000,0),(44,10,59,169,5,0,0,0.0000,1.0000,0),(45,11,59,170,1,0,0,0.0000,1.0000,0),(46,11,59,171,2,0,0,0.0000,1.0000,0),(47,11,59,172,3,0,0,0.0000,1.0000,0),(48,11,59,173,4,0,0,0.0000,1.0000,0),(49,11,59,174,5,0,0,0.0000,1.0000,0),(50,12,59,175,1,0,0,0.0000,2.0000,1),(51,12,59,176,2,0,0,0.0000,2.0000,1),(52,12,59,177,3,0,0,0.0000,2.0000,1),(53,12,59,178,4,0,0,0.0000,2.0000,1),(54,12,59,179,5,0,0,0.0000,2.0000,1),(55,13,59,180,1,0,0,0.0000,1.0000,0),(56,13,59,181,2,0,0,0.0000,1.0000,0),(57,13,59,182,3,0,0,0.0000,1.0000,0),(58,13,59,183,4,0,0,0.0000,1.0000,0),(59,13,59,184,5,0,0,0.0000,1.0000,0),(60,14,59,185,1,0,0,0.0000,1.0000,0),(61,14,59,186,2,0,0,0.0000,1.0000,0),(62,14,59,187,3,0,0,0.0000,1.0000,0);

--
-- Table structure for table `catalog_product_bundle_selection_price`
--

CREATE TABLE `catalog_product_bundle_selection_price` (
  `selection_id` int unsigned NOT NULL COMMENT 'Selection ID',
  `website_id` smallint unsigned NOT NULL COMMENT 'Website ID',
  `selection_price_type` smallint unsigned NOT NULL DEFAULT '0' COMMENT 'Selection Price Type',
  `selection_price_value` decimal(20,6) NOT NULL DEFAULT '0.000000' COMMENT 'Selection Price Value',
  `parent_product_id` int unsigned NOT NULL COMMENT 'Parent Product ID',
  PRIMARY KEY (`selection_id`,`parent_product_id`,`website_id`),
  KEY `CATALOG_PRODUCT_BUNDLE_SELECTION_PRICE_WEBSITE_ID` (`website_id`),
  CONSTRAINT `CAT_PRD_BNDL_SELECTION_PRICE_WS_ID_STORE_WS_WS_ID` FOREIGN KEY (`website_id`) REFERENCES `store_website` (`website_id`) ON DELETE CASCADE,
  CONSTRAINT `FK_DCF37523AA05D770A70AA4ED7C2616E4` FOREIGN KEY (`selection_id`) REFERENCES `catalog_product_bundle_selection` (`selection_id`) ON DELETE CASCADE
) ENGINE=InnoDB DEFAULT CHARSET=utf8 COMMENT='Catalog Product Bundle Selection Price';

--
-- Dumping data for table `catalog_product_bundle_selection_price`
--


--
-- Table structure for table `catalog_product_bundle_stock_index`
--

CREATE TABLE `catalog_product_bundle_stock_index` (
  `entity_id` int unsigned NOT NULL COMMENT 'Entity ID',
  `website_id` smallint unsigned NOT NULL COMMENT 'Website ID',
  `stock_id` smallint unsigned NOT NULL COMMENT 'Stock ID',
  `option_id` int unsigned NOT NULL DEFAULT '0' COMMENT 'Option ID',
  `stock_status` smallint DEFAULT '0' COMMENT 'Stock Status',
  PRIMARY KEY (`entity_id`,`website_id`,`stock_id`,`option_id`)
) ENGINE=InnoDB DEFAULT CHARSET=utf8 COMMENT='Catalog Product Bundle Stock Index';

--
-- Dumping data for table `catalog_product_bundle_stock_index`
--


--
-- Table structure for table `catalog_product_entity`
--

CREATE TABLE `catalog_product_entity` (
  `entity_id` int unsigned NOT NULL AUTO_INCREMENT COMMENT 'Entity ID',
  `attribute_set_id` smallint unsigned NOT NULL DEFAULT '0' COMMENT 'Attribute Set ID',
  `type_id` varchar(32) NOT NULL DEFAULT 'simple' COMMENT 'Type ID',
  `sku` varchar(64) NOT NULL COMMENT 'SKU',
  `has_options` smallint NOT NULL DEFAULT '0' COMMENT 'Has Options',
  `required_options` smallint unsigned NOT NULL DEFAULT '0' COMMENT 'Required Options',
  `created_at` timestamp NOT NULL DEFAULT CURRENT_TIMESTAMP COMMENT 'Creation Time',
  `updated_at` timestamp NOT NULL DEFAULT CURRENT_TIMESTAMP ON UPDATE CURRENT_TIMESTAMP COMMENT 'Update Time',
  PRIMARY KEY (`entity_id`),
  KEY `CATALOG_PRODUCT_ENTITY_ATTRIBUTE_SET_ID` (`attribute_set_id`),
  KEY `CATALOG_PRODUCT_ENTITY_SKU` (`sku`)
) ENGINE=InnoDB AUTO_INCREMENT=264 DEFAULT CHARSET=utf8 COMMENT='Catalog Product Table';

--
-- Dumping data for table `catalog_product_entity`
--

INSERT INTO `catalog_product_entity` VALUES (1,4,'simple','MK-10201',0,0,'2021-01-18 03:05:56','2021-01-22 02:48:16'),(2,4,'simple','MK-45013',0,0,'2021-01-18 03:10:21','2021-11-22 01:54:17'),(3,4,'simple','MK-018034',0,0,'2021-01-18 03:13:17','2022-03-10 14:29:00'),(4,4,'simple','MK-475102',0,0,'2021-01-18 03:14:39','2022-01-05 02:32:12'),(5,4,'simple','MK-96503',0,0,'2021-01-18 03:20:37','2022-03-10 14:33:28'),(6,4,'simple','MK-96502',0,0,'2021-01-18 03:23:25','2021-11-22 01:56:29'),(7,4,'simple','MK-964802',0,0,'2021-01-18 03:26:05','2021-11-22 01:58:00'),(8,4,'simple','MK-85602',0,0,'2021-01-18 03:30:05','2021-11-22 01:56:03'),(9,4,'simple','MK-85964',0,0,'2021-01-18 03:31:25','2021-01-22 03:10:09'),(10,4,'simple','MK-965012',0,0,'2021-01-18 03:32:55','2022-01-05 02:32:43'),(11,4,'simple','MK-96803',0,0,'2021-01-18 03:34:50','2022-03-10 14:35:32'),(12,4,'simple','MK-01289',1,1,'2021-01-18 03:36:36','2021-11-29 01:16:47'),(13,4,'simple','MK-01963',0,0,'2021-01-18 03:37:55','2021-11-22 01:39:57'),(14,4,'simple','MK-968012',0,0,'2021-01-18 03:40:01','2021-11-20 10:23:35'),(15,4,'simple','MK-85602-1',0,0,'2021-01-18 03:41:52','2021-11-20 10:33:08'),(16,4,'simple','MK-965027',0,0,'2021-01-18 03:43:23','2021-11-20 10:35:31'),(17,4,'simple','MK-852456',0,0,'2021-01-18 03:45:00','2021-11-20 10:33:50'),(18,4,'simple','MK-879020',0,0,'2021-01-18 03:46:23','2021-11-20 10:36:28'),(19,4,'simple','MK-96354',0,0,'2021-01-18 03:48:14','2021-11-22 01:40:23'),(20,4,'simple','MK-965874',1,1,'2021-01-18 03:52:02','2021-11-22 02:24:37'),(21,4,'simple','MK-01953',0,0,'2021-01-18 03:53:54','2021-11-22 02:10:29'),(22,4,'simple','MK-965870',0,0,'2021-01-18 03:55:41','2021-11-22 02:10:52'),(23,4,'simple','MK-852406',0,0,'2021-01-18 03:57:54','2021-01-22 03:01:44'),(24,4,'simple','MK-55221',0,0,'2021-01-18 03:59:21','2021-01-22 03:13:25'),(25,4,'simple','MK-963164',0,0,'2021-01-18 04:00:50','2021-01-22 03:01:07'),(26,4,'simple','MK-964703',0,0,'2021-01-18 04:03:17','2022-01-05 02:33:50'),(27,4,'simple','MK-963705',0,0,'2021-01-18 04:04:41','2021-04-20 07:36:00'),(28,4,'simple','MK-965240',0,0,'2021-01-18 04:32:59','2021-11-22 02:15:39'),(29,4,'simple','MK-9635013',0,0,'2021-01-18 04:34:48','2021-11-22 02:22:58'),(30,4,'simple','MK-96301',0,0,'2021-01-18 04:36:18','2021-11-22 02:17:37'),(31,4,'simple','MK-9687402',0,0,'2021-01-18 04:37:43','2021-11-22 02:19:42'),(32,4,'simple','MK-965030',0,0,'2021-01-18 04:39:33','2021-11-22 02:16:01'),(33,4,'simple','MK-963035',0,0,'2021-01-18 04:41:15','2021-11-22 02:17:04'),(34,4,'simple','MK-857031',0,0,'2021-01-18 04:43:11','2021-11-22 02:20:48'),(35,4,'simple','MK-96501',0,0,'2021-01-18 04:44:36','2021-01-22 02:54:39'),(36,4,'simple','MK-4253901',0,0,'2021-01-25 07:58:19','2021-11-22 01:40:58'),(37,4,'simple','MK-985874',0,0,'2021-01-25 07:59:49','2021-11-22 01:42:16'),(38,4,'simple','MK-583642',0,0,'2021-01-25 08:02:07','2021-11-22 01:42:37'),(39,4,'simple','MK-0109735',0,0,'2021-01-25 08:04:08','2021-11-22 01:43:02'),(40,4,'simple','MK-012967',0,0,'2021-01-25 08:11:47','2021-11-20 08:15:33'),(41,4,'simple','MK-8570339',0,0,'2021-04-24 02:06:38','2021-09-24 01:31:24'),(42,4,'simple','MK-587031',0,0,'2021-04-24 02:09:51','2021-04-24 02:09:51'),(43,4,'simple','MK-967016',0,0,'2021-04-24 02:11:25','2021-04-24 02:11:25'),(44,4,'simple','MK-524096',0,0,'2021-06-08 07:44:09','2021-11-22 02:46:59'),(45,4,'simple','MK-8758596',0,0,'2021-06-08 07:46:45','2021-06-08 07:46:45'),(46,4,'simple','MK-010201',0,0,'2021-06-08 07:48:26','2021-11-22 02:46:30'),(47,4,'simple','MK-8896574',0,0,'2021-06-08 07:53:42','2021-06-08 07:53:42'),(48,4,'simple','MK-741254',0,0,'2021-06-08 07:56:51','2021-11-22 02:46:05'),(49,4,'simple','MK-965803',0,0,'2021-06-08 08:00:19','2021-06-08 08:00:19'),(50,4,'simple','MK-S-14523',1,1,'2021-07-03 01:42:01','2021-07-03 03:29:14'),(51,4,'virtual','MK-CF-4525-Blue-15cm',0,0,'2021-07-03 01:48:42','2021-11-22 03:16:01'),(52,4,'virtual','MK-CF-4525-Blue-20cm',0,0,'2021-07-03 01:48:53','2021-07-03 01:48:53'),(53,4,'virtual','MK-CF-4525-Blue-25cm',0,0,'2021-07-03 01:49:01','2021-07-03 01:49:01'),(54,4,'virtual','MK-CF-4525-Red-15cm',0,0,'2021-07-03 01:49:11','2021-07-03 01:49:11'),(55,4,'virtual','MK-CF-4525-Red-20cm',0,0,'2021-07-03 01:49:20','2021-07-03 01:49:20'),(56,4,'virtual','MK-CF-4525-Red-25cm',0,0,'2021-07-03 01:49:29','2021-07-03 02:42:02'),(57,4,'configurable','MK-CF-4525',1,1,'2021-07-03 01:49:37','2022-03-02 08:54:03'),(58,4,'grouped','MK-G-42963',0,0,'2021-07-03 01:54:20','2021-07-03 03:27:02'),(59,4,'bundle','MK-B-58246',1,1,'2021-07-03 02:01:11','2021-11-25 02:09:49'),(60,4,'downloadable','MK-DL-01036',0,0,'2021-07-03 02:05:13','2021-07-03 03:24:26'),(61,4,'simple','MK-455023',0,0,'2021-07-15 08:18:59','2021-11-22 02:12:22'),(62,4,'simple','MK-777031',0,0,'2021-07-15 08:22:42','2021-11-22 02:12:41'),(63,4,'simple','MK-0853102',0,0,'2021-07-15 08:24:38','2021-11-22 02:14:12'),(64,4,'simple','MK-858696',0,0,'2021-07-15 08:28:04','2021-11-22 02:13:36'),(65,4,'simple','MK-8570645',0,0,'2021-07-15 08:32:26','2021-07-15 09:02:59'),(66,4,'simple','MK-0130102',0,0,'2021-07-15 08:56:03','2021-11-22 02:13:53'),(68,4,'simple','MK-8597031',0,0,'2021-07-19 09:16:32','2021-11-20 10:19:19'),(69,4,'simple','MK-8542369',0,0,'2021-07-19 09:19:24','2021-07-20 03:02:09'),(70,4,'simple','MK-8571093',0,0,'2021-07-19 09:23:08','2021-11-20 10:20:36'),(71,4,'simple','MK-0102037',0,0,'2021-07-19 09:25:50','2021-07-20 03:03:13'),(72,4,'simple','MK-9631453',0,0,'2021-07-19 09:28:28','2021-11-22 02:24:17'),(73,4,'simple','MK-8596712',0,0,'2021-07-19 09:30:29','2021-11-20 10:31:12'),(74,4,'simple','MK-0109642',0,0,'2021-07-30 02:11:29','2021-07-30 04:48:29'),(75,4,'simple','MK-9680134',0,0,'2021-07-30 02:14:45','2021-11-20 10:18:00'),(76,4,'simple','MK-8576275',0,0,'2021-07-30 02:17:22','2021-07-30 04:22:23'),(77,4,'simple','MK-8795758',0,0,'2021-07-30 02:19:33','2021-11-20 10:16:29'),(78,4,'simple','MK-5554145',0,0,'2021-07-30 02:21:49','2021-11-20 08:29:47'),(79,4,'simple','MK-8569031',0,0,'2021-07-30 02:23:58','2021-11-20 10:15:11'),(80,4,'simple','MK-5429301',0,0,'2021-07-30 02:25:48','2021-07-31 01:20:38'),(81,4,'simple','MK-1402563',0,0,'2021-08-05 08:11:49','2021-08-05 08:30:24'),(82,4,'simple','MK-8547021',0,0,'2021-08-05 08:13:54','2021-11-22 02:40:26'),(83,4,'simple','MK-9630852',0,0,'2021-08-05 08:17:47','2021-08-05 08:29:09'),(84,4,'simple','MK-7850317',0,0,'2021-08-05 08:19:30','2021-11-22 02:40:46'),(85,4,'simple','MK-8540319',0,0,'2021-08-05 08:21:21','2021-08-05 08:28:00'),(86,4,'simple','MK-8790435',0,0,'2021-08-05 08:22:47','2021-11-22 02:40:06'),(87,4,'simple','MK-9634065',0,0,'2021-08-05 08:24:22','2021-08-05 08:36:24'),(88,4,'simple','MK-9601355',0,0,'2021-08-05 08:26:04','2021-08-05 08:26:04'),(89,4,'simple','MK-5801351',0,0,'2021-08-27 02:11:44','2021-08-27 02:36:21'),(90,4,'simple','MK-0139301',0,0,'2021-08-27 02:14:06','2021-11-22 02:21:57'),(91,4,'simple','MK-0198345',0,0,'2021-08-27 02:16:19','2021-08-27 02:37:45'),(92,4,'simple','MK-9670352',0,0,'2021-08-27 02:18:24','2021-08-27 02:18:24'),(93,4,'simple','MK-9043594',0,0,'2021-08-27 02:21:02','2021-11-22 02:19:19'),(94,4,'simple','MK-9073127',0,0,'2021-08-27 02:23:20','2021-08-27 02:23:20'),(95,4,'simple','MK-403156',0,0,'2021-09-21 08:38:04','2022-01-05 02:33:12'),(96,4,'simple','MK-0103125',0,0,'2021-09-21 08:40:15','2021-11-22 02:02:41'),(97,4,'simple','MK-9580315',0,0,'2021-09-21 08:42:10','2021-11-22 02:00:04'),(98,4,'simple','MK-9670315',0,0,'2021-09-21 08:44:35','2021-09-21 08:50:20'),(99,4,'simple','MK-5824301',0,0,'2021-09-21 08:46:33','2021-11-22 02:00:26'),(100,4,'simple','MK-5824215',0,0,'2021-09-21 08:48:01','2021-11-22 02:02:16'),(101,4,'simple','MK-560732',0,0,'2021-09-27 01:39:36','2021-11-22 02:04:28'),(102,4,'simple','MK-0120320',0,0,'2021-09-27 01:41:35','2021-09-27 02:28:50'),(103,4,'simple','MK-9671325',0,0,'2021-09-27 01:44:35','2021-11-22 02:04:52'),(104,4,'simple','MK-8570569',0,0,'2021-09-27 01:48:18','2021-11-22 02:06:43'),(105,4,'simple','MK-0523167',0,0,'2021-09-27 01:51:59','2021-11-22 02:09:16'),(106,4,'simple','MK-0369124',0,0,'2021-09-27 01:53:51','2021-11-22 02:11:12'),(107,4,'simple','MK-5890315',0,0,'2021-09-27 01:55:57','2021-11-22 02:06:29'),(108,4,'simple','MK-560124',0,0,'2021-09-27 01:57:46','2021-11-22 02:06:08'),(109,4,'simple','MK-8590134',0,0,'2021-09-27 02:00:54','2021-11-22 02:05:14'),(110,4,'simple','MK-6521345',0,0,'2021-09-27 02:02:28','2021-11-22 02:05:49'),(111,4,'simple','MK-5601348',0,0,'2021-09-27 02:04:51','2021-09-27 02:30:03'),(112,4,'simple','MK-650314',0,0,'2021-09-27 02:06:53','2021-11-22 02:08:14'),(113,9,'simple','MK-9640135',0,0,'2021-09-30 02:55:39','2021-09-30 08:12:03'),(114,9,'simple','MK-9701345',0,0,'2021-09-30 02:58:55','2021-09-30 03:21:50'),(115,9,'simple','MK-946013',0,0,'2021-09-30 03:01:33','2021-11-22 02:34:11'),(116,9,'simple','MK-514021',0,0,'2021-09-30 03:04:05','2021-11-22 02:33:07'),(117,9,'simple','MK-9640192',0,0,'2021-09-30 03:07:03','2021-09-30 03:20:11'),(118,9,'simple','MK-0210394',0,0,'2021-09-30 03:09:19','2021-11-22 02:32:41'),(119,9,'simple','MK-010203',0,0,'2021-09-30 03:11:58','2021-09-30 08:10:13'),(120,4,'simple','MK-4012053',0,0,'2021-10-11 08:30:58','2021-10-11 08:30:58'),(121,4,'simple','MK-0103951',0,0,'2021-10-11 08:33:01','2021-11-22 02:28:41'),(122,4,'simple','MK-96714531',0,0,'2021-10-11 08:35:35','2021-10-12 03:02:30'),(123,4,'simple','MK-92135460',0,0,'2021-10-11 08:40:36','2021-11-22 02:29:58'),(124,4,'simple','MK-85901354',0,0,'2021-10-11 08:45:35','2021-11-22 02:29:05'),(125,4,'simple','MK-9610250',0,0,'2021-10-11 08:50:18','2021-10-11 08:50:18'),(126,4,'simple','MK-09430521',0,0,'2021-10-11 08:54:15','2021-10-11 08:54:15'),(127,4,'simple','MK-93402156',0,0,'2021-10-11 08:59:13','2021-10-11 08:59:13'),(128,4,'simple','MK-9730134',0,0,'2021-10-11 09:01:21','2021-11-22 02:29:32'),(129,4,'simple','MK-945230',0,0,'2021-10-11 09:09:13','2021-10-12 02:54:40'),(130,4,'simple','MK-542631',0,0,'2021-10-11 09:11:48','2021-10-11 09:11:48'),(131,4,'simple','MK-9402135',0,0,'2021-10-11 09:14:44','2021-11-22 02:30:27'),(132,4,'simple','MK-1021362',0,0,'2021-10-21 02:03:41','2021-10-22 01:45:36'),(133,4,'simple','MK-7490123',0,0,'2021-10-21 02:05:43','2021-10-21 02:05:43'),(134,4,'simple','MK-5860123',0,0,'2021-10-21 02:07:33','2021-11-22 02:25:54'),(135,4,'simple','MK-0120307',0,0,'2021-10-21 02:09:20','2021-11-22 02:27:27'),(136,4,'simple','MK-5863103',0,0,'2021-10-21 02:11:12','2021-11-22 02:26:14'),(137,4,'simple','MK-85901348',0,0,'2021-10-21 02:12:47','2021-10-21 02:12:47'),(138,4,'simple','MK-452136',0,0,'2021-10-21 02:14:26','2021-10-21 02:14:26'),(139,4,'simple','MK-451365',0,0,'2021-10-21 02:15:51','2021-11-22 02:25:35'),(140,4,'simple','B-4582641',0,0,'2021-11-23 01:46:42','2021-11-23 01:54:59'),(141,4,'simple','B-752641',0,0,'2021-11-23 01:49:31','2021-11-23 01:49:31'),(142,4,'simple','B-8501396',0,0,'2021-11-23 01:51:24','2021-11-23 01:51:24'),(143,4,'simple','B-485021',0,0,'2021-11-23 01:53:01','2021-11-23 01:53:01'),(144,4,'simple','MK-854126',0,0,'2021-11-23 01:54:36','2021-11-23 01:54:36'),(145,4,'simple','B-7596012',0,0,'2021-11-23 01:59:47','2021-11-23 01:59:47'),(146,4,'simple','B-8574960',0,0,'2021-11-23 02:01:27','2021-11-23 02:01:27'),(147,4,'simple','B-1452692',0,0,'2021-11-23 02:02:57','2021-11-23 02:02:57'),(148,4,'simple','B-5462258',0,0,'2021-11-23 02:04:35','2021-11-23 02:04:35'),(149,4,'simple','B-5862012',0,0,'2021-11-23 02:06:14','2021-11-23 02:06:14'),(150,4,'simple','B-1523689',0,0,'2021-11-23 02:10:31','2021-11-23 02:10:31'),(151,4,'simple','B-8590125',0,0,'2021-11-23 02:12:04','2021-11-23 02:12:04'),(152,4,'simple','B-5860124',0,0,'2021-11-23 02:13:52','2021-11-23 02:13:52'),(153,4,'simple','B-5890124',0,0,'2021-11-23 02:16:48','2021-11-23 02:16:48'),(154,4,'simple','B-8574901',0,0,'2021-11-23 02:18:17','2021-11-23 02:18:17'),(155,4,'simple','B-45821',0,0,'2021-11-23 02:23:39','2021-11-23 02:23:39'),(156,4,'simple','B-8597013',0,0,'2021-11-23 02:24:52','2021-11-23 02:25:21'),(157,4,'simple','B-521740',0,0,'2021-11-23 02:26:46','2021-11-23 02:26:46'),(158,4,'simple','B-854701',0,0,'2021-11-23 02:28:05','2021-11-23 02:28:05'),(159,4,'simple','B-9801235',0,0,'2021-11-23 02:29:22','2021-11-23 02:29:22'),(160,4,'simple','B-582136',0,0,'2021-11-23 02:36:47','2021-11-23 02:36:47'),(161,4,'simple','B-5214012',0,0,'2021-11-23 02:38:31','2021-11-23 02:38:31'),(162,4,'simple','B-52149023',0,0,'2021-11-23 02:39:56','2021-11-23 02:39:56'),(163,4,'simple','B-4589314',0,0,'2021-11-23 02:42:35','2021-11-23 02:42:35'),(164,4,'simple','B-5801297',0,0,'2021-11-23 02:44:14','2021-11-23 02:44:14'),(165,4,'simple','B-1529854',0,0,'2021-11-23 02:50:24','2021-11-23 02:50:24'),(166,4,'simple','B-1501367',0,0,'2021-11-23 02:51:42','2021-11-23 02:51:42'),(167,4,'simple','B-4580123',0,0,'2021-11-23 02:53:10','2021-11-23 02:53:10'),(168,4,'simple','B-012030',0,0,'2021-11-23 02:54:35','2021-11-23 02:54:35'),(169,4,'simple','B-0125987',0,0,'2021-11-23 02:55:50','2021-11-23 02:55:50'),(170,4,'simple','B-010203',0,0,'2021-11-23 03:00:34','2021-11-23 03:00:34'),(171,4,'simple','B-012597',0,0,'2021-11-23 03:01:59','2021-11-23 03:01:59'),(172,4,'simple','B-0147896',0,0,'2021-11-23 03:03:34','2021-11-23 03:03:34'),(173,4,'simple','B-0236598',0,0,'2021-11-23 03:05:00','2021-11-23 03:05:00'),(174,4,'simple','B-5824607',0,0,'2021-11-23 03:06:05','2021-11-23 03:06:05'),(175,4,'simple','B-0196750',0,0,'2021-11-23 03:10:14','2021-11-23 03:10:14'),(176,4,'simple','B-01236985',0,0,'2021-11-23 03:13:55','2021-11-23 03:13:55'),(177,4,'simple','B-8901347',0,0,'2021-11-23 03:15:18','2021-11-23 03:15:18'),(178,4,'simple','B-780136',0,0,'2021-11-23 03:16:45','2021-11-23 03:16:45'),(179,4,'simple','B-0159703',0,0,'2021-11-23 03:18:05','2021-11-23 03:18:05'),(180,4,'simple','B-1023954',0,0,'2021-11-23 03:30:21','2021-11-23 03:30:21'),(181,4,'simple','B-0120169',0,0,'2021-11-23 03:33:21','2021-11-23 03:33:21'),(182,4,'simple','B-145823',0,0,'2021-11-23 03:34:37','2021-11-23 03:34:37'),(183,4,'simple','B-5894102',0,0,'2021-11-23 03:35:50','2021-11-23 03:35:50'),(184,4,'simple','B-0297530',0,0,'2021-11-23 03:36:59','2021-11-23 03:36:59'),(185,4,'simple','B-4560123',0,0,'2021-11-25 02:01:11','2021-11-25 02:01:11'),(186,4,'simple','B-4157412',0,0,'2021-11-25 02:02:44','2021-11-25 02:02:44'),(187,4,'simple','B-963698',0,0,'2021-11-25 02:03:57','2021-11-25 02:03:57'),(188,4,'simple','D-8469315',0,0,'2021-11-29 01:23:19','2021-11-29 10:04:07'),(189,4,'simple','M-4521023',0,0,'2021-12-13 08:03:47','2021-12-13 08:31:55'),(190,4,'simple','MK-4520312',0,0,'2021-12-13 08:09:36','2021-12-13 08:46:44'),(191,4,'simple','MK-568963',0,0,'2021-12-13 08:11:33','2021-12-13 08:12:44'),(192,4,'simple','M-013971',0,0,'2021-12-13 08:14:01','2021-12-13 08:14:01'),(193,4,'simple','M-023145',0,0,'2021-12-13 08:15:35','2021-12-13 08:30:45'),(194,4,'simple','M-569847',0,0,'2021-12-13 08:16:56','2021-12-13 08:47:45'),(195,4,'simple','Laster Shake Pouch 385g',0,0,'2021-12-13 08:18:24','2021-12-13 08:18:24'),(196,4,'simple','M-5862136',0,0,'2021-12-13 08:20:13','2021-12-13 08:29:28'),(197,4,'simple','M-582451',0,0,'2021-12-13 08:22:00','2021-12-13 08:22:00'),(198,4,'simple','M-589621',0,0,'2021-12-13 08:23:17','2021-12-13 08:28:45'),(199,4,'simple','M-56930',0,0,'2021-12-13 08:24:31','2021-12-13 08:25:17'),(200,4,'simple','M-254973',0,0,'2021-12-13 08:26:32','2021-12-13 08:47:24'),(201,4,'simple','F-8564125',0,0,'2021-12-22 09:43:30','2021-12-23 03:35:17'),(202,4,'simple','F-254153',0,0,'2021-12-22 09:49:30','2021-12-24 01:49:33'),(203,4,'simple','F-856301',0,0,'2021-12-22 09:51:33','2021-12-23 03:36:09'),(204,4,'simple','F-856241',0,0,'2021-12-22 09:53:21','2021-12-22 09:53:21'),(205,4,'simple','F-856974',0,0,'2021-12-22 09:57:42','2021-12-22 09:57:42'),(206,4,'simple','F-589023',0,0,'2021-12-22 09:59:38','2021-12-23 03:54:51'),(207,4,'simple','F-012596',0,0,'2021-12-22 10:01:26','2021-12-22 10:01:26'),(208,4,'simple','F-8540125',0,0,'2021-12-22 10:03:13','2021-12-23 03:56:56'),(209,4,'simple','F-010230',0,0,'2021-12-22 10:06:38','2021-12-24 01:18:37'),(210,4,'simple','F-5263874',0,0,'2021-12-22 10:08:11','2021-12-22 10:08:11'),(211,4,'simple','F-5239415',0,0,'2021-12-22 10:10:08','2021-12-24 01:27:56'),(212,4,'simple','F-8590124',0,0,'2021-12-22 10:11:55','2021-12-22 10:11:55'),(213,4,'simple','F-25415',0,0,'2021-12-22 10:13:33','2021-12-22 10:13:33'),(214,4,'simple','F-584016',0,0,'2021-12-22 10:15:31','2021-12-23 03:36:57'),(215,4,'simple','F-693120',0,0,'2021-12-22 10:17:20','2021-12-23 03:40:55'),(216,4,'simple','F-589301',0,0,'2021-12-22 10:18:59','2021-12-24 01:26:37'),(217,4,'simple','F-9670123',0,0,'2021-12-23 01:32:21','2021-12-24 01:50:07'),(218,4,'simple','F-012036',0,0,'2021-12-23 01:34:42','2021-12-23 03:57:33'),(219,4,'simple','F-524136',0,0,'2021-12-23 01:36:15','2021-12-23 01:36:15'),(220,4,'simple','F-523901',0,0,'2021-12-23 01:38:05','2021-12-23 03:58:04'),(221,4,'simple','F-587031',0,0,'2021-12-23 01:41:08','2022-03-04 03:51:53'),(222,4,'simple','F-5890123',0,0,'2021-12-23 01:43:25','2021-12-23 01:43:25'),(223,4,'simple','F-8590120',0,0,'2021-12-23 01:44:54','2021-12-23 03:58:35'),(224,4,'simple','F-524970',0,0,'2021-12-23 01:47:19','2021-12-23 01:47:19'),(225,4,'simple','F-589010',0,0,'2021-12-23 01:53:42','2021-12-23 01:53:42'),(226,4,'simple','F-582140',0,0,'2021-12-23 01:55:34','2021-12-24 01:50:43'),(227,4,'simple','F-980125',0,0,'2021-12-23 01:57:24','2021-12-23 03:34:20'),(228,4,'simple','F-5801203',0,0,'2021-12-23 01:58:58','2021-12-23 01:58:58'),(229,4,'simple','F-5890102',0,0,'2021-12-23 02:07:18','2021-12-23 03:33:33'),(230,4,'simple','F-8970103',0,0,'2021-12-23 02:09:55','2021-12-23 03:32:53'),(231,4,'simple','F-851402',0,0,'2021-12-23 02:11:25','2021-12-23 03:32:09'),(232,4,'simple','F-0123952',0,0,'2021-12-23 02:12:59','2021-12-23 03:31:09'),(233,4,'simple','B-5821452',0,0,'2022-01-04 02:26:45','2022-01-04 02:26:45'),(234,4,'simple','B-0123692',0,0,'2022-01-04 02:29:20','2022-01-04 02:29:20'),(235,4,'simple','B-021023',0,0,'2022-01-04 02:33:24','2022-01-04 02:33:24'),(236,4,'simple','B-0259312',0,0,'2022-01-04 02:34:51','2022-01-04 03:00:22'),(237,4,'simple','B-5924136',0,0,'2022-01-04 02:36:31','2022-01-04 02:36:31'),(238,4,'simple','B-693125',0,0,'2022-01-04 02:38:07','2022-01-04 02:59:06'),(239,4,'simple','B-254021',0,0,'2022-01-04 02:39:49','2022-01-04 03:00:46'),(240,4,'simple','B-012036',0,0,'2022-01-04 02:41:26','2022-01-04 02:41:26'),(241,4,'simple','B-2560124',0,0,'2022-01-04 02:42:53','2022-01-04 02:57:49'),(242,4,'virtual','MK-F-001-Gray',0,0,'2022-03-02 03:56:57','2022-03-02 04:45:17'),(243,4,'virtual','MK-F-001-Blue',0,0,'2022-03-02 03:57:28','2022-03-02 04:42:51'),(244,4,'configurable','MK-F-001',1,1,'2022-03-02 03:57:51','2022-03-02 03:57:51'),(246,4,'configurable','MK-F-001-1',1,1,'2022-03-02 09:24:03','2022-03-02 10:28:35'),(247,4,'virtual','MK-F-001-1-Green',0,0,'2022-03-02 09:37:02','2022-03-02 09:37:02'),(248,4,'virtual','MK-F-001-1-Yellow',0,0,'2022-03-02 09:37:29','2022-03-02 09:37:29'),(249,4,'virtual','Montes Darturien Meros Laciniado-Purple',0,0,'2022-03-02 10:06:52','2022-03-02 10:06:52'),(250,4,'virtual','Montes Darturien Meros Laciniado-Red',0,0,'2022-03-02 10:07:27','2022-03-02 10:07:27'),(251,4,'configurable','Montes Darturien Meros Laciniado',1,1,'2022-03-02 10:07:56','2022-03-02 10:27:35'),(252,4,'virtual','MK-F-004-Brown',0,0,'2022-03-02 10:16:03','2022-03-02 10:16:03'),(253,4,'virtual','MK-F-004-Lavender',0,0,'2022-03-02 10:16:37','2022-03-02 10:16:37'),(254,4,'virtual','MK-F-004-White',0,0,'2022-03-02 10:17:02','2022-03-02 10:17:02'),(255,4,'configurable','MK-F-004',1,1,'2022-03-02 10:17:29','2022-03-14 08:30:18'),(256,4,'virtual','MK-F-005-Brown',0,0,'2022-03-02 10:22:51','2022-03-02 10:22:51'),(257,4,'virtual','MK-F-005-Black',0,0,'2022-03-02 10:23:18','2022-03-02 10:23:18'),(258,4,'configurable','MK-F-005',1,1,'2022-03-02 10:23:40','2022-03-02 10:23:40'),(259,4,'simple','MK-F-005-1',0,0,'2022-03-04 03:54:25','2022-03-04 04:00:43'),(260,4,'simple','MK-F-007',0,0,'2022-03-04 04:02:07','2022-03-04 04:04:22'),(261,4,'simple','MK-F-008',0,0,'2022-03-04 04:05:45','2022-03-04 08:51:44'),(262,4,'simple','MK-F-009',0,0,'2022-03-04 08:54:07','2022-03-04 08:57:36'),(263,4,'simple','MK-F-0010',0,0,'2022-03-04 08:59:15','2022-03-04 09:11:28');

--
-- Table structure for table `catalog_product_entity_datetime`
--

CREATE TABLE `catalog_product_entity_datetime` (
  `value_id` int NOT NULL AUTO_INCREMENT COMMENT 'Value ID',
  `attribute_id` smallint unsigned NOT NULL DEFAULT '0' COMMENT 'Attribute ID',
  `store_id` smallint unsigned NOT NULL DEFAULT '0' COMMENT 'Store ID',
  `entity_id` int unsigned NOT NULL DEFAULT '0' COMMENT 'Entity ID',
  `value` datetime DEFAULT NULL COMMENT 'Value',
  PRIMARY KEY (`value_id`),
  UNIQUE KEY `CATALOG_PRODUCT_ENTITY_DATETIME_ENTITY_ID_ATTRIBUTE_ID_STORE_ID` (`entity_id`,`attribute_id`,`store_id`),
  KEY `CATALOG_PRODUCT_ENTITY_DATETIME_ATTRIBUTE_ID` (`attribute_id`),
  KEY `CATALOG_PRODUCT_ENTITY_DATETIME_STORE_ID` (`store_id`),
  CONSTRAINT `CAT_PRD_ENTT_DTIME_ATTR_ID_EAV_ATTR_ATTR_ID` FOREIGN KEY (`attribute_id`) REFERENCES `eav_attribute` (`attribute_id`) ON DELETE CASCADE,
  CONSTRAINT `CAT_PRD_ENTT_DTIME_ENTT_ID_CAT_PRD_ENTT_ENTT_ID` FOREIGN KEY (`entity_id`) REFERENCES `catalog_product_entity` (`entity_id`) ON DELETE CASCADE,
  CONSTRAINT `CATALOG_PRODUCT_ENTITY_DATETIME_STORE_ID_STORE_STORE_ID` FOREIGN KEY (`store_id`) REFERENCES `store` (`store_id`) ON DELETE CASCADE
) ENGINE=InnoDB AUTO_INCREMENT=136 DEFAULT CHARSET=utf8 COMMENT='Catalog Product Datetime Attribute Backend Table';

--
-- Dumping data for table `catalog_product_entity_datetime`
--

INSERT INTO `catalog_product_entity_datetime` VALUES (1,94,0,21,'2021-01-17 00:00:00'),(2,79,0,21,'2021-01-19 00:00:00'),(3,79,0,2,'2021-01-19 00:00:00'),(4,80,0,2,'2022-01-19 00:00:00'),(5,79,0,8,'2021-01-25 00:00:00'),(6,79,0,5,'2022-03-09 00:00:00'),(7,80,0,5,'2023-03-09 00:00:00'),(8,79,0,3,'2022-03-08 00:00:00'),(9,80,0,3,'2023-03-09 00:00:00'),(10,79,0,6,'2021-01-17 00:00:00'),(11,80,0,6,'2022-01-17 00:00:00'),(12,79,0,40,'2021-04-11 00:00:00'),(13,80,0,40,'2022-04-11 00:00:00'),(14,79,0,19,'2021-04-14 00:00:00'),(15,80,0,19,'2022-04-14 00:00:00'),(16,79,0,39,'2021-04-21 00:00:00'),(17,80,0,39,'2022-04-21 00:00:00'),(18,79,0,15,'2021-04-12 00:00:00'),(19,80,0,15,'2022-04-12 00:00:00'),(20,94,0,48,'2021-06-07 00:00:00'),(21,79,0,48,'2021-06-08 00:00:00'),(22,94,0,46,'2021-06-07 00:00:00'),(23,79,0,44,'2021-06-08 00:00:00'),(24,79,0,64,'2021-07-14 00:00:00'),(25,80,0,64,'2022-07-14 00:00:00'),(26,79,0,62,'2021-07-14 00:00:00'),(27,80,0,62,'2022-05-14 00:00:00'),(28,79,0,61,'2021-07-14 00:00:00'),(29,80,0,61,'2022-09-14 00:00:00'),(32,79,0,73,'2021-07-18 00:00:00'),(33,80,0,73,'2022-07-18 00:00:00'),(34,79,0,70,'2021-07-18 00:00:00'),(35,80,0,70,'2022-05-18 00:00:00'),(36,79,0,69,'2021-07-18 00:00:00'),(37,80,0,69,'2022-06-18 00:00:00'),(38,79,0,72,'2021-07-18 00:00:00'),(39,80,0,72,'2022-08-20 00:00:00'),(40,79,0,41,'2021-07-18 00:00:00'),(41,80,0,41,'2022-09-18 00:00:00'),(42,79,0,71,'2021-07-18 00:00:00'),(43,80,0,71,'2022-08-25 00:00:00'),(44,79,0,68,'2021-07-18 00:00:00'),(45,80,0,68,'2022-06-18 00:00:00'),(46,94,0,69,'2021-07-18 00:00:00'),(47,94,0,71,'2021-07-18 00:00:00'),(48,94,0,78,'2021-07-28 00:00:00'),(49,79,0,78,'2021-07-29 00:00:00'),(50,94,0,79,'2021-07-28 00:00:00'),(51,94,0,87,'2021-08-04 00:00:00'),(52,79,0,87,'2021-08-05 00:00:00'),(53,79,0,82,'2021-08-05 00:00:00'),(54,79,0,84,'2021-08-05 00:00:00'),(55,79,0,89,'2021-08-25 00:00:00'),(56,80,0,89,'2022-08-25 00:00:00'),(57,79,0,93,'2021-08-25 00:00:00'),(58,80,0,93,'2022-07-25 00:00:00'),(59,79,0,91,'2021-08-24 00:00:00'),(60,80,0,91,'2022-09-24 00:00:00'),(61,79,0,100,'2021-09-20 00:00:00'),(62,80,0,100,'2022-09-20 00:00:00'),(63,79,0,97,'2021-09-13 00:00:00'),(64,80,0,97,'2022-08-13 00:00:00'),(65,79,0,96,'2021-09-20 00:00:00'),(66,80,0,96,'2022-05-20 00:00:00'),(67,79,0,107,'2021-09-12 00:00:00'),(68,80,0,107,'2022-09-12 00:00:00'),(69,79,0,104,'2021-09-14 00:00:00'),(70,80,0,104,'2022-09-14 00:00:00'),(71,79,0,102,'2021-09-01 00:00:00'),(72,80,0,102,'2022-09-01 00:00:00'),(73,79,0,110,'2021-09-12 00:00:00'),(74,80,0,110,'2022-09-12 00:00:00'),(75,79,0,111,'2021-09-16 00:00:00'),(76,80,0,111,'2022-09-16 00:00:00'),(77,79,0,112,'2021-09-21 00:00:00'),(78,80,0,112,'2022-09-21 00:00:00'),(79,79,0,129,'2021-10-10 00:00:00'),(80,80,0,129,'2022-10-10 00:00:00'),(81,79,0,124,'2021-10-05 00:00:00'),(82,80,0,124,'2022-10-15 00:00:00'),(83,79,0,121,'2021-10-05 00:00:00'),(84,80,0,121,'2022-10-28 00:00:00'),(85,79,0,122,'2021-10-10 00:00:00'),(86,80,0,122,'2022-10-01 00:00:00'),(87,79,0,131,'2021-10-05 00:00:00'),(88,80,0,131,'2022-10-20 00:00:00'),(89,94,0,122,'2021-10-10 00:00:00'),(90,79,0,198,'2021-12-12 00:00:00'),(91,80,0,198,'2022-12-12 00:00:00'),(92,79,0,196,'2021-12-12 00:00:00'),(93,80,0,196,'2022-05-12 00:00:00'),(94,79,0,190,'2021-12-12 00:00:00'),(95,80,0,190,'2022-10-14 00:00:00'),(96,79,0,193,'2021-12-05 00:00:00'),(97,80,0,193,'2022-07-16 00:00:00'),(98,79,0,189,'2021-12-12 00:00:00'),(99,80,0,189,'2022-09-16 00:00:00'),(100,94,0,190,'2021-12-12 00:00:00'),(101,94,0,200,'2021-12-12 00:00:00'),(102,94,0,194,'2021-12-12 00:00:00'),(103,79,0,209,'2021-12-23 00:00:00'),(104,79,0,216,'2021-12-23 00:00:00'),(105,94,0,211,'2021-12-22 00:00:00'),(106,94,0,202,'2021-12-21 00:00:00'),(107,79,0,202,'2021-12-23 00:00:00'),(108,94,0,217,'2021-12-21 00:00:00'),(109,79,0,217,'2021-12-23 00:00:00'),(110,94,0,226,'2021-12-21 00:00:00'),(111,79,0,226,'2021-12-23 00:00:00'),(112,79,0,241,'2022-01-01 00:00:00'),(113,80,0,241,'2023-04-27 00:00:00'),(114,79,0,238,'2022-01-02 00:00:00'),(115,80,0,238,'2022-09-01 00:00:00'),(116,94,0,236,'2022-01-02 00:00:00'),(117,79,0,236,'2022-01-02 00:00:00'),(118,80,0,236,'2023-03-30 00:00:00'),(119,94,0,239,'2022-01-02 00:00:00'),(120,79,0,243,'2022-02-01 00:00:00'),(121,80,0,243,'2023-03-09 00:00:00'),(122,79,0,242,'2022-02-01 00:00:00'),(123,80,0,242,'2023-03-01 00:00:00'),(124,79,0,259,'2022-03-02 00:00:00'),(125,80,0,259,'2023-03-03 00:00:00'),(126,79,0,260,'2022-03-02 00:00:00'),(127,80,0,260,'2023-03-04 00:00:00'),(128,79,0,261,'2022-03-02 00:00:00'),(129,80,0,261,'2023-04-04 00:00:00'),(130,79,0,262,'2022-03-02 00:00:00'),(131,80,0,262,'2023-04-04 00:00:00'),(132,79,0,263,'2022-03-02 00:00:00'),(133,80,0,263,'2023-04-04 00:00:00'),(134,79,0,11,'2022-03-09 00:00:00'),(135,80,0,11,'2023-03-09 00:00:00');

--
-- Table structure for table `catalog_product_entity_decimal`
--

CREATE TABLE `catalog_product_entity_decimal` (
  `value_id` int NOT NULL AUTO_INCREMENT COMMENT 'Value ID',
  `attribute_id` smallint unsigned NOT NULL DEFAULT '0' COMMENT 'Attribute ID',
  `store_id` smallint unsigned NOT NULL DEFAULT '0' COMMENT 'Store ID',
  `entity_id` int unsigned NOT NULL DEFAULT '0' COMMENT 'Entity ID',
  `value` decimal(20,6) DEFAULT NULL COMMENT 'Value',
  PRIMARY KEY (`value_id`),
  UNIQUE KEY `CATALOG_PRODUCT_ENTITY_DECIMAL_ENTITY_ID_ATTRIBUTE_ID_STORE_ID` (`entity_id`,`attribute_id`,`store_id`),
  KEY `CATALOG_PRODUCT_ENTITY_DECIMAL_STORE_ID` (`store_id`),
  KEY `CATALOG_PRODUCT_ENTITY_DECIMAL_ATTRIBUTE_ID` (`attribute_id`),
  CONSTRAINT `CAT_PRD_ENTT_DEC_ATTR_ID_EAV_ATTR_ATTR_ID` FOREIGN KEY (`attribute_id`) REFERENCES `eav_attribute` (`attribute_id`) ON DELETE CASCADE,
  CONSTRAINT `CAT_PRD_ENTT_DEC_ENTT_ID_CAT_PRD_ENTT_ENTT_ID` FOREIGN KEY (`entity_id`) REFERENCES `catalog_product_entity` (`entity_id`) ON DELETE CASCADE,
  CONSTRAINT `CATALOG_PRODUCT_ENTITY_DECIMAL_STORE_ID_STORE_STORE_ID` FOREIGN KEY (`store_id`) REFERENCES `store` (`store_id`) ON DELETE CASCADE
) ENGINE=InnoDB AUTO_INCREMENT=321 DEFAULT CHARSET=utf8 COMMENT='Catalog Product Decimal Attribute Backend Table';

--
-- Dumping data for table `catalog_product_entity_decimal`
--

INSERT INTO `catalog_product_entity_decimal` VALUES (1,77,0,1,250.000000),(2,77,0,2,310.000000),(3,77,0,3,410.000000),(4,77,0,4,95.000000),(5,77,0,5,110.000000),(6,77,0,6,230.000000),(7,77,0,7,550.000000),(8,77,0,8,300.000000),(9,77,0,9,99.000000),(10,77,0,10,99.000000),(11,77,0,11,610.000000),(12,77,0,12,90.000000),(13,77,0,13,75.000000),(14,77,0,14,320.000000),(15,77,0,15,502.000000),(16,77,0,16,156.000000),(17,77,0,17,206.000000),(18,77,0,18,20.000000),(19,77,0,19,418.000000),(20,77,0,20,120.000000),(21,77,0,21,235.000000),(22,77,0,22,105.000000),(23,77,0,23,324.000000),(24,77,0,24,149.000000),(25,77,0,25,208.000000),(26,77,0,26,91.000000),(27,77,0,27,209.000000),(28,77,0,28,550.000000),(29,77,0,29,255.000000),(30,77,0,30,310.000000),(31,77,0,31,109.000000),(32,77,0,32,316.000000),(33,77,0,33,415.000000),(34,77,0,34,203.000000),(35,77,0,35,108.000000),(36,78,0,21,220.000000),(37,78,0,2,300.000000),(38,77,0,36,250.000000),(39,77,0,37,99.000000),(40,77,0,38,88.000000),(41,77,0,39,95.000000),(42,77,0,40,100.000000),(43,78,0,8,250.000000),(44,78,0,5,100.000000),(45,78,0,3,400.000000),(46,78,0,6,220.000000),(47,78,0,40,95.000000),(48,78,0,19,400.000000),(49,77,0,41,250.000000),(50,77,0,42,310.000000),(51,77,0,43,250.000000),(52,78,0,39,90.000000),(53,78,0,15,480.000000),(54,77,0,44,250.000000),(55,77,0,45,125.000000),(56,77,0,46,450.000000),(57,77,0,47,310.000000),(58,77,0,48,204.000000),(59,77,0,49,109.000000),(60,78,0,48,195.000000),(61,78,0,44,230.000000),(62,77,0,50,255.000000),(63,77,0,51,315.000000),(64,77,0,52,315.000000),(65,77,0,53,315.000000),(66,77,0,54,315.000000),(67,77,0,55,315.000000),(68,77,0,56,300.000000),(69,77,0,60,650.000000),(70,77,0,61,250.000000),(71,77,0,62,105.000000),(72,77,0,63,317.000000),(73,77,0,64,410.000000),(74,77,0,65,615.000000),(75,77,0,66,268.000000),(76,78,0,64,380.000000),(77,78,0,62,90.000000),(78,78,0,61,220.000000),(80,77,0,68,240.000000),(81,77,0,69,238.000000),(82,77,0,70,109.000000),(83,77,0,71,205.000000),(84,77,0,72,360.000000),(85,77,0,73,406.000000),(87,78,0,73,395.000000),(88,78,0,70,95.000000),(89,78,0,69,200.000000),(90,78,0,72,320.000000),(91,78,0,41,220.000000),(92,78,0,71,190.000000),(93,78,0,68,220.000000),(94,77,0,74,250.000000),(95,77,0,75,315.000000),(96,77,0,76,248.000000),(97,77,0,77,209.000000),(98,77,0,78,455.000000),(99,77,0,79,510.000000),(100,77,0,80,312.000000),(101,78,0,78,400.000000),(102,77,0,81,255.000000),(103,77,0,82,150.000000),(104,77,0,83,310.000000),(105,77,0,84,158.000000),(106,77,0,85,315.000000),(107,77,0,86,450.000000),(108,77,0,87,255.000000),(109,77,0,88,465.000000),(110,78,0,87,240.000000),(111,78,0,82,140.000000),(112,78,0,84,148.000000),(113,77,0,89,255.000000),(114,77,0,90,350.000000),(115,77,0,91,450.000000),(116,77,0,92,415.000000),(117,77,0,93,550.000000),(118,77,0,94,415.000000),(119,78,0,89,245.000000),(120,78,0,93,500.000000),(121,78,0,91,420.000000),(122,77,0,95,99.000000),(123,77,0,96,168.000000),(124,77,0,97,415.000000),(125,77,0,98,310.000000),(126,77,0,99,178.000000),(127,77,0,100,425.000000),(128,78,0,100,400.000000),(129,78,0,97,400.000000),(130,78,0,96,150.000000),(131,77,0,101,425.000000),(132,77,0,102,267.000000),(133,77,0,103,440.000000),(134,77,0,104,545.000000),(135,77,0,105,524.000000),(136,77,0,106,365.000000),(137,77,0,107,310.000000),(138,77,0,108,249.000000),(139,77,0,109,220.000000),(140,77,0,110,140.000000),(141,77,0,111,550.000000),(142,77,0,112,460.000000),(143,78,0,107,300.000000),(144,78,0,104,500.000000),(145,78,0,102,250.000000),(146,78,0,110,120.000000),(147,78,0,111,530.000000),(148,78,0,112,440.000000),(149,77,0,113,210.000000),(150,77,0,114,185.000000),(151,77,0,115,455.000000),(152,77,0,116,230.000000),(153,77,0,117,245.000000),(154,77,0,118,340.000000),(155,77,0,119,610.000000),(156,77,0,120,215.000000),(157,77,0,121,310.000000),(158,77,0,122,314.000000),(159,77,0,123,325.000000),(160,77,0,124,450.000000),(161,77,0,125,360.000000),(162,77,0,126,450.000000),(163,77,0,127,405.000000),(164,77,0,128,319.000000),(165,77,0,129,425.000000),(166,77,0,130,260.000000),(167,77,0,131,450.000000),(168,78,0,129,400.000000),(169,78,0,124,400.000000),(170,78,0,121,300.000000),(171,78,0,122,300.000000),(172,78,0,131,400.000000),(173,77,0,132,150.000000),(174,77,0,133,230.000000),(175,77,0,134,145.000000),(176,77,0,135,450.000000),(177,77,0,136,450.000000),(178,77,0,137,110.000000),(179,77,0,138,435.000000),(180,77,0,139,255.000000),(181,77,0,140,110.000000),(182,77,0,141,85.000000),(183,77,0,142,108.000000),(184,77,0,143,75.000000),(185,77,0,144,96.000000),(186,77,0,145,120.000000),(187,77,0,146,140.000000),(188,77,0,147,100.000000),(189,77,0,148,106.000000),(190,77,0,149,107.000000),(191,77,0,150,90.000000),(192,77,0,151,105.000000),(193,77,0,152,140.000000),(194,77,0,153,145.000000),(195,77,0,154,155.000000),(196,77,0,155,40.000000),(197,77,0,156,150.000000),(198,77,0,157,103.000000),(199,77,0,158,121.000000),(200,77,0,159,122.000000),(201,77,0,160,205.000000),(202,77,0,161,200.000000),(203,77,0,162,195.000000),(204,77,0,163,203.000000),(205,77,0,164,150.000000),(206,77,0,165,50.000000),(207,77,0,166,25.000000),(208,77,0,167,30.000000),(209,77,0,168,15.000000),(210,77,0,169,35.000000),(211,77,0,170,150.000000),(212,77,0,171,125.000000),(213,77,0,172,130.000000),(214,77,0,173,109.000000),(215,77,0,174,115.000000),(216,77,0,175,100.000000),(217,77,0,176,120.000000),(218,77,0,177,155.000000),(219,77,0,178,145.000000),(220,77,0,179,110.000000),(221,77,0,180,200.000000),(222,77,0,181,150.000000),(223,77,0,182,210.000000),(224,77,0,183,190.000000),(225,77,0,184,205.000000),(226,77,0,185,78.000000),(227,77,0,186,89.000000),(228,77,0,187,110.000000),(229,77,0,188,250.000000),(230,77,0,189,152.000000),(231,77,0,190,250.000000),(232,77,0,191,95.000000),(233,77,0,192,155.000000),(234,77,0,193,146.000000),(235,77,0,194,235.000000),(236,77,0,195,450.000000),(237,77,0,196,148.000000),(238,77,0,197,220.000000),(239,77,0,198,146.000000),(240,77,0,199,450.000000),(241,77,0,200,330.000000),(242,78,0,198,130.000000),(243,78,0,196,130.000000),(244,78,0,190,230.000000),(245,78,0,193,135.000000),(246,78,0,189,140.000000),(247,77,0,201,245.000000),(248,77,0,202,210.000000),(249,77,0,203,105.000000),(250,77,0,204,320.000000),(251,77,0,205,142.000000),(252,77,0,206,175.000000),(253,77,0,207,244.000000),(254,77,0,208,155.000000),(255,77,0,209,210.000000),(256,77,0,210,230.000000),(257,77,0,211,220.000000),(258,77,0,212,114.000000),(259,77,0,213,410.000000),(260,77,0,214,260.000000),(261,77,0,215,510.000000),(262,77,0,216,330.000000),(263,77,0,217,115.000000),(264,77,0,218,210.000000),(265,77,0,219,106.000000),(266,77,0,220,250.000000),(267,77,0,221,142.000000),(268,77,0,222,136.000000),(269,77,0,223,255.000000),(270,77,0,224,315.000000),(271,77,0,225,415.000000),(272,77,0,226,310.000000),(273,77,0,227,152.000000),(274,77,0,228,310.000000),(275,77,0,229,147.000000),(276,77,0,230,320.000000),(277,77,0,231,220.000000),(278,77,0,232,109.000000),(279,78,0,209,190.000000),(280,78,0,216,300.000000),(281,78,0,202,200.000000),(282,78,0,217,100.000000),(283,78,0,226,290.000000),(284,77,0,233,250.000000),(285,77,0,234,314.000000),(286,77,0,235,360.000000),(287,77,0,236,410.000000),(288,77,0,237,510.000000),(289,77,0,238,550.000000),(290,77,0,239,223.000000),(291,77,0,240,428.000000),(292,77,0,241,468.000000),(293,78,0,241,450.000000),(294,78,0,238,500.000000),(295,78,0,236,390.000000),(296,77,0,242,19.000000),(297,77,0,243,18.000000),(298,78,0,243,14.000000),(299,78,0,242,13.000000),(301,77,0,247,30.000000),(302,77,0,248,30.000000),(303,77,0,249,45.000000),(304,77,0,250,45.000000),(305,77,0,252,100.000000),(306,77,0,253,100.000000),(307,77,0,254,100.000000),(308,77,0,256,36.000000),(309,77,0,257,36.000000),(310,77,0,259,42.000000),(311,78,0,259,39.000000),(312,77,0,260,24.000000),(313,78,0,260,20.000000),(314,77,0,261,17.000000),(315,78,0,261,10.000000),(316,77,0,262,35.000000),(317,78,0,262,30.000000),(318,77,0,263,12.000000),(319,78,0,263,6.000000),(320,78,0,11,510.000000);

--
-- Table structure for table `catalog_product_entity_gallery`
--

CREATE TABLE `catalog_product_entity_gallery` (
  `value_id` int NOT NULL AUTO_INCREMENT COMMENT 'Value ID',
  `attribute_id` smallint unsigned NOT NULL DEFAULT '0' COMMENT 'Attribute ID',
  `store_id` smallint unsigned NOT NULL DEFAULT '0' COMMENT 'Store ID',
  `entity_id` int unsigned NOT NULL DEFAULT '0' COMMENT 'Entity ID',
  `position` int NOT NULL DEFAULT '0' COMMENT 'Position',
  `value` varchar(255) DEFAULT NULL COMMENT 'Value',
  PRIMARY KEY (`value_id`),
  UNIQUE KEY `CATALOG_PRODUCT_ENTITY_GALLERY_ENTITY_ID_ATTRIBUTE_ID_STORE_ID` (`entity_id`,`attribute_id`,`store_id`),
  KEY `CATALOG_PRODUCT_ENTITY_GALLERY_ENTITY_ID` (`entity_id`),
  KEY `CATALOG_PRODUCT_ENTITY_GALLERY_ATTRIBUTE_ID` (`attribute_id`),
  KEY `CATALOG_PRODUCT_ENTITY_GALLERY_STORE_ID` (`store_id`),
  CONSTRAINT `CAT_PRD_ENTT_GLR_ATTR_ID_EAV_ATTR_ATTR_ID` FOREIGN KEY (`attribute_id`) REFERENCES `eav_attribute` (`attribute_id`) ON DELETE CASCADE,
  CONSTRAINT `CAT_PRD_ENTT_GLR_ENTT_ID_CAT_PRD_ENTT_ENTT_ID` FOREIGN KEY (`entity_id`) REFERENCES `catalog_product_entity` (`entity_id`) ON DELETE CASCADE,
  CONSTRAINT `CATALOG_PRODUCT_ENTITY_GALLERY_STORE_ID_STORE_STORE_ID` FOREIGN KEY (`store_id`) REFERENCES `store` (`store_id`) ON DELETE CASCADE
) ENGINE=InnoDB DEFAULT CHARSET=utf8 COMMENT='Catalog Product Gallery Attribute Backend Table';

--
-- Dumping data for table `catalog_product_entity_gallery`
--


--
-- Table structure for table `catalog_product_entity_int`
--

CREATE TABLE `catalog_product_entity_int` (
  `value_id` int NOT NULL AUTO_INCREMENT COMMENT 'Value ID',
  `attribute_id` smallint unsigned NOT NULL DEFAULT '0' COMMENT 'Attribute ID',
  `store_id` smallint unsigned NOT NULL DEFAULT '0' COMMENT 'Store ID',
  `entity_id` int unsigned NOT NULL DEFAULT '0' COMMENT 'Entity ID',
  `value` int DEFAULT NULL COMMENT 'Value',
  PRIMARY KEY (`value_id`),
  UNIQUE KEY `CATALOG_PRODUCT_ENTITY_INT_ENTITY_ID_ATTRIBUTE_ID_STORE_ID` (`entity_id`,`attribute_id`,`store_id`),
  KEY `CATALOG_PRODUCT_ENTITY_INT_ATTRIBUTE_ID` (`attribute_id`),
  KEY `CATALOG_PRODUCT_ENTITY_INT_STORE_ID` (`store_id`),
  KEY `CATALOG_PRODUCT_ENTITY_INT_ATTRIBUTE_ID_STORE_ID_VALUE` (`attribute_id`,`store_id`,`value`),
  CONSTRAINT `CAT_PRD_ENTT_INT_ATTR_ID_EAV_ATTR_ATTR_ID` FOREIGN KEY (`attribute_id`) REFERENCES `eav_attribute` (`attribute_id`) ON DELETE CASCADE,
  CONSTRAINT `CAT_PRD_ENTT_INT_ENTT_ID_CAT_PRD_ENTT_ENTT_ID` FOREIGN KEY (`entity_id`) REFERENCES `catalog_product_entity` (`entity_id`) ON DELETE CASCADE,
  CONSTRAINT `CATALOG_PRODUCT_ENTITY_INT_STORE_ID_STORE_STORE_ID` FOREIGN KEY (`store_id`) REFERENCES `store` (`store_id`) ON DELETE CASCADE
) ENGINE=InnoDB AUTO_INCREMENT=1832 DEFAULT CHARSET=utf8 COMMENT='Catalog Product Integer Attribute Backend Table';

--
-- Dumping data for table `catalog_product_entity_int`
--

INSERT INTO `catalog_product_entity_int` VALUES (1,93,0,1,4),(2,83,0,1,15),(3,138,0,1,35),(4,137,0,1,0),(5,97,0,1,1),(6,136,0,1,2),(7,99,0,1,4),(8,93,0,2,9),(9,83,0,2,16),(10,138,0,2,38),(11,137,0,2,0),(12,97,0,2,1),(13,136,0,2,2),(14,99,0,2,4),(15,93,0,3,7),(16,83,0,3,17),(17,138,0,3,39),(18,137,0,3,0),(19,97,0,3,1),(20,136,0,3,2),(21,99,0,3,4),(22,93,0,4,8),(23,83,0,4,18),(24,138,0,4,32),(25,137,0,4,0),(26,97,0,4,1),(27,136,0,4,2),(28,99,0,4,4),(29,93,0,5,12),(30,83,0,5,19),(31,138,0,5,35),(32,137,0,5,0),(33,97,0,5,1),(34,136,0,5,2),(35,99,0,5,4),(36,93,0,6,4),(37,83,0,6,20),(38,138,0,6,35),(39,137,0,6,0),(40,97,0,6,1),(41,136,0,6,2),(42,99,0,6,4),(43,93,0,7,7),(44,83,0,7,21),(45,138,0,7,39),(46,137,0,7,0),(47,97,0,7,1),(48,136,0,7,2),(49,99,0,7,4),(50,93,0,8,10),(51,83,0,8,22),(52,138,0,8,36),(53,137,0,8,0),(54,97,0,8,1),(55,136,0,8,2),(56,99,0,8,4),(57,93,0,9,12),(58,83,0,9,23),(59,138,0,9,39),(60,137,0,9,0),(61,97,0,9,1),(62,136,0,9,2),(63,99,0,9,4),(64,93,0,10,12),(65,83,0,10,24),(66,138,0,10,37),(67,137,0,10,0),(68,97,0,10,1),(69,136,0,10,2),(70,99,0,10,4),(71,93,0,11,6),(72,83,0,11,26),(73,138,0,11,39),(74,137,0,11,0),(75,97,0,11,1),(76,136,0,11,2),(77,99,0,11,4),(78,93,0,12,5),(79,83,0,12,15),(80,138,0,12,33),(81,137,0,12,0),(82,97,0,12,1),(83,136,0,12,2),(84,99,0,12,4),(85,93,0,13,13),(86,83,0,13,16),(87,138,0,13,32),(88,137,0,13,0),(89,97,0,13,1),(90,136,0,13,2),(91,99,0,13,4),(92,93,0,14,6),(93,83,0,14,17),(94,138,0,14,37),(95,137,0,14,0),(96,97,0,14,1),(97,136,0,14,2),(98,99,0,14,4),(99,93,0,15,7),(100,83,0,15,26),(101,138,0,15,33),(102,137,0,15,0),(103,97,0,15,1),(104,136,0,15,2),(105,99,0,15,4),(106,137,0,16,0),(107,97,0,16,1),(108,136,0,16,2),(109,99,0,16,4),(110,93,0,17,4),(111,83,0,17,23),(112,138,0,17,33),(113,137,0,17,1),(114,97,0,17,1),(115,136,0,17,2),(116,99,0,17,4),(117,93,0,18,12),(118,83,0,18,25),(119,138,0,18,33),(120,137,0,18,1),(121,97,0,18,1),(122,136,0,18,2),(123,99,0,18,4),(124,93,0,19,7),(125,83,0,19,24),(126,138,0,19,34),(127,137,0,19,1),(128,97,0,19,1),(129,136,0,19,2),(130,99,0,19,4),(131,93,0,20,6),(132,83,0,20,15),(133,138,0,20,28),(134,137,0,20,1),(135,97,0,20,1),(136,136,0,20,2),(137,99,0,20,4),(138,93,0,21,6),(139,83,0,21,17),(140,138,0,21,39),(141,137,0,21,1),(142,97,0,21,1),(143,136,0,21,2),(144,99,0,21,4),(145,93,0,22,5),(146,83,0,22,21),(147,138,0,22,39),(148,137,0,22,1),(149,97,0,22,1),(150,136,0,22,2),(151,99,0,22,4),(152,93,0,23,9),(153,83,0,23,22),(154,138,0,23,30),(155,137,0,23,0),(156,97,0,23,1),(157,136,0,23,2),(158,99,0,23,4),(159,93,0,24,5),(160,83,0,24,19),(161,138,0,24,35),(162,137,0,24,0),(163,97,0,24,1),(164,136,0,24,2),(165,99,0,24,4),(166,93,0,25,4),(167,83,0,25,23),(168,138,0,25,35),(169,137,0,25,0),(170,97,0,25,1),(171,136,0,25,2),(172,99,0,25,4),(173,93,0,26,5),(174,83,0,26,21),(175,138,0,26,39),(176,137,0,26,0),(177,97,0,26,1),(178,136,0,26,2),(179,99,0,26,4),(180,93,0,27,14),(181,83,0,27,18),(182,138,0,27,39),(183,137,0,27,1),(184,97,0,27,1),(185,136,0,27,2),(186,99,0,27,4),(187,93,0,28,13),(188,83,0,28,15),(189,137,0,28,0),(190,97,0,28,1),(191,136,0,28,2),(192,99,0,28,4),(193,93,0,29,6),(194,83,0,29,16),(195,138,0,29,32),(196,137,0,29,0),(197,97,0,29,1),(198,136,0,29,2),(199,99,0,29,4),(200,93,0,30,5),(201,83,0,30,25),(202,138,0,30,32),(203,137,0,30,0),(204,97,0,30,1),(205,136,0,30,2),(206,99,0,30,4),(207,93,0,31,13),(208,83,0,31,21),(209,138,0,31,33),(210,137,0,31,0),(211,97,0,31,1),(212,136,0,31,2),(213,99,0,31,4),(214,93,0,32,9),(215,83,0,32,21),(216,138,0,32,32),(217,137,0,32,0),(218,97,0,32,1),(219,136,0,32,2),(220,99,0,32,4),(221,93,0,33,13),(222,83,0,33,23),(223,138,0,33,27),(224,137,0,33,0),(225,97,0,33,1),(226,136,0,33,2),(227,99,0,33,4),(228,93,0,34,5),(229,83,0,34,19),(230,138,0,34,33),(231,137,0,34,0),(232,97,0,34,1),(233,136,0,34,2),(234,99,0,34,4),(235,93,0,35,12),(236,83,0,35,20),(237,138,0,35,33),(238,137,0,35,1),(239,97,0,35,1),(240,136,0,35,2),(241,99,0,35,4),(242,93,0,36,6),(243,83,0,36,21),(244,138,0,36,35),(245,137,0,36,1),(246,97,0,36,1),(247,136,0,36,2),(248,99,0,36,4),(249,93,0,37,7),(250,83,0,37,25),(251,138,0,37,34),(252,137,0,37,1),(253,97,0,37,1),(254,136,0,37,2),(255,99,0,37,4),(256,93,0,38,13),(257,83,0,38,18),(258,138,0,38,34),(259,137,0,38,1),(260,97,0,38,1),(261,136,0,38,2),(262,99,0,38,4),(263,93,0,39,5),(264,83,0,39,22),(265,138,0,39,35),(266,137,0,39,1),(267,97,0,39,1),(268,136,0,39,2),(269,99,0,39,4),(270,93,0,40,7),(271,83,0,40,21),(272,138,0,40,38),(273,137,0,40,1),(274,97,0,40,1),(275,136,0,40,2),(276,99,0,40,4),(277,93,0,41,7),(278,83,0,41,21),(279,138,0,41,38),(280,137,0,41,0),(281,97,0,41,1),(282,136,0,41,2),(283,99,0,41,4),(284,93,0,42,12),(285,83,0,42,23),(286,138,0,42,39),(287,137,0,42,0),(288,97,0,42,1),(289,136,0,42,2),(290,99,0,42,4),(291,93,0,43,11),(292,83,0,43,26),(293,138,0,43,32),(294,137,0,43,0),(295,97,0,43,1),(296,136,0,43,2),(297,99,0,43,4),(298,93,0,44,10),(299,83,0,44,17),(300,138,0,44,28),(301,137,0,44,1),(302,97,0,44,1),(303,136,0,44,2),(304,99,0,44,4),(305,93,0,45,12),(306,83,0,45,23),(307,138,0,45,30),(308,137,0,45,1),(309,97,0,45,1),(310,136,0,45,2),(311,99,0,45,4),(312,93,0,46,10),(313,83,0,46,21),(314,138,0,46,29),(315,137,0,46,1),(316,97,0,46,1),(317,136,0,46,2),(318,99,0,46,4),(319,93,0,47,6),(320,83,0,47,18),(321,138,0,47,27),(322,137,0,47,1),(323,97,0,47,1),(324,136,0,47,2),(325,99,0,47,4),(326,93,0,48,8),(327,83,0,48,24),(328,138,0,48,28),(329,137,0,48,1),(330,97,0,48,1),(331,136,0,48,2),(332,99,0,48,4),(333,93,0,49,6),(334,83,0,49,25),(335,138,0,49,30),(336,137,0,49,1),(337,97,0,49,1),(338,136,0,49,2),(339,99,0,49,4),(340,93,0,50,8),(341,83,0,50,19),(342,138,0,50,39),(343,137,0,50,0),(344,97,0,50,1),(345,136,0,50,2),(346,99,0,50,4),(347,93,0,51,5),(348,138,0,51,33),(349,137,0,51,0),(350,97,0,51,1),(351,136,0,51,2),(352,99,0,51,1),(353,93,0,52,5),(354,138,0,52,34),(355,137,0,52,0),(356,97,0,52,1),(357,136,0,52,2),(358,99,0,52,1),(359,93,0,53,5),(360,138,0,53,35),(361,137,0,53,0),(362,97,0,53,1),(363,136,0,53,2),(364,99,0,53,1),(365,93,0,54,12),(366,138,0,54,33),(367,137,0,54,0),(368,97,0,54,1),(369,136,0,54,2),(370,99,0,54,1),(371,93,0,55,12),(372,138,0,55,34),(373,137,0,55,0),(374,97,0,55,1),(375,136,0,55,2),(376,99,0,55,1),(377,93,0,56,12),(378,138,0,56,35),(379,137,0,56,0),(380,97,0,56,1),(381,136,0,56,2),(382,99,0,56,1),(383,83,0,57,21),(384,137,0,57,0),(385,97,0,57,1),(386,136,0,57,2),(387,99,0,57,4),(388,138,0,58,30),(389,97,0,58,1),(390,99,0,58,4),(391,130,0,59,0),(392,133,0,59,0),(393,134,0,59,0),(394,138,0,59,39),(395,131,0,59,0),(396,137,0,59,0),(397,97,0,59,1),(398,136,0,59,2),(399,99,0,59,4),(400,132,0,59,0),(401,125,0,60,0),(402,138,0,60,39),(403,137,0,60,0),(404,97,0,60,1),(405,136,0,60,2),(406,99,0,60,4),(407,93,0,61,14),(408,83,0,61,15),(409,138,0,61,39),(410,137,0,61,1),(411,97,0,61,1),(412,136,0,61,2),(413,99,0,61,4),(414,93,0,62,14),(415,83,0,62,16),(416,138,0,62,38),(417,137,0,62,1),(418,97,0,62,1),(419,136,0,62,2),(420,99,0,62,4),(421,93,0,63,4),(422,83,0,63,17),(423,138,0,63,39),(424,137,0,63,1),(425,97,0,63,1),(426,136,0,63,2),(427,99,0,63,4),(428,93,0,64,6),(429,83,0,64,22),(430,138,0,64,33),(431,137,0,64,1),(432,97,0,64,1),(433,136,0,64,2),(434,99,0,64,4),(435,93,0,65,4),(436,83,0,65,23),(437,138,0,65,39),(438,137,0,65,1),(439,97,0,65,1),(440,136,0,65,2),(441,99,0,65,4),(442,93,0,66,6),(443,83,0,66,21),(444,138,0,66,39),(445,137,0,66,1),(446,97,0,66,1),(447,136,0,66,2),(448,99,0,66,4),(456,93,0,68,4),(457,83,0,68,24),(458,138,0,68,30),(459,137,0,68,0),(460,97,0,68,1),(461,136,0,68,2),(462,99,0,68,4),(463,93,0,69,13),(464,83,0,69,19),(465,138,0,69,31),(466,137,0,69,0),(467,97,0,69,1),(468,136,0,69,2),(469,99,0,69,4),(470,93,0,70,6),(471,83,0,70,24),(472,138,0,70,38),(473,137,0,70,0),(474,97,0,70,1),(475,136,0,70,2),(476,99,0,70,4),(477,93,0,71,5),(478,83,0,71,19),(479,138,0,71,35),(480,137,0,71,0),(481,97,0,71,1),(482,136,0,71,2),(483,99,0,71,4),(484,137,0,72,0),(485,97,0,72,1),(486,136,0,72,2),(487,99,0,72,4),(488,93,0,73,6),(489,83,0,73,22),(490,138,0,73,38),(491,137,0,73,0),(492,97,0,73,1),(493,136,0,73,2),(494,99,0,73,4),(495,93,0,74,13),(496,83,0,74,15),(497,138,0,74,29),(498,137,0,74,1),(499,97,0,74,1),(500,136,0,74,2),(501,99,0,74,4),(502,93,0,75,12),(503,83,0,75,16),(504,138,0,75,31),(505,137,0,75,1),(506,97,0,75,2),(507,136,0,75,2),(508,99,0,75,4),(509,93,0,76,4),(510,83,0,76,18),(511,138,0,76,28),(512,137,0,76,1),(513,97,0,76,1),(514,136,0,76,2),(515,99,0,76,4),(516,93,0,77,5),(517,138,0,77,27),(518,137,0,77,0),(519,97,0,77,1),(520,136,0,77,2),(521,99,0,77,4),(522,93,0,78,4),(523,83,0,78,24),(524,138,0,78,31),(525,137,0,78,1),(526,97,0,78,1),(527,136,0,78,2),(528,99,0,78,4),(529,93,0,79,13),(530,83,0,79,23),(531,138,0,79,31),(532,137,0,79,1),(533,97,0,79,1),(534,136,0,79,2),(535,99,0,79,4),(536,93,0,80,13),(537,83,0,80,26),(538,138,0,80,29),(539,137,0,80,1),(540,97,0,80,2),(541,136,0,80,2),(542,99,0,80,4),(543,97,1,80,1),(544,97,2,80,1),(545,97,3,80,1),(546,97,4,80,1),(547,97,5,80,1),(548,97,6,80,1),(549,97,7,80,1),(550,97,8,80,1),(551,97,9,80,1),(552,97,10,80,1),(553,97,11,80,1),(554,97,12,80,1),(555,97,13,80,1),(556,97,14,80,1),(557,97,15,80,1),(558,97,16,80,1),(559,97,17,80,1),(560,97,18,80,1),(561,97,19,80,1),(562,97,20,80,1),(563,97,1,75,1),(564,97,2,75,1),(565,97,3,75,1),(566,97,4,75,1),(567,97,5,75,1),(568,97,6,75,1),(569,97,7,75,1),(570,97,8,75,1),(571,97,9,75,1),(572,97,10,75,1),(573,97,11,75,1),(574,97,12,75,1),(575,97,13,75,1),(576,97,14,75,1),(577,97,15,75,1),(578,97,16,75,1),(579,97,17,75,1),(580,97,18,75,1),(581,97,19,75,1),(582,97,20,75,1),(583,93,0,81,12),(584,83,0,81,17),(585,138,0,81,27),(586,137,0,81,0),(587,97,0,81,1),(588,136,0,81,2),(589,99,0,81,4),(590,93,0,82,5),(591,83,0,82,20),(592,138,0,82,36),(593,137,0,82,0),(594,97,0,82,1),(595,136,0,82,2),(596,99,0,82,4),(597,93,0,83,14),(598,83,0,83,26),(599,138,0,83,37),(600,137,0,83,0),(601,97,0,83,1),(602,136,0,83,2),(603,99,0,83,4),(604,93,0,84,8),(605,83,0,84,23),(606,138,0,84,39),(607,137,0,84,0),(608,97,0,84,1),(609,136,0,84,2),(610,99,0,84,4),(611,93,0,85,4),(612,83,0,85,24),(613,138,0,85,36),(614,137,0,85,0),(615,97,0,85,1),(616,136,0,85,2),(617,99,0,85,4),(618,93,0,86,12),(619,138,0,86,39),(620,137,0,86,0),(621,97,0,86,1),(622,136,0,86,2),(623,99,0,86,4),(624,93,0,87,10),(625,138,0,87,38),(626,137,0,87,0),(627,97,0,87,1),(628,136,0,87,2),(629,99,0,87,4),(630,137,0,88,0),(631,97,0,88,1),(632,136,0,88,2),(633,99,0,88,4),(634,93,0,89,14),(635,83,0,89,19),(636,138,0,89,27),(637,137,0,89,0),(638,97,0,89,1),(639,136,0,89,2),(640,99,0,89,4),(641,93,0,90,13),(642,83,0,90,15),(643,138,0,90,28),(644,137,0,90,0),(645,97,0,90,1),(646,136,0,90,2),(647,99,0,90,4),(648,93,0,91,13),(649,83,0,91,26),(650,138,0,91,29),(651,137,0,91,0),(652,97,0,91,1),(653,136,0,91,2),(654,99,0,91,4),(655,93,0,92,14),(656,83,0,92,20),(657,138,0,92,27),(658,137,0,92,0),(659,97,0,92,1),(660,136,0,92,2),(661,99,0,92,4),(662,93,0,93,13),(663,83,0,93,24),(664,138,0,93,32),(665,137,0,93,0),(666,97,0,93,1),(667,136,0,93,2),(668,99,0,93,4),(669,93,0,94,13),(670,83,0,94,15),(671,138,0,94,27),(672,137,0,94,0),(673,97,0,94,1),(674,136,0,94,2),(675,99,0,94,4),(676,93,0,95,9),(677,83,0,95,16),(678,138,0,95,33),(679,137,0,95,1),(680,97,0,95,1),(681,136,0,95,2),(682,99,0,95,4),(683,93,0,96,12),(684,83,0,96,18),(685,138,0,96,32),(686,137,0,96,1),(687,97,0,96,1),(688,136,0,96,2),(689,99,0,96,4),(690,93,0,97,12),(691,83,0,97,23),(692,138,0,97,33),(693,137,0,97,1),(694,97,0,97,1),(695,136,0,97,2),(696,99,0,97,4),(697,93,0,98,14),(698,83,0,98,18),(699,138,0,98,34),(700,137,0,98,1),(701,97,0,98,1),(702,136,0,98,2),(703,99,0,98,4),(704,93,0,99,10),(705,83,0,99,24),(706,138,0,99,32),(707,137,0,99,1),(708,97,0,99,1),(709,136,0,99,2),(710,99,0,99,4),(711,93,0,100,14),(712,83,0,100,21),(713,138,0,100,33),(714,137,0,100,1),(715,97,0,100,1),(716,136,0,100,2),(717,99,0,100,4),(718,93,0,101,6),(719,83,0,101,19),(720,138,0,101,30),(721,137,0,101,0),(722,97,0,101,1),(723,136,0,101,2),(724,99,0,101,4),(725,93,0,102,10),(726,83,0,102,19),(727,138,0,102,29),(728,137,0,102,0),(729,97,0,102,1),(730,136,0,102,2),(731,99,0,102,4),(732,93,0,103,4),(733,83,0,103,24),(734,138,0,103,39),(735,137,0,103,0),(736,97,0,103,1),(737,136,0,103,2),(738,99,0,103,4),(739,93,0,104,12),(740,83,0,104,24),(741,138,0,104,31),(742,137,0,104,0),(743,97,0,104,1),(744,136,0,104,2),(745,99,0,104,4),(746,93,0,105,5),(747,83,0,105,17),(748,138,0,105,34),(749,137,0,105,0),(750,97,0,105,1),(751,136,0,105,2),(752,99,0,105,4),(753,93,0,106,13),(754,83,0,106,22),(755,138,0,106,31),(756,137,0,106,0),(757,97,0,106,1),(758,136,0,106,2),(759,99,0,106,4),(760,93,0,107,14),(761,83,0,107,26),(762,138,0,107,34),(763,137,0,107,0),(764,97,0,107,1),(765,136,0,107,2),(766,99,0,107,4),(767,93,0,108,5),(768,83,0,108,24),(769,138,0,108,30),(770,137,0,108,0),(771,97,0,108,1),(772,136,0,108,2),(773,99,0,108,4),(774,93,0,109,12),(775,83,0,109,19),(776,138,0,109,31),(777,137,0,109,0),(778,97,0,109,1),(779,136,0,109,2),(780,99,0,109,4),(781,93,0,110,5),(782,83,0,110,18),(783,138,0,110,39),(784,137,0,110,0),(785,97,0,110,1),(786,136,0,110,2),(787,99,0,110,4),(788,93,0,111,12),(789,83,0,111,20),(790,138,0,111,28),(791,137,0,111,0),(792,97,0,111,1),(793,136,0,111,2),(794,99,0,111,4),(795,93,0,112,4),(796,83,0,112,25),(797,138,0,112,30),(798,137,0,112,0),(799,97,0,112,1),(800,136,0,112,2),(801,99,0,112,4),(802,93,0,113,5),(804,140,0,113,54),(805,138,0,113,38),(806,137,0,113,0),(807,97,0,113,1),(808,136,0,113,2),(809,99,0,113,4),(810,141,0,113,59),(811,93,0,114,4),(813,140,0,114,53),(814,138,0,114,39),(815,137,0,114,0),(816,97,0,114,1),(817,136,0,114,2),(818,99,0,114,4),(819,141,0,114,57),(820,93,0,115,14),(822,140,0,115,52),(823,138,0,115,39),(824,137,0,115,0),(825,97,0,115,1),(826,136,0,115,2),(827,99,0,115,4),(828,141,0,115,59),(829,93,0,116,4),(831,140,0,116,48),(832,138,0,116,37),(833,137,0,116,0),(834,97,0,116,1),(835,136,0,116,2),(836,99,0,116,4),(837,141,0,116,58),(838,93,0,117,14),(840,140,0,117,47),(841,138,0,117,34),(842,137,0,117,0),(843,97,0,117,1),(844,136,0,117,2),(845,99,0,117,4),(846,141,0,117,57),(847,93,0,118,4),(849,140,0,118,44),(850,138,0,118,38),(851,137,0,118,0),(852,97,0,118,1),(853,136,0,118,2),(854,99,0,118,4),(855,141,0,118,56),(856,93,0,119,7),(858,140,0,119,43),(859,138,0,119,38),(860,137,0,119,0),(861,97,0,119,1),(862,136,0,119,2),(863,99,0,119,4),(864,141,0,119,55),(865,142,0,119,61),(866,142,0,118,61),(867,142,0,117,62),(868,142,0,116,62),(869,142,0,115,63),(870,142,0,114,63),(871,142,0,113,63),(872,93,0,120,7),(873,83,0,120,19),(874,138,0,120,37),(875,137,0,120,0),(876,97,0,120,1),(877,136,0,120,2),(878,99,0,120,4),(879,93,0,121,14),(880,83,0,121,26),(881,138,0,121,36),(882,137,0,121,0),(883,97,0,121,1),(884,136,0,121,2),(885,99,0,121,4),(886,93,0,122,8),(887,83,0,122,15),(888,138,0,122,38),(889,137,0,122,0),(890,97,0,122,1),(891,136,0,122,2),(892,99,0,122,4),(893,93,0,123,10),(894,83,0,123,21),(895,138,0,123,39),(896,137,0,123,0),(897,97,0,123,1),(898,136,0,123,2),(899,99,0,123,4),(900,93,0,124,14),(901,83,0,124,25),(902,138,0,124,38),(903,137,0,124,0),(904,97,0,124,1),(905,136,0,124,2),(906,99,0,124,4),(907,93,0,125,14),(908,83,0,125,18),(909,138,0,125,34),(910,137,0,125,0),(911,97,0,125,1),(912,136,0,125,2),(913,99,0,125,4),(914,93,0,126,14),(915,83,0,126,21),(916,138,0,126,35),(917,137,0,126,0),(918,97,0,126,1),(919,136,0,126,2),(920,99,0,126,4),(921,93,0,127,12),(922,83,0,127,15),(923,138,0,127,39),(924,137,0,127,0),(925,97,0,127,1),(926,136,0,127,2),(927,99,0,127,4),(928,93,0,128,12),(929,83,0,128,25),(930,138,0,128,39),(931,137,0,128,0),(932,97,0,128,1),(933,136,0,128,2),(934,99,0,128,4),(935,93,0,129,14),(936,83,0,129,15),(937,138,0,129,37),(938,137,0,129,0),(939,97,0,129,1),(940,136,0,129,2),(941,99,0,129,4),(942,93,0,130,5),(943,83,0,130,25),(944,138,0,130,38),(945,137,0,130,0),(946,97,0,130,1),(947,136,0,130,2),(948,99,0,130,4),(949,93,0,131,14),(950,83,0,131,24),(951,138,0,131,39),(952,137,0,131,0),(953,97,0,131,1),(954,136,0,131,2),(955,99,0,131,4),(956,93,0,132,9),(957,83,0,132,19),(958,138,0,132,33),(959,137,0,132,0),(960,97,0,132,1),(961,136,0,132,2),(962,99,0,132,4),(963,93,0,133,8),(964,83,0,133,22),(965,138,0,133,35),(966,137,0,133,0),(967,97,0,133,1),(968,136,0,133,2),(969,99,0,133,4),(970,93,0,134,10),(971,83,0,134,26),(972,138,0,134,39),(973,137,0,134,0),(974,97,0,134,1),(975,136,0,134,2),(976,99,0,134,4),(977,93,0,135,13),(978,83,0,135,17),(979,138,0,135,39),(980,137,0,135,0),(981,97,0,135,1),(982,136,0,135,2),(983,99,0,135,4),(984,93,0,136,12),(985,83,0,136,21),(986,138,0,136,37),(987,137,0,136,0),(988,97,0,136,1),(989,136,0,136,2),(990,99,0,136,4),(991,93,0,137,9),(992,83,0,137,19),(993,138,0,137,39),(994,137,0,137,0),(995,97,0,137,1),(996,136,0,137,2),(997,99,0,137,4),(998,93,0,138,12),(999,83,0,138,20),(1000,138,0,138,36),(1001,137,0,138,0),(1002,97,0,138,1),(1003,136,0,138,2),(1004,99,0,138,4),(1005,93,0,139,12),(1006,83,0,139,24),(1007,138,0,139,38),(1008,137,0,139,0),(1009,97,0,139,1),(1010,136,0,139,2),(1011,99,0,139,4),(1012,93,0,140,4),(1013,83,0,140,19),(1014,138,0,140,39),(1015,137,0,140,0),(1016,97,0,140,1),(1017,136,0,140,2),(1018,99,0,140,4),(1019,93,0,141,4),(1020,83,0,141,24),(1021,138,0,141,39),(1022,137,0,141,0),(1023,97,0,141,1),(1024,136,0,141,2),(1025,99,0,141,4),(1026,93,0,142,13),(1027,83,0,142,26),(1028,138,0,142,39),(1029,137,0,142,0),(1030,97,0,142,1),(1031,136,0,142,2),(1032,99,0,142,4),(1033,93,0,143,7),(1034,83,0,143,23),(1035,138,0,143,39),(1036,137,0,143,0),(1037,97,0,143,1),(1038,136,0,143,2),(1039,99,0,143,4),(1040,93,0,144,12),(1041,83,0,144,25),(1042,138,0,144,39),(1043,137,0,144,0),(1044,97,0,144,1),(1045,136,0,144,2),(1046,99,0,144,4),(1047,93,0,145,5),(1048,83,0,145,19),(1049,138,0,145,32),(1050,137,0,145,0),(1051,97,0,145,1),(1052,136,0,145,2),(1053,99,0,145,4),(1054,93,0,146,5),(1055,83,0,146,22),(1056,138,0,146,32),(1057,137,0,146,0),(1058,97,0,146,1),(1059,136,0,146,2),(1060,99,0,146,4),(1061,93,0,147,5),(1062,83,0,147,20),(1063,138,0,147,32),(1064,137,0,147,0),(1065,97,0,147,1),(1066,136,0,147,2),(1067,99,0,147,4),(1068,93,0,148,7),(1069,83,0,148,17),(1070,138,0,148,32),(1071,137,0,148,0),(1072,97,0,148,1),(1073,136,0,148,2),(1074,99,0,148,4),(1075,93,0,149,4),(1076,83,0,149,25),(1077,138,0,149,32),(1078,137,0,149,0),(1079,97,0,149,1),(1080,136,0,149,2),(1081,99,0,149,4),(1082,93,0,150,7),(1083,83,0,150,17),(1084,138,0,150,34),(1085,137,0,150,0),(1086,97,0,150,1),(1087,136,0,150,2),(1088,99,0,150,4),(1089,93,0,151,7),(1090,83,0,151,22),(1091,138,0,151,34),(1092,137,0,151,0),(1093,97,0,151,1),(1094,136,0,151,2),(1095,99,0,151,4),(1096,93,0,152,4),(1097,83,0,152,21),(1098,138,0,152,33),(1099,137,0,152,0),(1100,97,0,152,1),(1101,136,0,152,2),(1102,99,0,152,4),(1103,93,0,153,4),(1104,83,0,153,24),(1105,138,0,153,33),(1106,137,0,153,0),(1107,97,0,153,1),(1108,136,0,153,2),(1109,99,0,153,4),(1110,93,0,154,8),(1111,83,0,154,26),(1112,138,0,154,33),(1113,137,0,154,0),(1114,97,0,154,1),(1115,136,0,154,2),(1116,99,0,154,4),(1117,93,0,155,4),(1118,83,0,155,22),(1119,138,0,155,36),(1120,137,0,155,0),(1121,97,0,155,1),(1122,136,0,155,2),(1123,99,0,155,4),(1124,93,0,156,13),(1125,83,0,156,21),(1126,138,0,156,36),(1127,137,0,156,0),(1128,97,0,156,1),(1129,136,0,156,2),(1130,99,0,156,4),(1131,93,0,157,4),(1132,83,0,157,25),(1133,138,0,157,36),(1134,137,0,157,0),(1135,97,0,157,1),(1136,136,0,157,2),(1137,99,0,157,4),(1138,93,0,158,4),(1139,83,0,158,19),(1140,138,0,158,37),(1141,137,0,158,0),(1142,97,0,158,1),(1143,136,0,158,2),(1144,99,0,158,4),(1145,93,0,159,12),(1146,83,0,159,25),(1147,138,0,159,36),(1148,137,0,159,0),(1149,97,0,159,1),(1150,136,0,159,2),(1151,99,0,159,4),(1152,93,0,160,12),(1153,83,0,160,22),(1154,138,0,160,37),(1155,137,0,160,0),(1156,97,0,160,1),(1157,136,0,160,2),(1158,99,0,160,4),(1159,93,0,161,4),(1160,83,0,161,22),(1161,138,0,161,37),(1162,137,0,161,0),(1163,97,0,161,1),(1164,136,0,161,2),(1165,99,0,161,4),(1166,93,0,162,12),(1167,83,0,162,22),(1168,138,0,162,37),(1169,137,0,162,0),(1170,97,0,162,1),(1171,136,0,162,2),(1172,99,0,162,4),(1173,93,0,163,4),(1174,83,0,163,24),(1175,138,0,163,37),(1176,137,0,163,0),(1177,97,0,163,1),(1178,136,0,163,2),(1179,99,0,163,4),(1180,93,0,164,4),(1181,83,0,164,21),(1182,138,0,164,37),(1183,137,0,164,0),(1184,97,0,164,1),(1185,136,0,164,2),(1186,99,0,164,4),(1187,93,0,165,4),(1188,83,0,165,25),(1189,138,0,165,33),(1190,137,0,165,0),(1191,97,0,165,1),(1192,136,0,165,2),(1193,99,0,165,4),(1194,93,0,166,4),(1195,83,0,166,23),(1196,138,0,166,33),(1197,137,0,166,0),(1198,97,0,166,1),(1199,136,0,166,2),(1200,99,0,166,4),(1201,93,0,167,4),(1202,83,0,167,24),(1203,138,0,167,33),(1204,137,0,167,0),(1205,97,0,167,1),(1206,136,0,167,2),(1207,99,0,167,4),(1208,93,0,168,4),(1209,83,0,168,26),(1210,138,0,168,32),(1211,137,0,168,0),(1212,97,0,168,1),(1213,136,0,168,2),(1214,99,0,168,4),(1215,93,0,169,4),(1216,83,0,169,19),(1217,138,0,169,33),(1218,137,0,169,0),(1219,97,0,169,1),(1220,136,0,169,2),(1221,99,0,169,4),(1222,93,0,170,4),(1223,83,0,170,20),(1224,138,0,170,34),(1225,137,0,170,0),(1226,97,0,170,1),(1227,136,0,170,2),(1228,99,0,170,4),(1229,93,0,171,4),(1230,83,0,171,22),(1231,138,0,171,34),(1232,137,0,171,0),(1233,97,0,171,1),(1234,136,0,171,2),(1235,99,0,171,4),(1236,93,0,172,4),(1237,83,0,172,16),(1238,138,0,172,34),(1239,137,0,172,0),(1240,97,0,172,1),(1241,136,0,172,2),(1242,99,0,172,4),(1243,93,0,173,4),(1244,83,0,173,21),(1245,138,0,173,34),(1246,137,0,173,0),(1247,97,0,173,1),(1248,136,0,173,2),(1249,99,0,173,4),(1250,93,0,174,4),(1251,83,0,174,17),(1252,138,0,174,34),(1253,137,0,174,0),(1254,97,0,174,1),(1255,136,0,174,2),(1256,99,0,174,4),(1257,93,0,175,4),(1258,83,0,175,22),(1259,138,0,175,33),(1260,137,0,175,0),(1261,97,0,175,1),(1262,136,0,175,2),(1263,99,0,175,4),(1264,93,0,176,7),(1265,83,0,176,20),(1266,138,0,176,33),(1267,137,0,176,0),(1268,97,0,176,1),(1269,136,0,176,2),(1270,99,0,176,4),(1271,93,0,177,4),(1272,83,0,177,24),(1273,138,0,177,33),(1274,137,0,177,0),(1275,97,0,177,1),(1276,136,0,177,2),(1277,99,0,177,4),(1278,93,0,178,4),(1279,83,0,178,24),(1280,138,0,178,33),(1281,137,0,178,0),(1282,97,0,178,1),(1283,136,0,178,2),(1284,99,0,178,4),(1285,93,0,179,4),(1286,83,0,179,21),(1287,138,0,179,33),(1288,137,0,179,0),(1289,97,0,179,1),(1290,136,0,179,2),(1291,99,0,179,4),(1292,93,0,180,4),(1293,83,0,180,20),(1294,138,0,180,35),(1295,137,0,180,0),(1296,97,0,180,1),(1297,136,0,180,2),(1298,99,0,180,4),(1299,93,0,181,4),(1300,83,0,181,22),(1301,138,0,181,35),(1302,137,0,181,0),(1303,97,0,181,1),(1304,136,0,181,2),(1305,99,0,181,4),(1306,93,0,182,4),(1307,83,0,182,22),(1308,138,0,182,35),(1309,137,0,182,0),(1310,97,0,182,1),(1311,136,0,182,2),(1312,99,0,182,4),(1313,93,0,183,4),(1314,83,0,183,25),(1315,138,0,183,35),(1316,137,0,183,0),(1317,97,0,183,1),(1318,136,0,183,2),(1319,99,0,183,4),(1320,93,0,184,4),(1321,83,0,184,26),(1322,138,0,184,35),(1323,137,0,184,0),(1324,97,0,184,1),(1325,136,0,184,2),(1326,99,0,184,4),(1327,93,0,185,10),(1328,83,0,185,20),(1329,138,0,185,32),(1330,137,0,185,0),(1331,97,0,185,1),(1332,136,0,185,2),(1333,99,0,185,4),(1334,93,0,186,5),(1335,83,0,186,22),(1336,138,0,186,32),(1337,137,0,186,0),(1338,97,0,186,1),(1339,136,0,186,2),(1340,99,0,186,4),(1341,93,0,187,5),(1342,83,0,187,18),(1343,138,0,187,32),(1344,137,0,187,0),(1345,97,0,187,1),(1346,136,0,187,2),(1347,99,0,187,4),(1348,93,0,188,5),(1349,138,0,188,28),(1350,137,0,188,0),(1351,97,0,188,1),(1352,136,0,188,2),(1353,99,0,188,4),(1354,93,0,189,13),(1355,83,0,189,19),(1356,138,0,189,32),(1357,137,0,189,0),(1358,97,0,189,1),(1359,136,0,189,2),(1360,99,0,189,4),(1361,93,0,190,4),(1362,83,0,190,20),(1363,138,0,190,34),(1364,137,0,190,0),(1365,97,0,190,1),(1366,136,0,190,2),(1367,99,0,190,4),(1368,93,0,191,14),(1369,83,0,191,17),(1370,138,0,191,35),(1371,137,0,191,0),(1372,97,0,191,1),(1373,136,0,191,2),(1374,99,0,191,4),(1375,93,0,192,13),(1376,83,0,192,26),(1377,138,0,192,34),(1378,137,0,192,0),(1379,97,0,192,1),(1380,136,0,192,2),(1381,99,0,192,4),(1382,93,0,193,13),(1383,138,0,193,35),(1384,137,0,193,0),(1385,97,0,193,1),(1386,136,0,193,2),(1387,99,0,193,4),(1388,93,0,194,13),(1389,83,0,194,21),(1390,138,0,194,35),(1391,137,0,194,0),(1392,97,0,194,1),(1393,136,0,194,2),(1394,99,0,194,4),(1395,93,0,195,5),(1396,138,0,195,38),(1397,137,0,195,0),(1398,97,0,195,1),(1399,136,0,195,2),(1400,99,0,195,4),(1401,93,0,196,13),(1402,138,0,196,38),(1403,137,0,196,0),(1404,97,0,196,1),(1405,136,0,196,2),(1406,99,0,196,4),(1407,93,0,197,13),(1408,83,0,197,20),(1409,138,0,197,33),(1410,137,0,197,0),(1411,97,0,197,1),(1412,136,0,197,2),(1413,99,0,197,4),(1414,93,0,198,6),(1415,83,0,198,18),(1416,138,0,198,35),(1417,137,0,198,0),(1418,97,0,198,1),(1419,136,0,198,2),(1420,99,0,198,4),(1421,93,0,199,5),(1422,138,0,199,34),(1423,137,0,199,0),(1424,97,0,199,1),(1425,136,0,199,2),(1426,99,0,199,4),(1427,93,0,200,13),(1428,83,0,200,23),(1429,138,0,200,35),(1430,137,0,200,0),(1431,97,0,200,1),(1432,136,0,200,2),(1433,99,0,200,4),(1434,93,0,201,13),(1435,83,0,201,19),(1436,138,0,201,30),(1437,137,0,201,0),(1438,97,0,201,1),(1439,136,0,201,2),(1440,99,0,201,4),(1441,93,0,202,7),(1442,83,0,202,17),(1443,138,0,202,31),(1444,137,0,202,0),(1445,97,0,202,1),(1446,136,0,202,2),(1447,99,0,202,4),(1448,93,0,203,14),(1449,83,0,203,25),(1450,138,0,203,27),(1451,137,0,203,0),(1452,97,0,203,1),(1453,136,0,203,2),(1454,99,0,203,4),(1455,93,0,204,13),(1456,83,0,204,16),(1457,138,0,204,31),(1458,137,0,204,0),(1459,97,0,204,1),(1460,136,0,204,2),(1461,99,0,204,4),(1462,93,0,205,14),(1463,83,0,205,18),(1464,138,0,205,28),(1465,137,0,205,0),(1466,97,0,205,1),(1467,136,0,205,2),(1468,99,0,205,4),(1469,93,0,206,9),(1470,83,0,206,17),(1471,138,0,206,27),(1472,137,0,206,0),(1473,97,0,206,1),(1474,136,0,206,2),(1475,99,0,206,4),(1476,93,0,207,14),(1477,83,0,207,16),(1478,138,0,207,30),(1479,137,0,207,0),(1480,97,0,207,1),(1481,136,0,207,2),(1482,99,0,207,4),(1483,93,0,208,7),(1484,83,0,208,23),(1485,138,0,208,31),(1486,137,0,208,0),(1487,97,0,208,1),(1488,136,0,208,2),(1489,99,0,208,4),(1490,93,0,209,13),(1491,83,0,209,17),(1492,138,0,209,31),(1493,137,0,209,0),(1494,97,0,209,1),(1495,136,0,209,2),(1496,99,0,209,4),(1497,93,0,210,5),(1498,83,0,210,16),(1499,138,0,210,29),(1500,137,0,210,0),(1501,97,0,210,1),(1502,136,0,210,2),(1503,99,0,210,4),(1504,93,0,211,13),(1505,83,0,211,18),(1506,138,0,211,30),(1507,137,0,211,0),(1508,97,0,211,1),(1509,136,0,211,2),(1510,99,0,211,4),(1511,93,0,212,4),(1512,83,0,212,17),(1513,138,0,212,30),(1514,137,0,212,0),(1515,97,0,212,1),(1516,136,0,212,2),(1517,99,0,212,4),(1518,93,0,213,12),(1519,83,0,213,20),(1520,138,0,213,30),(1521,137,0,213,0),(1522,97,0,213,1),(1523,136,0,213,2),(1524,99,0,213,4),(1525,93,0,214,6),(1526,83,0,214,20),(1527,138,0,214,31),(1528,137,0,214,0),(1529,97,0,214,1),(1530,136,0,214,2),(1531,99,0,214,4),(1532,93,0,215,4),(1533,83,0,215,19),(1534,138,0,215,27),(1535,137,0,215,0),(1536,97,0,215,1),(1537,136,0,215,2),(1538,99,0,215,4),(1539,93,0,216,13),(1540,83,0,216,19),(1541,138,0,216,31),(1542,137,0,216,0),(1543,97,0,216,1),(1544,136,0,216,2),(1545,99,0,216,4),(1546,93,0,217,13),(1547,83,0,217,19),(1548,138,0,217,27),(1549,137,0,217,0),(1550,97,0,217,1),(1551,136,0,217,2),(1552,99,0,217,4),(1553,93,0,218,13),(1554,83,0,218,21),(1555,138,0,218,30),(1556,137,0,218,0),(1557,97,0,218,1),(1558,136,0,218,2),(1559,99,0,218,4),(1560,93,0,219,14),(1561,83,0,219,19),(1562,138,0,219,29),(1563,137,0,219,0),(1564,97,0,219,1),(1565,136,0,219,2),(1566,99,0,219,4),(1567,93,0,220,7),(1568,83,0,220,20),(1569,138,0,220,34),(1570,137,0,220,0),(1571,97,0,220,1),(1572,136,0,220,2),(1573,99,0,220,4),(1574,93,0,221,7),(1575,83,0,221,20),(1576,138,0,221,31),(1577,137,0,221,0),(1578,97,0,221,1),(1579,136,0,221,2),(1580,99,0,221,4),(1581,93,0,222,4),(1582,83,0,222,25),(1583,138,0,222,35),(1584,137,0,222,0),(1585,97,0,222,1),(1586,136,0,222,2),(1587,99,0,222,4),(1588,93,0,223,6),(1589,83,0,223,19),(1590,138,0,223,34),(1591,137,0,223,0),(1592,97,0,223,1),(1593,136,0,223,2),(1594,99,0,223,4),(1595,93,0,224,6),(1596,83,0,224,18),(1597,138,0,224,38),(1598,137,0,224,0),(1599,97,0,224,1),(1600,136,0,224,2),(1601,99,0,224,4),(1602,93,0,225,14),(1603,83,0,225,19),(1604,138,0,225,36),(1605,137,0,225,0),(1606,97,0,225,1),(1607,136,0,225,2),(1608,99,0,225,4),(1609,93,0,226,4),(1610,83,0,226,23),(1611,138,0,226,35),(1612,137,0,226,0),(1613,97,0,226,1),(1614,136,0,226,2),(1615,99,0,226,4),(1616,93,0,227,7),(1617,83,0,227,16),(1618,138,0,227,38),(1619,137,0,227,0),(1620,97,0,227,1),(1621,136,0,227,2),(1622,99,0,227,4),(1623,93,0,228,13),(1624,83,0,228,22),(1625,138,0,228,38),(1626,137,0,228,0),(1627,97,0,228,1),(1628,136,0,228,2),(1629,99,0,228,4),(1630,93,0,229,6),(1631,83,0,229,25),(1632,138,0,229,30),(1633,137,0,229,0),(1634,97,0,229,1),(1635,136,0,229,2),(1636,99,0,229,4),(1637,93,0,230,6),(1638,83,0,230,19),(1639,138,0,230,31),(1640,137,0,230,0),(1641,97,0,230,1),(1642,136,0,230,2),(1643,99,0,230,4),(1644,93,0,231,4),(1645,83,0,231,24),(1646,138,0,231,31),(1647,137,0,231,0),(1648,97,0,231,1),(1649,136,0,231,2),(1650,99,0,231,4),(1651,93,0,232,7),(1652,83,0,232,20),(1653,138,0,232,39),(1654,137,0,232,0),(1655,97,0,232,1),(1656,136,0,232,2),(1657,99,0,232,4),(1658,93,0,233,5),(1659,83,0,233,19),(1660,137,0,233,0),(1661,97,0,233,1),(1662,136,0,233,2),(1663,99,0,233,4),(1664,93,0,234,14),(1665,83,0,234,24),(1666,137,0,234,0),(1667,97,0,234,1),(1668,136,0,234,2),(1669,99,0,234,4),(1670,93,0,235,5),(1671,83,0,235,25),(1672,137,0,235,0),(1673,97,0,235,1),(1674,136,0,235,2),(1675,99,0,235,4),(1676,93,0,236,4),(1677,83,0,236,20),(1678,137,0,236,0),(1679,97,0,236,1),(1680,136,0,236,2),(1681,99,0,236,4),(1682,93,0,237,8),(1683,83,0,237,18),(1684,137,0,237,0),(1685,97,0,237,1),(1686,136,0,237,2),(1687,99,0,237,4),(1688,93,0,238,13),(1689,83,0,238,22),(1690,137,0,238,0),(1691,97,0,238,1),(1692,136,0,238,2),(1693,99,0,238,4),(1694,93,0,239,14),(1695,83,0,239,16),(1696,137,0,239,0),(1697,97,0,239,1),(1698,136,0,239,2),(1699,99,0,239,4),(1700,93,0,240,12),(1701,83,0,240,19),(1702,137,0,240,0),(1703,97,0,240,1),(1704,136,0,240,2),(1705,99,0,240,4),(1706,93,0,241,13),(1707,83,0,241,22),(1708,137,0,241,0),(1709,97,0,241,1),(1710,136,0,241,2),(1711,99,0,241,4),(1712,93,0,242,7),(1713,137,0,242,0),(1714,97,0,242,1),(1715,136,0,242,2),(1716,99,0,242,1),(1717,93,0,243,5),(1718,137,0,243,0),(1719,97,0,243,1),(1720,136,0,243,2),(1721,99,0,243,1),(1722,137,0,244,0),(1723,97,0,244,1),(1724,136,0,244,2),(1725,99,0,244,4),(1731,137,0,246,0),(1732,97,0,246,1),(1733,136,0,246,2),(1734,99,0,246,4),(1735,93,0,247,8),(1736,137,0,247,0),(1737,97,0,247,1),(1738,136,0,247,2),(1739,99,0,247,1),(1740,93,0,248,14),(1741,137,0,248,0),(1742,97,0,248,1),(1743,136,0,248,2),(1744,99,0,248,1),(1745,93,0,249,11),(1746,137,0,249,0),(1747,97,0,249,1),(1748,136,0,249,2),(1749,99,0,249,1),(1750,93,0,250,12),(1751,137,0,250,0),(1752,97,0,250,1),(1753,136,0,250,2),(1754,99,0,250,1),(1755,137,0,251,0),(1756,97,0,251,1),(1757,136,0,251,2),(1758,99,0,251,4),(1759,93,0,252,6),(1760,137,0,252,1),(1761,97,0,252,1),(1762,136,0,252,2),(1763,99,0,252,1),(1764,93,0,253,9),(1765,137,0,253,1),(1766,97,0,253,1),(1767,136,0,253,2),(1768,99,0,253,1),(1769,93,0,254,13),(1770,137,0,254,1),(1771,97,0,254,1),(1772,136,0,254,2),(1773,99,0,254,1),(1774,137,0,255,1),(1775,97,0,255,1),(1776,136,0,255,2),(1777,99,0,255,4),(1778,93,0,256,6),(1779,137,0,256,0),(1780,97,0,256,1),(1781,136,0,256,2),(1782,99,0,256,1),(1783,93,0,257,4),(1784,137,0,257,0),(1785,97,0,257,1),(1786,136,0,257,2),(1787,99,0,257,1),(1788,137,0,258,0),(1789,97,0,258,1),(1790,136,0,258,2),(1791,99,0,258,4),(1792,93,0,259,7),(1793,83,0,259,20),(1794,115,0,259,1),(1795,138,0,259,31),(1796,137,0,259,0),(1797,97,0,259,1),(1798,136,0,259,2),(1799,99,0,259,4),(1800,93,0,260,7),(1801,83,0,260,20),(1802,115,0,260,1),(1803,138,0,260,31),(1804,137,0,260,0),(1805,97,0,260,1),(1806,136,0,260,2),(1807,99,0,260,4),(1808,93,0,261,7),(1809,83,0,261,20),(1810,115,0,261,1),(1811,138,0,261,31),(1812,137,0,261,1),(1813,97,0,261,1),(1814,136,0,261,2),(1815,99,0,261,4),(1816,93,0,262,7),(1817,83,0,262,20),(1818,115,0,262,1),(1819,138,0,262,31),(1820,137,0,262,1),(1821,97,0,262,1),(1822,136,0,262,2),(1823,99,0,262,4),(1824,93,0,263,7),(1825,83,0,263,20),(1826,115,0,263,1),(1827,138,0,263,31),(1828,137,0,263,1),(1829,97,0,263,1),(1830,136,0,263,2),(1831,99,0,263,4);

--
-- Table structure for table `catalog_product_entity_media_gallery`
--

CREATE TABLE `catalog_product_entity_media_gallery` (
  `value_id` int unsigned NOT NULL AUTO_INCREMENT COMMENT 'Value ID',
  `attribute_id` smallint unsigned NOT NULL DEFAULT '0' COMMENT 'Attribute ID',
  `value` varchar(255) DEFAULT NULL COMMENT 'Value',
  `media_type` varchar(32) NOT NULL DEFAULT 'image' COMMENT 'Media entry type',
  `disabled` smallint unsigned NOT NULL DEFAULT '0' COMMENT 'Visibility status',
  PRIMARY KEY (`value_id`),
  KEY `CATALOG_PRODUCT_ENTITY_MEDIA_GALLERY_ATTRIBUTE_ID` (`attribute_id`),
  CONSTRAINT `CAT_PRD_ENTT_MDA_GLR_ATTR_ID_EAV_ATTR_ATTR_ID` FOREIGN KEY (`attribute_id`) REFERENCES `eav_attribute` (`attribute_id`) ON DELETE CASCADE
) ENGINE=InnoDB AUTO_INCREMENT=519 DEFAULT CHARSET=utf8 COMMENT='Catalog Product Media Gallery Attribute Backend Table';

--
-- Dumping data for table `catalog_product_entity_media_gallery`
--

INSERT INTO `catalog_product_entity_media_gallery` VALUES (1,90,'/a/c/acer_all-in-one_computers.jpg','image',0),(2,90,'/a/c/acer_aspire_s24_all-in-one_pc.jpg','image',0),(3,90,'/a/p/apple_imac_2017_21.5-inch_retina_4k.jpg','image',0),(4,90,'/a/p/apple_iwatch_sport_green.jpg','image',0),(5,90,'/b/e/beat_crossfade_2_wireless_headphone.jpg','image',0),(6,90,'/a/c/acer_aspire_s24_all-in-one_pc_1.jpg','image',0),(7,90,'/a/p/apple_imac_2017_21.5-inch_retina_4k_1.jpg','image',0),(8,90,'/a/p/apple_iwatch_sport_green_1.jpg','image',0),(9,90,'/b/e/beat_crossfade_2_wireless_headphone_1.jpg','image',0),(10,90,'/b/l/black_automatic_vacuum_cleaner.jpg','image',0),(11,90,'/a/p/apple_imac_2017_21.5-inch_retina_4k_2.jpg','image',0),(12,90,'/a/p/apple_iwatch_sport_green_2.jpg','image',0),(13,90,'/a/p/apple_iwatch_sport_green_3.jpg','image',0),(14,90,'/b/e/beat_crossfade_2_wireless_headphone_2.jpg','image',0),(15,90,'/b/e/beat_crossfade_2_wireless_headphone_3.jpg','image',0),(16,90,'/b/l/black_automatic_vacuum_cleaner_1.jpg','image',0),(17,90,'/b/l/black_automatic_vacuum_cleaner_2.jpg','image',0),(18,90,'/e/l/electrolux_efls61_washing_machine.jpg','image',0),(19,90,'/e/l/electrolux_efls61_washing_machine_1.jpg','image',0),(20,90,'/p/h/philips_hr1861_whole_fruit_juicer.jpg','image',0),(21,90,'/o/r/orange_auto_vacuum_cleaner.jpg','image',0),(22,90,'/s/a/samsung_vacuum_cleaner_power.jpg','image',0),(23,90,'/r/i/rice_cooker_400w_red.jpg','image',0),(24,90,'/w/i/wireless_bluetooth_speaker_sony_x3.jpg','image',0),(25,90,'/s/a/samsung_vacuum_cleaner_power_1.jpg','image',0),(26,90,'/w/a/washing_machines_dryers.jpg','image',0),(27,90,'/w/a/washing_machines_dryers_1.jpg','image',0),(28,90,'/w/a/washing_machines_elextrolux.jpg','image',0),(29,90,'/a/p/apple_iphone_plus_silicon_case.jpg','image',0),(30,90,'/a/p/apple_iphone_x_512gb_white.jpg','image',0),(31,90,'/a/p/apple_iphone_x_512gb_white_1.jpg','image',0),(32,90,'/g/o/google_pixel_android_8.1_opm.jpg','image',0),(33,90,'/i/p/ipad_mini_4g_wifi_cellular_64gb.jpg','image',0),(34,90,'/i/p/ipad_pro_9.7_inch_wifi_cellular_16gb.jpg','image',0),(35,90,'/i/p/iphone_8_plus_64gb_full_color.jpg','image',0),(36,90,'/i/p/iphone_x_256gb_jet_black.jpg','image',0),(37,90,'/i/p/ipad_pro_9.7_inch_wifi_cellular_16gb_1.jpg','image',0),(38,90,'/i/p/ipad_pro_10.5_inch_retina.jpg','image',0),(39,90,'/i/p/iphone_6s_plus_black_gray_128gb.jpg','image',0),(40,90,'/i/p/iphone_6s_plus_red_case.jpg','image',0),(41,90,'/i/p/iphone_6s_plus_red_case_1.jpg','image',0),(42,90,'/i/p/iphone_7_plus_64gb_silver.jpg','image',0),(43,90,'/s/a/samsung_galaxy_note_8_edge_64gb.jpg','image',0),(44,90,'/s/a/samsung_galaxy_s8_plus_gray.jpg','image',0),(45,90,'/n/a/navy_skinny_fit_suit_with_wool.jpg','image',0),(46,90,'/m/e/men_s_rugged_wear_denim_jacket.jpg','image',0),(47,90,'/t/r/travel_leather_backpack.jpg','image',0),(48,90,'/w/o/women_s_pivoter_blue_backpack.jpg','image',0),(49,90,'/p/u/purple_wool_women_s_hat.jpg','image',0),(50,90,'/t/o/top_fashion_plastic_sunglasses.jpg','image',0),(51,90,'/m/e/men_s_rugged_wear_denim_jacket_1.jpg','image',0),(52,90,'/n/a/navy_skinny_fit_suit_with_wool_1.jpg','image',0),(53,90,'/l/a/lady_comfort_sports_slip_shoes.jpg','image',0),(54,90,'/s/p/sport_mesh_breathable_man_casual.jpg','image',0),(55,90,'/s/t/steve_madden_women_s_dolly_sandal.jpg','image',0),(56,90,'/t/o/top_fashion_plastic_sunglasses_1.jpg','image',0),(57,90,'/w/o/women_s_pivoter_blue_backpack_1.jpg','image',0),(58,90,'/z/a/zara_women_leather_bag.jpg','image',0),(59,90,'/z/a/zara_women_leather_bag_1.jpg','image',0),(60,90,'/w/o/women_s_pivoter_blue_backpack_2.jpg','image',0),(61,90,'/b/u/bulova_twirl_white_dial_ladies.jpg','image',0),(62,90,'/m/r/mr2658_engagement_ring.jpg','image',0),(63,90,'/c/a/cahill_automatic_silver_black.jpg','image',0),(64,90,'/c/o/colored_diamonds_fancy_loose.jpg','image',0),(65,90,'/e/m/emporio_armani_men_s_watch.jpg','image',0),(66,90,'/f/a/fancy_loose_diamonds_jewelry.jpg','image',0),(67,90,'/c/o/colored_diamonds_fancy_loose_1.jpg','image',0),(68,90,'/e/m/emporio_armani_men_s_watch_1.jpg','image',0),(69,90,'/m/e/men_s_watches_for_less.jpg','image',0),(70,90,'/f/a/fancy_loose_diamonds_jewelry_1.jpg','image',0),(71,90,'/m/r/mr2658_engagement_ring_1.jpg','image',0),(72,90,'/m/r/mr2658_engagement_ring_2.jpg','image',0),(73,90,'/w/h/white_gold_women_s_jewelry.jpg','image',0),(74,90,'/o/m/omega_automatic_blue_watches.jpg','image',0),(75,90,'/s/p/spinnaker_blue_silicone_watch.jpg','image',0),(76,90,'/r/e/red_automatic_skeleton_waterproof.jpg','image',0),(77,90,'/z/e/zegarki_spinnaker_boy_s_watch.jpg','image',0),(81,90,'/s/a/samsung_galaxy_note_8_edge_64gb_1_1.jpg','image',0),(82,90,'/s/a/samsung_galaxy_s8_plus_gray_1_1.jpg','image',0),(83,90,'/s/o/sony_xperia_z5_dual_core.jpg','image',0),(84,90,'/s/a/samsung_galaxy_j7_prime_64gb_1.jpg','image',0),(85,90,'/s/a/samsung_galaxy_note_8_edge_64gb_1_2.jpg','image',0),(86,90,'/s/a/samsung_galaxy_s8_plus_gray_1_2.jpg','image',0),(87,90,'/s/a/samsung_galaxy_a7_pro.jpg','image',0),(88,90,'/s/a/samsung_galaxy_j7_prime_64gb_2.jpg','image',0),(89,90,'/i/p/iphone_7_plus_64gb_silver_1.jpg','image',0),(90,90,'/i/p/iphone_8_plus_64gb_full_color_1.jpg','image',0),(91,90,'/g/o/google_pixel_android_8.1_opm_1.jpg','image',0),(92,90,'/i/p/ipad_mini_4g_wifi_cellular_64gb_1.jpg','image',0),(93,90,'/i/p/ipad_pro_10.5_inch_retina_1.jpg','image',0),(94,90,'/i/p/ipad_pro_9.7_inch_wifi_cellular_16gb_2.jpg','image',0),(95,90,'/7/_/7_2.jpg','image',0),(96,90,'/f/a/fashion_1.jpg','image',0),(97,90,'/f/a/fashion_3_2.jpg','image',0),(98,90,'/s/-/s-1.jpg','image',0),(99,90,'/s/-/s-2.jpg','image',0),(100,90,'/s/-/s-3.jpg','image',0),(101,90,'/s/-/s-2_1.jpg','image',0),(102,90,'/s/-/s-3_1.jpg','image',0),(103,90,'/s/-/s-3_2.jpg','image',0),(104,90,'/s/-/s-4.jpg','image',0),(105,90,'/s/-/s-4_1.jpg','image',0),(106,90,'/s/-/s-5.jpg','image',0),(107,90,'/s/-/s-5_1.jpg','image',0),(108,90,'/s/-/s-6.jpg','image',0),(109,90,'/s/-/s-6_1.jpg','image',0),(110,90,'/s/i/simple-product.jpg','image',0),(111,90,'/c/o/config-product.jpg','image',0),(112,90,'/s/i/simple-product_1.jpg','image',0),(113,90,'/s/i/simple-product_1_1.jpg','image',0),(114,90,'/s/i/simple-product_2.jpg','image',0),(115,90,'/c/o/config-product_1.jpg','image',0),(116,90,'/c/o/config-product_1_1.jpg','image',0),(117,90,'/c/o/config-product_2.jpg','image',0),(118,90,'/c/o/config-product_3.jpg','image',0),(119,90,'/g/r/group-product.jpg','image',0),(120,90,'/s/i/simple-product_3.jpg','image',0),(121,90,'/c/o/config-product_4.jpg','image',0),(122,90,'/b/u/bundle-product.jpg','image',0),(123,90,'/b/u/bundle-2.jpg','image',0),(124,90,'/d/o/download-product.jpg','image',0),(125,90,'/b/u/bundle-product_1.jpg','image',0),(126,90,'/b/u/bundle-2_1.jpg','image',0),(127,90,'/f/-/f-1.jpg','image',0),(128,90,'/f/-/f-2.jpg','image',0),(129,90,'/f/-/f-2_1.jpg','image',0),(130,90,'/f/-/f-3.jpg','image',0),(131,90,'/f/-/f-3_1.jpg','image',0),(132,90,'/f/-/f-4.jpg','image',0),(133,90,'/f/-/f-4_1.jpg','image',0),(134,90,'/f/-/f-5.jpg','image',0),(135,90,'/f/-/f-5_1.jpg','image',0),(136,90,'/f/-/f-6.jpg','image',0),(137,90,'/f/-/f-7.jpg','image',0),(140,90,'/a/-/a-1_1.jpg','image',0),(141,90,'/a/-/a-2.jpg','image',0),(142,90,'/a/-/a-2_1.jpg','image',0),(143,90,'/a/-/a-3.jpg','image',0),(144,90,'/a/-/a-3_1.jpg','image',0),(145,90,'/a/-/a-4.jpg','image',0),(146,90,'/a/-/a-6.jpg','image',0),(147,90,'/a/-/a-5.jpg','image',0),(148,90,'/a/-/a-2_2.jpg','image',0),(149,90,'/a/-/a-4_1.jpg','image',0),(150,90,'/a/-/a-3_2.jpg','image',0),(151,90,'/f/-/f-1_1.jpg','image',0),(152,90,'/f/-/f-2_2.jpg','image',0),(153,90,'/f/-/f-2_3.jpg','image',0),(154,90,'/f/-/f-3_2.jpg','image',0),(155,90,'/f/-/f-3_3.jpg','image',0),(156,90,'/f/-/f-4_2.jpg','image',0),(157,90,'/f/-/f-4_3.jpg','image',0),(158,90,'/f/-/f-5_2.jpg','image',0),(159,90,'/f/-/f-5_3.jpg','image',0),(160,90,'/f/-/f-6_1.jpg','image',0),(161,90,'/f/-/f-6_2.jpg','image',0),(162,90,'/f/-/f-7_1.jpg','image',0),(163,90,'/f/-/f-7_2.jpg','image',0),(164,90,'/f/-/f-6_3.jpg','image',0),(165,90,'/k/-/k-1.jpg','image',0),(166,90,'/k/-/k-2.jpg','image',0),(167,90,'/k/-/k-2_1.jpg','image',0),(168,90,'/k/-/k-3.jpg','image',0),(169,90,'/k/-/k-3_1.jpg','image',0),(170,90,'/k/-/k-4.jpg','image',0),(171,90,'/k/-/k-4_1.jpg','image',0),(172,90,'/k/-/k-5.jpg','image',0),(173,90,'/k/-/k-5_1.jpg','image',0),(174,90,'/k/-/k-6.jpg','image',0),(175,90,'/k/-/k-6_1.jpg','image',0),(176,90,'/k/-/k-7.jpg','image',0),(177,90,'/k/-/k-7_1.jpg','image',0),(178,90,'/k/-/k-8.jpg','image',0),(179,90,'/k/-/k-8_1.jpg','image',0),(180,90,'/c/f/cf-12.jpg','image',0),(181,90,'/j/-/j-1.jpg','image',0),(182,90,'/j/-/j-2.jpg','image',0),(183,90,'/j/-/j-2_1.jpg','image',0),(184,90,'/j/-/j-3.jpg','image',0),(185,90,'/j/-/j-3_1.jpg','image',0),(186,90,'/j/-/j-4.jpg','image',0),(187,90,'/j/-/j-4_1.jpg','image',0),(188,90,'/j/-/j-5.jpg','image',0),(189,90,'/j/-/j-5_1.jpg','image',0),(190,90,'/j/-/j-6.jpg','image',0),(191,90,'/j/-/j-6_1.jpg','image',0),(192,90,'/j/-/j-5_2.jpg','image',0),(193,90,'/f/-/f-1_2.jpg','image',0),(194,90,'/f/-/f-2_4.jpg','image',0),(195,90,'/f/-/f-3_4.jpg','image',0),(196,90,'/f/-/f-4_4.jpg','image',0),(197,90,'/f/-/f-3_5.jpg','image',0),(198,90,'/f/-/f-4_5.jpg','image',0),(199,90,'/f/-/f-2_5.jpg','image',0),(200,90,'/f/-/f-4_6.jpg','image',0),(201,90,'/f/-/f-5_4.jpg','image',0),(202,90,'/f/-/f-5_5.jpg','image',0),(203,90,'/f/-/f-6_4.jpg','image',0),(204,90,'/f/-/f-6_5.jpg','image',0),(205,90,'/f/-/f-1_3.jpg','image',0),(206,90,'/o/-/o-6.jpg','image',0),(207,90,'/o/-/o-5.jpg','image',0),(208,90,'/o/-/o-5_1.jpg','image',0),(209,90,'/o/-/o-6_1.jpg','image',0),(210,90,'/o/-/o-3.jpg','image',0),(211,90,'/o/-/o-4.jpg','image',0),(212,90,'/o/-/o-9.jpg','image',0),(213,90,'/o/-/o-11.jpg','image',0),(214,90,'/0/-/0-12.jpg','image',0),(215,90,'/o/-/o-10.jpg','image',0),(216,90,'/o/-/o-11_1.jpg','image',0),(217,90,'/o/-/o-9_1.jpg','image',0),(218,90,'/o/-/o-10_1.jpg','image',0),(219,90,'/0/-/0-12_1.jpg','image',0),(220,90,'/o/-/o-1.jpg','image',0),(221,90,'/o/-/o-2.jpg','image',0),(222,90,'/o/-/o-8.jpg','image',0),(223,90,'/o/-/o-2_1.jpg','image',0),(224,90,'/o/-/o-7.jpg','image',0),(225,90,'/o/-/o-3_1.jpg','image',0),(226,90,'/o/-/o-2_2.jpg','image',0),(227,90,'/o/-/o-8_1.jpg','image',0),(228,90,'/o/-/o-4_1.jpg','image',0),(229,90,'/o/-/o-8_2.jpg','image',0),(230,90,'/a/-/a-2_3.jpg','image',0),(231,90,'/a/-/a-3_3.jpg','image',0),(232,90,'/a/-/a-1_2.jpg','image',0),(233,90,'/a/-/a-2_4.jpg','image',0),(234,90,'/a/-/a-3_4.jpg','image',0),(235,90,'/a/-/a-4_2.jpg','image',0),(236,90,'/a/-/a-4_3.jpg','image',0),(237,90,'/a/-/a-5_1.jpg','image',0),(238,90,'/a/-/a-5_2.jpg','image',0),(239,90,'/a/-/a-6_1.jpg','image',0),(240,90,'/a/-/a-6_2.jpg','image',0),(241,90,'/a/-/a-7.jpg','image',0),(242,90,'/a/-/a-7_1.jpg','image',0),(243,90,'/a/-/a-6_3.jpg','image',0),(244,90,'/t/-/t-1.jpg','image',0),(245,90,'/t/-/t-2.jpg','image',0),(246,90,'/t/-/t-2_1.jpg','image',0),(247,90,'/t/-/t-3.jpg','image',0),(248,90,'/t/-/t-3_1.jpg','image',0),(249,90,'/t/-/t-4.jpg','image',0),(250,90,'/t/-/t-4_1.jpg','image',0),(251,90,'/t/-/t-5.jpg','image',0),(252,90,'/t/-/t-5_1.jpg','image',0),(253,90,'/t/-/t-6.jpg','image',0),(254,90,'/t/-/t-6_1.jpg','image',0),(255,90,'/t/-/t-7.jpg','image',0),(256,90,'/t/-/t-7_1.jpg','image',0),(257,90,'/t/-/t-8.jpg','image',0),(258,90,'/t/-/t-8_1.jpg','image',0),(259,90,'/t/-/t-9.jpg','image',0),(260,90,'/t/-/t-9_1.jpg','image',0),(261,90,'/t/-/t-10.jpg','image',0),(262,90,'/t/-/t-10_1.jpg','image',0),(263,90,'/t/-/t-11.jpg','image',0),(264,90,'/t/-/t-11_1.jpg','image',0),(265,90,'/t/-/t-12.jpg','image',0),(266,90,'/t/-/t-12_1.jpg','image',0),(267,90,'/t/-/t-13.jpg','image',0),(269,90,'/2/_/2.jpg','image',0),(270,90,'/2/_/2_1.jpg','image',0),(271,90,'/3/_/3.jpg','image',0),(272,90,'/3/_/3_1.jpg','image',0),(273,90,'/4/_/4.jpg','image',0),(274,90,'/4/_/4_1.jpg','image',0),(275,90,'/5/_/5.jpg','image',0),(277,90,'/9/_/9.jpg','image',0),(278,90,'/1/2/12.jpg','image',0),(279,90,'/1/3/13.jpg','image',0),(280,90,'/1/4/14.jpg','image',0),(281,90,'/1/0/10.jpg','image',0),(282,90,'/1/3/13_1.jpg','image',0),(283,90,'/1/4/14_1.jpg','image',0),(284,90,'/t/h/thit.jpg','image',0),(285,90,'/q/u/qua.jpg','image',0),(286,90,'/f/-/f-hover.jpg','image',0),(287,90,'/b/a/back-pack-blue.jpg','image',0),(288,90,'/c/a/case-1.jpg','image',0),(289,90,'/c/a/case-2.jpg','image',0),(290,90,'/c/a/case-3.jpg','image',0),(291,90,'/c/a/case-4.jpg','image',0),(292,90,'/c/a/case-5.jpg','image',0),(293,90,'/c/h/chip-1.jpg','image',0),(294,90,'/c/h/chip-2.jpg','image',0),(295,90,'/c/h/chip-3.jpg','image',0),(296,90,'/c/h/chip-4.jpg','image',0),(297,90,'/c/h/chip-5.jpg','image',0),(298,90,'/h/d/hdd-ssd-1.jpg','image',0),(299,90,'/h/d/hdd-ssd-2.jpg','image',0),(300,90,'/h/d/hdd-ssd-3.jpg','image',0),(301,90,'/h/d/hdd-ssd-4.jpg','image',0),(302,90,'/h/d/hdd-ssd-5.jpg','image',0),(303,90,'/k/e/keyboard-1.jpg','image',0),(304,90,'/k/e/keyboard-2.jpg','image',0),(305,90,'/k/e/keyboard-3.jpg','image',0),(306,90,'/k/e/keyboard-4.jpg','image',0),(307,90,'/k/e/keyboard-5.jpg','image',0),(308,90,'/m/a/main-1.jpg','image',0),(309,90,'/m/a/main-2.jpg','image',0),(310,90,'/m/a/main-3.jpg','image',0),(311,90,'/m/a/main-4.jpg','image',0),(312,90,'/m/a/main-5.jpg','image',0),(313,90,'/m/o/mouse-1.jpg','image',0),(314,90,'/m/o/mouse-2.jpg','image',0),(315,90,'/m/o/mouse-3.jpg','image',0),(316,90,'/m/o/mouse-4.jpg','image',0),(317,90,'/m/o/mouse-5.jpg','image',0),(318,90,'/p/o/power-1.jpg','image',0),(319,90,'/p/o/power-2.jpg','image',0),(320,90,'/p/o/power-3.jpg','image',0),(321,90,'/p/o/power-4.jpg','image',0),(322,90,'/p/o/power-5_1.jpg','image',0),(323,90,'/r/a/ram-1.jpg','image',0),(324,90,'/r/a/ram-2.jpg','image',0),(325,90,'/r/a/ram-3.jpg','image',0),(326,90,'/r/a/ram-4.jpg','image',0),(327,90,'/r/a/ram-5.jpg','image',0),(328,90,'/v/g/vga-1.jpg','image',0),(329,90,'/v/g/vga-2.jpg','image',0),(330,90,'/v/g/vga-3.jpg','image',0),(331,90,'/v/g/vga-4.jpg','image',0),(332,90,'/v/g/vga-5.jpg','image',0),(333,90,'/w/i/window-1.jpg','image',0),(334,90,'/w/i/window-2.jpg','image',0),(335,90,'/w/i/window-4.jpg','image',0),(338,90,'/s/h/shoe-360_1.jpg','image',0),(339,90,'/s/h/shoe-360-2_1.jpg','image',0),(340,90,'/p/d/pd-med_1.jpg','image',0),(341,90,'/p/d/pd-med_2.jpg','image',0),(342,90,'/p/d/pd-med_2_1.jpg','image',0),(343,90,'/p/d/pd-med_3.jpg','image',0),(344,90,'/p/d/pd-med_3_1.jpg','image',0),(345,90,'/p/d/pd-med_4.jpg','image',0),(346,90,'/p/d/pd-med_4_1.jpg','image',0),(347,90,'/p/d/pd-med_5.jpg','image',0),(348,90,'/p/d/pd-med_5_1.jpg','image',0),(349,90,'/p/d/pd-med_6.jpg','image',0),(350,90,'/p/d/pd-med_7.jpg','image',0),(351,90,'/p/d/pd-med_6_1.jpg','image',0),(352,90,'/p/d/pd-med_7_1.jpg','image',0),(353,90,'/p/d/pd-med_8.jpg','image',0),(354,90,'/p/d/pd-med_9.jpg','image',0),(355,90,'/p/d/pd-med_10.jpg','image',0),(356,90,'/p/d/pd-med_15.jpg','image',0),(357,90,'/p/d/pd-med_16.jpg','image',0),(358,90,'/p/d/pd-med_19.jpg','image',0),(359,90,'/p/d/pd-med_20.jpg','image',0),(360,90,'/p/d/pd-med_11.jpg','image',0),(361,90,'/p/d/pd-med_12.jpg','image',0),(362,90,'/p/d/pd-med_14.jpg','image',0),(363,90,'/p/d/pd-med_15_1.jpg','image',0),(364,90,'/p/d/pd-med_18.jpg','image',0),(365,90,'/p/d/pd-med_16_1.jpg','image',0),(366,90,'/p/d/pd-med_17.jpg','image',0),(367,90,'/w/o/women_1.jpg','image',0),(368,90,'/w/o/women_7.jpg','image',0),(369,90,'/w/o/women_2.jpg','image',0),(370,90,'/w/o/women_5.jpg','image',0),(371,90,'/w/o/women_3.jpg','image',0),(372,90,'/w/o/women_6.jpg','image',0),(373,90,'/w/o/women_4.jpg','image',0),(374,90,'/w/o/women_8.jpg','image',0),(375,90,'/w/o/women_5_1.jpg','image',0),(376,90,'/w/o/women_6_1.jpg','image',0),(377,90,'/w/o/women_6_2.jpg','image',0),(378,90,'/w/o/women_7_1.jpg','image',0),(379,90,'/w/o/women_7_2.jpg','image',0),(380,90,'/w/o/women_8_1.jpg','image',0),(381,90,'/w/o/women_4_1.jpg','image',0),(382,90,'/w/o/women_8_2.jpg','image',0),(383,90,'/m/e/men_1.jpg','image',0),(384,90,'/m/e/men_5.jpg','image',0),(385,90,'/m/e/men_2.jpg','image',0),(386,90,'/m/e/men_4.jpg','image',0),(387,90,'/m/e/men_3.jpg','image',0),(388,90,'/m/e/men_5_1.jpg','image',0),(389,90,'/m/e/men_4_1.jpg','image',0),(390,90,'/m/e/men_6.jpg','image',0),(391,90,'/m/e/men_5_2.jpg','image',0),(392,90,'/m/e/men_8.jpg','image',0),(393,90,'/m/e/men_6_1.jpg','image',0),(394,90,'/m/e/men_8_1.jpg','image',0),(396,90,'/m/e/men_3_1.jpg','image',0),(397,90,'/m/e/men_8_2.jpg','image',0),(398,90,'/k/i/kids_1.jpg','image',0),(399,90,'/k/i/kids_7.jpg','image',0),(400,90,'/k/i/kids_2.jpg','image',0),(401,90,'/k/i/kids_4.jpg','image',0),(402,90,'/k/i/kids_3.jpg','image',0),(403,90,'/k/i/kids_8.jpg','image',0),(404,90,'/k/i/kids_4_1.jpg','image',0),(405,90,'/k/i/kids_6.jpg','image',0),(406,90,'/k/i/kids_5.jpg','image',0),(407,90,'/k/i/kids_7_1.jpg','image',0),(408,90,'/k/i/kids_6_1.jpg','image',0),(409,90,'/k/i/kids_8_1.jpg','image',0),(410,90,'/k/i/kids_7_2.jpg','image',0),(411,90,'/k/i/kids_8_2.jpg','image',0),(412,90,'/k/i/kids_8_3.jpg','image',0),(413,90,'/k/i/kids_1_1.jpg','image',0),(414,90,'/k/i/kids_2_1.jpg','image',0),(415,90,'/a/c/accessories_1.jpg','image',0),(416,90,'/a/c/accessories_3.jpg','image',0),(417,90,'/a/c/accessories_2.jpg','image',0),(418,90,'/a/c/accessories_4.jpg','image',0),(419,90,'/a/c/accessories_3_1.jpg','image',0),(420,90,'/a/c/accessories_4_1.jpg','image',0),(421,90,'/a/c/accessories_4_2.jpg','image',0),(422,90,'/a/c/accessories_6.jpg','image',0),(423,90,'/a/c/accessories_4_3.jpg','image',0),(424,90,'/a/c/accessories_7.jpg','image',0),(425,90,'/a/c/accessories_5.jpg','image',0),(426,90,'/a/c/accessories_6_1.jpg','image',0),(427,90,'/a/c/accessories_8.jpg','image',0),(428,90,'/a/c/accessories_7_1.jpg','image',0),(429,90,'/a/c/accessories_8_1.jpg','image',0),(430,90,'/a/c/accessories_4_4.jpg','image',0),(431,90,'/a/c/accessories_8_2.jpg','image',0),(432,90,'/m/e/men_2_1.jpg','image',0),(433,90,'/m/e/men_7.jpg','image',0),(434,90,'/m/e/men_8_3.jpg','image',0),(435,90,'/k/i/kids_1_2.jpg','image',0),(436,90,'/1/-/1-bike.jpg','image',0),(437,90,'/2/-/2-bike.jpg','image',0),(438,90,'/2/-/2-bike_1.jpg','image',0),(439,90,'/1/0/10-bike.jpg','image',0),(440,90,'/3/-/3-bike.jpg','image',0),(441,90,'/1/2/12-bike.jpg','image',0),(442,90,'/4/-/4-bike.jpg','image',0),(443,90,'/8/-/8-bike.jpg','image',0),(444,90,'/5/-/5-bike.jpg','image',0),(445,90,'/1/5/15-bike.jpg','image',0),(446,90,'/6/-/6-bike.jpg','image',0),(447,90,'/8/-/8-bike_1.jpg','image',0),(448,90,'/7/-/7-bike.jpg','image',0),(449,90,'/1/3/13-bike.jpg','image',0),(450,90,'/8/-/8-bike_2.jpg','image',0),(451,90,'/1/2/12-bike_1.jpg','image',0),(452,90,'/9/-/9-bike.jpg','image',0),(453,90,'/1/4/14-bike.jpg','image',0),(454,90,'/1/a/1a_1_1.jpg','image',0),(455,90,'/1/c/1c_1_1.jpg','image',0),(456,90,'/1/_/1.jpg','image',0),(457,90,'/1/a/1a.jpg','image',0),(458,90,'/1/b/1b.jpg','image',0),(459,90,'/1/c/1c.jpg','image',0),(460,90,'/1/d/1d.jpg','image',0),(466,90,'/2/_/2_2.jpg','image',0),(467,90,'/2/a/2a.jpg','image',0),(468,90,'/2/b/2b.jpg','image',0),(469,90,'/2/_/2_1_1.jpg','image',0),(470,90,'/2/a/2a_1.jpg','image',0),(471,90,'/3/_/3_1_1.jpg','image',0),(472,90,'/3/a/3a_1_1.jpg','image',0),(473,90,'/3/_/3_2.jpg','image',0),(474,90,'/3/a/3a.jpg','image',0),(475,90,'/3/b/3b.jpg','image',0),(476,90,'/7/_/7_1_1.jpg','image',0),(477,90,'/7/a/7a_1_1.jpg','image',0),(478,90,'/7/b/7b_1_1.jpg','image',0),(479,90,'/7/_/7.jpg','image',0),(480,90,'/7/a/7a.jpg','image',0),(481,90,'/7/b/7b.jpg','image',0),(482,90,'/4/_/4_1_1.jpg','image',0),(483,90,'/4/a/4a_1_1.jpg','image',0),(484,90,'/4/_/4_2.jpg','image',0),(485,90,'/4/a/4a.jpg','image',0),(486,90,'/4/b/4b.jpg','image',0),(489,90,'/3/0/30.jpg','image',0),(490,90,'/3/0/30a.jpg','image',0),(491,90,'/3/0/30b.jpg','image',0),(492,90,'/3/0/30c.jpg','image',0),(497,90,'/2/8/28.jpg','image',0),(498,90,'/2/8/28a.jpg','image',0),(499,90,'/2/8/28b.jpg','image',0),(503,90,'/2/3/23.jpg','image',0),(504,90,'/2/3/23a.jpg','image',0),(505,90,'/2/3/23b.jpg','image',0),(509,90,'/1/6/16.jpg','image',0),(510,90,'/1/6/16a.jpg','image',0),(511,90,'/1/6/16b.jpg','image',0),(515,90,'/2/6/26.jpg','image',0),(516,90,'/2/6/26a.jpg','image',0),(517,90,'/2/6/26b.jpg','image',0),(518,90,'/2/6/26c.jpg','image',0);

--
-- Table structure for table `catalog_product_entity_media_gallery_value`
--

CREATE TABLE `catalog_product_entity_media_gallery_value` (
  `value_id` int unsigned NOT NULL DEFAULT '0' COMMENT 'Value ID',
  `store_id` smallint unsigned NOT NULL DEFAULT '0' COMMENT 'Store ID',
  `entity_id` int unsigned NOT NULL DEFAULT '0' COMMENT 'Entity ID',
  `label` varchar(255) DEFAULT NULL COMMENT 'Label',
  `position` int unsigned DEFAULT NULL COMMENT 'Position',
  `disabled` smallint unsigned NOT NULL DEFAULT '0' COMMENT 'Is Disabled',
  `record_id` int unsigned NOT NULL AUTO_INCREMENT COMMENT 'Record ID',
  PRIMARY KEY (`record_id`),
  KEY `CATALOG_PRODUCT_ENTITY_MEDIA_GALLERY_VALUE_STORE_ID` (`store_id`),
  KEY `CATALOG_PRODUCT_ENTITY_MEDIA_GALLERY_VALUE_ENTITY_ID` (`entity_id`),
  KEY `CATALOG_PRODUCT_ENTITY_MEDIA_GALLERY_VALUE_VALUE_ID` (`value_id`),
  KEY `CAT_PRD_ENTT_MDA_GLR_VAL_ENTT_ID_VAL_ID_STORE_ID` (`entity_id`,`value_id`,`store_id`),
  CONSTRAINT `CAT_PRD_ENTT_MDA_GLR_VAL_ENTT_ID_CAT_PRD_ENTT_ENTT_ID` FOREIGN KEY (`entity_id`) REFERENCES `catalog_product_entity` (`entity_id`) ON DELETE CASCADE,
  CONSTRAINT `CAT_PRD_ENTT_MDA_GLR_VAL_STORE_ID_STORE_STORE_ID` FOREIGN KEY (`store_id`) REFERENCES `store` (`store_id`) ON DELETE CASCADE,
  CONSTRAINT `CAT_PRD_ENTT_MDA_GLR_VAL_VAL_ID_CAT_PRD_ENTT_MDA_GLR_VAL_ID` FOREIGN KEY (`value_id`) REFERENCES `catalog_product_entity_media_gallery` (`value_id`) ON DELETE CASCADE
) ENGINE=InnoDB AUTO_INCREMENT=1342 DEFAULT CHARSET=utf8 COMMENT='Catalog Product Media Gallery Attribute Value Table';

--
-- Dumping data for table `catalog_product_entity_media_gallery_value`
--

INSERT INTO `catalog_product_entity_media_gallery_value` VALUES (1,0,1,NULL,1,0,161),(2,0,1,NULL,2,0,162),(3,0,1,NULL,3,0,163),(4,0,1,NULL,4,0,164),(5,0,1,NULL,5,0,165),(76,0,35,NULL,1,0,185),(77,0,35,NULL,2,0,186),(55,0,25,NULL,1,0,206),(56,0,25,NULL,2,0,207),(51,0,23,NULL,1,0,208),(52,0,23,NULL,2,0,209),(23,0,9,NULL,1,0,228),(24,0,9,NULL,2,0,229),(53,0,24,NULL,1,0,232),(54,0,24,NULL,2,0,233),(59,0,27,NULL,0,0,287),(60,0,27,NULL,1,0,288),(96,0,42,NULL,1,0,290),(97,0,43,NULL,1,0,291),(101,0,45,NULL,1,0,299),(102,0,45,NULL,2,0,300),(105,0,47,NULL,1,0,303),(106,0,47,NULL,2,0,304),(109,0,49,NULL,1,0,307),(113,0,52,NULL,1,0,320),(114,0,53,NULL,1,0,321),(115,0,54,NULL,1,0,322),(116,0,55,NULL,1,0,323),(117,0,56,NULL,1,0,337),(124,0,60,NULL,1,0,338),(125,0,60,NULL,2,0,339),(126,0,60,NULL,3,0,340),(119,0,58,NULL,1,0,343),(120,0,58,NULL,2,0,344),(121,0,58,NULL,3,0,345),(110,0,50,NULL,1,0,347),(111,0,50,NULL,2,0,348),(135,0,65,NULL,1,0,361),(136,0,65,NULL,2,0,362),(142,0,69,NULL,1,0,409),(143,0,69,NULL,2,0,410),(146,0,71,NULL,1,0,411),(155,0,76,NULL,1,0,444),(156,0,76,NULL,2,0,445),(151,0,74,NULL,1,0,462),(152,0,74,NULL,2,0,463),(163,0,80,NULL,1,0,466),(164,0,80,NULL,2,0,467),(163,20,80,NULL,1,0,468),(164,20,80,NULL,2,0,469),(153,20,75,NULL,1,0,472),(154,20,75,NULL,2,0,473),(179,0,88,NULL,1,0,498),(173,0,85,NULL,1,0,503),(174,0,85,NULL,2,0,504),(169,0,83,NULL,1,0,507),(170,0,83,NULL,2,0,508),(165,0,81,NULL,1,0,511),(166,0,81,NULL,2,0,512),(177,0,87,NULL,1,0,513),(178,0,87,NULL,2,0,514),(187,0,92,NULL,1,0,528),(188,0,92,NULL,2,0,529),(191,0,94,NULL,0,0,532),(192,0,94,NULL,1,0,533),(181,0,89,NULL,1,0,534),(182,0,89,NULL,2,0,535),(185,0,91,NULL,1,0,538),(186,0,91,NULL,2,0,539),(200,0,98,NULL,1,0,557),(201,0,98,NULL,2,0,558),(95,0,41,NULL,1,0,575),(208,0,102,NULL,1,0,610),(209,0,102,NULL,2,0,611),(226,0,111,NULL,1,0,614),(227,0,111,NULL,2,0,615),(238,0,117,NULL,1,0,636),(239,0,117,NULL,2,0,637),(232,0,114,NULL,1,0,642),(233,0,114,NULL,2,0,643),(242,0,119,NULL,0,0,646),(243,0,119,NULL,1,0,647),(230,0,113,NULL,1,0,650),(231,0,113,NULL,2,0,651),(244,0,120,NULL,1,0,652),(245,0,120,NULL,2,0,653),(254,0,125,NULL,1,0,662),(255,0,125,NULL,2,0,663),(256,0,126,NULL,1,0,664),(257,0,126,NULL,2,0,665),(258,0,127,NULL,1,0,666),(259,0,127,NULL,2,0,667),(264,0,130,NULL,1,0,672),(265,0,130,NULL,2,0,673),(262,0,129,NULL,1,0,676),(263,0,129,NULL,2,0,677),(248,0,122,NULL,1,0,686),(249,0,122,NULL,2,0,687),(270,0,133,NULL,1,0,695),(271,0,133,NULL,2,0,696),(278,0,137,NULL,1,0,703),(279,0,137,NULL,2,0,704),(280,0,138,NULL,0,0,705),(281,0,138,NULL,1,0,706),(269,0,132,NULL,2,0,711),(285,0,132,NULL,3,0,712),(93,0,40,NULL,0,0,724),(94,0,40,NULL,1,0,725),(159,0,78,NULL,0,0,728),(160,0,78,NULL,2,0,729),(286,0,78,NULL,1,0,730),(161,0,79,NULL,1,0,741),(162,0,79,NULL,2,0,742),(157,0,77,NULL,1,0,743),(158,0,77,NULL,2,0,744),(153,0,75,NULL,1,0,745),(154,0,75,NULL,2,0,746),(140,0,68,NULL,1,0,747),(141,0,68,NULL,2,0,748),(144,0,70,NULL,1,0,749),(145,0,70,NULL,2,0,750),(33,0,14,NULL,1,0,753),(34,0,14,NULL,2,0,754),(149,0,73,NULL,1,0,755),(150,0,73,NULL,2,0,756),(35,0,15,NULL,1,0,757),(36,0,15,NULL,2,0,758),(39,0,17,NULL,1,0,759),(40,0,17,NULL,2,0,760),(37,0,16,NULL,1,0,761),(38,0,16,NULL,2,0,762),(41,0,18,NULL,1,0,763),(42,0,18,NULL,2,0,764),(31,0,13,NULL,1,0,765),(32,0,13,NULL,2,0,766),(43,0,19,NULL,1,0,767),(44,0,19,NULL,2,0,768),(84,0,36,NULL,1,0,769),(85,0,36,NULL,2,0,770),(86,0,36,NULL,3,0,771),(87,0,37,NULL,1,0,772),(88,0,37,NULL,2,0,773),(89,0,38,NULL,1,0,774),(90,0,38,NULL,2,0,775),(91,0,39,NULL,1,0,776),(92,0,39,NULL,2,0,777),(6,0,2,NULL,1,0,778),(7,0,2,NULL,2,0,779),(8,0,2,NULL,3,0,780),(9,0,2,NULL,4,0,781),(10,0,2,NULL,5,0,782),(21,0,8,NULL,1,0,787),(22,0,8,NULL,2,0,788),(17,0,6,NULL,1,0,789),(18,0,6,NULL,2,0,790),(19,0,7,NULL,1,0,791),(20,0,7,NULL,2,0,792),(197,0,97,NULL,1,0,797),(198,0,97,NULL,2,0,798),(202,0,99,NULL,1,0,799),(203,0,99,NULL,2,0,800),(204,0,100,NULL,0,0,801),(205,0,100,NULL,1,0,802),(195,0,96,NULL,1,0,803),(196,0,96,NULL,2,0,804),(199,0,96,NULL,0,0,805),(206,0,101,NULL,0,0,806),(207,0,101,NULL,1,0,807),(210,0,103,NULL,1,0,808),(211,0,103,NULL,2,0,809),(222,0,109,NULL,0,0,810),(223,0,109,NULL,1,0,811),(224,0,110,NULL,0,0,812),(225,0,110,NULL,1,0,813),(220,0,108,NULL,1,0,814),(221,0,108,NULL,2,0,815),(218,0,107,NULL,0,0,816),(219,0,107,NULL,1,0,817),(212,0,104,NULL,1,0,818),(213,0,104,NULL,2,0,819),(228,0,112,NULL,1,0,822),(229,0,112,NULL,2,0,823),(214,0,105,NULL,1,0,824),(215,0,105,NULL,2,0,825),(47,0,21,NULL,1,0,826),(48,0,21,NULL,2,0,827),(49,0,22,NULL,1,0,828),(50,0,22,NULL,2,0,829),(216,0,106,NULL,0,0,830),(217,0,106,NULL,1,0,831),(127,0,61,NULL,1,0,832),(128,0,61,NULL,2,0,833),(129,0,62,NULL,1,0,834),(130,0,62,NULL,2,0,835),(133,0,64,NULL,1,0,836),(134,0,64,NULL,2,0,837),(137,0,66,NULL,1,0,838),(131,0,63,NULL,1,0,839),(132,0,63,NULL,2,0,840),(61,0,28,NULL,1,0,841),(62,0,28,NULL,2,0,842),(70,0,32,NULL,1,0,843),(71,0,32,NULL,2,0,844),(72,0,33,NULL,1,0,845),(73,0,33,NULL,2,0,846),(65,0,30,NULL,1,0,847),(66,0,30,NULL,2,0,848),(67,0,30,NULL,3,0,849),(189,0,93,NULL,1,0,850),(190,0,93,NULL,2,0,851),(68,0,31,NULL,1,0,852),(69,0,31,NULL,2,0,853),(74,0,34,NULL,1,0,854),(75,0,34,NULL,2,0,855),(183,0,90,NULL,1,0,856),(184,0,90,NULL,2,0,857),(63,0,29,NULL,1,0,858),(64,0,29,NULL,2,0,859),(147,0,72,NULL,1,0,860),(148,0,72,NULL,2,0,861),(45,0,20,NULL,0,0,862),(46,0,20,NULL,1,0,863),(282,0,139,NULL,1,0,864),(283,0,139,NULL,2,0,865),(272,0,134,NULL,1,0,866),(273,0,134,NULL,2,0,867),(277,0,136,NULL,2,0,868),(284,0,136,NULL,3,0,869),(274,0,135,NULL,1,0,870),(275,0,135,NULL,2,0,871),(246,0,121,NULL,1,0,872),(247,0,121,NULL,2,0,873),(252,0,124,NULL,1,0,874),(253,0,124,NULL,2,0,875),(260,0,128,NULL,1,0,876),(261,0,128,NULL,2,0,877),(250,0,123,NULL,1,0,878),(251,0,123,NULL,2,0,879),(266,0,131,NULL,1,0,880),(267,0,131,NULL,2,0,881),(240,0,118,NULL,1,0,882),(241,0,118,NULL,2,0,883),(236,0,116,NULL,1,0,884),(237,0,116,NULL,2,0,885),(234,0,115,NULL,1,0,886),(235,0,115,NULL,2,0,887),(175,0,86,NULL,1,0,888),(176,0,86,NULL,2,0,889),(167,0,82,NULL,1,0,890),(168,0,82,NULL,2,0,891),(171,0,84,NULL,1,0,892),(172,0,84,NULL,2,0,893),(107,0,48,NULL,1,0,894),(108,0,48,NULL,2,0,895),(103,0,46,NULL,1,0,896),(104,0,46,NULL,2,0,897),(98,0,44,NULL,1,0,898),(99,0,44,NULL,2,0,899),(100,0,44,NULL,3,0,900),(112,0,51,NULL,1,0,901),(287,0,51,NULL,2,0,902),(289,0,141,NULL,1,0,904),(290,0,142,NULL,1,0,905),(291,0,143,NULL,1,0,906),(292,0,144,NULL,1,0,907),(288,0,140,NULL,1,0,908),(293,0,145,NULL,1,0,917),(294,0,146,NULL,1,0,918),(295,0,147,NULL,1,0,919),(296,0,148,NULL,1,0,920),(297,0,149,NULL,1,0,921),(298,0,150,NULL,1,0,924),(299,0,151,NULL,1,0,925),(300,0,152,NULL,1,0,926),(301,0,153,NULL,1,0,927),(302,0,154,NULL,1,0,928),(303,0,155,NULL,1,0,931),(304,0,156,NULL,1,0,933),(305,0,157,NULL,1,0,934),(306,0,158,NULL,1,0,935),(307,0,159,NULL,1,0,936),(308,0,160,NULL,1,0,947),(309,0,161,NULL,1,0,948),(310,0,162,NULL,1,0,949),(311,0,163,NULL,1,0,950),(312,0,164,NULL,1,0,951),(313,0,165,NULL,1,0,956),(314,0,166,NULL,1,0,957),(315,0,167,NULL,1,0,958),(316,0,168,NULL,1,0,959),(317,0,169,NULL,1,0,960),(318,0,170,NULL,1,0,963),(319,0,171,NULL,1,0,964),(320,0,172,NULL,1,0,965),(321,0,173,NULL,2,0,966),(322,0,174,NULL,1,0,967),(323,0,175,NULL,1,0,970),(324,0,176,NULL,1,0,971),(325,0,177,NULL,1,0,972),(326,0,178,NULL,1,0,973),(327,0,179,NULL,1,0,974),(328,0,180,NULL,1,0,977),(329,0,181,NULL,1,0,978),(330,0,182,NULL,1,0,979),(331,0,183,NULL,1,0,980),(332,0,184,NULL,1,0,981),(333,0,185,NULL,1,0,992),(334,0,186,NULL,1,0,993),(335,0,187,NULL,1,0,994),(122,0,59,NULL,1,0,999),(123,0,59,NULL,2,0,1000),(29,0,12,NULL,1,0,1016),(30,0,12,NULL,2,0,1017),(81,0,12,NULL,3,0,1018),(82,0,12,NULL,4,0,1019),(83,0,12,NULL,5,0,1020),(338,0,188,NULL,3,0,1033),(339,0,188,NULL,4,0,1034),(344,0,191,NULL,1,0,1041),(345,0,191,NULL,2,0,1042),(346,0,192,NULL,1,0,1043),(347,0,192,NULL,2,0,1044),(354,0,195,NULL,1,0,1051),(355,0,195,NULL,2,0,1052),(358,0,197,NULL,1,0,1057),(359,0,197,NULL,2,0,1058),(362,0,199,NULL,1,0,1063),(363,0,199,NULL,2,0,1064),(364,0,199,NULL,3,0,1065),(360,0,198,NULL,1,0,1068),(361,0,198,NULL,2,0,1069),(356,0,196,NULL,1,0,1070),(357,0,196,NULL,2,0,1071),(348,0,193,NULL,1,0,1074),(349,0,193,NULL,2,0,1075),(350,0,193,NULL,3,0,1076),(340,0,189,NULL,1,0,1077),(341,0,189,NULL,2,0,1078),(342,0,190,NULL,1,0,1079),(343,0,190,NULL,2,0,1080),(365,0,200,NULL,1,0,1081),(366,0,200,NULL,2,0,1082),(351,0,194,NULL,1,0,1083),(352,0,194,NULL,2,0,1084),(353,0,194,NULL,3,0,1085),(373,0,204,NULL,1,0,1092),(374,0,204,NULL,2,0,1093),(375,0,205,NULL,1,0,1094),(376,0,205,NULL,2,0,1095),(379,0,207,NULL,1,0,1098),(380,0,207,NULL,2,0,1099),(385,0,210,NULL,1,0,1104),(386,0,210,NULL,2,0,1105),(389,0,212,NULL,1,0,1108),(390,0,212,NULL,2,0,1109),(391,0,213,NULL,1,0,1110),(392,0,213,NULL,2,0,1111),(402,0,219,NULL,1,0,1121),(403,0,219,NULL,2,0,1122),(408,0,222,NULL,1,0,1127),(409,0,222,NULL,2,0,1128),(412,0,224,NULL,0,0,1131),(413,0,224,NULL,1,0,1132),(414,0,224,NULL,2,0,1133),(415,0,225,NULL,1,0,1134),(416,0,225,NULL,2,0,1135),(421,0,228,NULL,1,0,1140),(422,0,228,NULL,2,0,1141),(430,0,232,NULL,1,0,1153),(431,0,232,NULL,2,0,1154),(428,0,231,NULL,1,0,1155),(429,0,231,NULL,2,0,1156),(426,0,230,NULL,1,0,1157),(427,0,230,NULL,2,0,1158),(423,0,229,NULL,1,0,1159),(424,0,229,NULL,2,0,1160),(425,0,229,NULL,3,0,1161),(419,0,227,NULL,1,0,1162),(420,0,227,NULL,2,0,1163),(367,0,201,NULL,1,0,1164),(368,0,201,NULL,2,0,1165),(371,0,203,NULL,1,0,1166),(372,0,203,NULL,2,0,1167),(393,0,214,NULL,1,0,1168),(394,0,214,NULL,2,0,1169),(432,0,215,NULL,2,0,1174),(433,0,215,NULL,3,0,1175),(377,0,206,NULL,1,0,1181),(378,0,206,NULL,2,0,1182),(381,0,208,NULL,1,0,1183),(382,0,208,NULL,2,0,1184),(400,0,218,NULL,1,0,1185),(401,0,218,NULL,2,0,1186),(404,0,220,NULL,1,0,1187),(405,0,220,NULL,2,0,1188),(410,0,223,NULL,1,0,1189),(411,0,223,NULL,2,0,1190),(435,0,223,NULL,3,0,1191),(383,0,209,NULL,1,0,1195),(384,0,209,NULL,2,0,1196),(434,0,209,NULL,3,0,1197),(396,0,216,NULL,1,0,1198),(397,0,216,NULL,2,0,1199),(387,0,211,NULL,1,0,1200),(388,0,211,NULL,2,0,1201),(369,0,202,NULL,1,0,1202),(370,0,202,NULL,2,0,1203),(398,0,217,NULL,1,0,1204),(399,0,217,NULL,2,0,1205),(417,0,226,NULL,1,0,1206),(418,0,226,NULL,2,0,1207),(436,0,233,NULL,1,0,1208),(437,0,233,NULL,2,0,1209),(438,0,234,NULL,1,0,1210),(439,0,234,NULL,2,0,1211),(440,0,235,NULL,1,0,1212),(441,0,235,NULL,2,0,1213),(444,0,237,NULL,1,0,1216),(445,0,237,NULL,2,0,1217),(450,0,240,NULL,1,0,1222),(451,0,240,NULL,2,0,1223),(452,0,241,NULL,1,0,1226),(453,0,241,NULL,2,0,1227),(446,0,238,NULL,1,0,1228),(447,0,238,NULL,2,0,1229),(442,0,236,NULL,1,0,1230),(443,0,236,NULL,2,0,1231),(448,0,239,NULL,1,0,1232),(449,0,239,NULL,2,0,1233),(13,0,4,NULL,1,0,1234),(14,0,4,NULL,2,0,1235),(25,0,10,NULL,1,0,1236),(26,0,10,NULL,2,0,1237),(193,0,95,NULL,1,0,1238),(194,0,95,NULL,2,0,1239),(57,0,26,NULL,1,0,1240),(58,0,26,NULL,2,0,1241),(456,0,244,NULL,1,0,1244),(457,0,244,NULL,2,0,1245),(458,0,244,NULL,3,0,1246),(459,0,244,NULL,4,0,1247),(460,0,244,NULL,5,0,1248),(455,0,243,NULL,1,0,1256),(454,0,242,NULL,1,0,1257),(118,0,57,NULL,1,0,1264),(180,0,57,NULL,2,0,1265),(469,0,247,NULL,1,0,1269),(470,0,248,NULL,1,0,1270),(471,0,249,NULL,1,0,1274),(472,0,250,NULL,1,0,1275),(476,0,252,NULL,1,0,1279),(477,0,253,NULL,1,0,1280),(478,0,254,NULL,1,0,1281),(482,0,256,NULL,1,0,1285),(483,0,257,NULL,1,0,1286),(484,0,258,NULL,1,0,1287),(485,0,258,NULL,2,0,1288),(486,0,258,NULL,3,0,1289),(473,0,251,NULL,1,0,1293),(474,0,251,NULL,2,0,1294),(475,0,251,NULL,3,0,1295),(466,0,246,NULL,1,0,1296),(467,0,246,NULL,2,0,1297),(468,0,246,NULL,3,0,1298),(406,0,221,NULL,1,0,1299),(407,0,221,NULL,2,0,1300),(489,0,259,NULL,3,0,1303),(490,0,259,NULL,4,0,1304),(491,0,259,NULL,5,0,1305),(492,0,259,NULL,6,0,1306),(497,0,260,NULL,7,0,1311),(498,0,260,NULL,8,0,1312),(499,0,260,NULL,9,0,1313),(503,0,261,NULL,10,0,1317),(504,0,261,NULL,11,0,1318),(505,0,261,NULL,12,0,1319),(509,0,262,NULL,13,0,1323),(510,0,262,NULL,14,0,1324),(511,0,262,NULL,15,0,1325),(515,0,263,NULL,16,0,1329),(516,0,263,NULL,17,0,1330),(517,0,263,NULL,18,0,1331),(518,0,263,NULL,19,0,1332),(11,0,3,NULL,1,0,1333),(12,0,3,NULL,2,0,1334),(15,0,5,NULL,1,0,1335),(16,0,5,NULL,2,0,1336),(27,0,11,NULL,1,0,1337),(28,0,11,NULL,2,0,1338),(479,0,255,NULL,1,0,1339),(480,0,255,NULL,2,0,1340),(481,0,255,NULL,3,0,1341);

--
-- Table structure for table `catalog_product_entity_media_gallery_value_to_entity`
--

CREATE TABLE `catalog_product_entity_media_gallery_value_to_entity` (
  `value_id` int unsigned NOT NULL COMMENT 'Value media Entry ID',
  `entity_id` int unsigned NOT NULL COMMENT 'Product Entity ID',
  PRIMARY KEY (`value_id`,`entity_id`),
  KEY `CAT_PRD_ENTT_MDA_GLR_VAL_TO_ENTT_ENTT_ID_CAT_PRD_ENTT_ENTT_ID` (`entity_id`),
  CONSTRAINT `CAT_PRD_ENTT_MDA_GLR_VAL_TO_ENTT_ENTT_ID_CAT_PRD_ENTT_ENTT_ID` FOREIGN KEY (`entity_id`) REFERENCES `catalog_product_entity` (`entity_id`) ON DELETE CASCADE,
  CONSTRAINT `FK_A6C6C8FAA386736921D3A7C4B50B1185` FOREIGN KEY (`value_id`) REFERENCES `catalog_product_entity_media_gallery` (`value_id`) ON DELETE CASCADE
) ENGINE=InnoDB DEFAULT CHARSET=utf8 COMMENT='Link Media value to Product entity table';

--
-- Dumping data for table `catalog_product_entity_media_gallery_value_to_entity`
--

INSERT INTO `catalog_product_entity_media_gallery_value_to_entity` VALUES (1,1),(2,1),(3,1),(4,1),(5,1),(6,2),(7,2),(8,2),(9,2),(10,2),(11,3),(12,3),(13,4),(14,4),(15,5),(16,5),(17,6),(18,6),(19,7),(20,7),(21,8),(22,8),(23,9),(24,9),(25,10),(26,10),(27,11),(28,11),(29,12),(30,12),(81,12),(82,12),(83,12),(31,13),(32,13),(33,14),(34,14),(35,15),(36,15),(37,16),(38,16),(39,17),(40,17),(41,18),(42,18),(43,19),(44,19),(45,20),(46,20),(47,21),(48,21),(49,22),(50,22),(51,23),(52,23),(53,24),(54,24),(55,25),(56,25),(57,26),(58,26),(59,27),(60,27),(61,28),(62,28),(63,29),(64,29),(65,30),(66,30),(67,30),(68,31),(69,31),(70,32),(71,32),(72,33),(73,33),(74,34),(75,34),(76,35),(77,35),(84,36),(85,36),(86,36),(87,37),(88,37),(89,38),(90,38),(91,39),(92,39),(93,40),(94,40),(95,41),(96,42),(97,43),(98,44),(99,44),(100,44),(101,45),(102,45),(103,46),(104,46),(105,47),(106,47),(107,48),(108,48),(109,49),(110,50),(111,50),(112,51),(287,51),(113,52),(114,53),(115,54),(116,55),(117,56),(118,57),(180,57),(119,58),(120,58),(121,58),(122,59),(123,59),(124,60),(125,60),(126,60),(127,61),(128,61),(129,62),(130,62),(131,63),(132,63),(133,64),(134,64),(135,65),(136,65),(137,66),(140,68),(141,68),(142,69),(143,69),(144,70),(145,70),(146,71),(147,72),(148,72),(149,73),(150,73),(151,74),(152,74),(153,75),(154,75),(155,76),(156,76),(157,77),(158,77),(159,78),(160,78),(286,78),(161,79),(162,79),(163,80),(164,80),(165,81),(166,81),(167,82),(168,82),(169,83),(170,83),(171,84),(172,84),(173,85),(174,85),(175,86),(176,86),(177,87),(178,87),(179,88),(181,89),(182,89),(183,90),(184,90),(185,91),(186,91),(187,92),(188,92),(189,93),(190,93),(191,94),(192,94),(193,95),(194,95),(195,96),(196,96),(199,96),(197,97),(198,97),(200,98),(201,98),(202,99),(203,99),(204,100),(205,100),(206,101),(207,101),(208,102),(209,102),(210,103),(211,103),(212,104),(213,104),(214,105),(215,105),(216,106),(217,106),(218,107),(219,107),(220,108),(221,108),(222,109),(223,109),(224,110),(225,110),(226,111),(227,111),(228,112),(229,112),(230,113),(231,113),(232,114),(233,114),(234,115),(235,115),(236,116),(237,116),(238,117),(239,117),(240,118),(241,118),(242,119),(243,119),(244,120),(245,120),(246,121),(247,121),(248,122),(249,122),(250,123),(251,123),(252,124),(253,124),(254,125),(255,125),(256,126),(257,126),(258,127),(259,127),(260,128),(261,128),(262,129),(263,129),(264,130),(265,130),(266,131),(267,131),(269,132),(285,132),(270,133),(271,133),(272,134),(273,134),(274,135),(275,135),(277,136),(284,136),(278,137),(279,137),(280,138),(281,138),(282,139),(283,139),(288,140),(289,141),(290,142),(291,143),(292,144),(293,145),(294,146),(295,147),(296,148),(297,149),(298,150),(299,151),(300,152),(301,153),(302,154),(303,155),(304,156),(305,157),(306,158),(307,159),(308,160),(309,161),(310,162),(311,163),(312,164),(313,165),(314,166),(315,167),(316,168),(317,169),(318,170),(319,171),(320,172),(321,173),(322,174),(323,175),(324,176),(325,177),(326,178),(327,179),(328,180),(329,181),(330,182),(331,183),(332,184),(333,185),(334,186),(335,187),(338,188),(339,188),(340,189),(341,189),(342,190),(343,190),(344,191),(345,191),(346,192),(347,192),(348,193),(349,193),(350,193),(351,194),(352,194),(353,194),(354,195),(355,195),(356,196),(357,196),(358,197),(359,197),(360,198),(361,198),(362,199),(363,199),(364,199),(365,200),(366,200),(367,201),(368,201),(369,202),(370,202),(371,203),(372,203),(373,204),(374,204),(375,205),(376,205),(377,206),(378,206),(379,207),(380,207),(381,208),(382,208),(383,209),(384,209),(434,209),(385,210),(386,210),(387,211),(388,211),(389,212),(390,212),(391,213),(392,213),(393,214),(394,214),(432,215),(433,215),(396,216),(397,216),(398,217),(399,217),(400,218),(401,218),(402,219),(403,219),(404,220),(405,220),(406,221),(407,221),(408,222),(409,222),(410,223),(411,223),(435,223),(412,224),(413,224),(414,224),(415,225),(416,225),(417,226),(418,226),(419,227),(420,227),(421,228),(422,228),(423,229),(424,229),(425,229),(426,230),(427,230),(428,231),(429,231),(430,232),(431,232),(436,233),(437,233),(438,234),(439,234),(440,235),(441,235),(442,236),(443,236),(444,237),(445,237),(446,238),(447,238),(448,239),(449,239),(450,240),(451,240),(452,241),(453,241),(454,242),(455,243),(456,244),(457,244),(458,244),(459,244),(460,244),(466,246),(467,246),(468,246),(469,247),(470,248),(471,249),(472,250),(473,251),(474,251),(475,251),(476,252),(477,253),(478,254),(479,255),(480,255),(481,255),(482,256),(483,257),(484,258),(485,258),(486,258),(489,259),(490,259),(491,259),(492,259),(497,260),(498,260),(499,260),(503,261),(504,261),(505,261),(509,262),(510,262),(511,262),(515,263),(516,263),(517,263),(518,263);

--
-- Table structure for table `catalog_product_entity_media_gallery_value_video`
--

CREATE TABLE `catalog_product_entity_media_gallery_value_video` (
  `value_id` int unsigned NOT NULL COMMENT 'Media Entity ID',
  `store_id` smallint unsigned NOT NULL DEFAULT '0' COMMENT 'Store ID',
  `provider` varchar(32) DEFAULT NULL COMMENT 'Video provider ID',
  `url` text COMMENT 'Video URL',
  `title` varchar(255) DEFAULT NULL COMMENT 'Title',
  `description` text COMMENT 'Page Meta Description',
  `metadata` text COMMENT 'Video meta data',
  PRIMARY KEY (`value_id`,`store_id`),
  KEY `CAT_PRD_ENTT_MDA_GLR_VAL_VIDEO_STORE_ID_STORE_STORE_ID` (`store_id`),
  CONSTRAINT `CAT_PRD_ENTT_MDA_GLR_VAL_VIDEO_STORE_ID_STORE_STORE_ID` FOREIGN KEY (`store_id`) REFERENCES `store` (`store_id`) ON DELETE CASCADE,
  CONSTRAINT `FK_6FDF205946906B0E653E60AA769899F8` FOREIGN KEY (`value_id`) REFERENCES `catalog_product_entity_media_gallery` (`value_id`) ON DELETE CASCADE
) ENGINE=InnoDB DEFAULT CHARSET=utf8 COMMENT='Catalog Product Video Table';

--
-- Dumping data for table `catalog_product_entity_media_gallery_value_video`
--


--
-- Table structure for table `catalog_product_entity_text`
--

CREATE TABLE `catalog_product_entity_text` (
  `value_id` int NOT NULL AUTO_INCREMENT COMMENT 'Value ID',
  `attribute_id` smallint unsigned NOT NULL DEFAULT '0' COMMENT 'Attribute ID',
  `store_id` smallint unsigned NOT NULL DEFAULT '0' COMMENT 'Store ID',
  `entity_id` int unsigned NOT NULL DEFAULT '0' COMMENT 'Entity ID',
  `value` mediumtext COMMENT 'Value',
  PRIMARY KEY (`value_id`),
  UNIQUE KEY `CATALOG_PRODUCT_ENTITY_TEXT_ENTITY_ID_ATTRIBUTE_ID_STORE_ID` (`entity_id`,`attribute_id`,`store_id`),
  KEY `CATALOG_PRODUCT_ENTITY_TEXT_ATTRIBUTE_ID` (`attribute_id`),
  KEY `CATALOG_PRODUCT_ENTITY_TEXT_STORE_ID` (`store_id`),
  CONSTRAINT `CAT_PRD_ENTT_TEXT_ATTR_ID_EAV_ATTR_ATTR_ID` FOREIGN KEY (`attribute_id`) REFERENCES `eav_attribute` (`attribute_id`) ON DELETE CASCADE,
  CONSTRAINT `CAT_PRD_ENTT_TEXT_ENTT_ID_CAT_PRD_ENTT_ENTT_ID` FOREIGN KEY (`entity_id`) REFERENCES `catalog_product_entity` (`entity_id`) ON DELETE CASCADE,
  CONSTRAINT `CATALOG_PRODUCT_ENTITY_TEXT_STORE_ID_STORE_STORE_ID` FOREIGN KEY (`store_id`) REFERENCES `store` (`store_id`) ON DELETE CASCADE
) ENGINE=InnoDB AUTO_INCREMENT=789 DEFAULT CHARSET=utf8 COMMENT='Catalog Product Text Attribute Backend Table';

--
-- Dumping data for table `catalog_product_entity_text`
--

INSERT INTO `catalog_product_entity_text` VALUES (1,75,0,1,'<p>Will you get the answers in time, or is that just WISHFUL THINKING? Let\'s see how quickly you make the connections in this fun and challenging board game. You only have 60 seconds to figure out three Mystery words on the card. The only thing they have in common is that they all begin with the same letter. You (and your teammates) are allowed as many guesses as you like</p>\r\n<table style=\"border-collapse: collapse; width: 100%;\" border=\"1\">\r\n<tbody>\r\n<tr>\r\n<td style=\"width: 50%;\"><strong>Product Dimensions:</strong></td>\r\n<td style=\"width: 50%;\">13 x 8 x 1 inches</td>\r\n</tr>\r\n<tr>\r\n<td style=\"width: 50%;\"><strong>Model Number:</strong></td>\r\n<td style=\"width: 50%;\">O4633</td>\r\n</tr>\r\n<tr>\r\n<td style=\"width: 50%;\"><strong>Date First Available:</strong></td>\r\n<td style=\"width: 50%;\">August 20, 2019</td>\r\n</tr>\r\n<tr>\r\n<td style=\"width: 50%;\"><strong>ASIN:</strong></td>\r\n<td style=\"width: 50%;\">B07WWZM89C</td>\r\n</tr>\r\n<tr>\r\n<td style=\"width: 50%;\"><strong>Occasion:</strong></td>\r\n<td style=\"width: 50%;\">Daily, Lounge, Fall, Shopping</td>\r\n</tr>\r\n</tbody>\r\n</table>\r\n<p>INCLUDES 3 FUN PRINTABLES! Along with our learning games for kids ages 3-5, you get access to 3 FULL-COLOR, PRINTABLE downloads to READ, STORY is a fun illustrated journey through sustainable plant harvesting, endangered plants, ecosystems and more. The 27-page WILDCRAFT! BOTANICAL COLORING BOOK helps kids learn the plants in our educational game. And our POCKET GUIDE is the perfect reference to take on family nature outings, hikes and camping trips! AT LearningHerbs, WE BELIEVE IN THE POWER OF CONNECTING KIDS TO NATURE and appreciating everything OUR GREAT EARTH HAS TO OFFER. As parents, we designed Wildcraft! fun family games for kids.</p>\r\n<p>Wildcraft An Herbal Adventure Game is a fun, that’s also easy to follow – NO READING required. Because our learning board games feature clear illustrations and matching icons, even younger kids will learn what the different plants look like and can be used for.</p>'),(2,85,0,1,'Acer All-in-One Computers'),(3,76,0,1,'<p>The perfect recipe for a family game night! Appeals to a wide range of people. Created By National Parks. Parents who had traveled to every single National Park worked together with their board game designer son and created a game to inspire others and help families share their love of the National Parks.</p>'),(4,75,0,2,'<p>Will you get the answers in time, or is that just WISHFUL THINKING? Let\'s see how quickly you make the connections in this fun and challenging board game. You only have 60 seconds to figure out three Mystery words on the card. The only thing they have in common is that they all begin with the same letter. You (and your teammates) are allowed as many guesses as you like</p>\r\n<table style=\"border-collapse: collapse; width: 100%;\" border=\"1\">\r\n<tbody>\r\n<tr>\r\n<td style=\"width: 50%;\"><strong>Product Dimensions:</strong></td>\r\n<td style=\"width: 50%;\">13 x 8 x 1 inches</td>\r\n</tr>\r\n<tr>\r\n<td style=\"width: 50%;\"><strong>Model Number:</strong></td>\r\n<td style=\"width: 50%;\">O4633</td>\r\n</tr>\r\n<tr>\r\n<td style=\"width: 50%;\"><strong>Date First Available:</strong></td>\r\n<td style=\"width: 50%;\">August 20, 2019</td>\r\n</tr>\r\n<tr>\r\n<td style=\"width: 50%;\"><strong>ASIN:</strong></td>\r\n<td style=\"width: 50%;\">B07WWZM89C</td>\r\n</tr>\r\n<tr>\r\n<td style=\"width: 50%;\"><strong>Occasion:</strong></td>\r\n<td style=\"width: 50%;\">Daily, Lounge, Fall, Shopping</td>\r\n</tr>\r\n</tbody>\r\n</table>\r\n<p>INCLUDES 3 FUN PRINTABLES! Along with our learning games for kids ages 3-5, you get access to 3 FULL-COLOR, PRINTABLE downloads to READ, STORY is a fun illustrated journey through sustainable plant harvesting, endangered plants, ecosystems and more. The 27-page WILDCRAFT! BOTANICAL COLORING BOOK helps kids learn the plants in our educational game. And our POCKET GUIDE is the perfect reference to take on family nature outings, hikes and camping trips! AT LearningHerbs, WE BELIEVE IN THE POWER OF CONNECTING KIDS TO NATURE and appreciating everything OUR GREAT EARTH HAS TO OFFER. As parents, we designed Wildcraft! fun family games for kids.</p>\r\n<p>Wildcraft An Herbal Adventure Game is a fun, that’s also easy to follow – NO READING required. Because our learning board games feature clear illustrations and matching icons, even younger kids will learn what the different plants look like and can be used for.</p>'),(5,85,0,2,'Acer Aspire S24 All-In-One PC'),(6,76,0,2,'<p>The perfect recipe for a family game night! Appeals to a wide range of people. Created By National Parks. Parents who had traveled to every single National Park worked together with their board game designer son and created a game to inspire others and help families share their love of the National Parks.</p>'),(7,75,0,3,'<p>Will you get the answers in time, or is that just WISHFUL THINKING? Let\'s see how quickly you make the connections in this fun and challenging board game. You only have 60 seconds to figure out three Mystery words on the card. The only thing they have in common is that they all begin with the same letter. You (and your teammates) are allowed as many guesses as you like</p>\r\n<table style=\"border-collapse: collapse; width: 100%;\" border=\"1\">\r\n<tbody>\r\n<tr>\r\n<td style=\"width: 50%;\"><strong>Product Dimensions:</strong></td>\r\n<td style=\"width: 50%;\">13 x 8 x 1 inches</td>\r\n</tr>\r\n<tr>\r\n<td style=\"width: 50%;\"><strong>Model Number:</strong></td>\r\n<td style=\"width: 50%;\">O4633</td>\r\n</tr>\r\n<tr>\r\n<td style=\"width: 50%;\"><strong>Date First Available:</strong></td>\r\n<td style=\"width: 50%;\">August 20, 2019</td>\r\n</tr>\r\n<tr>\r\n<td style=\"width: 50%;\"><strong>ASIN:</strong></td>\r\n<td style=\"width: 50%;\">B07WWZM89C</td>\r\n</tr>\r\n<tr>\r\n<td style=\"width: 50%;\"><strong>Occasion:</strong></td>\r\n<td style=\"width: 50%;\">Daily, Lounge, Fall, Shopping</td>\r\n</tr>\r\n</tbody>\r\n</table>\r\n<p>INCLUDES 3 FUN PRINTABLES! Along with our learning games for kids ages 3-5, you get access to 3 FULL-COLOR, PRINTABLE downloads to READ, STORY is a fun illustrated journey through sustainable plant harvesting, endangered plants, ecosystems and more. The 27-page WILDCRAFT! BOTANICAL COLORING BOOK helps kids learn the plants in our educational game. And our POCKET GUIDE is the perfect reference to take on family nature outings, hikes and camping trips! AT LearningHerbs, WE BELIEVE IN THE POWER OF CONNECTING KIDS TO NATURE and appreciating everything OUR GREAT EARTH HAS TO OFFER. As parents, we designed Wildcraft! fun family games for kids.</p>\r\n<p>Wildcraft An Herbal Adventure Game is a fun, that’s also easy to follow – NO READING required. Because our learning board games feature clear illustrations and matching icons, even younger kids will learn what the different plants look like and can be used for.</p>'),(8,85,0,3,'Apple iMac 2017 21.5-inch Retina 4K'),(9,76,0,3,'<p>The perfect recipe for a family game night! Appeals to a wide range of people. Created By National Parks. Parents who had traveled to every single National Park worked together with their board game designer son and created a game to inspire others and help families share their love of the National Parks.</p>'),(10,75,0,4,'<p>Will you get the answers in time, or is that just WISHFUL THINKING? Let\'s see how quickly you make the connections in this fun and challenging board game. You only have 60 seconds to figure out three Mystery words on the card. The only thing they have in common is that they all begin with the same letter. You (and your teammates) are allowed as many guesses as you like</p>\r\n<table style=\"border-collapse: collapse; width: 100%;\" border=\"1\">\r\n<tbody>\r\n<tr>\r\n<td style=\"width: 50%;\"><strong>Product Dimensions:</strong></td>\r\n<td style=\"width: 50%;\">13 x 8 x 1 inches</td>\r\n</tr>\r\n<tr>\r\n<td style=\"width: 50%;\"><strong>Model Number:</strong></td>\r\n<td style=\"width: 50%;\">O4633</td>\r\n</tr>\r\n<tr>\r\n<td style=\"width: 50%;\"><strong>Date First Available:</strong></td>\r\n<td style=\"width: 50%;\">August 20, 2019</td>\r\n</tr>\r\n<tr>\r\n<td style=\"width: 50%;\"><strong>ASIN:</strong></td>\r\n<td style=\"width: 50%;\">B07WWZM89C</td>\r\n</tr>\r\n<tr>\r\n<td style=\"width: 50%;\"><strong>Occasion:</strong></td>\r\n<td style=\"width: 50%;\">Daily, Lounge, Fall, Shopping</td>\r\n</tr>\r\n</tbody>\r\n</table>\r\n<p>INCLUDES 3 FUN PRINTABLES! Along with our learning games for kids ages 3-5, you get access to 3 FULL-COLOR, PRINTABLE downloads to READ, STORY is a fun illustrated journey through sustainable plant harvesting, endangered plants, ecosystems and more. The 27-page WILDCRAFT! BOTANICAL COLORING BOOK helps kids learn the plants in our educational game. And our POCKET GUIDE is the perfect reference to take on family nature outings, hikes and camping trips! AT LearningHerbs, WE BELIEVE IN THE POWER OF CONNECTING KIDS TO NATURE and appreciating everything OUR GREAT EARTH HAS TO OFFER. As parents, we designed Wildcraft! fun family games for kids.</p>\r\n<p>Wildcraft An Herbal Adventure Game is a fun, that’s also easy to follow – NO READING required. Because our learning board games feature clear illustrations and matching icons, even younger kids will learn what the different plants look like and can be used for.</p>'),(11,85,0,4,'Apple iWatch Sport Green'),(12,76,0,4,'<p>The perfect recipe for a family game night! Appeals to a wide range of people. Created By National Parks. Parents who had traveled to every single National Park worked together with their board game designer son and created a game to inspire others and help families share their love of the National Parks.</p>'),(13,75,0,5,'<p>Will you get the answers in time, or is that just WISHFUL THINKING? Let\'s see how quickly you make the connections in this fun and challenging board game. You only have 60 seconds to figure out three Mystery words on the card. The only thing they have in common is that they all begin with the same letter. You (and your teammates) are allowed as many guesses as you like</p>\r\n<table style=\"border-collapse: collapse; width: 100%;\" border=\"1\">\r\n<tbody>\r\n<tr>\r\n<td style=\"width: 50%;\"><strong>Product Dimensions:</strong></td>\r\n<td style=\"width: 50%;\">13 x 8 x 1 inches</td>\r\n</tr>\r\n<tr>\r\n<td style=\"width: 50%;\"><strong>Model Number:</strong></td>\r\n<td style=\"width: 50%;\">O4633</td>\r\n</tr>\r\n<tr>\r\n<td style=\"width: 50%;\"><strong>Date First Available:</strong></td>\r\n<td style=\"width: 50%;\">August 20, 2019</td>\r\n</tr>\r\n<tr>\r\n<td style=\"width: 50%;\"><strong>ASIN:</strong></td>\r\n<td style=\"width: 50%;\">B07WWZM89C</td>\r\n</tr>\r\n<tr>\r\n<td style=\"width: 50%;\"><strong>Occasion:</strong></td>\r\n<td style=\"width: 50%;\">Daily, Lounge, Fall, Shopping</td>\r\n</tr>\r\n</tbody>\r\n</table>\r\n<p>INCLUDES 3 FUN PRINTABLES! Along with our learning games for kids ages 3-5, you get access to 3 FULL-COLOR, PRINTABLE downloads to READ, STORY is a fun illustrated journey through sustainable plant harvesting, endangered plants, ecosystems and more. The 27-page WILDCRAFT! BOTANICAL COLORING BOOK helps kids learn the plants in our educational game. And our POCKET GUIDE is the perfect reference to take on family nature outings, hikes and camping trips! AT LearningHerbs, WE BELIEVE IN THE POWER OF CONNECTING KIDS TO NATURE and appreciating everything OUR GREAT EARTH HAS TO OFFER. As parents, we designed Wildcraft! fun family games for kids.</p>\r\n<p>Wildcraft An Herbal Adventure Game is a fun, that’s also easy to follow – NO READING required. Because our learning board games feature clear illustrations and matching icons, even younger kids will learn what the different plants look like and can be used for.</p>'),(14,85,0,5,'Beat Crossfade 2 Wireless Headphone'),(15,76,0,5,'<p>The perfect recipe for a family game night! Appeals to a wide range of people. Created By National Parks. Parents who had traveled to every single National Park worked together with their board game designer son and created a game to inspire others and help families share their love of the National Parks.</p>'),(16,75,0,6,'<p>Will you get the answers in time, or is that just WISHFUL THINKING? Let\'s see how quickly you make the connections in this fun and challenging board game. You only have 60 seconds to figure out three Mystery words on the card. The only thing they have in common is that they all begin with the same letter. You (and your teammates) are allowed as many guesses as you like</p>\r\n<table style=\"border-collapse: collapse; width: 100%;\" border=\"1\">\r\n<tbody>\r\n<tr>\r\n<td style=\"width: 50%;\"><strong>Product Dimensions:</strong></td>\r\n<td style=\"width: 50%;\">13 x 8 x 1 inches</td>\r\n</tr>\r\n<tr>\r\n<td style=\"width: 50%;\"><strong>Model Number:</strong></td>\r\n<td style=\"width: 50%;\">O4633</td>\r\n</tr>\r\n<tr>\r\n<td style=\"width: 50%;\"><strong>Date First Available:</strong></td>\r\n<td style=\"width: 50%;\">August 20, 2019</td>\r\n</tr>\r\n<tr>\r\n<td style=\"width: 50%;\"><strong>ASIN:</strong></td>\r\n<td style=\"width: 50%;\">B07WWZM89C</td>\r\n</tr>\r\n<tr>\r\n<td style=\"width: 50%;\"><strong>Occasion:</strong></td>\r\n<td style=\"width: 50%;\">Daily, Lounge, Fall, Shopping</td>\r\n</tr>\r\n</tbody>\r\n</table>\r\n<p>INCLUDES 3 FUN PRINTABLES! Along with our learning games for kids ages 3-5, you get access to 3 FULL-COLOR, PRINTABLE downloads to READ, STORY is a fun illustrated journey through sustainable plant harvesting, endangered plants, ecosystems and more. The 27-page WILDCRAFT! BOTANICAL COLORING BOOK helps kids learn the plants in our educational game. And our POCKET GUIDE is the perfect reference to take on family nature outings, hikes and camping trips! AT LearningHerbs, WE BELIEVE IN THE POWER OF CONNECTING KIDS TO NATURE and appreciating everything OUR GREAT EARTH HAS TO OFFER. As parents, we designed Wildcraft! fun family games for kids.</p>\r\n<p>Wildcraft An Herbal Adventure Game is a fun, that’s also easy to follow – NO READING required. Because our learning board games feature clear illustrations and matching icons, even younger kids will learn what the different plants look like and can be used for.</p>'),(17,85,0,6,'Black Automatic Vacuum Cleaner'),(18,76,0,6,'<p>The perfect recipe for a family game night! Appeals to a wide range of people. Created By National Parks. Parents who had traveled to every single National Park worked together with their board game designer son and created a game to inspire others and help families share their love of the National Parks.</p>'),(19,75,0,7,'<p>Will you get the answers in time, or is that just WISHFUL THINKING? Let\'s see how quickly you make the connections in this fun and challenging board game. You only have 60 seconds to figure out three Mystery words on the card. The only thing they have in common is that they all begin with the same letter. You (and your teammates) are allowed as many guesses as you like</p>\r\n<table style=\"border-collapse: collapse; width: 100%;\" border=\"1\">\r\n<tbody>\r\n<tr>\r\n<td style=\"width: 50%;\"><strong>Product Dimensions:</strong></td>\r\n<td style=\"width: 50%;\">13 x 8 x 1 inches</td>\r\n</tr>\r\n<tr>\r\n<td style=\"width: 50%;\"><strong>Model Number:</strong></td>\r\n<td style=\"width: 50%;\">O4633</td>\r\n</tr>\r\n<tr>\r\n<td style=\"width: 50%;\"><strong>Date First Available:</strong></td>\r\n<td style=\"width: 50%;\">August 20, 2019</td>\r\n</tr>\r\n<tr>\r\n<td style=\"width: 50%;\"><strong>ASIN:</strong></td>\r\n<td style=\"width: 50%;\">B07WWZM89C</td>\r\n</tr>\r\n<tr>\r\n<td style=\"width: 50%;\"><strong>Occasion:</strong></td>\r\n<td style=\"width: 50%;\">Daily, Lounge, Fall, Shopping</td>\r\n</tr>\r\n</tbody>\r\n</table>\r\n<p>INCLUDES 3 FUN PRINTABLES! Along with our learning games for kids ages 3-5, you get access to 3 FULL-COLOR, PRINTABLE downloads to READ, STORY is a fun illustrated journey through sustainable plant harvesting, endangered plants, ecosystems and more. The 27-page WILDCRAFT! BOTANICAL COLORING BOOK helps kids learn the plants in our educational game. And our POCKET GUIDE is the perfect reference to take on family nature outings, hikes and camping trips! AT LearningHerbs, WE BELIEVE IN THE POWER OF CONNECTING KIDS TO NATURE and appreciating everything OUR GREAT EARTH HAS TO OFFER. As parents, we designed Wildcraft! fun family games for kids.</p>\r\n<p>Wildcraft An Herbal Adventure Game is a fun, that’s also easy to follow – NO READING required. Because our learning board games feature clear illustrations and matching icons, even younger kids will learn what the different plants look like and can be used for.</p>'),(20,85,0,7,'Electrolux EFLS61 Washing Machine'),(21,76,0,7,'<p>The perfect recipe for a family game night! Appeals to a wide range of people. Created By National Parks. Parents who had traveled to every single National Park worked together with their board game designer son and created a game to inspire others and help families share their love of the National Parks.</p>'),(22,75,0,8,'<p>Will you get the answers in time, or is that just WISHFUL THINKING? Let\'s see how quickly you make the connections in this fun and challenging board game. You only have 60 seconds to figure out three Mystery words on the card. The only thing they have in common is that they all begin with the same letter. You (and your teammates) are allowed as many guesses as you like</p>\r\n<table style=\"border-collapse: collapse; width: 100%;\" border=\"1\">\r\n<tbody>\r\n<tr>\r\n<td style=\"width: 50%;\"><strong>Product Dimensions:</strong></td>\r\n<td style=\"width: 50%;\">13 x 8 x 1 inches</td>\r\n</tr>\r\n<tr>\r\n<td style=\"width: 50%;\"><strong>Model Number:</strong></td>\r\n<td style=\"width: 50%;\">O4633</td>\r\n</tr>\r\n<tr>\r\n<td style=\"width: 50%;\"><strong>Date First Available:</strong></td>\r\n<td style=\"width: 50%;\">August 20, 2019</td>\r\n</tr>\r\n<tr>\r\n<td style=\"width: 50%;\"><strong>ASIN:</strong></td>\r\n<td style=\"width: 50%;\">B07WWZM89C</td>\r\n</tr>\r\n<tr>\r\n<td style=\"width: 50%;\"><strong>Occasion:</strong></td>\r\n<td style=\"width: 50%;\">Daily, Lounge, Fall, Shopping</td>\r\n</tr>\r\n</tbody>\r\n</table>\r\n<p>INCLUDES 3 FUN PRINTABLES! Along with our learning games for kids ages 3-5, you get access to 3 FULL-COLOR, PRINTABLE downloads to READ, STORY is a fun illustrated journey through sustainable plant harvesting, endangered plants, ecosystems and more. The 27-page WILDCRAFT! BOTANICAL COLORING BOOK helps kids learn the plants in our educational game. And our POCKET GUIDE is the perfect reference to take on family nature outings, hikes and camping trips! AT LearningHerbs, WE BELIEVE IN THE POWER OF CONNECTING KIDS TO NATURE and appreciating everything OUR GREAT EARTH HAS TO OFFER. As parents, we designed Wildcraft! fun family games for kids.</p>\r\n<p>Wildcraft An Herbal Adventure Game is a fun, that’s also easy to follow – NO READING required. Because our learning board games feature clear illustrations and matching icons, even younger kids will learn what the different plants look like and can be used for.</p>'),(23,85,0,8,'Orange Auto Vacuum Cleaner'),(24,76,0,8,'<p>The perfect recipe for a family game night! Appeals to a wide range of people. Created By National Parks. Parents who had traveled to every single National Park worked together with their board game designer son and created a game to inspire others and help families share their love of the National Parks.</p>'),(25,75,0,9,'<p>Will you get the answers in time, or is that just WISHFUL THINKING? Let\'s see how quickly you make the connections in this fun and challenging board game. You only have 60 seconds to figure out three Mystery words on the card. The only thing they have in common is that they all begin with the same letter. You (and your teammates) are allowed as many guesses as you like</p>\r\n<table style=\"border-collapse: collapse; width: 100%;\" border=\"1\">\r\n<tbody>\r\n<tr>\r\n<td style=\"width: 50%;\"><strong>Product Dimensions:</strong></td>\r\n<td style=\"width: 50%;\">13 x 8 x 1 inches</td>\r\n</tr>\r\n<tr>\r\n<td style=\"width: 50%;\"><strong>Model Number:</strong></td>\r\n<td style=\"width: 50%;\">O4633</td>\r\n</tr>\r\n<tr>\r\n<td style=\"width: 50%;\"><strong>Date First Available:</strong></td>\r\n<td style=\"width: 50%;\">August 20, 2019</td>\r\n</tr>\r\n<tr>\r\n<td style=\"width: 50%;\"><strong>ASIN:</strong></td>\r\n<td style=\"width: 50%;\">B07WWZM89C</td>\r\n</tr>\r\n<tr>\r\n<td style=\"width: 50%;\"><strong>Occasion:</strong></td>\r\n<td style=\"width: 50%;\">Daily, Lounge, Fall, Shopping</td>\r\n</tr>\r\n</tbody>\r\n</table>\r\n<p>INCLUDES 3 FUN PRINTABLES! Along with our learning games for kids ages 3-5, you get access to 3 FULL-COLOR, PRINTABLE downloads to READ, STORY is a fun illustrated journey through sustainable plant harvesting, endangered plants, ecosystems and more. The 27-page WILDCRAFT! BOTANICAL COLORING BOOK helps kids learn the plants in our educational game. And our POCKET GUIDE is the perfect reference to take on family nature outings, hikes and camping trips! AT LearningHerbs, WE BELIEVE IN THE POWER OF CONNECTING KIDS TO NATURE and appreciating everything OUR GREAT EARTH HAS TO OFFER. As parents, we designed Wildcraft! fun family games for kids.</p>\r\n<p>Wildcraft An Herbal Adventure Game is a fun, that’s also easy to follow – NO READING required. Because our learning board games feature clear illustrations and matching icons, even younger kids will learn what the different plants look like and can be used for.</p>'),(26,85,0,9,'Rice Cooker 400W Red'),(27,76,0,9,'<p>The perfect recipe for a family game night! Appeals to a wide range of people. Created By National Parks. Parents who had traveled to every single National Park worked together with their board game designer son and created a game to inspire others and help families share their love of the National Parks.</p>'),(28,75,0,10,'<p>Will you get the answers in time, or is that just WISHFUL THINKING? Let\'s see how quickly you make the connections in this fun and challenging board game. You only have 60 seconds to figure out three Mystery words on the card. The only thing they have in common is that they all begin with the same letter. You (and your teammates) are allowed as many guesses as you like</p>\r\n<table style=\"border-collapse: collapse; width: 100%;\" border=\"1\">\r\n<tbody>\r\n<tr>\r\n<td style=\"width: 50%;\"><strong>Product Dimensions:</strong></td>\r\n<td style=\"width: 50%;\">13 x 8 x 1 inches</td>\r\n</tr>\r\n<tr>\r\n<td style=\"width: 50%;\"><strong>Model Number:</strong></td>\r\n<td style=\"width: 50%;\">O4633</td>\r\n</tr>\r\n<tr>\r\n<td style=\"width: 50%;\"><strong>Date First Available:</strong></td>\r\n<td style=\"width: 50%;\">August 20, 2019</td>\r\n</tr>\r\n<tr>\r\n<td style=\"width: 50%;\"><strong>ASIN:</strong></td>\r\n<td style=\"width: 50%;\">B07WWZM89C</td>\r\n</tr>\r\n<tr>\r\n<td style=\"width: 50%;\"><strong>Occasion:</strong></td>\r\n<td style=\"width: 50%;\">Daily, Lounge, Fall, Shopping</td>\r\n</tr>\r\n</tbody>\r\n</table>\r\n<p>INCLUDES 3 FUN PRINTABLES! Along with our learning games for kids ages 3-5, you get access to 3 FULL-COLOR, PRINTABLE downloads to READ, STORY is a fun illustrated journey through sustainable plant harvesting, endangered plants, ecosystems and more. The 27-page WILDCRAFT! BOTANICAL COLORING BOOK helps kids learn the plants in our educational game. And our POCKET GUIDE is the perfect reference to take on family nature outings, hikes and camping trips! AT LearningHerbs, WE BELIEVE IN THE POWER OF CONNECTING KIDS TO NATURE and appreciating everything OUR GREAT EARTH HAS TO OFFER. As parents, we designed Wildcraft! fun family games for kids.</p>\r\n<p>Wildcraft An Herbal Adventure Game is a fun, that’s also easy to follow – NO READING required. Because our learning board games feature clear illustrations and matching icons, even younger kids will learn what the different plants look like and can be used for.</p>'),(29,85,0,10,'Samsung Vacuum Cleaner Power'),(30,76,0,10,'<p>The perfect recipe for a family game night! Appeals to a wide range of people. Created By National Parks. Parents who had traveled to every single National Park worked together with their board game designer son and created a game to inspire others and help families share their love of the National Parks.</p>'),(31,75,0,11,'<p>Will you get the answers in time, or is that just WISHFUL THINKING? Let\'s see how quickly you make the connections in this fun and challenging board game. You only have 60 seconds to figure out three Mystery words on the card. The only thing they have in common is that they all begin with the same letter. You (and your teammates) are allowed as many guesses as you like</p>\r\n<table style=\"border-collapse: collapse; width: 100%;\" border=\"1\">\r\n<tbody>\r\n<tr>\r\n<td style=\"width: 50%;\"><strong>Product Dimensions:</strong></td>\r\n<td style=\"width: 50%;\">13 x 8 x 1 inches</td>\r\n</tr>\r\n<tr>\r\n<td style=\"width: 50%;\"><strong>Model Number:</strong></td>\r\n<td style=\"width: 50%;\">O4633</td>\r\n</tr>\r\n<tr>\r\n<td style=\"width: 50%;\"><strong>Date First Available:</strong></td>\r\n<td style=\"width: 50%;\">August 20, 2019</td>\r\n</tr>\r\n<tr>\r\n<td style=\"width: 50%;\"><strong>ASIN:</strong></td>\r\n<td style=\"width: 50%;\">B07WWZM89C</td>\r\n</tr>\r\n<tr>\r\n<td style=\"width: 50%;\"><strong>Occasion:</strong></td>\r\n<td style=\"width: 50%;\">Daily, Lounge, Fall, Shopping</td>\r\n</tr>\r\n</tbody>\r\n</table>\r\n<p>INCLUDES 3 FUN PRINTABLES! Along with our learning games for kids ages 3-5, you get access to 3 FULL-COLOR, PRINTABLE downloads to READ, STORY is a fun illustrated journey through sustainable plant harvesting, endangered plants, ecosystems and more. The 27-page WILDCRAFT! BOTANICAL COLORING BOOK helps kids learn the plants in our educational game. And our POCKET GUIDE is the perfect reference to take on family nature outings, hikes and camping trips! AT LearningHerbs, WE BELIEVE IN THE POWER OF CONNECTING KIDS TO NATURE and appreciating everything OUR GREAT EARTH HAS TO OFFER. As parents, we designed Wildcraft! fun family games for kids.</p>\r\n<p>Wildcraft An Herbal Adventure Game is a fun, that’s also easy to follow – NO READING required. Because our learning board games feature clear illustrations and matching icons, even younger kids will learn what the different plants look like and can be used for.</p>'),(32,85,0,11,'Washing Machines & Dryers'),(33,76,0,11,'<p>The perfect recipe for a family game night! Appeals to a wide range of people. Created By National Parks. Parents who had traveled to every single National Park worked together with their board game designer son and created a game to inspire others and help families share their love of the National Parks.</p>'),(34,75,0,12,'<p>Will you get the answers in time, or is that just WISHFUL THINKING? Let\'s see how quickly you make the connections in\r\n    this fun and challenging board game. You only have 60 seconds to figure out three Mystery words on the card. The\r\n    only thing they have in common is that they all begin with the same letter. You (and your teammates) are allowed as\r\n    many guesses as you like</p>\r\n<table style=\"border-collapse: collapse; width: 100%;\" border=\"1\">\r\n    <tbody>\r\n    <tr>\r\n        <td style=\"width: 50%;\"><strong>Product Dimensions:</strong></td>\r\n        <td style=\"width: 50%;\">13 x 8 x 1 inches</td>\r\n    </tr>\r\n    <tr>\r\n        <td style=\"width: 50%;\"><strong>Model Number:</strong></td>\r\n        <td style=\"width: 50%;\">O4633</td>\r\n    </tr>\r\n    <tr>\r\n        <td style=\"width: 50%;\"><strong>Date First Available:</strong></td>\r\n        <td style=\"width: 50%;\">August 20, 2019</td>\r\n    </tr>\r\n    <tr>\r\n        <td style=\"width: 50%;\"><strong>ASIN:</strong></td>\r\n        <td style=\"width: 50%;\">B07WWZM89C</td>\r\n    </tr>\r\n    <tr>\r\n        <td style=\"width: 50%;\"><strong>Occasion:</strong></td>\r\n        <td style=\"width: 50%;\">Daily, Lounge, Fall, Shopping</td>\r\n    </tr>\r\n    </tbody>\r\n</table>\r\n<p>INCLUDES 3 FUN PRINTABLES! Along with our learning games for kids ages 3-5, you get access to 3 FULL-COLOR, PRINTABLE\r\n    downloads to READ, STORY is a fun illustrated journey through sustainable plant harvesting, endangered plants,\r\n    ecosystems and more. The 27-page WILDCRAFT! BOTANICAL COLORING BOOK helps kids learn the plants in our educational\r\n    game. And our POCKET GUIDE is the perfect reference to take on family nature outings, hikes and camping trips! AT\r\n    LearningHerbs, WE BELIEVE IN THE POWER OF CONNECTING KIDS TO NATURE and appreciating everything OUR GREAT EARTH HAS\r\n    TO OFFER. As parents, we designed Wildcraft! fun family games for kids.</p>\r\n<p>Wildcraft An Herbal Adventure Game is a fun, that’s also easy to follow – NO READING required. Because our learning\r\n    board games feature clear illustrations and matching icons, even younger kids will learn what the different plants\r\n    look like and can be used for.</p>'),(35,85,0,12,'Apple iPhone Plus Silicon Case'),(36,76,0,12,'<p>The perfect recipe for a family game night! Appeals to a wide range of people. Created By National Parks. Parents who had traveled to every single National Park worked together with their board game designer son and created a game to inspire others and help families share their love of the National Parks.</p>'),(37,75,0,13,'<p>Will you get the answers in time, or is that just WISHFUL THINKING? Let\'s see how quickly you make the connections in this fun and challenging board game. You only have 60 seconds to figure out three Mystery words on the card. The only thing they have in common is that they all begin with the same letter. You (and your teammates) are allowed as many guesses as you like</p>\r\n<table style=\"border-collapse: collapse; width: 100%;\" border=\"1\">\r\n<tbody>\r\n<tr>\r\n<td style=\"width: 50%;\"><strong>Product Dimensions:</strong></td>\r\n<td style=\"width: 50%;\">13 x 8 x 1 inches</td>\r\n</tr>\r\n<tr>\r\n<td style=\"width: 50%;\"><strong>Model Number:</strong></td>\r\n<td style=\"width: 50%;\">O4633</td>\r\n</tr>\r\n<tr>\r\n<td style=\"width: 50%;\"><strong>Date First Available:</strong></td>\r\n<td style=\"width: 50%;\">August 20, 2019</td>\r\n</tr>\r\n<tr>\r\n<td style=\"width: 50%;\"><strong>ASIN:</strong></td>\r\n<td style=\"width: 50%;\">B07WWZM89C</td>\r\n</tr>\r\n<tr>\r\n<td style=\"width: 50%;\"><strong>Occasion:</strong></td>\r\n<td style=\"width: 50%;\">Daily, Lounge, Fall, Shopping</td>\r\n</tr>\r\n</tbody>\r\n</table>\r\n<p>INCLUDES 3 FUN PRINTABLES! Along with our learning games for kids ages 3-5, you get access to 3 FULL-COLOR, PRINTABLE downloads to READ, STORY is a fun illustrated journey through sustainable plant harvesting, endangered plants, ecosystems and more. The 27-page WILDCRAFT! BOTANICAL COLORING BOOK helps kids learn the plants in our educational game. And our POCKET GUIDE is the perfect reference to take on family nature outings, hikes and camping trips! AT LearningHerbs, WE BELIEVE IN THE POWER OF CONNECTING KIDS TO NATURE and appreciating everything OUR GREAT EARTH HAS TO OFFER. As parents, we designed Wildcraft! fun family games for kids.</p>\r\n<p>Wildcraft An Herbal Adventure Game is a fun, that’s also easy to follow – NO READING required. Because our learning board games feature clear illustrations and matching icons, even younger kids will learn what the different plants look like and can be used for.</p>'),(38,85,0,13,'Apple Iphone X 512Gb White'),(39,76,0,13,'<p>The perfect recipe for a family game night! Appeals to a wide range of people. Created By National Parks. Parents who had traveled to every single National Park worked together with their board game designer son and created a game to inspire others and help families share their love of the National Parks.</p>'),(40,75,0,14,'<p>Will you get the answers in time, or is that just WISHFUL THINKING? Let\'s see how quickly you make the connections in this fun and challenging board game. You only have 60 seconds to figure out three Mystery words on the card. The only thing they have in common is that they all begin with the same letter. You (and your teammates) are allowed as many guesses as you like</p>\r\n<table style=\"border-collapse: collapse; width: 100%;\" border=\"1\">\r\n<tbody>\r\n<tr>\r\n<td style=\"width: 50%;\"><strong>Product Dimensions:</strong></td>\r\n<td style=\"width: 50%;\">13 x 8 x 1 inches</td>\r\n</tr>\r\n<tr>\r\n<td style=\"width: 50%;\"><strong>Model Number:</strong></td>\r\n<td style=\"width: 50%;\">O4633</td>\r\n</tr>\r\n<tr>\r\n<td style=\"width: 50%;\"><strong>Date First Available:</strong></td>\r\n<td style=\"width: 50%;\">August 20, 2019</td>\r\n</tr>\r\n<tr>\r\n<td style=\"width: 50%;\"><strong>ASIN:</strong></td>\r\n<td style=\"width: 50%;\">B07WWZM89C</td>\r\n</tr>\r\n<tr>\r\n<td style=\"width: 50%;\"><strong>Occasion:</strong></td>\r\n<td style=\"width: 50%;\">Daily, Lounge, Fall, Shopping</td>\r\n</tr>\r\n</tbody>\r\n</table>\r\n<p>INCLUDES 3 FUN PRINTABLES! Along with our learning games for kids ages 3-5, you get access to 3 FULL-COLOR, PRINTABLE downloads to READ, STORY is a fun illustrated journey through sustainable plant harvesting, endangered plants, ecosystems and more. The 27-page WILDCRAFT! BOTANICAL COLORING BOOK helps kids learn the plants in our educational game. And our POCKET GUIDE is the perfect reference to take on family nature outings, hikes and camping trips! AT LearningHerbs, WE BELIEVE IN THE POWER OF CONNECTING KIDS TO NATURE and appreciating everything OUR GREAT EARTH HAS TO OFFER. As parents, we designed Wildcraft! fun family games for kids.</p>\r\n<p>Wildcraft An Herbal Adventure Game is a fun, that’s also easy to follow – NO READING required. Because our learning board games feature clear illustrations and matching icons, even younger kids will learn what the different plants look like and can be used for.</p>'),(41,85,0,14,'iPad Mini 4G Wifi Cellular 64GB'),(42,76,0,14,'<p>The perfect recipe for a family game night! Appeals to a wide range of people. Created By National Parks. Parents who had traveled to every single National Park worked together with their board game designer son and created a game to inspire others and help families share their love of the National Parks.</p>'),(43,75,0,15,'<p>Will you get the answers in time, or is that just WISHFUL THINKING? Let\'s see how quickly you make the connections in this fun and challenging board game. You only have 60 seconds to figure out three Mystery words on the card. The only thing they have in common is that they all begin with the same letter. You (and your teammates) are allowed as many guesses as you like</p>\r\n<table style=\"border-collapse: collapse; width: 100%;\" border=\"1\">\r\n<tbody>\r\n<tr>\r\n<td style=\"width: 50%;\"><strong>Product Dimensions:</strong></td>\r\n<td style=\"width: 50%;\">13 x 8 x 1 inches</td>\r\n</tr>\r\n<tr>\r\n<td style=\"width: 50%;\"><strong>Model Number:</strong></td>\r\n<td style=\"width: 50%;\">O4633</td>\r\n</tr>\r\n<tr>\r\n<td style=\"width: 50%;\"><strong>Date First Available:</strong></td>\r\n<td style=\"width: 50%;\">August 20, 2019</td>\r\n</tr>\r\n<tr>\r\n<td style=\"width: 50%;\"><strong>ASIN:</strong></td>\r\n<td style=\"width: 50%;\">B07WWZM89C</td>\r\n</tr>\r\n<tr>\r\n<td style=\"width: 50%;\"><strong>Occasion:</strong></td>\r\n<td style=\"width: 50%;\">Daily, Lounge, Fall, Shopping</td>\r\n</tr>\r\n</tbody>\r\n</table>\r\n<p>INCLUDES 3 FUN PRINTABLES! Along with our learning games for kids ages 3-5, you get access to 3 FULL-COLOR, PRINTABLE downloads to READ, STORY is a fun illustrated journey through sustainable plant harvesting, endangered plants, ecosystems and more. The 27-page WILDCRAFT! BOTANICAL COLORING BOOK helps kids learn the plants in our educational game. And our POCKET GUIDE is the perfect reference to take on family nature outings, hikes and camping trips! AT LearningHerbs, WE BELIEVE IN THE POWER OF CONNECTING KIDS TO NATURE and appreciating everything OUR GREAT EARTH HAS TO OFFER. As parents, we designed Wildcraft! fun family games for kids.</p>\r\n<p>Wildcraft An Herbal Adventure Game is a fun, that’s also easy to follow – NO READING required. Because our learning board games feature clear illustrations and matching icons, even younger kids will learn what the different plants look like and can be used for.</p>'),(44,85,0,15,'iPhone 8 Plus 64GB Full Color'),(45,76,0,15,'<p>The perfect recipe for a family game night! Appeals to a wide range of people. Created By National Parks. Parents who had traveled to every single National Park worked together with their board game designer son and created a game to inspire others and help families share their love of the National Parks.</p>'),(46,75,0,16,'<p>Will you get the answers in time, or is that just WISHFUL THINKING? Let\'s see how quickly you make the connections in this fun and challenging board game. You only have 60 seconds to figure out three Mystery words on the card. The only thing they have in common is that they all begin with the same letter. You (and your teammates) are allowed as many guesses as you like</p>\r\n<table style=\"border-collapse: collapse; width: 100%;\" border=\"1\">\r\n<tbody>\r\n<tr>\r\n<td style=\"width: 50%;\"><strong>Product Dimensions:</strong></td>\r\n<td style=\"width: 50%;\">13 x 8 x 1 inches</td>\r\n</tr>\r\n<tr>\r\n<td style=\"width: 50%;\"><strong>Model Number:</strong></td>\r\n<td style=\"width: 50%;\">O4633</td>\r\n</tr>\r\n<tr>\r\n<td style=\"width: 50%;\"><strong>Date First Available:</strong></td>\r\n<td style=\"width: 50%;\">August 20, 2019</td>\r\n</tr>\r\n<tr>\r\n<td style=\"width: 50%;\"><strong>ASIN:</strong></td>\r\n<td style=\"width: 50%;\">B07WWZM89C</td>\r\n</tr>\r\n<tr>\r\n<td style=\"width: 50%;\"><strong>Occasion:</strong></td>\r\n<td style=\"width: 50%;\">Daily, Lounge, Fall, Shopping</td>\r\n</tr>\r\n</tbody>\r\n</table>\r\n<p>INCLUDES 3 FUN PRINTABLES! Along with our learning games for kids ages 3-5, you get access to 3 FULL-COLOR, PRINTABLE downloads to READ, STORY is a fun illustrated journey through sustainable plant harvesting, endangered plants, ecosystems and more. The 27-page WILDCRAFT! BOTANICAL COLORING BOOK helps kids learn the plants in our educational game. And our POCKET GUIDE is the perfect reference to take on family nature outings, hikes and camping trips! AT LearningHerbs, WE BELIEVE IN THE POWER OF CONNECTING KIDS TO NATURE and appreciating everything OUR GREAT EARTH HAS TO OFFER. As parents, we designed Wildcraft! fun family games for kids.</p>\r\n<p>Wildcraft An Herbal Adventure Game is a fun, that’s also easy to follow – NO READING required. Because our learning board games feature clear illustrations and matching icons, even younger kids will learn what the different plants look like and can be used for.</p>'),(47,85,0,16,'iPad Pro 9.7 inch Wifi Cellular 16GB'),(48,76,0,16,'<p>The perfect recipe for a family game night! Appeals to a wide range of people. Created By National Parks. Parents who had traveled to every single National Park worked together with their board game designer son and created a game to inspire others and help families share their love of the National Parks.</p>'),(49,75,0,17,'<p>Will you get the answers in time, or is that just WISHFUL THINKING? Let\'s see how quickly you make the connections in this fun and challenging board game. You only have 60 seconds to figure out three Mystery words on the card. The only thing they have in common is that they all begin with the same letter. You (and your teammates) are allowed as many guesses as you like</p>\r\n<table style=\"border-collapse: collapse; width: 100%;\" border=\"1\">\r\n<tbody>\r\n<tr>\r\n<td style=\"width: 50%;\"><strong>Product Dimensions:</strong></td>\r\n<td style=\"width: 50%;\">13 x 8 x 1 inches</td>\r\n</tr>\r\n<tr>\r\n<td style=\"width: 50%;\"><strong>Model Number:</strong></td>\r\n<td style=\"width: 50%;\">O4633</td>\r\n</tr>\r\n<tr>\r\n<td style=\"width: 50%;\"><strong>Date First Available:</strong></td>\r\n<td style=\"width: 50%;\">August 20, 2019</td>\r\n</tr>\r\n<tr>\r\n<td style=\"width: 50%;\"><strong>ASIN:</strong></td>\r\n<td style=\"width: 50%;\">B07WWZM89C</td>\r\n</tr>\r\n<tr>\r\n<td style=\"width: 50%;\"><strong>Occasion:</strong></td>\r\n<td style=\"width: 50%;\">Daily, Lounge, Fall, Shopping</td>\r\n</tr>\r\n</tbody>\r\n</table>\r\n<p>INCLUDES 3 FUN PRINTABLES! Along with our learning games for kids ages 3-5, you get access to 3 FULL-COLOR, PRINTABLE downloads to READ, STORY is a fun illustrated journey through sustainable plant harvesting, endangered plants, ecosystems and more. The 27-page WILDCRAFT! BOTANICAL COLORING BOOK helps kids learn the plants in our educational game. And our POCKET GUIDE is the perfect reference to take on family nature outings, hikes and camping trips! AT LearningHerbs, WE BELIEVE IN THE POWER OF CONNECTING KIDS TO NATURE and appreciating everything OUR GREAT EARTH HAS TO OFFER. As parents, we designed Wildcraft! fun family games for kids.</p>\r\n<p>Wildcraft An Herbal Adventure Game is a fun, that’s also easy to follow – NO READING required. Because our learning board games feature clear illustrations and matching icons, even younger kids will learn what the different plants look like and can be used for.</p>'),(50,85,0,17,'iPhone 6s Plus Black Gray 128Gb'),(51,76,0,17,'<p>The perfect recipe for a family game night! Appeals to a wide range of people. Created By National Parks. Parents who had traveled to every single National Park worked together with their board game designer son and created a game to inspire others and help families share their love of the National Parks.</p>'),(52,75,0,18,'<p>Will you get the answers in time, or is that just WISHFUL THINKING? Let\'s see how quickly you make the connections in this fun and challenging board game. You only have 60 seconds to figure out three Mystery words on the card. The only thing they have in common is that they all begin with the same letter. You (and your teammates) are allowed as many guesses as you like</p>\r\n<table style=\"border-collapse: collapse; width: 100%;\" border=\"1\">\r\n<tbody>\r\n<tr>\r\n<td style=\"width: 50%;\"><strong>Product Dimensions:</strong></td>\r\n<td style=\"width: 50%;\">13 x 8 x 1 inches</td>\r\n</tr>\r\n<tr>\r\n<td style=\"width: 50%;\"><strong>Model Number:</strong></td>\r\n<td style=\"width: 50%;\">O4633</td>\r\n</tr>\r\n<tr>\r\n<td style=\"width: 50%;\"><strong>Date First Available:</strong></td>\r\n<td style=\"width: 50%;\">August 20, 2019</td>\r\n</tr>\r\n<tr>\r\n<td style=\"width: 50%;\"><strong>ASIN:</strong></td>\r\n<td style=\"width: 50%;\">B07WWZM89C</td>\r\n</tr>\r\n<tr>\r\n<td style=\"width: 50%;\"><strong>Occasion:</strong></td>\r\n<td style=\"width: 50%;\">Daily, Lounge, Fall, Shopping</td>\r\n</tr>\r\n</tbody>\r\n</table>\r\n<p>INCLUDES 3 FUN PRINTABLES! Along with our learning games for kids ages 3-5, you get access to 3 FULL-COLOR, PRINTABLE downloads to READ, STORY is a fun illustrated journey through sustainable plant harvesting, endangered plants, ecosystems and more. The 27-page WILDCRAFT! BOTANICAL COLORING BOOK helps kids learn the plants in our educational game. And our POCKET GUIDE is the perfect reference to take on family nature outings, hikes and camping trips! AT LearningHerbs, WE BELIEVE IN THE POWER OF CONNECTING KIDS TO NATURE and appreciating everything OUR GREAT EARTH HAS TO OFFER. As parents, we designed Wildcraft! fun family games for kids.</p>\r\n<p>Wildcraft An Herbal Adventure Game is a fun, that’s also easy to follow – NO READING required. Because our learning board games feature clear illustrations and matching icons, even younger kids will learn what the different plants look like and can be used for.</p>'),(53,85,0,18,'iPhone 6s Plus Red Case'),(54,76,0,18,'<p>The perfect recipe for a family game night! Appeals to a wide range of people. Created By National Parks. Parents who had traveled to every single National Park worked together with their board game designer son and created a game to inspire others and help families share their love of the National Parks.</p>'),(55,75,0,19,'<p>Will you get the answers in time, or is that just WISHFUL THINKING? Let\'s see how quickly you make the connections in this fun and challenging board game. You only have 60 seconds to figure out three Mystery words on the card. The only thing they have in common is that they all begin with the same letter. You (and your teammates) are allowed as many guesses as you like</p>\r\n<table style=\"border-collapse: collapse; width: 100%;\" border=\"1\">\r\n<tbody>\r\n<tr>\r\n<td style=\"width: 50%;\"><strong>Product Dimensions:</strong></td>\r\n<td style=\"width: 50%;\">13 x 8 x 1 inches</td>\r\n</tr>\r\n<tr>\r\n<td style=\"width: 50%;\"><strong>Model Number:</strong></td>\r\n<td style=\"width: 50%;\">O4633</td>\r\n</tr>\r\n<tr>\r\n<td style=\"width: 50%;\"><strong>Date First Available:</strong></td>\r\n<td style=\"width: 50%;\">August 20, 2019</td>\r\n</tr>\r\n<tr>\r\n<td style=\"width: 50%;\"><strong>ASIN:</strong></td>\r\n<td style=\"width: 50%;\">B07WWZM89C</td>\r\n</tr>\r\n<tr>\r\n<td style=\"width: 50%;\"><strong>Occasion:</strong></td>\r\n<td style=\"width: 50%;\">Daily, Lounge, Fall, Shopping</td>\r\n</tr>\r\n</tbody>\r\n</table>\r\n<p>INCLUDES 3 FUN PRINTABLES! Along with our learning games for kids ages 3-5, you get access to 3 FULL-COLOR, PRINTABLE downloads to READ, STORY is a fun illustrated journey through sustainable plant harvesting, endangered plants, ecosystems and more. The 27-page WILDCRAFT! BOTANICAL COLORING BOOK helps kids learn the plants in our educational game. And our POCKET GUIDE is the perfect reference to take on family nature outings, hikes and camping trips! AT LearningHerbs, WE BELIEVE IN THE POWER OF CONNECTING KIDS TO NATURE and appreciating everything OUR GREAT EARTH HAS TO OFFER. As parents, we designed Wildcraft! fun family games for kids.</p>\r\n<p>Wildcraft An Herbal Adventure Game is a fun, that’s also easy to follow – NO READING required. Because our learning board games feature clear illustrations and matching icons, even younger kids will learn what the different plants look like and can be used for.</p>'),(56,85,0,19,'Samsung Galaxy S8 Plus Gray'),(57,76,0,19,'<p>The perfect recipe for a family game night! Appeals to a wide range of people. Created By National Parks. Parents who had traveled to every single National Park worked together with their board game designer son and created a game to inspire others and help families share their love of the National Parks.</p>'),(58,75,0,20,'<p>Will you get the answers in time, or is that just WISHFUL THINKING? Let\'s see how quickly you make the connections in this fun and challenging board game. You only have 60 seconds to figure out three Mystery words on the card. The only thing they have in common is that they all begin with the same letter. You (and your teammates) are allowed as many guesses as you like</p>\r\n<table style=\"border-collapse: collapse; width: 100%;\" border=\"1\">\r\n<tbody>\r\n<tr>\r\n<td style=\"width: 50%;\"><strong>Product Dimensions:</strong></td>\r\n<td style=\"width: 50%;\">13 x 8 x 1 inches</td>\r\n</tr>\r\n<tr>\r\n<td style=\"width: 50%;\"><strong>Model Number:</strong></td>\r\n<td style=\"width: 50%;\">O4633</td>\r\n</tr>\r\n<tr>\r\n<td style=\"width: 50%;\"><strong>Date First Available:</strong></td>\r\n<td style=\"width: 50%;\">August 20, 2019</td>\r\n</tr>\r\n<tr>\r\n<td style=\"width: 50%;\"><strong>ASIN:</strong></td>\r\n<td style=\"width: 50%;\">B07WWZM89C</td>\r\n</tr>\r\n<tr>\r\n<td style=\"width: 50%;\"><strong>Occasion:</strong></td>\r\n<td style=\"width: 50%;\">Daily, Lounge, Fall, Shopping</td>\r\n</tr>\r\n</tbody>\r\n</table>\r\n<p>INCLUDES 3 FUN PRINTABLES! Along with our learning games for kids ages 3-5, you get access to 3 FULL-COLOR, PRINTABLE downloads to READ, STORY is a fun illustrated journey through sustainable plant harvesting, endangered plants, ecosystems and more. The 27-page WILDCRAFT! BOTANICAL COLORING BOOK helps kids learn the plants in our educational game. And our POCKET GUIDE is the perfect reference to take on family nature outings, hikes and camping trips! AT LearningHerbs, WE BELIEVE IN THE POWER OF CONNECTING KIDS TO NATURE and appreciating everything OUR GREAT EARTH HAS TO OFFER. As parents, we designed Wildcraft! fun family games for kids.</p>\r\n<p>Wildcraft An Herbal Adventure Game is a fun, that’s also easy to follow – NO READING required. Because our learning board games feature clear illustrations and matching icons, even younger kids will learn what the different plants look like and can be used for.</p>'),(59,85,0,20,'Navy Skinny Fit Suit With Wool'),(60,76,0,20,'<p>The perfect recipe for a family game night! Appeals to a wide range of people. Created By National Parks. Parents who had traveled to every single National Park worked together with their board game designer son and created a game to inspire others and help families share their love of the National Parks.</p>'),(61,75,0,21,'<p>Will you get the answers in time, or is that just WISHFUL THINKING? Let\'s see how quickly you make the connections in this fun and challenging board game. You only have 60 seconds to figure out three Mystery words on the card. The only thing they have in common is that they all begin with the same letter. You (and your teammates) are allowed as many guesses as you like</p>\r\n<table style=\"border-collapse: collapse; width: 100%;\" border=\"1\">\r\n<tbody>\r\n<tr>\r\n<td style=\"width: 50%;\"><strong>Product Dimensions:</strong></td>\r\n<td style=\"width: 50%;\">13 x 8 x 1 inches</td>\r\n</tr>\r\n<tr>\r\n<td style=\"width: 50%;\"><strong>Model Number:</strong></td>\r\n<td style=\"width: 50%;\">O4633</td>\r\n</tr>\r\n<tr>\r\n<td style=\"width: 50%;\"><strong>Date First Available:</strong></td>\r\n<td style=\"width: 50%;\">August 20, 2019</td>\r\n</tr>\r\n<tr>\r\n<td style=\"width: 50%;\"><strong>ASIN:</strong></td>\r\n<td style=\"width: 50%;\">B07WWZM89C</td>\r\n</tr>\r\n<tr>\r\n<td style=\"width: 50%;\"><strong>Occasion:</strong></td>\r\n<td style=\"width: 50%;\">Daily, Lounge, Fall, Shopping</td>\r\n</tr>\r\n</tbody>\r\n</table>\r\n<p>INCLUDES 3 FUN PRINTABLES! Along with our learning games for kids ages 3-5, you get access to 3 FULL-COLOR, PRINTABLE downloads to READ, STORY is a fun illustrated journey through sustainable plant harvesting, endangered plants, ecosystems and more. The 27-page WILDCRAFT! BOTANICAL COLORING BOOK helps kids learn the plants in our educational game. And our POCKET GUIDE is the perfect reference to take on family nature outings, hikes and camping trips! AT LearningHerbs, WE BELIEVE IN THE POWER OF CONNECTING KIDS TO NATURE and appreciating everything OUR GREAT EARTH HAS TO OFFER. As parents, we designed Wildcraft! fun family games for kids.</p>\r\n<p>Wildcraft An Herbal Adventure Game is a fun, that’s also easy to follow – NO READING required. Because our learning board games feature clear illustrations and matching icons, even younger kids will learn what the different plants look like and can be used for.</p>'),(62,85,0,21,'Travel Leather Backpack'),(63,76,0,21,'<p>The perfect recipe for a family game night! Appeals to a wide range of people. Created By National Parks. Parents who had traveled to every single National Park worked together with their board game designer son and created a game to inspire others and help families share their love of the National Parks.</p>'),(64,75,0,22,'<p>Will you get the answers in time, or is that just WISHFUL THINKING? Let\'s see how quickly you make the connections in this fun and challenging board game. You only have 60 seconds to figure out three Mystery words on the card. The only thing they have in common is that they all begin with the same letter. You (and your teammates) are allowed as many guesses as you like</p>\r\n<table style=\"border-collapse: collapse; width: 100%;\" border=\"1\">\r\n<tbody>\r\n<tr>\r\n<td style=\"width: 50%;\"><strong>Product Dimensions:</strong></td>\r\n<td style=\"width: 50%;\">13 x 8 x 1 inches</td>\r\n</tr>\r\n<tr>\r\n<td style=\"width: 50%;\"><strong>Model Number:</strong></td>\r\n<td style=\"width: 50%;\">O4633</td>\r\n</tr>\r\n<tr>\r\n<td style=\"width: 50%;\"><strong>Date First Available:</strong></td>\r\n<td style=\"width: 50%;\">August 20, 2019</td>\r\n</tr>\r\n<tr>\r\n<td style=\"width: 50%;\"><strong>ASIN:</strong></td>\r\n<td style=\"width: 50%;\">B07WWZM89C</td>\r\n</tr>\r\n<tr>\r\n<td style=\"width: 50%;\"><strong>Occasion:</strong></td>\r\n<td style=\"width: 50%;\">Daily, Lounge, Fall, Shopping</td>\r\n</tr>\r\n</tbody>\r\n</table>\r\n<p>INCLUDES 3 FUN PRINTABLES! Along with our learning games for kids ages 3-5, you get access to 3 FULL-COLOR, PRINTABLE downloads to READ, STORY is a fun illustrated journey through sustainable plant harvesting, endangered plants, ecosystems and more. The 27-page WILDCRAFT! BOTANICAL COLORING BOOK helps kids learn the plants in our educational game. And our POCKET GUIDE is the perfect reference to take on family nature outings, hikes and camping trips! AT LearningHerbs, WE BELIEVE IN THE POWER OF CONNECTING KIDS TO NATURE and appreciating everything OUR GREAT EARTH HAS TO OFFER. As parents, we designed Wildcraft! fun family games for kids.</p>\r\n<p>Wildcraft An Herbal Adventure Game is a fun, that’s also easy to follow – NO READING required. Because our learning board games feature clear illustrations and matching icons, even younger kids will learn what the different plants look like and can be used for.</p>'),(65,85,0,22,'Purple Wool Women Hat'),(66,76,0,22,'<p>The perfect recipe for a family game night! Appeals to a wide range of people. Created By National Parks. Parents who had traveled to every single National Park worked together with their board game designer son and created a game to inspire others and help families share their love of the National Parks.</p>'),(67,75,0,23,'<p>Will you get the answers in time, or is that just WISHFUL THINKING? Let\'s see how quickly you make the connections in this fun and challenging board game. You only have 60 seconds to figure out three Mystery words on the card. The only thing they have in common is that they all begin with the same letter. You (and your teammates) are allowed as many guesses as you like</p>\r\n<table style=\"border-collapse: collapse; width: 100%;\" border=\"1\">\r\n<tbody>\r\n<tr>\r\n<td style=\"width: 50%;\"><strong>Product Dimensions:</strong></td>\r\n<td style=\"width: 50%;\">13 x 8 x 1 inches</td>\r\n</tr>\r\n<tr>\r\n<td style=\"width: 50%;\"><strong>Model Number:</strong></td>\r\n<td style=\"width: 50%;\">O4633</td>\r\n</tr>\r\n<tr>\r\n<td style=\"width: 50%;\"><strong>Date First Available:</strong></td>\r\n<td style=\"width: 50%;\">August 20, 2019</td>\r\n</tr>\r\n<tr>\r\n<td style=\"width: 50%;\"><strong>ASIN:</strong></td>\r\n<td style=\"width: 50%;\">B07WWZM89C</td>\r\n</tr>\r\n<tr>\r\n<td style=\"width: 50%;\"><strong>Occasion:</strong></td>\r\n<td style=\"width: 50%;\">Daily, Lounge, Fall, Shopping</td>\r\n</tr>\r\n</tbody>\r\n</table>\r\n<p>INCLUDES 3 FUN PRINTABLES! Along with our learning games for kids ages 3-5, you get access to 3 FULL-COLOR, PRINTABLE downloads to READ, STORY is a fun illustrated journey through sustainable plant harvesting, endangered plants, ecosystems and more. The 27-page WILDCRAFT! BOTANICAL COLORING BOOK helps kids learn the plants in our educational game. And our POCKET GUIDE is the perfect reference to take on family nature outings, hikes and camping trips! AT LearningHerbs, WE BELIEVE IN THE POWER OF CONNECTING KIDS TO NATURE and appreciating everything OUR GREAT EARTH HAS TO OFFER. As parents, we designed Wildcraft! fun family games for kids.</p>\r\n<p>Wildcraft An Herbal Adventure Game is a fun, that’s also easy to follow – NO READING required. Because our learning board games feature clear illustrations and matching icons, even younger kids will learn what the different plants look like and can be used for.</p>'),(68,85,0,23,'Mens Rugged Wear Denim Jacket'),(69,76,0,23,'<p>The perfect recipe for a family game night! Appeals to a wide range of people. Created By National Parks. Parents who had traveled to every single National Park worked together with their board game designer son and created a game to inspire others and help families share their love of the National Parks.</p>'),(70,75,0,24,'<p>Will you get the answers in time, or is that just WISHFUL THINKING? Let\'s see how quickly you make the connections in this fun and challenging board game. You only have 60 seconds to figure out three Mystery words on the card. The only thing they have in common is that they all begin with the same letter. You (and your teammates) are allowed as many guesses as you like</p>\r\n<table style=\"border-collapse: collapse; width: 100%;\" border=\"1\">\r\n<tbody>\r\n<tr>\r\n<td style=\"width: 50%;\"><strong>Product Dimensions:</strong></td>\r\n<td style=\"width: 50%;\">13 x 8 x 1 inches</td>\r\n</tr>\r\n<tr>\r\n<td style=\"width: 50%;\"><strong>Model Number:</strong></td>\r\n<td style=\"width: 50%;\">O4633</td>\r\n</tr>\r\n<tr>\r\n<td style=\"width: 50%;\"><strong>Date First Available:</strong></td>\r\n<td style=\"width: 50%;\">August 20, 2019</td>\r\n</tr>\r\n<tr>\r\n<td style=\"width: 50%;\"><strong>ASIN:</strong></td>\r\n<td style=\"width: 50%;\">B07WWZM89C</td>\r\n</tr>\r\n<tr>\r\n<td style=\"width: 50%;\"><strong>Occasion:</strong></td>\r\n<td style=\"width: 50%;\">Daily, Lounge, Fall, Shopping</td>\r\n</tr>\r\n</tbody>\r\n</table>\r\n<p>INCLUDES 3 FUN PRINTABLES! Along with our learning games for kids ages 3-5, you get access to 3 FULL-COLOR, PRINTABLE downloads to READ, STORY is a fun illustrated journey through sustainable plant harvesting, endangered plants, ecosystems and more. The 27-page WILDCRAFT! BOTANICAL COLORING BOOK helps kids learn the plants in our educational game. And our POCKET GUIDE is the perfect reference to take on family nature outings, hikes and camping trips! AT LearningHerbs, WE BELIEVE IN THE POWER OF CONNECTING KIDS TO NATURE and appreciating everything OUR GREAT EARTH HAS TO OFFER. As parents, we designed Wildcraft! fun family games for kids.</p>\r\n<p>Wildcraft An Herbal Adventure Game is a fun, that’s also easy to follow – NO READING required. Because our learning board games feature clear illustrations and matching icons, even younger kids will learn what the different plants look like and can be used for.</p>'),(71,85,0,24,'Lady Comfort Sports Slip Shoes'),(72,76,0,24,'<p>The perfect recipe for a family game night! Appeals to a wide range of people. Created By National Parks. Parents who had traveled to every single National Park worked together with their board game designer son and created a game to inspire others and help families share their love of the National Parks.</p>'),(73,75,0,25,'<p>Will you get the answers in time, or is that just WISHFUL THINKING? Let\'s see how quickly you make the connections in this fun and challenging board game. You only have 60 seconds to figure out three Mystery words on the card. The only thing they have in common is that they all begin with the same letter. You (and your teammates) are allowed as many guesses as you like</p>\r\n<table style=\"border-collapse: collapse; width: 100%;\" border=\"1\">\r\n<tbody>\r\n<tr>\r\n<td style=\"width: 50%;\"><strong>Product Dimensions:</strong></td>\r\n<td style=\"width: 50%;\">13 x 8 x 1 inches</td>\r\n</tr>\r\n<tr>\r\n<td style=\"width: 50%;\"><strong>Model Number:</strong></td>\r\n<td style=\"width: 50%;\">O4633</td>\r\n</tr>\r\n<tr>\r\n<td style=\"width: 50%;\"><strong>Date First Available:</strong></td>\r\n<td style=\"width: 50%;\">August 20, 2019</td>\r\n</tr>\r\n<tr>\r\n<td style=\"width: 50%;\"><strong>ASIN:</strong></td>\r\n<td style=\"width: 50%;\">B07WWZM89C</td>\r\n</tr>\r\n<tr>\r\n<td style=\"width: 50%;\"><strong>Occasion:</strong></td>\r\n<td style=\"width: 50%;\">Daily, Lounge, Fall, Shopping</td>\r\n</tr>\r\n</tbody>\r\n</table>\r\n<p>INCLUDES 3 FUN PRINTABLES! Along with our learning games for kids ages 3-5, you get access to 3 FULL-COLOR, PRINTABLE downloads to READ, STORY is a fun illustrated journey through sustainable plant harvesting, endangered plants, ecosystems and more. The 27-page WILDCRAFT! BOTANICAL COLORING BOOK helps kids learn the plants in our educational game. And our POCKET GUIDE is the perfect reference to take on family nature outings, hikes and camping trips! AT LearningHerbs, WE BELIEVE IN THE POWER OF CONNECTING KIDS TO NATURE and appreciating everything OUR GREAT EARTH HAS TO OFFER. As parents, we designed Wildcraft! fun family games for kids.</p>\r\n<p>Wildcraft An Herbal Adventure Game is a fun, that’s also easy to follow – NO READING required. Because our learning board games feature clear illustrations and matching icons, even younger kids will learn what the different plants look like and can be used for.</p>'),(74,85,0,25,'Steve Madden Womens Dolly Sandal'),(75,76,0,25,'<p>The perfect recipe for a family game night! Appeals to a wide range of people. Created By National Parks. Parents who had traveled to every single National Park worked together with their board game designer son and created a game to inspire others and help families share their love of the National Parks.</p>'),(76,75,0,26,'<p>Will you get the answers in time, or is that just WISHFUL THINKING? Let\'s see how quickly you make the connections in this fun and challenging board game. You only have 60 seconds to figure out three Mystery words on the card. The only thing they have in common is that they all begin with the same letter. You (and your teammates) are allowed as many guesses as you like</p>\r\n<table style=\"border-collapse: collapse; width: 100%;\" border=\"1\">\r\n<tbody>\r\n<tr>\r\n<td style=\"width: 50%;\"><strong>Product Dimensions:</strong></td>\r\n<td style=\"width: 50%;\">13 x 8 x 1 inches</td>\r\n</tr>\r\n<tr>\r\n<td style=\"width: 50%;\"><strong>Model Number:</strong></td>\r\n<td style=\"width: 50%;\">O4633</td>\r\n</tr>\r\n<tr>\r\n<td style=\"width: 50%;\"><strong>Date First Available:</strong></td>\r\n<td style=\"width: 50%;\">August 20, 2019</td>\r\n</tr>\r\n<tr>\r\n<td style=\"width: 50%;\"><strong>ASIN:</strong></td>\r\n<td style=\"width: 50%;\">B07WWZM89C</td>\r\n</tr>\r\n<tr>\r\n<td style=\"width: 50%;\"><strong>Occasion:</strong></td>\r\n<td style=\"width: 50%;\">Daily, Lounge, Fall, Shopping</td>\r\n</tr>\r\n</tbody>\r\n</table>\r\n<p>INCLUDES 3 FUN PRINTABLES! Along with our learning games for kids ages 3-5, you get access to 3 FULL-COLOR, PRINTABLE downloads to READ, STORY is a fun illustrated journey through sustainable plant harvesting, endangered plants, ecosystems and more. The 27-page WILDCRAFT! BOTANICAL COLORING BOOK helps kids learn the plants in our educational game. And our POCKET GUIDE is the perfect reference to take on family nature outings, hikes and camping trips! AT LearningHerbs, WE BELIEVE IN THE POWER OF CONNECTING KIDS TO NATURE and appreciating everything OUR GREAT EARTH HAS TO OFFER. As parents, we designed Wildcraft! fun family games for kids.</p>\r\n<p>Wildcraft An Herbal Adventure Game is a fun, that’s also easy to follow – NO READING required. Because our learning board games feature clear illustrations and matching icons, even younger kids will learn what the different plants look like and can be used for.</p>'),(77,85,0,26,'Women\'s Pivoter Blue Backpack'),(78,76,0,26,'<p>The perfect recipe for a family game night! Appeals to a wide range of people. Created By National Parks. Parents who had traveled to every single National Park worked together with their board game designer son and created a game to inspire others and help families share their love of the National Parks.</p>'),(79,75,0,27,'<p>Will you get the answers in time, or is that just WISHFUL THINKING? Let\'s see how quickly you make the connections in this fun and challenging board game. You only have 60 seconds to figure out three Mystery words on the card. The only thing they have in common is that they all begin with the same letter. You (and your teammates) are allowed as many guesses as you like</p>\r\n<table style=\"border-collapse: collapse; width: 100%;\" border=\"1\">\r\n<tbody>\r\n<tr>\r\n<td style=\"width: 50%;\"><strong>Product Dimensions:</strong></td>\r\n<td style=\"width: 50%;\">13 x 8 x 1 inches</td>\r\n</tr>\r\n<tr>\r\n<td style=\"width: 50%;\"><strong>Model Number:</strong></td>\r\n<td style=\"width: 50%;\">O4633</td>\r\n</tr>\r\n<tr>\r\n<td style=\"width: 50%;\"><strong>Date First Available:</strong></td>\r\n<td style=\"width: 50%;\">August 20, 2019</td>\r\n</tr>\r\n<tr>\r\n<td style=\"width: 50%;\"><strong>ASIN:</strong></td>\r\n<td style=\"width: 50%;\">B07WWZM89C</td>\r\n</tr>\r\n<tr>\r\n<td style=\"width: 50%;\"><strong>Occasion:</strong></td>\r\n<td style=\"width: 50%;\">Daily, Lounge, Fall, Shopping</td>\r\n</tr>\r\n</tbody>\r\n</table>\r\n<p>INCLUDES 3 FUN PRINTABLES! Along with our learning games for kids ages 3-5, you get access to 3 FULL-COLOR, PRINTABLE downloads to READ, STORY is a fun illustrated journey through sustainable plant harvesting, endangered plants, ecosystems and more. The 27-page WILDCRAFT! BOTANICAL COLORING BOOK helps kids learn the plants in our educational game. And our POCKET GUIDE is the perfect reference to take on family nature outings, hikes and camping trips! AT LearningHerbs, WE BELIEVE IN THE POWER OF CONNECTING KIDS TO NATURE and appreciating everything OUR GREAT EARTH HAS TO OFFER. As parents, we designed Wildcraft! fun family games for kids.</p>\r\n<p>Wildcraft An Herbal Adventure Game is a fun, that’s also easy to follow – NO READING required. Because our learning board games feature clear illustrations and matching icons, even younger kids will learn what the different plants look like and can be used for.</p>'),(80,85,0,27,'Zara Women Leather Bag'),(81,76,0,27,'<p>The perfect recipe for a family game night! Appeals to a wide range of people. Created By National Parks. Parents who had traveled to every single National Park worked together with their board game designer son and created a game to inspire others and help families share their love of the National Parks.</p>'),(82,75,0,28,'<p>Will you get the answers in time, or is that just WISHFUL THINKING? Let\'s see how quickly you make the connections in this fun and challenging board game. You only have 60 seconds to figure out three Mystery words on the card. The only thing they have in common is that they all begin with the same letter. You (and your teammates) are allowed as many guesses as you like</p>\r\n<table style=\"border-collapse: collapse; width: 100%;\" border=\"1\">\r\n<tbody>\r\n<tr>\r\n<td style=\"width: 50%;\"><strong>Product Dimensions:</strong></td>\r\n<td style=\"width: 50%;\">13 x 8 x 1 inches</td>\r\n</tr>\r\n<tr>\r\n<td style=\"width: 50%;\"><strong>Model Number:</strong></td>\r\n<td style=\"width: 50%;\">O4633</td>\r\n</tr>\r\n<tr>\r\n<td style=\"width: 50%;\"><strong>Date First Available:</strong></td>\r\n<td style=\"width: 50%;\">August 20, 2019</td>\r\n</tr>\r\n<tr>\r\n<td style=\"width: 50%;\"><strong>ASIN:</strong></td>\r\n<td style=\"width: 50%;\">B07WWZM89C</td>\r\n</tr>\r\n<tr>\r\n<td style=\"width: 50%;\"><strong>Occasion:</strong></td>\r\n<td style=\"width: 50%;\">Daily, Lounge, Fall, Shopping</td>\r\n</tr>\r\n</tbody>\r\n</table>\r\n<p>INCLUDES 3 FUN PRINTABLES! Along with our learning games for kids ages 3-5, you get access to 3 FULL-COLOR, PRINTABLE downloads to READ, STORY is a fun illustrated journey through sustainable plant harvesting, endangered plants, ecosystems and more. The 27-page WILDCRAFT! BOTANICAL COLORING BOOK helps kids learn the plants in our educational game. And our POCKET GUIDE is the perfect reference to take on family nature outings, hikes and camping trips! AT LearningHerbs, WE BELIEVE IN THE POWER OF CONNECTING KIDS TO NATURE and appreciating everything OUR GREAT EARTH HAS TO OFFER. As parents, we designed Wildcraft! fun family games for kids.</p>\r\n<p>Wildcraft An Herbal Adventure Game is a fun, that’s also easy to follow – NO READING required. Because our learning board games feature clear illustrations and matching icons, even younger kids will learn what the different plants look like and can be used for.</p>'),(83,85,0,28,'Bulova Twirl White Dial Ladies'),(84,76,0,28,'<p>The perfect recipe for a family game night! Appeals to a wide range of people. Created By National Parks. Parents who had traveled to every single National Park worked together with their board game designer son and created a game to inspire others and help families share their love of the National Parks.</p>'),(85,75,0,29,'<p>Will you get the answers in time, or is that just WISHFUL THINKING? Let\'s see how quickly you make the connections in this fun and challenging board game. You only have 60 seconds to figure out three Mystery words on the card. The only thing they have in common is that they all begin with the same letter. You (and your teammates) are allowed as many guesses as you like</p>\r\n<table style=\"border-collapse: collapse; width: 100%;\" border=\"1\">\r\n<tbody>\r\n<tr>\r\n<td style=\"width: 50%;\"><strong>Product Dimensions:</strong></td>\r\n<td style=\"width: 50%;\">13 x 8 x 1 inches</td>\r\n</tr>\r\n<tr>\r\n<td style=\"width: 50%;\"><strong>Model Number:</strong></td>\r\n<td style=\"width: 50%;\">O4633</td>\r\n</tr>\r\n<tr>\r\n<td style=\"width: 50%;\"><strong>Date First Available:</strong></td>\r\n<td style=\"width: 50%;\">August 20, 2019</td>\r\n</tr>\r\n<tr>\r\n<td style=\"width: 50%;\"><strong>ASIN:</strong></td>\r\n<td style=\"width: 50%;\">B07WWZM89C</td>\r\n</tr>\r\n<tr>\r\n<td style=\"width: 50%;\"><strong>Occasion:</strong></td>\r\n<td style=\"width: 50%;\">Daily, Lounge, Fall, Shopping</td>\r\n</tr>\r\n</tbody>\r\n</table>\r\n<p>INCLUDES 3 FUN PRINTABLES! Along with our learning games for kids ages 3-5, you get access to 3 FULL-COLOR, PRINTABLE downloads to READ, STORY is a fun illustrated journey through sustainable plant harvesting, endangered plants, ecosystems and more. The 27-page WILDCRAFT! BOTANICAL COLORING BOOK helps kids learn the plants in our educational game. And our POCKET GUIDE is the perfect reference to take on family nature outings, hikes and camping trips! AT LearningHerbs, WE BELIEVE IN THE POWER OF CONNECTING KIDS TO NATURE and appreciating everything OUR GREAT EARTH HAS TO OFFER. As parents, we designed Wildcraft! fun family games for kids.</p>\r\n<p>Wildcraft An Herbal Adventure Game is a fun, that’s also easy to follow – NO READING required. Because our learning board games feature clear illustrations and matching icons, even younger kids will learn what the different plants look like and can be used for.</p>'),(86,85,0,29,'Cahill Automatic Silver Black'),(87,76,0,29,'<p>The perfect recipe for a family game night! Appeals to a wide range of people. Created By National Parks. Parents who had traveled to every single National Park worked together with their board game designer son and created a game to inspire others and help families share their love of the National Parks.</p>'),(88,75,0,30,'<p>Will you get the answers in time, or is that just WISHFUL THINKING? Let\'s see how quickly you make the connections in this fun and challenging board game. You only have 60 seconds to figure out three Mystery words on the card. The only thing they have in common is that they all begin with the same letter. You (and your teammates) are allowed as many guesses as you like</p>\r\n<table style=\"border-collapse: collapse; width: 100%;\" border=\"1\">\r\n<tbody>\r\n<tr>\r\n<td style=\"width: 50%;\"><strong>Product Dimensions:</strong></td>\r\n<td style=\"width: 50%;\">13 x 8 x 1 inches</td>\r\n</tr>\r\n<tr>\r\n<td style=\"width: 50%;\"><strong>Model Number:</strong></td>\r\n<td style=\"width: 50%;\">O4633</td>\r\n</tr>\r\n<tr>\r\n<td style=\"width: 50%;\"><strong>Date First Available:</strong></td>\r\n<td style=\"width: 50%;\">August 20, 2019</td>\r\n</tr>\r\n<tr>\r\n<td style=\"width: 50%;\"><strong>ASIN:</strong></td>\r\n<td style=\"width: 50%;\">B07WWZM89C</td>\r\n</tr>\r\n<tr>\r\n<td style=\"width: 50%;\"><strong>Occasion:</strong></td>\r\n<td style=\"width: 50%;\">Daily, Lounge, Fall, Shopping</td>\r\n</tr>\r\n</tbody>\r\n</table>\r\n<p>INCLUDES 3 FUN PRINTABLES! Along with our learning games for kids ages 3-5, you get access to 3 FULL-COLOR, PRINTABLE downloads to READ, STORY is a fun illustrated journey through sustainable plant harvesting, endangered plants, ecosystems and more. The 27-page WILDCRAFT! BOTANICAL COLORING BOOK helps kids learn the plants in our educational game. And our POCKET GUIDE is the perfect reference to take on family nature outings, hikes and camping trips! AT LearningHerbs, WE BELIEVE IN THE POWER OF CONNECTING KIDS TO NATURE and appreciating everything OUR GREAT EARTH HAS TO OFFER. As parents, we designed Wildcraft! fun family games for kids.</p>\r\n<p>Wildcraft An Herbal Adventure Game is a fun, that’s also easy to follow – NO READING required. Because our learning board games feature clear illustrations and matching icons, even younger kids will learn what the different plants look like and can be used for.</p>'),(89,85,0,30,'Colored Diamonds Fancy Loose'),(90,76,0,30,'<p>The perfect recipe for a family game night! Appeals to a wide range of people. Created By National Parks. Parents who had traveled to every single National Park worked together with their board game designer son and created a game to inspire others and help families share their love of the National Parks.</p>'),(91,75,0,31,'<p>Will you get the answers in time, or is that just WISHFUL THINKING? Let\'s see how quickly you make the connections in this fun and challenging board game. You only have 60 seconds to figure out three Mystery words on the card. The only thing they have in common is that they all begin with the same letter. You (and your teammates) are allowed as many guesses as you like</p>\r\n<table style=\"border-collapse: collapse; width: 100%;\" border=\"1\">\r\n<tbody>\r\n<tr>\r\n<td style=\"width: 50%;\"><strong>Product Dimensions:</strong></td>\r\n<td style=\"width: 50%;\">13 x 8 x 1 inches</td>\r\n</tr>\r\n<tr>\r\n<td style=\"width: 50%;\"><strong>Model Number:</strong></td>\r\n<td style=\"width: 50%;\">O4633</td>\r\n</tr>\r\n<tr>\r\n<td style=\"width: 50%;\"><strong>Date First Available:</strong></td>\r\n<td style=\"width: 50%;\">August 20, 2019</td>\r\n</tr>\r\n<tr>\r\n<td style=\"width: 50%;\"><strong>ASIN:</strong></td>\r\n<td style=\"width: 50%;\">B07WWZM89C</td>\r\n</tr>\r\n<tr>\r\n<td style=\"width: 50%;\"><strong>Occasion:</strong></td>\r\n<td style=\"width: 50%;\">Daily, Lounge, Fall, Shopping</td>\r\n</tr>\r\n</tbody>\r\n</table>\r\n<p>INCLUDES 3 FUN PRINTABLES! Along with our learning games for kids ages 3-5, you get access to 3 FULL-COLOR, PRINTABLE downloads to READ, STORY is a fun illustrated journey through sustainable plant harvesting, endangered plants, ecosystems and more. The 27-page WILDCRAFT! BOTANICAL COLORING BOOK helps kids learn the plants in our educational game. And our POCKET GUIDE is the perfect reference to take on family nature outings, hikes and camping trips! AT LearningHerbs, WE BELIEVE IN THE POWER OF CONNECTING KIDS TO NATURE and appreciating everything OUR GREAT EARTH HAS TO OFFER. As parents, we designed Wildcraft! fun family games for kids.</p>\r\n<p>Wildcraft An Herbal Adventure Game is a fun, that’s also easy to follow – NO READING required. Because our learning board games feature clear illustrations and matching icons, even younger kids will learn what the different plants look like and can be used for.</p>'),(92,85,0,31,'Emporio Armani Men\'s Watch'),(93,76,0,31,'<p>The perfect recipe for a family game night! Appeals to a wide range of people. Created By National Parks. Parents who had traveled to every single National Park worked together with their board game designer son and created a game to inspire others and help families share their love of the National Parks.</p>'),(94,75,0,32,'<p>Will you get the answers in time, or is that just WISHFUL THINKING? Let\'s see how quickly you make the connections in this fun and challenging board game. You only have 60 seconds to figure out three Mystery words on the card. The only thing they have in common is that they all begin with the same letter. You (and your teammates) are allowed as many guesses as you like</p>\r\n<table style=\"border-collapse: collapse; width: 100%;\" border=\"1\">\r\n<tbody>\r\n<tr>\r\n<td style=\"width: 50%;\"><strong>Product Dimensions:</strong></td>\r\n<td style=\"width: 50%;\">13 x 8 x 1 inches</td>\r\n</tr>\r\n<tr>\r\n<td style=\"width: 50%;\"><strong>Model Number:</strong></td>\r\n<td style=\"width: 50%;\">O4633</td>\r\n</tr>\r\n<tr>\r\n<td style=\"width: 50%;\"><strong>Date First Available:</strong></td>\r\n<td style=\"width: 50%;\">August 20, 2019</td>\r\n</tr>\r\n<tr>\r\n<td style=\"width: 50%;\"><strong>ASIN:</strong></td>\r\n<td style=\"width: 50%;\">B07WWZM89C</td>\r\n</tr>\r\n<tr>\r\n<td style=\"width: 50%;\"><strong>Occasion:</strong></td>\r\n<td style=\"width: 50%;\">Daily, Lounge, Fall, Shopping</td>\r\n</tr>\r\n</tbody>\r\n</table>\r\n<p>INCLUDES 3 FUN PRINTABLES! Along with our learning games for kids ages 3-5, you get access to 3 FULL-COLOR, PRINTABLE downloads to READ, STORY is a fun illustrated journey through sustainable plant harvesting, endangered plants, ecosystems and more. The 27-page WILDCRAFT! BOTANICAL COLORING BOOK helps kids learn the plants in our educational game. And our POCKET GUIDE is the perfect reference to take on family nature outings, hikes and camping trips! AT LearningHerbs, WE BELIEVE IN THE POWER OF CONNECTING KIDS TO NATURE and appreciating everything OUR GREAT EARTH HAS TO OFFER. As parents, we designed Wildcraft! fun family games for kids.</p>\r\n<p>Wildcraft An Herbal Adventure Game is a fun, that’s also easy to follow – NO READING required. Because our learning board games feature clear illustrations and matching icons, even younger kids will learn what the different plants look like and can be used for.</p>'),(95,85,0,32,'Fancy Loose Diamonds & Jewelry'),(96,76,0,32,'<p>The perfect recipe for a family game night! Appeals to a wide range of people. Created By National Parks. Parents who had traveled to every single National Park worked together with their board game designer son and created a game to inspire others and help families share their love of the National Parks.</p>'),(97,75,0,33,'<p>Will you get the answers in time, or is that just WISHFUL THINKING? Let\'s see how quickly you make the connections in this fun and challenging board game. You only have 60 seconds to figure out three Mystery words on the card. The only thing they have in common is that they all begin with the same letter. You (and your teammates) are allowed as many guesses as you like</p>\r\n<table style=\"border-collapse: collapse; width: 100%;\" border=\"1\">\r\n<tbody>\r\n<tr>\r\n<td style=\"width: 50%;\"><strong>Product Dimensions:</strong></td>\r\n<td style=\"width: 50%;\">13 x 8 x 1 inches</td>\r\n</tr>\r\n<tr>\r\n<td style=\"width: 50%;\"><strong>Model Number:</strong></td>\r\n<td style=\"width: 50%;\">O4633</td>\r\n</tr>\r\n<tr>\r\n<td style=\"width: 50%;\"><strong>Date First Available:</strong></td>\r\n<td style=\"width: 50%;\">August 20, 2019</td>\r\n</tr>\r\n<tr>\r\n<td style=\"width: 50%;\"><strong>ASIN:</strong></td>\r\n<td style=\"width: 50%;\">B07WWZM89C</td>\r\n</tr>\r\n<tr>\r\n<td style=\"width: 50%;\"><strong>Occasion:</strong></td>\r\n<td style=\"width: 50%;\">Daily, Lounge, Fall, Shopping</td>\r\n</tr>\r\n</tbody>\r\n</table>\r\n<p>INCLUDES 3 FUN PRINTABLES! Along with our learning games for kids ages 3-5, you get access to 3 FULL-COLOR, PRINTABLE downloads to READ, STORY is a fun illustrated journey through sustainable plant harvesting, endangered plants, ecosystems and more. The 27-page WILDCRAFT! BOTANICAL COLORING BOOK helps kids learn the plants in our educational game. And our POCKET GUIDE is the perfect reference to take on family nature outings, hikes and camping trips! AT LearningHerbs, WE BELIEVE IN THE POWER OF CONNECTING KIDS TO NATURE and appreciating everything OUR GREAT EARTH HAS TO OFFER. As parents, we designed Wildcraft! fun family games for kids.</p>\r\n<p>Wildcraft An Herbal Adventure Game is a fun, that’s also easy to follow – NO READING required. Because our learning board games feature clear illustrations and matching icons, even younger kids will learn what the different plants look like and can be used for.</p>'),(98,85,0,33,'MR2658 Engagement Ring'),(99,76,0,33,'<p>The perfect recipe for a family game night! Appeals to a wide range of people. Created By National Parks. Parents who had traveled to every single National Park worked together with their board game designer son and created a game to inspire others and help families share their love of the National Parks.</p>'),(100,75,0,34,'<p>Will you get the answers in time, or is that just WISHFUL THINKING? Let\'s see how quickly you make the connections in this fun and challenging board game. You only have 60 seconds to figure out three Mystery words on the card. The only thing they have in common is that they all begin with the same letter. You (and your teammates) are allowed as many guesses as you like</p>\r\n<table style=\"border-collapse: collapse; width: 100%;\" border=\"1\">\r\n<tbody>\r\n<tr>\r\n<td style=\"width: 50%;\"><strong>Product Dimensions:</strong></td>\r\n<td style=\"width: 50%;\">13 x 8 x 1 inches</td>\r\n</tr>\r\n<tr>\r\n<td style=\"width: 50%;\"><strong>Model Number:</strong></td>\r\n<td style=\"width: 50%;\">O4633</td>\r\n</tr>\r\n<tr>\r\n<td style=\"width: 50%;\"><strong>Date First Available:</strong></td>\r\n<td style=\"width: 50%;\">August 20, 2019</td>\r\n</tr>\r\n<tr>\r\n<td style=\"width: 50%;\"><strong>ASIN:</strong></td>\r\n<td style=\"width: 50%;\">B07WWZM89C</td>\r\n</tr>\r\n<tr>\r\n<td style=\"width: 50%;\"><strong>Occasion:</strong></td>\r\n<td style=\"width: 50%;\">Daily, Lounge, Fall, Shopping</td>\r\n</tr>\r\n</tbody>\r\n</table>\r\n<p>INCLUDES 3 FUN PRINTABLES! Along with our learning games for kids ages 3-5, you get access to 3 FULL-COLOR, PRINTABLE downloads to READ, STORY is a fun illustrated journey through sustainable plant harvesting, endangered plants, ecosystems and more. The 27-page WILDCRAFT! BOTANICAL COLORING BOOK helps kids learn the plants in our educational game. And our POCKET GUIDE is the perfect reference to take on family nature outings, hikes and camping trips! AT LearningHerbs, WE BELIEVE IN THE POWER OF CONNECTING KIDS TO NATURE and appreciating everything OUR GREAT EARTH HAS TO OFFER. As parents, we designed Wildcraft! fun family games for kids.</p>\r\n<p>Wildcraft An Herbal Adventure Game is a fun, that’s also easy to follow – NO READING required. Because our learning board games feature clear illustrations and matching icons, even younger kids will learn what the different plants look like and can be used for.</p>'),(101,85,0,34,'Omega Automatic Blue Watches'),(102,76,0,34,'<p>The perfect recipe for a family game night! Appeals to a wide range of people. Created By National Parks. Parents who had traveled to every single National Park worked together with their board game designer son and created a game to inspire others and help families share their love of the National Parks.</p>'),(103,75,0,35,'<p>Will you get the answers in time, or is that just WISHFUL THINKING? Let\'s see how quickly you make the connections in this fun and challenging board game. You only have 60 seconds to figure out three Mystery words on the card. The only thing they have in common is that they all begin with the same letter. You (and your teammates) are allowed as many guesses as you like</p>\r\n<table style=\"border-collapse: collapse; width: 100%;\" border=\"1\">\r\n<tbody>\r\n<tr>\r\n<td style=\"width: 50%;\"><strong>Product Dimensions:</strong></td>\r\n<td style=\"width: 50%;\">13 x 8 x 1 inches</td>\r\n</tr>\r\n<tr>\r\n<td style=\"width: 50%;\"><strong>Model Number:</strong></td>\r\n<td style=\"width: 50%;\">O4633</td>\r\n</tr>\r\n<tr>\r\n<td style=\"width: 50%;\"><strong>Date First Available:</strong></td>\r\n<td style=\"width: 50%;\">August 20, 2019</td>\r\n</tr>\r\n<tr>\r\n<td style=\"width: 50%;\"><strong>ASIN:</strong></td>\r\n<td style=\"width: 50%;\">B07WWZM89C</td>\r\n</tr>\r\n<tr>\r\n<td style=\"width: 50%;\"><strong>Occasion:</strong></td>\r\n<td style=\"width: 50%;\">Daily, Lounge, Fall, Shopping</td>\r\n</tr>\r\n</tbody>\r\n</table>\r\n<p>INCLUDES 3 FUN PRINTABLES! Along with our learning games for kids ages 3-5, you get access to 3 FULL-COLOR, PRINTABLE downloads to READ, STORY is a fun illustrated journey through sustainable plant harvesting, endangered plants, ecosystems and more. The 27-page WILDCRAFT! BOTANICAL COLORING BOOK helps kids learn the plants in our educational game. And our POCKET GUIDE is the perfect reference to take on family nature outings, hikes and camping trips! AT LearningHerbs, WE BELIEVE IN THE POWER OF CONNECTING KIDS TO NATURE and appreciating everything OUR GREAT EARTH HAS TO OFFER. As parents, we designed Wildcraft! fun family games for kids.</p>\r\n<p>Wildcraft An Herbal Adventure Game is a fun, that’s also easy to follow – NO READING required. Because our learning board games feature clear illustrations and matching icons, even younger kids will learn what the different plants look like and can be used for.</p>'),(104,85,0,35,'Red automatic Skeleton Waterproof'),(105,76,0,35,'<p>The perfect recipe for a family game night! Appeals to a wide range of people. Created By National Parks. Parents who had traveled to every single National Park worked together with their board game designer son and created a game to inspire others and help families share their love of the National Parks.</p>'),(106,75,0,36,'<p>Will you get the answers in time, or is that just WISHFUL THINKING? Let\'s see how quickly you make the connections in this fun and challenging board game. You only have 60 seconds to figure out three Mystery words on the card. The only thing they have in common is that they all begin with the same letter. You (and your teammates) are allowed as many guesses as you like</p>\r\n<table style=\"border-collapse: collapse; width: 100%;\" border=\"1\">\r\n<tbody>\r\n<tr>\r\n<td style=\"width: 50%;\"><strong>Product Dimensions:</strong></td>\r\n<td style=\"width: 50%;\">13 x 8 x 1 inches</td>\r\n</tr>\r\n<tr>\r\n<td style=\"width: 50%;\"><strong>Model Number:</strong></td>\r\n<td style=\"width: 50%;\">O4633</td>\r\n</tr>\r\n<tr>\r\n<td style=\"width: 50%;\"><strong>Date First Available:</strong></td>\r\n<td style=\"width: 50%;\">August 20, 2019</td>\r\n</tr>\r\n<tr>\r\n<td style=\"width: 50%;\"><strong>ASIN:</strong></td>\r\n<td style=\"width: 50%;\">B07WWZM89C</td>\r\n</tr>\r\n<tr>\r\n<td style=\"width: 50%;\"><strong>Occasion:</strong></td>\r\n<td style=\"width: 50%;\">Daily, Lounge, Fall, Shopping</td>\r\n</tr>\r\n</tbody>\r\n</table>\r\n<p>INCLUDES 3 FUN PRINTABLES! Along with our learning games for kids ages 3-5, you get access to 3 FULL-COLOR, PRINTABLE downloads to READ, STORY is a fun illustrated journey through sustainable plant harvesting, endangered plants, ecosystems and more. The 27-page WILDCRAFT! BOTANICAL COLORING BOOK helps kids learn the plants in our educational game. And our POCKET GUIDE is the perfect reference to take on family nature outings, hikes and camping trips! AT LearningHerbs, WE BELIEVE IN THE POWER OF CONNECTING KIDS TO NATURE and appreciating everything OUR GREAT EARTH HAS TO OFFER. As parents, we designed Wildcraft! fun family games for kids.</p>\r\n<p>Wildcraft An Herbal Adventure Game is a fun, that’s also easy to follow – NO READING required. Because our learning board games feature clear illustrations and matching icons, even younger kids will learn what the different plants look like and can be used for.</p>'),(107,85,0,36,'Samsung Galaxy J7 Prime 64Gb'),(108,76,0,36,'<p>The perfect recipe for a family game night! Appeals to a wide range of people. Created By National Parks. Parents who had traveled to every single National Park worked together with their board game designer son and created a game to inspire others and help families share their love of the National Parks.</p>'),(109,75,0,37,'<p>Will you get the answers in time, or is that just WISHFUL THINKING? Let\'s see how quickly you make the connections in this fun and challenging board game. You only have 60 seconds to figure out three Mystery words on the card. The only thing they have in common is that they all begin with the same letter. You (and your teammates) are allowed as many guesses as you like</p>\r\n<table style=\"border-collapse: collapse; width: 100%;\" border=\"1\">\r\n<tbody>\r\n<tr>\r\n<td style=\"width: 50%;\"><strong>Product Dimensions:</strong></td>\r\n<td style=\"width: 50%;\">13 x 8 x 1 inches</td>\r\n</tr>\r\n<tr>\r\n<td style=\"width: 50%;\"><strong>Model Number:</strong></td>\r\n<td style=\"width: 50%;\">O4633</td>\r\n</tr>\r\n<tr>\r\n<td style=\"width: 50%;\"><strong>Date First Available:</strong></td>\r\n<td style=\"width: 50%;\">August 20, 2019</td>\r\n</tr>\r\n<tr>\r\n<td style=\"width: 50%;\"><strong>ASIN:</strong></td>\r\n<td style=\"width: 50%;\">B07WWZM89C</td>\r\n</tr>\r\n<tr>\r\n<td style=\"width: 50%;\"><strong>Occasion:</strong></td>\r\n<td style=\"width: 50%;\">Daily, Lounge, Fall, Shopping</td>\r\n</tr>\r\n</tbody>\r\n</table>\r\n<p>INCLUDES 3 FUN PRINTABLES! Along with our learning games for kids ages 3-5, you get access to 3 FULL-COLOR, PRINTABLE downloads to READ, STORY is a fun illustrated journey through sustainable plant harvesting, endangered plants, ecosystems and more. The 27-page WILDCRAFT! BOTANICAL COLORING BOOK helps kids learn the plants in our educational game. And our POCKET GUIDE is the perfect reference to take on family nature outings, hikes and camping trips! AT LearningHerbs, WE BELIEVE IN THE POWER OF CONNECTING KIDS TO NATURE and appreciating everything OUR GREAT EARTH HAS TO OFFER. As parents, we designed Wildcraft! fun family games for kids.</p>\r\n<p>Wildcraft An Herbal Adventure Game is a fun, that’s also easy to follow – NO READING required. Because our learning board games feature clear illustrations and matching icons, even younger kids will learn what the different plants look like and can be used for.</p>'),(110,85,0,37,'Samsung Galaxy A7 Pro'),(111,76,0,37,'<p>The perfect recipe for a family game night! Appeals to a wide range of people. Created By National Parks. Parents who had traveled to every single National Park worked together with their board game designer son and created a game to inspire others and help families share their love of the National Parks.</p>'),(112,75,0,38,'<p>Will you get the answers in time, or is that just WISHFUL THINKING? Let\'s see how quickly you make the connections in this fun and challenging board game. You only have 60 seconds to figure out three Mystery words on the card. The only thing they have in common is that they all begin with the same letter. You (and your teammates) are allowed as many guesses as you like</p>\r\n<table style=\"border-collapse: collapse; width: 100%;\" border=\"1\">\r\n<tbody>\r\n<tr>\r\n<td style=\"width: 50%;\"><strong>Product Dimensions:</strong></td>\r\n<td style=\"width: 50%;\">13 x 8 x 1 inches</td>\r\n</tr>\r\n<tr>\r\n<td style=\"width: 50%;\"><strong>Model Number:</strong></td>\r\n<td style=\"width: 50%;\">O4633</td>\r\n</tr>\r\n<tr>\r\n<td style=\"width: 50%;\"><strong>Date First Available:</strong></td>\r\n<td style=\"width: 50%;\">August 20, 2019</td>\r\n</tr>\r\n<tr>\r\n<td style=\"width: 50%;\"><strong>ASIN:</strong></td>\r\n<td style=\"width: 50%;\">B07WWZM89C</td>\r\n</tr>\r\n<tr>\r\n<td style=\"width: 50%;\"><strong>Occasion:</strong></td>\r\n<td style=\"width: 50%;\">Daily, Lounge, Fall, Shopping</td>\r\n</tr>\r\n</tbody>\r\n</table>\r\n<p>INCLUDES 3 FUN PRINTABLES! Along with our learning games for kids ages 3-5, you get access to 3 FULL-COLOR, PRINTABLE downloads to READ, STORY is a fun illustrated journey through sustainable plant harvesting, endangered plants, ecosystems and more. The 27-page WILDCRAFT! BOTANICAL COLORING BOOK helps kids learn the plants in our educational game. And our POCKET GUIDE is the perfect reference to take on family nature outings, hikes and camping trips! AT LearningHerbs, WE BELIEVE IN THE POWER OF CONNECTING KIDS TO NATURE and appreciating everything OUR GREAT EARTH HAS TO OFFER. As parents, we designed Wildcraft! fun family games for kids.</p>\r\n<p>Wildcraft An Herbal Adventure Game is a fun, that’s also easy to follow – NO READING required. Because our learning board games feature clear illustrations and matching icons, even younger kids will learn what the different plants look like and can be used for.</p>'),(113,85,0,38,'iPhone 7 Plus 64GB Silver'),(114,76,0,38,'<p>The perfect recipe for a family game night! Appeals to a wide range of people. Created By National Parks. Parents who had traveled to every single National Park worked together with their board game designer son and created a game to inspire others and help families share their love of the National Parks.</p>'),(115,75,0,39,'<p>Will you get the answers in time, or is that just WISHFUL THINKING? Let\'s see how quickly you make the connections in this fun and challenging board game. You only have 60 seconds to figure out three Mystery words on the card. The only thing they have in common is that they all begin with the same letter. You (and your teammates) are allowed as many guesses as you like</p>\r\n<table style=\"border-collapse: collapse; width: 100%;\" border=\"1\">\r\n<tbody>\r\n<tr>\r\n<td style=\"width: 50%;\"><strong>Product Dimensions:</strong></td>\r\n<td style=\"width: 50%;\">13 x 8 x 1 inches</td>\r\n</tr>\r\n<tr>\r\n<td style=\"width: 50%;\"><strong>Model Number:</strong></td>\r\n<td style=\"width: 50%;\">O4633</td>\r\n</tr>\r\n<tr>\r\n<td style=\"width: 50%;\"><strong>Date First Available:</strong></td>\r\n<td style=\"width: 50%;\">August 20, 2019</td>\r\n</tr>\r\n<tr>\r\n<td style=\"width: 50%;\"><strong>ASIN:</strong></td>\r\n<td style=\"width: 50%;\">B07WWZM89C</td>\r\n</tr>\r\n<tr>\r\n<td style=\"width: 50%;\"><strong>Occasion:</strong></td>\r\n<td style=\"width: 50%;\">Daily, Lounge, Fall, Shopping</td>\r\n</tr>\r\n</tbody>\r\n</table>\r\n<p>INCLUDES 3 FUN PRINTABLES! Along with our learning games for kids ages 3-5, you get access to 3 FULL-COLOR, PRINTABLE downloads to READ, STORY is a fun illustrated journey through sustainable plant harvesting, endangered plants, ecosystems and more. The 27-page WILDCRAFT! BOTANICAL COLORING BOOK helps kids learn the plants in our educational game. And our POCKET GUIDE is the perfect reference to take on family nature outings, hikes and camping trips! AT LearningHerbs, WE BELIEVE IN THE POWER OF CONNECTING KIDS TO NATURE and appreciating everything OUR GREAT EARTH HAS TO OFFER. As parents, we designed Wildcraft! fun family games for kids.</p>\r\n<p>Wildcraft An Herbal Adventure Game is a fun, that’s also easy to follow – NO READING required. Because our learning board games feature clear illustrations and matching icons, even younger kids will learn what the different plants look like and can be used for.</p>'),(116,85,0,39,'Google Pixel Android 8.1 OPM'),(117,76,0,39,'<p>The perfect recipe for a family game night! Appeals to a wide range of people. Created By National Parks. Parents who had traveled to every single National Park worked together with their board game designer son and created a game to inspire others and help families share their love of the National Parks.</p>'),(118,75,0,40,'<p>Will you get the answers in time, or is that just WISHFUL THINKING? Let\'s see how quickly you make the connections in this fun and challenging board game. You only have 60 seconds to figure out three Mystery words on the card. The only thing they have in common is that they all begin with the same letter. You (and your teammates) are allowed as many guesses as you like</p>\r\n<table style=\"border-collapse: collapse; width: 100%;\" border=\"1\">\r\n<tbody>\r\n<tr>\r\n<td style=\"width: 50%;\"><strong>Product Dimensions:</strong></td>\r\n<td style=\"width: 50%;\">13 x 8 x 1 inches</td>\r\n</tr>\r\n<tr>\r\n<td style=\"width: 50%;\"><strong>Model Number:</strong></td>\r\n<td style=\"width: 50%;\">O4633</td>\r\n</tr>\r\n<tr>\r\n<td style=\"width: 50%;\"><strong>Date First Available:</strong></td>\r\n<td style=\"width: 50%;\">August 20, 2019</td>\r\n</tr>\r\n<tr>\r\n<td style=\"width: 50%;\"><strong>ASIN:</strong></td>\r\n<td style=\"width: 50%;\">B07WWZM89C</td>\r\n</tr>\r\n<tr>\r\n<td style=\"width: 50%;\"><strong>Occasion:</strong></td>\r\n<td style=\"width: 50%;\">Daily, Lounge, Fall, Shopping</td>\r\n</tr>\r\n</tbody>\r\n</table>\r\n<p>INCLUDES 3 FUN PRINTABLES! Along with our learning games for kids ages 3-5, you get access to 3 FULL-COLOR, PRINTABLE downloads to READ, STORY is a fun illustrated journey through sustainable plant harvesting, endangered plants, ecosystems and more. The 27-page WILDCRAFT! BOTANICAL COLORING BOOK helps kids learn the plants in our educational game. And our POCKET GUIDE is the perfect reference to take on family nature outings, hikes and camping trips! AT LearningHerbs, WE BELIEVE IN THE POWER OF CONNECTING KIDS TO NATURE and appreciating everything OUR GREAT EARTH HAS TO OFFER. As parents, we designed Wildcraft! fun family games for kids.</p>\r\n<p>Wildcraft An Herbal Adventure Game is a fun, that’s also easy to follow – NO READING required. Because our learning board games feature clear illustrations and matching icons, even younger kids will learn what the different plants look like and can be used for.</p>'),(119,85,0,40,'iPad Pro 10.5 inch Retina'),(120,76,0,40,'<p>The perfect recipe for a family game night! Appeals to a wide range of people. Created By National Parks. Parents who had traveled to every single National Park worked together with their board game designer son and created a game to inspire others and help families share their love of the National Parks.</p>'),(121,75,0,41,'<p>Will you get the answers in time, or is that just WISHFUL THINKING? Let\'s see how quickly you make the connections in this fun and challenging board game. You only have 60 seconds to figure out three Mystery words on the card. The only thing they have in common is that they all begin with the same letter. You (and your teammates) are allowed as many guesses as you like</p>\r\n<table style=\"border-collapse: collapse; width: 100%;\" border=\"1\">\r\n<tbody>\r\n<tr>\r\n<td style=\"width: 50%;\"><strong>Product Dimensions:</strong></td>\r\n<td style=\"width: 50%;\">13 x 8 x 1 inches</td>\r\n</tr>\r\n<tr>\r\n<td style=\"width: 50%;\"><strong>Model Number:</strong></td>\r\n<td style=\"width: 50%;\">O4633</td>\r\n</tr>\r\n<tr>\r\n<td style=\"width: 50%;\"><strong>Date First Available:</strong></td>\r\n<td style=\"width: 50%;\">August 20, 2019</td>\r\n</tr>\r\n<tr>\r\n<td style=\"width: 50%;\"><strong>ASIN:</strong></td>\r\n<td style=\"width: 50%;\">B07WWZM89C</td>\r\n</tr>\r\n<tr>\r\n<td style=\"width: 50%;\"><strong>Occasion:</strong></td>\r\n<td style=\"width: 50%;\">Daily, Lounge, Fall, Shopping</td>\r\n</tr>\r\n</tbody>\r\n</table>\r\n<p>INCLUDES 3 FUN PRINTABLES! Along with our learning games for kids ages 3-5, you get access to 3 FULL-COLOR, PRINTABLE downloads to READ, STORY is a fun illustrated journey through sustainable plant harvesting, endangered plants, ecosystems and more. The 27-page WILDCRAFT! BOTANICAL COLORING BOOK helps kids learn the plants in our educational game. And our POCKET GUIDE is the perfect reference to take on family nature outings, hikes and camping trips! AT LearningHerbs, WE BELIEVE IN THE POWER OF CONNECTING KIDS TO NATURE and appreciating everything OUR GREAT EARTH HAS TO OFFER. As parents, we designed Wildcraft! fun family games for kids.</p>\r\n<p>Wildcraft An Herbal Adventure Game is a fun, that’s also easy to follow – NO READING required. Because our learning board games feature clear illustrations and matching icons, even younger kids will learn what the different plants look like and can be used for.</p>'),(122,85,0,41,'Regulation Cloth Cornhole Bags'),(123,76,0,41,'<p>The perfect recipe for a family game night! Appeals to a wide range of people. Created By National Parks. Parents who had traveled to every single National Park worked together with their board game designer son and created a game to inspire others and help families share their love of the National Parks.</p>'),(124,75,0,42,'<p>Will you get the answers in time, or is that just WISHFUL THINKING? Let\'s see how quickly you make the connections in this fun and challenging board game. You only have 60 seconds to figure out three Mystery words on the card. The only thing they have in common is that they all begin with the same letter. You (and your teammates) are allowed as many guesses as you like</p>\r\n<table style=\"border-collapse: collapse; width: 100%;\" border=\"1\">\r\n<tbody>\r\n<tr>\r\n<td style=\"width: 50%;\"><strong>Product Dimensions:</strong></td>\r\n<td style=\"width: 50%;\">13 x 8 x 1 inches</td>\r\n</tr>\r\n<tr>\r\n<td style=\"width: 50%;\"><strong>Model Number:</strong></td>\r\n<td style=\"width: 50%;\">O4633</td>\r\n</tr>\r\n<tr>\r\n<td style=\"width: 50%;\"><strong>Date First Available:</strong></td>\r\n<td style=\"width: 50%;\">August 20, 2019</td>\r\n</tr>\r\n<tr>\r\n<td style=\"width: 50%;\"><strong>ASIN:</strong></td>\r\n<td style=\"width: 50%;\">B07WWZM89C</td>\r\n</tr>\r\n<tr>\r\n<td style=\"width: 50%;\"><strong>Occasion:</strong></td>\r\n<td style=\"width: 50%;\">Daily, Lounge, Fall, Shopping</td>\r\n</tr>\r\n</tbody>\r\n</table>\r\n<p>INCLUDES 3 FUN PRINTABLES! Along with our learning games for kids ages 3-5, you get access to 3 FULL-COLOR, PRINTABLE downloads to READ, STORY is a fun illustrated journey through sustainable plant harvesting, endangered plants, ecosystems and more. The 27-page WILDCRAFT! BOTANICAL COLORING BOOK helps kids learn the plants in our educational game. And our POCKET GUIDE is the perfect reference to take on family nature outings, hikes and camping trips! AT LearningHerbs, WE BELIEVE IN THE POWER OF CONNECTING KIDS TO NATURE and appreciating everything OUR GREAT EARTH HAS TO OFFER. As parents, we designed Wildcraft! fun family games for kids.</p>\r\n<p>Wildcraft An Herbal Adventure Game is a fun, that’s also easy to follow – NO READING required. Because our learning board games feature clear illustrations and matching icons, even younger kids will learn what the different plants look like and can be used for.</p>'),(125,85,0,42,'Top Handle Handbags Shoulder'),(126,76,0,42,'<p>The perfect recipe for a family game night! Appeals to a wide range of people. Created By National Parks. Parents who had traveled to every single National Park worked together with their board game designer son and created a game to inspire others and help families share their love of the National Parks.</p>'),(127,75,0,43,'<p>Will you get the answers in time, or is that just WISHFUL THINKING? Let\'s see how quickly you make the connections in this fun and challenging board game. You only have 60 seconds to figure out three Mystery words on the card. The only thing they have in common is that they all begin with the same letter. You (and your teammates) are allowed as many guesses as you like</p>\r\n<table style=\"border-collapse: collapse; width: 100%;\" border=\"1\">\r\n<tbody>\r\n<tr>\r\n<td style=\"width: 50%;\"><strong>Product Dimensions:</strong></td>\r\n<td style=\"width: 50%;\">13 x 8 x 1 inches</td>\r\n</tr>\r\n<tr>\r\n<td style=\"width: 50%;\"><strong>Model Number:</strong></td>\r\n<td style=\"width: 50%;\">O4633</td>\r\n</tr>\r\n<tr>\r\n<td style=\"width: 50%;\"><strong>Date First Available:</strong></td>\r\n<td style=\"width: 50%;\">August 20, 2019</td>\r\n</tr>\r\n<tr>\r\n<td style=\"width: 50%;\"><strong>ASIN:</strong></td>\r\n<td style=\"width: 50%;\">B07WWZM89C</td>\r\n</tr>\r\n<tr>\r\n<td style=\"width: 50%;\"><strong>Occasion:</strong></td>\r\n<td style=\"width: 50%;\">Daily, Lounge, Fall, Shopping</td>\r\n</tr>\r\n</tbody>\r\n</table>\r\n<p>INCLUDES 3 FUN PRINTABLES! Along with our learning games for kids ages 3-5, you get access to 3 FULL-COLOR, PRINTABLE downloads to READ, STORY is a fun illustrated journey through sustainable plant harvesting, endangered plants, ecosystems and more. The 27-page WILDCRAFT! BOTANICAL COLORING BOOK helps kids learn the plants in our educational game. And our POCKET GUIDE is the perfect reference to take on family nature outings, hikes and camping trips! AT LearningHerbs, WE BELIEVE IN THE POWER OF CONNECTING KIDS TO NATURE and appreciating everything OUR GREAT EARTH HAS TO OFFER. As parents, we designed Wildcraft! fun family games for kids.</p>\r\n<p>Wildcraft An Herbal Adventure Game is a fun, that’s also easy to follow – NO READING required. Because our learning board games feature clear illustrations and matching icons, even younger kids will learn what the different plants look like and can be used for.</p>'),(128,85,0,43,'Stainless Steel Diving Watch'),(129,76,0,43,'<p>The perfect recipe for a family game night! Appeals to a wide range of people. Created By National Parks. Parents who had traveled to every single National Park worked together with their board game designer son and created a game to inspire others and help families share their love of the National Parks.</p>'),(130,75,0,44,'<p>Will you get the answers in time, or is that just WISHFUL THINKING? Let\'s see how quickly you make the connections in this fun and challenging board game. You only have 60 seconds to figure out three Mystery words on the card. The only thing they have in common is that they all begin with the same letter. You (and your teammates) are allowed as many guesses as you like</p>\r\n<table style=\"border-collapse: collapse; width: 100%;\" border=\"1\">\r\n<tbody>\r\n<tr>\r\n<td style=\"width: 50%;\"><strong>Product Dimensions:</strong></td>\r\n<td style=\"width: 50%;\">13 x 8 x 1 inches</td>\r\n</tr>\r\n<tr>\r\n<td style=\"width: 50%;\"><strong>Model Number:</strong></td>\r\n<td style=\"width: 50%;\">O4633</td>\r\n</tr>\r\n<tr>\r\n<td style=\"width: 50%;\"><strong>Date First Available:</strong></td>\r\n<td style=\"width: 50%;\">August 20, 2019</td>\r\n</tr>\r\n<tr>\r\n<td style=\"width: 50%;\"><strong>ASIN:</strong></td>\r\n<td style=\"width: 50%;\">B07WWZM89C</td>\r\n</tr>\r\n<tr>\r\n<td style=\"width: 50%;\"><strong>Occasion:</strong></td>\r\n<td style=\"width: 50%;\">Daily, Lounge, Fall, Shopping</td>\r\n</tr>\r\n</tbody>\r\n</table>\r\n<p>INCLUDES 3 FUN PRINTABLES! Along with our learning games for kids ages 3-5, you get access to 3 FULL-COLOR, PRINTABLE downloads to READ, STORY is a fun illustrated journey through sustainable plant harvesting, endangered plants, ecosystems and more. The 27-page WILDCRAFT! BOTANICAL COLORING BOOK helps kids learn the plants in our educational game. And our POCKET GUIDE is the perfect reference to take on family nature outings, hikes and camping trips! AT LearningHerbs, WE BELIEVE IN THE POWER OF CONNECTING KIDS TO NATURE and appreciating everything OUR GREAT EARTH HAS TO OFFER. As parents, we designed Wildcraft! fun family games for kids.</p>\r\n<p>Wildcraft An Herbal Adventure Game is a fun, that’s also easy to follow – NO READING required. Because our learning board games feature clear illustrations and matching icons, even younger kids will learn what the different plants look like and can be used for.</p>'),(131,85,0,44,'Girls Shoes Girls Sneakers'),(132,76,0,44,'<p>The perfect recipe for a family game night! Appeals to a wide range of people. Created By National Parks. Parents who had traveled to every single National Park worked together with their board game designer son and created a game to inspire others and help families share their love of the National Parks.</p>'),(133,75,0,45,'<p>Will you get the answers in time, or is that just WISHFUL THINKING? Let\'s see how quickly you make the connections in this fun and challenging board game. You only have 60 seconds to figure out three Mystery words on the card. The only thing they have in common is that they all begin with the same letter. You (and your teammates) are allowed as many guesses as you like</p>\r\n<table style=\"border-collapse: collapse; width: 100%;\" border=\"1\">\r\n<tbody>\r\n<tr>\r\n<td style=\"width: 50%;\"><strong>Product Dimensions:</strong></td>\r\n<td style=\"width: 50%;\">13 x 8 x 1 inches</td>\r\n</tr>\r\n<tr>\r\n<td style=\"width: 50%;\"><strong>Model Number:</strong></td>\r\n<td style=\"width: 50%;\">O4633</td>\r\n</tr>\r\n<tr>\r\n<td style=\"width: 50%;\"><strong>Date First Available:</strong></td>\r\n<td style=\"width: 50%;\">August 20, 2019</td>\r\n</tr>\r\n<tr>\r\n<td style=\"width: 50%;\"><strong>ASIN:</strong></td>\r\n<td style=\"width: 50%;\">B07WWZM89C</td>\r\n</tr>\r\n<tr>\r\n<td style=\"width: 50%;\"><strong>Occasion:</strong></td>\r\n<td style=\"width: 50%;\">Daily, Lounge, Fall, Shopping</td>\r\n</tr>\r\n</tbody>\r\n</table>\r\n<p>INCLUDES 3 FUN PRINTABLES! Along with our learning games for kids ages 3-5, you get access to 3 FULL-COLOR, PRINTABLE downloads to READ, STORY is a fun illustrated journey through sustainable plant harvesting, endangered plants, ecosystems and more. The 27-page WILDCRAFT! BOTANICAL COLORING BOOK helps kids learn the plants in our educational game. And our POCKET GUIDE is the perfect reference to take on family nature outings, hikes and camping trips! AT LearningHerbs, WE BELIEVE IN THE POWER OF CONNECTING KIDS TO NATURE and appreciating everything OUR GREAT EARTH HAS TO OFFER. As parents, we designed Wildcraft! fun family games for kids.</p>\r\n<p>Wildcraft An Herbal Adventure Game is a fun, that’s also easy to follow – NO READING required. Because our learning board games feature clear illustrations and matching icons, even younger kids will learn what the different plants look like and can be used for.</p>'),(134,85,0,45,'Flex racer 360 580 Black 11249'),(135,76,0,45,'<p>The perfect recipe for a family game night! Appeals to a wide range of people. Created By National Parks. Parents who had traveled to every single National Park worked together with their board game designer son and created a game to inspire others and help families share their love of the National Parks.</p>'),(136,75,0,46,'<p>Will you get the answers in time, or is that just WISHFUL THINKING? Let\'s see how quickly you make the connections in this fun and challenging board game. You only have 60 seconds to figure out three Mystery words on the card. The only thing they have in common is that they all begin with the same letter. You (and your teammates) are allowed as many guesses as you like</p>\r\n<table style=\"border-collapse: collapse; width: 100%;\" border=\"1\">\r\n<tbody>\r\n<tr>\r\n<td style=\"width: 50%;\"><strong>Product Dimensions:</strong></td>\r\n<td style=\"width: 50%;\">13 x 8 x 1 inches</td>\r\n</tr>\r\n<tr>\r\n<td style=\"width: 50%;\"><strong>Model Number:</strong></td>\r\n<td style=\"width: 50%;\">O4633</td>\r\n</tr>\r\n<tr>\r\n<td style=\"width: 50%;\"><strong>Date First Available:</strong></td>\r\n<td style=\"width: 50%;\">August 20, 2019</td>\r\n</tr>\r\n<tr>\r\n<td style=\"width: 50%;\"><strong>ASIN:</strong></td>\r\n<td style=\"width: 50%;\">B07WWZM89C</td>\r\n</tr>\r\n<tr>\r\n<td style=\"width: 50%;\"><strong>Occasion:</strong></td>\r\n<td style=\"width: 50%;\">Daily, Lounge, Fall, Shopping</td>\r\n</tr>\r\n</tbody>\r\n</table>\r\n<p>INCLUDES 3 FUN PRINTABLES! Along with our learning games for kids ages 3-5, you get access to 3 FULL-COLOR, PRINTABLE downloads to READ, STORY is a fun illustrated journey through sustainable plant harvesting, endangered plants, ecosystems and more. The 27-page WILDCRAFT! BOTANICAL COLORING BOOK helps kids learn the plants in our educational game. And our POCKET GUIDE is the perfect reference to take on family nature outings, hikes and camping trips! AT LearningHerbs, WE BELIEVE IN THE POWER OF CONNECTING KIDS TO NATURE and appreciating everything OUR GREAT EARTH HAS TO OFFER. As parents, we designed Wildcraft! fun family games for kids.</p>\r\n<p>Wildcraft An Herbal Adventure Game is a fun, that’s also easy to follow – NO READING required. Because our learning board games feature clear illustrations and matching icons, even younger kids will learn what the different plants look like and can be used for.</p>'),(137,85,0,46,'Refresh Womens Wynne06 Ribbed'),(138,76,0,46,'<p>The perfect recipe for a family game night! Appeals to a wide range of people. Created By National Parks. Parents who had traveled to every single National Park worked together with their board game designer son and created a game to inspire others and help families share their love of the National Parks.</p>'),(139,75,0,47,'<p>Will you get the answers in time, or is that just WISHFUL THINKING? Let\'s see how quickly you make the connections in this fun and challenging board game. You only have 60 seconds to figure out three Mystery words on the card. The only thing they have in common is that they all begin with the same letter. You (and your teammates) are allowed as many guesses as you like</p>\r\n<table style=\"border-collapse: collapse; width: 100%;\" border=\"1\">\r\n<tbody>\r\n<tr>\r\n<td style=\"width: 50%;\"><strong>Product Dimensions:</strong></td>\r\n<td style=\"width: 50%;\">13 x 8 x 1 inches</td>\r\n</tr>\r\n<tr>\r\n<td style=\"width: 50%;\"><strong>Model Number:</strong></td>\r\n<td style=\"width: 50%;\">O4633</td>\r\n</tr>\r\n<tr>\r\n<td style=\"width: 50%;\"><strong>Date First Available:</strong></td>\r\n<td style=\"width: 50%;\">August 20, 2019</td>\r\n</tr>\r\n<tr>\r\n<td style=\"width: 50%;\"><strong>ASIN:</strong></td>\r\n<td style=\"width: 50%;\">B07WWZM89C</td>\r\n</tr>\r\n<tr>\r\n<td style=\"width: 50%;\"><strong>Occasion:</strong></td>\r\n<td style=\"width: 50%;\">Daily, Lounge, Fall, Shopping</td>\r\n</tr>\r\n</tbody>\r\n</table>\r\n<p>INCLUDES 3 FUN PRINTABLES! Along with our learning games for kids ages 3-5, you get access to 3 FULL-COLOR, PRINTABLE downloads to READ, STORY is a fun illustrated journey through sustainable plant harvesting, endangered plants, ecosystems and more. The 27-page WILDCRAFT! BOTANICAL COLORING BOOK helps kids learn the plants in our educational game. And our POCKET GUIDE is the perfect reference to take on family nature outings, hikes and camping trips! AT LearningHerbs, WE BELIEVE IN THE POWER OF CONNECTING KIDS TO NATURE and appreciating everything OUR GREAT EARTH HAS TO OFFER. As parents, we designed Wildcraft! fun family games for kids.</p>\r\n<p>Wildcraft An Herbal Adventure Game is a fun, that’s also easy to follow – NO READING required. Because our learning board games feature clear illustrations and matching icons, even younger kids will learn what the different plants look like and can be used for.</p>'),(140,85,0,47,'Latest National Valentine Day'),(141,76,0,47,'<p>The perfect recipe for a family game night! Appeals to a wide range of people. Created By National Parks. Parents who had traveled to every single National Park worked together with their board game designer son and created a game to inspire others and help families share their love of the National Parks.</p>'),(142,75,0,48,'<p>Will you get the answers in time, or is that just WISHFUL THINKING? Let\'s see how quickly you make the connections in this fun and challenging board game. You only have 60 seconds to figure out three Mystery words on the card. The only thing they have in common is that they all begin with the same letter. You (and your teammates) are allowed as many guesses as you like</p>\r\n<table style=\"border-collapse: collapse; width: 100%;\" border=\"1\">\r\n<tbody>\r\n<tr>\r\n<td style=\"width: 50%;\"><strong>Product Dimensions:</strong></td>\r\n<td style=\"width: 50%;\">13 x 8 x 1 inches</td>\r\n</tr>\r\n<tr>\r\n<td style=\"width: 50%;\"><strong>Model Number:</strong></td>\r\n<td style=\"width: 50%;\">O4633</td>\r\n</tr>\r\n<tr>\r\n<td style=\"width: 50%;\"><strong>Date First Available:</strong></td>\r\n<td style=\"width: 50%;\">August 20, 2019</td>\r\n</tr>\r\n<tr>\r\n<td style=\"width: 50%;\"><strong>ASIN:</strong></td>\r\n<td style=\"width: 50%;\">B07WWZM89C</td>\r\n</tr>\r\n<tr>\r\n<td style=\"width: 50%;\"><strong>Occasion:</strong></td>\r\n<td style=\"width: 50%;\">Daily, Lounge, Fall, Shopping</td>\r\n</tr>\r\n</tbody>\r\n</table>\r\n<p>INCLUDES 3 FUN PRINTABLES! Along with our learning games for kids ages 3-5, you get access to 3 FULL-COLOR, PRINTABLE downloads to READ, STORY is a fun illustrated journey through sustainable plant harvesting, endangered plants, ecosystems and more. The 27-page WILDCRAFT! BOTANICAL COLORING BOOK helps kids learn the plants in our educational game. And our POCKET GUIDE is the perfect reference to take on family nature outings, hikes and camping trips! AT LearningHerbs, WE BELIEVE IN THE POWER OF CONNECTING KIDS TO NATURE and appreciating everything OUR GREAT EARTH HAS TO OFFER. As parents, we designed Wildcraft! fun family games for kids.</p>\r\n<p>Wildcraft An Herbal Adventure Game is a fun, that’s also easy to follow – NO READING required. Because our learning board games feature clear illustrations and matching icons, even younger kids will learn what the different plants look like and can be used for.</p>'),(143,85,0,48,'Valentino by Mario Valentino'),(144,76,0,48,'<p>The perfect recipe for a family game night! Appeals to a wide range of people. Created By National Parks. Parents who had traveled to every single National Park worked together with their board game designer son and created a game to inspire others and help families share their love of the National Parks.</p>'),(145,75,0,49,'<p>Will you get the answers in time, or is that just WISHFUL THINKING? Let\'s see how quickly you make the connections in this fun and challenging board game. You only have 60 seconds to figure out three Mystery words on the card. The only thing they have in common is that they all begin with the same letter. You (and your teammates) are allowed as many guesses as you like</p>\r\n<table style=\"border-collapse: collapse; width: 100%;\" border=\"1\">\r\n<tbody>\r\n<tr>\r\n<td style=\"width: 50%;\"><strong>Product Dimensions:</strong></td>\r\n<td style=\"width: 50%;\">13 x 8 x 1 inches</td>\r\n</tr>\r\n<tr>\r\n<td style=\"width: 50%;\"><strong>Model Number:</strong></td>\r\n<td style=\"width: 50%;\">O4633</td>\r\n</tr>\r\n<tr>\r\n<td style=\"width: 50%;\"><strong>Date First Available:</strong></td>\r\n<td style=\"width: 50%;\">August 20, 2019</td>\r\n</tr>\r\n<tr>\r\n<td style=\"width: 50%;\"><strong>ASIN:</strong></td>\r\n<td style=\"width: 50%;\">B07WWZM89C</td>\r\n</tr>\r\n<tr>\r\n<td style=\"width: 50%;\"><strong>Occasion:</strong></td>\r\n<td style=\"width: 50%;\">Daily, Lounge, Fall, Shopping</td>\r\n</tr>\r\n</tbody>\r\n</table>\r\n<p>INCLUDES 3 FUN PRINTABLES! Along with our learning games for kids ages 3-5, you get access to 3 FULL-COLOR, PRINTABLE downloads to READ, STORY is a fun illustrated journey through sustainable plant harvesting, endangered plants, ecosystems and more. The 27-page WILDCRAFT! BOTANICAL COLORING BOOK helps kids learn the plants in our educational game. And our POCKET GUIDE is the perfect reference to take on family nature outings, hikes and camping trips! AT LearningHerbs, WE BELIEVE IN THE POWER OF CONNECTING KIDS TO NATURE and appreciating everything OUR GREAT EARTH HAS TO OFFER. As parents, we designed Wildcraft! fun family games for kids.</p>\r\n<p>Wildcraft An Herbal Adventure Game is a fun, that’s also easy to follow – NO READING required. Because our learning board games feature clear illustrations and matching icons, even younger kids will learn what the different plants look like and can be used for.</p>'),(146,85,0,49,'Michael Kors Rogers Shoulder'),(147,76,0,49,'<p>The perfect recipe for a family game night! Appeals to a wide range of people. Created By National Parks. Parents who had traveled to every single National Park worked together with their board game designer son and created a game to inspire others and help families share their love of the National Parks.</p>'),(148,75,0,50,'<p>Will you get the answers in time, or is that just WISHFUL THINKING? Let\'s see how quickly you make the connections in this fun and challenging board game. You only have 60 seconds to figure out three Mystery words on the card. The only thing they have in common is that they all begin with the same letter. You (and your teammates) are allowed as many guesses as you like</p>\r\n<table style=\"border-collapse: collapse; width: 100%;\" border=\"1\">\r\n<tbody>\r\n<tr>\r\n<td style=\"width: 50%;\"><strong>Product Dimensions:</strong></td>\r\n<td style=\"width: 50%;\">13 x 8 x 1 inches</td>\r\n</tr>\r\n<tr>\r\n<td style=\"width: 50%;\"><strong>Model Number:</strong></td>\r\n<td style=\"width: 50%;\">O4633</td>\r\n</tr>\r\n<tr>\r\n<td style=\"width: 50%;\"><strong>Date First Available:</strong></td>\r\n<td style=\"width: 50%;\">August 20, 2019</td>\r\n</tr>\r\n<tr>\r\n<td style=\"width: 50%;\"><strong>ASIN:</strong></td>\r\n<td style=\"width: 50%;\">B07WWZM89C</td>\r\n</tr>\r\n<tr>\r\n<td style=\"width: 50%;\"><strong>Occasion:</strong></td>\r\n<td style=\"width: 50%;\">Daily, Lounge, Fall, Shopping</td>\r\n</tr>\r\n</tbody>\r\n</table>\r\n<p>INCLUDES 3 FUN PRINTABLES! Along with our learning games for kids ages 3-5, you get access to 3 FULL-COLOR, PRINTABLE downloads to READ, STORY is a fun illustrated journey through sustainable plant harvesting, endangered plants, ecosystems and more. The 27-page WILDCRAFT! BOTANICAL COLORING BOOK helps kids learn the plants in our educational game. And our POCKET GUIDE is the perfect reference to take on family nature outings, hikes and camping trips! AT LearningHerbs, WE BELIEVE IN THE POWER OF CONNECTING KIDS TO NATURE and appreciating everything OUR GREAT EARTH HAS TO OFFER. As parents, we designed Wildcraft! fun family games for kids.</p>\r\n<p>Wildcraft An Herbal Adventure Game is a fun, that’s also easy to follow – NO READING required. Because our learning board games feature clear illustrations and matching icons, even younger kids will learn what the different plants look like and can be used for.</p>'),(149,85,0,50,'Simple Product'),(150,76,0,50,'<p>The perfect recipe for a family game night! Appeals to a wide range of people. Created By National Parks. Parents who had traveled to every single National Park worked together with their board game designer son and created a game to inspire others and help families share their love of the National Parks.</p>'),(151,75,0,51,'<p>Will you get the answers in time, or is that just WISHFUL THINKING? Let\'s see how quickly you make the connections in this fun and challenging board game. You only have 60 seconds to figure out three Mystery words on the card. The only thing they have in common is that they all begin with the same letter. You (and your teammates) are allowed as many guesses as you like</p>\r\n<table style=\"border-collapse: collapse; width: 100%;\" border=\"1\">\r\n<tbody>\r\n<tr>\r\n<td style=\"width: 50%;\"><strong>Product Dimensions:</strong></td>\r\n<td style=\"width: 50%;\">13 x 8 x 1 inches</td>\r\n</tr>\r\n<tr>\r\n<td style=\"width: 50%;\"><strong>Model Number:</strong></td>\r\n<td style=\"width: 50%;\">O4633</td>\r\n</tr>\r\n<tr>\r\n<td style=\"width: 50%;\"><strong>Date First Available:</strong></td>\r\n<td style=\"width: 50%;\">August 20, 2019</td>\r\n</tr>\r\n<tr>\r\n<td style=\"width: 50%;\"><strong>ASIN:</strong></td>\r\n<td style=\"width: 50%;\">B07WWZM89C</td>\r\n</tr>\r\n<tr>\r\n<td style=\"width: 50%;\"><strong>Occasion:</strong></td>\r\n<td style=\"width: 50%;\">Daily, Lounge, Fall, Shopping</td>\r\n</tr>\r\n</tbody>\r\n</table>\r\n<p>INCLUDES 3 FUN PRINTABLES! Along with our learning games for kids ages 3-5, you get access to 3 FULL-COLOR, PRINTABLE downloads to READ, STORY is a fun illustrated journey through sustainable plant harvesting, endangered plants, ecosystems and more. The 27-page WILDCRAFT! BOTANICAL COLORING BOOK helps kids learn the plants in our educational game. And our POCKET GUIDE is the perfect reference to take on family nature outings, hikes and camping trips! AT LearningHerbs, WE BELIEVE IN THE POWER OF CONNECTING KIDS TO NATURE and appreciating everything OUR GREAT EARTH HAS TO OFFER. As parents, we designed Wildcraft! fun family games for kids.</p>\r\n<p>Wildcraft An Herbal Adventure Game is a fun, that’s also easy to follow – NO READING required. Because our learning board games feature clear illustrations and matching icons, even younger kids will learn what the different plants look like and can be used for.</p>'),(152,85,0,51,'Configurable Product'),(153,76,0,51,'<p>The perfect recipe for a family game night! Appeals to a wide range of people. Created By National Parks. Parents who had traveled to every single National Park worked together with their board game designer son and created a game to inspire others and help families share their love of the National Parks.</p>'),(154,75,0,52,'<p>Will you get the answers in time, or is that just WISHFUL THINKING? Let\'s see how quickly you make the connections in this fun and challenging board game. You only have 60 seconds to figure out three Mystery words on the card. The only thing they have in common is that they all begin with the same letter. You (and your teammates) are allowed as many guesses as you like</p>\r\n<table style=\"border-collapse: collapse; width: 100%;\" border=\"1\">\r\n<tbody>\r\n<tr>\r\n<td style=\"width: 50%;\"><strong>Product Dimensions:</strong></td>\r\n<td style=\"width: 50%;\">13 x 8 x 1 inches</td>\r\n</tr>\r\n<tr>\r\n<td style=\"width: 50%;\"><strong>Model Number:</strong></td>\r\n<td style=\"width: 50%;\">O4633</td>\r\n</tr>\r\n<tr>\r\n<td style=\"width: 50%;\"><strong>Date First Available:</strong></td>\r\n<td style=\"width: 50%;\">August 20, 2019</td>\r\n</tr>\r\n<tr>\r\n<td style=\"width: 50%;\"><strong>ASIN:</strong></td>\r\n<td style=\"width: 50%;\">B07WWZM89C</td>\r\n</tr>\r\n<tr>\r\n<td style=\"width: 50%;\"><strong>Occasion:</strong></td>\r\n<td style=\"width: 50%;\">Daily, Lounge, Fall, Shopping</td>\r\n</tr>\r\n</tbody>\r\n</table>\r\n<p>INCLUDES 3 FUN PRINTABLES! Along with our learning games for kids ages 3-5, you get access to 3 FULL-COLOR, PRINTABLE downloads to READ, STORY is a fun illustrated journey through sustainable plant harvesting, endangered plants, ecosystems and more. The 27-page WILDCRAFT! BOTANICAL COLORING BOOK helps kids learn the plants in our educational game. And our POCKET GUIDE is the perfect reference to take on family nature outings, hikes and camping trips! AT LearningHerbs, WE BELIEVE IN THE POWER OF CONNECTING KIDS TO NATURE and appreciating everything OUR GREAT EARTH HAS TO OFFER. As parents, we designed Wildcraft! fun family games for kids.</p>\r\n<p>Wildcraft An Herbal Adventure Game is a fun, that’s also easy to follow – NO READING required. Because our learning board games feature clear illustrations and matching icons, even younger kids will learn what the different plants look like and can be used for.</p>'),(155,85,0,52,'Configurable Product'),(156,76,0,52,'<p>The perfect recipe for a family game night! Appeals to a wide range of people. Created By National Parks. Parents who had traveled to every single National Park worked together with their board game designer son and created a game to inspire others and help families share their love of the National Parks.</p>'),(157,75,0,53,'<p>Will you get the answers in time, or is that just WISHFUL THINKING? Let\'s see how quickly you make the connections in this fun and challenging board game. You only have 60 seconds to figure out three Mystery words on the card. The only thing they have in common is that they all begin with the same letter. You (and your teammates) are allowed as many guesses as you like</p>\r\n<table style=\"border-collapse: collapse; width: 100%;\" border=\"1\">\r\n<tbody>\r\n<tr>\r\n<td style=\"width: 50%;\"><strong>Product Dimensions:</strong></td>\r\n<td style=\"width: 50%;\">13 x 8 x 1 inches</td>\r\n</tr>\r\n<tr>\r\n<td style=\"width: 50%;\"><strong>Model Number:</strong></td>\r\n<td style=\"width: 50%;\">O4633</td>\r\n</tr>\r\n<tr>\r\n<td style=\"width: 50%;\"><strong>Date First Available:</strong></td>\r\n<td style=\"width: 50%;\">August 20, 2019</td>\r\n</tr>\r\n<tr>\r\n<td style=\"width: 50%;\"><strong>ASIN:</strong></td>\r\n<td style=\"width: 50%;\">B07WWZM89C</td>\r\n</tr>\r\n<tr>\r\n<td style=\"width: 50%;\"><strong>Occasion:</strong></td>\r\n<td style=\"width: 50%;\">Daily, Lounge, Fall, Shopping</td>\r\n</tr>\r\n</tbody>\r\n</table>\r\n<p>INCLUDES 3 FUN PRINTABLES! Along with our learning games for kids ages 3-5, you get access to 3 FULL-COLOR, PRINTABLE downloads to READ, STORY is a fun illustrated journey through sustainable plant harvesting, endangered plants, ecosystems and more. The 27-page WILDCRAFT! BOTANICAL COLORING BOOK helps kids learn the plants in our educational game. And our POCKET GUIDE is the perfect reference to take on family nature outings, hikes and camping trips! AT LearningHerbs, WE BELIEVE IN THE POWER OF CONNECTING KIDS TO NATURE and appreciating everything OUR GREAT EARTH HAS TO OFFER. As parents, we designed Wildcraft! fun family games for kids.</p>\r\n<p>Wildcraft An Herbal Adventure Game is a fun, that’s also easy to follow – NO READING required. Because our learning board games feature clear illustrations and matching icons, even younger kids will learn what the different plants look like and can be used for.</p>'),(158,85,0,53,'Configurable Product'),(159,76,0,53,'<p>The perfect recipe for a family game night! Appeals to a wide range of people. Created By National Parks. Parents who had traveled to every single National Park worked together with their board game designer son and created a game to inspire others and help families share their love of the National Parks.</p>'),(160,75,0,54,'<p>Will you get the answers in time, or is that just WISHFUL THINKING? Let\'s see how quickly you make the connections in this fun and challenging board game. You only have 60 seconds to figure out three Mystery words on the card. The only thing they have in common is that they all begin with the same letter. You (and your teammates) are allowed as many guesses as you like</p>\r\n<table style=\"border-collapse: collapse; width: 100%;\" border=\"1\">\r\n<tbody>\r\n<tr>\r\n<td style=\"width: 50%;\"><strong>Product Dimensions:</strong></td>\r\n<td style=\"width: 50%;\">13 x 8 x 1 inches</td>\r\n</tr>\r\n<tr>\r\n<td style=\"width: 50%;\"><strong>Model Number:</strong></td>\r\n<td style=\"width: 50%;\">O4633</td>\r\n</tr>\r\n<tr>\r\n<td style=\"width: 50%;\"><strong>Date First Available:</strong></td>\r\n<td style=\"width: 50%;\">August 20, 2019</td>\r\n</tr>\r\n<tr>\r\n<td style=\"width: 50%;\"><strong>ASIN:</strong></td>\r\n<td style=\"width: 50%;\">B07WWZM89C</td>\r\n</tr>\r\n<tr>\r\n<td style=\"width: 50%;\"><strong>Occasion:</strong></td>\r\n<td style=\"width: 50%;\">Daily, Lounge, Fall, Shopping</td>\r\n</tr>\r\n</tbody>\r\n</table>\r\n<p>INCLUDES 3 FUN PRINTABLES! Along with our learning games for kids ages 3-5, you get access to 3 FULL-COLOR, PRINTABLE downloads to READ, STORY is a fun illustrated journey through sustainable plant harvesting, endangered plants, ecosystems and more. The 27-page WILDCRAFT! BOTANICAL COLORING BOOK helps kids learn the plants in our educational game. And our POCKET GUIDE is the perfect reference to take on family nature outings, hikes and camping trips! AT LearningHerbs, WE BELIEVE IN THE POWER OF CONNECTING KIDS TO NATURE and appreciating everything OUR GREAT EARTH HAS TO OFFER. As parents, we designed Wildcraft! fun family games for kids.</p>\r\n<p>Wildcraft An Herbal Adventure Game is a fun, that’s also easy to follow – NO READING required. Because our learning board games feature clear illustrations and matching icons, even younger kids will learn what the different plants look like and can be used for.</p>'),(161,85,0,54,'Configurable Product'),(162,76,0,54,'<p>The perfect recipe for a family game night! Appeals to a wide range of people. Created By National Parks. Parents who had traveled to every single National Park worked together with their board game designer son and created a game to inspire others and help families share their love of the National Parks.</p>'),(163,75,0,55,'<p>Will you get the answers in time, or is that just WISHFUL THINKING? Let\'s see how quickly you make the connections in this fun and challenging board game. You only have 60 seconds to figure out three Mystery words on the card. The only thing they have in common is that they all begin with the same letter. You (and your teammates) are allowed as many guesses as you like</p>\r\n<table style=\"border-collapse: collapse; width: 100%;\" border=\"1\">\r\n<tbody>\r\n<tr>\r\n<td style=\"width: 50%;\"><strong>Product Dimensions:</strong></td>\r\n<td style=\"width: 50%;\">13 x 8 x 1 inches</td>\r\n</tr>\r\n<tr>\r\n<td style=\"width: 50%;\"><strong>Model Number:</strong></td>\r\n<td style=\"width: 50%;\">O4633</td>\r\n</tr>\r\n<tr>\r\n<td style=\"width: 50%;\"><strong>Date First Available:</strong></td>\r\n<td style=\"width: 50%;\">August 20, 2019</td>\r\n</tr>\r\n<tr>\r\n<td style=\"width: 50%;\"><strong>ASIN:</strong></td>\r\n<td style=\"width: 50%;\">B07WWZM89C</td>\r\n</tr>\r\n<tr>\r\n<td style=\"width: 50%;\"><strong>Occasion:</strong></td>\r\n<td style=\"width: 50%;\">Daily, Lounge, Fall, Shopping</td>\r\n</tr>\r\n</tbody>\r\n</table>\r\n<p>INCLUDES 3 FUN PRINTABLES! Along with our learning games for kids ages 3-5, you get access to 3 FULL-COLOR, PRINTABLE downloads to READ, STORY is a fun illustrated journey through sustainable plant harvesting, endangered plants, ecosystems and more. The 27-page WILDCRAFT! BOTANICAL COLORING BOOK helps kids learn the plants in our educational game. And our POCKET GUIDE is the perfect reference to take on family nature outings, hikes and camping trips! AT LearningHerbs, WE BELIEVE IN THE POWER OF CONNECTING KIDS TO NATURE and appreciating everything OUR GREAT EARTH HAS TO OFFER. As parents, we designed Wildcraft! fun family games for kids.</p>\r\n<p>Wildcraft An Herbal Adventure Game is a fun, that’s also easy to follow – NO READING required. Because our learning board games feature clear illustrations and matching icons, even younger kids will learn what the different plants look like and can be used for.</p>'),(164,85,0,55,'Configurable Product'),(165,76,0,55,'<p>The perfect recipe for a family game night! Appeals to a wide range of people. Created By National Parks. Parents who had traveled to every single National Park worked together with their board game designer son and created a game to inspire others and help families share their love of the National Parks.</p>'),(166,75,0,56,'<p>Will you get the answers in time, or is that just WISHFUL THINKING? Let\'s see how quickly you make the connections in this fun and challenging board game. You only have 60 seconds to figure out three Mystery words on the card. The only thing they have in common is that they all begin with the same letter. You (and your teammates) are allowed as many guesses as you like</p>\r\n<table style=\"border-collapse: collapse; width: 100%;\" border=\"1\">\r\n<tbody>\r\n<tr>\r\n<td style=\"width: 50%;\"><strong>Product Dimensions:</strong></td>\r\n<td style=\"width: 50%;\">13 x 8 x 1 inches</td>\r\n</tr>\r\n<tr>\r\n<td style=\"width: 50%;\"><strong>Model Number:</strong></td>\r\n<td style=\"width: 50%;\">O4633</td>\r\n</tr>\r\n<tr>\r\n<td style=\"width: 50%;\"><strong>Date First Available:</strong></td>\r\n<td style=\"width: 50%;\">August 20, 2019</td>\r\n</tr>\r\n<tr>\r\n<td style=\"width: 50%;\"><strong>ASIN:</strong></td>\r\n<td style=\"width: 50%;\">B07WWZM89C</td>\r\n</tr>\r\n<tr>\r\n<td style=\"width: 50%;\"><strong>Occasion:</strong></td>\r\n<td style=\"width: 50%;\">Daily, Lounge, Fall, Shopping</td>\r\n</tr>\r\n</tbody>\r\n</table>\r\n<p>INCLUDES 3 FUN PRINTABLES! Along with our learning games for kids ages 3-5, you get access to 3 FULL-COLOR, PRINTABLE downloads to READ, STORY is a fun illustrated journey through sustainable plant harvesting, endangered plants, ecosystems and more. The 27-page WILDCRAFT! BOTANICAL COLORING BOOK helps kids learn the plants in our educational game. And our POCKET GUIDE is the perfect reference to take on family nature outings, hikes and camping trips! AT LearningHerbs, WE BELIEVE IN THE POWER OF CONNECTING KIDS TO NATURE and appreciating everything OUR GREAT EARTH HAS TO OFFER. As parents, we designed Wildcraft! fun family games for kids.</p>\r\n<p>Wildcraft An Herbal Adventure Game is a fun, that’s also easy to follow – NO READING required. Because our learning board games feature clear illustrations and matching icons, even younger kids will learn what the different plants look like and can be used for.</p>'),(167,85,0,56,'Configurable Product'),(168,76,0,56,'<p>The perfect recipe for a family game night! Appeals to a wide range of people. Created By National Parks. Parents who had traveled to every single National Park worked together with their board game designer son and created a game to inspire others and help families share their love of the National Parks.</p>'),(169,75,0,57,'<p>Will you get the answers in time, or is that just WISHFUL THINKING? Let\'s see how quickly you make the connections in this fun and challenging board game. You only have 60 seconds to figure out three Mystery words on the card. The only thing they have in common is that they all begin with the same letter. You (and your teammates) are allowed as many guesses as you like</p>\r\n<table style=\"border-collapse: collapse; width: 100%;\" border=\"1\">\r\n<tbody>\r\n<tr>\r\n<td style=\"width: 50%;\"><strong>Product Dimensions:</strong></td>\r\n<td style=\"width: 50%;\">13 x 8 x 1 inches</td>\r\n</tr>\r\n<tr>\r\n<td style=\"width: 50%;\"><strong>Model Number:</strong></td>\r\n<td style=\"width: 50%;\">O4633</td>\r\n</tr>\r\n<tr>\r\n<td style=\"width: 50%;\"><strong>Date First Available:</strong></td>\r\n<td style=\"width: 50%;\">August 20, 2019</td>\r\n</tr>\r\n<tr>\r\n<td style=\"width: 50%;\"><strong>ASIN:</strong></td>\r\n<td style=\"width: 50%;\">B07WWZM89C</td>\r\n</tr>\r\n<tr>\r\n<td style=\"width: 50%;\"><strong>Occasion:</strong></td>\r\n<td style=\"width: 50%;\">Daily, Lounge, Fall, Shopping</td>\r\n</tr>\r\n</tbody>\r\n</table>\r\n<p>INCLUDES 3 FUN PRINTABLES! Along with our learning games for kids ages 3-5, you get access to 3 FULL-COLOR, PRINTABLE downloads to READ, STORY is a fun illustrated journey through sustainable plant harvesting, endangered plants, ecosystems and more. The 27-page WILDCRAFT! BOTANICAL COLORING BOOK helps kids learn the plants in our educational game. And our POCKET GUIDE is the perfect reference to take on family nature outings, hikes and camping trips! AT LearningHerbs, WE BELIEVE IN THE POWER OF CONNECTING KIDS TO NATURE and appreciating everything OUR GREAT EARTH HAS TO OFFER. As parents, we designed Wildcraft! fun family games for kids.</p>\r\n<p>Wildcraft An Herbal Adventure Game is a fun, that’s also easy to follow – NO READING required. Because our learning board games feature clear illustrations and matching icons, even younger kids will learn what the different plants look like and can be used for.</p>'),(170,85,0,57,'Configurable Product'),(171,76,0,57,'<p>The perfect recipe for a family game night! Appeals to a wide range of people. Created By National Parks. Parents who had traveled to every single National Park worked together with their board game designer son and created a game to inspire others and help families share their love of the National Parks.</p>'),(172,75,0,58,'<p>Will you get the answers in time, or is that just WISHFUL THINKING? Let\'s see how quickly you make the connections in this fun and challenging board game. You only have 60 seconds to figure out three Mystery words on the card. The only thing they have in common is that they all begin with the same letter. You (and your teammates) are allowed as many guesses as you like</p>\r\n<table style=\"border-collapse: collapse; width: 100%;\" border=\"1\">\r\n<tbody>\r\n<tr>\r\n<td style=\"width: 50%;\"><strong>Product Dimensions:</strong></td>\r\n<td style=\"width: 50%;\">13 x 8 x 1 inches</td>\r\n</tr>\r\n<tr>\r\n<td style=\"width: 50%;\"><strong>Model Number:</strong></td>\r\n<td style=\"width: 50%;\">O4633</td>\r\n</tr>\r\n<tr>\r\n<td style=\"width: 50%;\"><strong>Date First Available:</strong></td>\r\n<td style=\"width: 50%;\">August 20, 2019</td>\r\n</tr>\r\n<tr>\r\n<td style=\"width: 50%;\"><strong>ASIN:</strong></td>\r\n<td style=\"width: 50%;\">B07WWZM89C</td>\r\n</tr>\r\n<tr>\r\n<td style=\"width: 50%;\"><strong>Occasion:</strong></td>\r\n<td style=\"width: 50%;\">Daily, Lounge, Fall, Shopping</td>\r\n</tr>\r\n</tbody>\r\n</table>\r\n<p>INCLUDES 3 FUN PRINTABLES! Along with our learning games for kids ages 3-5, you get access to 3 FULL-COLOR, PRINTABLE downloads to READ, STORY is a fun illustrated journey through sustainable plant harvesting, endangered plants, ecosystems and more. The 27-page WILDCRAFT! BOTANICAL COLORING BOOK helps kids learn the plants in our educational game. And our POCKET GUIDE is the perfect reference to take on family nature outings, hikes and camping trips! AT LearningHerbs, WE BELIEVE IN THE POWER OF CONNECTING KIDS TO NATURE and appreciating everything OUR GREAT EARTH HAS TO OFFER. As parents, we designed Wildcraft! fun family games for kids.</p>\r\n<p>Wildcraft An Herbal Adventure Game is a fun, that’s also easy to follow – NO READING required. Because our learning board games feature clear illustrations and matching icons, even younger kids will learn what the different plants look like and can be used for.</p>'),(173,85,0,58,'Grouped Product'),(174,76,0,58,'<p>The perfect recipe for a family game night! Appeals to a wide range of people. Created By National Parks. Parents who had traveled to every single National Park worked together with their board game designer son and created a game to inspire others and help families share their love of the National Parks.</p>'),(175,75,0,59,'<p>Will you get the answers in time, or is that just WISHFUL THINKING? Let\'s see how quickly you make the connections in this fun and challenging board game. You only have 60 seconds to figure out three Mystery words on the card. The only thing they have in common is that they all begin with the same letter. You (and your teammates) are allowed as many guesses as you like</p>\r\n<table style=\"border-collapse: collapse; width: 100%;\" border=\"1\">\r\n<tbody>\r\n<tr>\r\n<td style=\"width: 50%;\"><strong>Product Dimensions:</strong></td>\r\n<td style=\"width: 50%;\">13 x 8 x 1 inches</td>\r\n</tr>\r\n<tr>\r\n<td style=\"width: 50%;\"><strong>Model Number:</strong></td>\r\n<td style=\"width: 50%;\">O4633</td>\r\n</tr>\r\n<tr>\r\n<td style=\"width: 50%;\"><strong>Date First Available:</strong></td>\r\n<td style=\"width: 50%;\">August 20, 2019</td>\r\n</tr>\r\n<tr>\r\n<td style=\"width: 50%;\"><strong>ASIN:</strong></td>\r\n<td style=\"width: 50%;\">B07WWZM89C</td>\r\n</tr>\r\n<tr>\r\n<td style=\"width: 50%;\"><strong>Occasion:</strong></td>\r\n<td style=\"width: 50%;\">Daily, Lounge, Fall, Shopping</td>\r\n</tr>\r\n</tbody>\r\n</table>\r\n<p>INCLUDES 3 FUN PRINTABLES! Along with our learning games for kids ages 3-5, you get access to 3 FULL-COLOR, PRINTABLE downloads to READ, STORY is a fun illustrated journey through sustainable plant harvesting, endangered plants, ecosystems and more. The 27-page WILDCRAFT! BOTANICAL COLORING BOOK helps kids learn the plants in our educational game. And our POCKET GUIDE is the perfect reference to take on family nature outings, hikes and camping trips! AT LearningHerbs, WE BELIEVE IN THE POWER OF CONNECTING KIDS TO NATURE and appreciating everything OUR GREAT EARTH HAS TO OFFER. As parents, we designed Wildcraft! fun family games for kids.</p>\r\n<p>Wildcraft An Herbal Adventure Game is a fun, that’s also easy to follow – NO READING required. Because our learning board games feature clear illustrations and matching icons, even younger kids will learn what the different plants look like and can be used for.</p>'),(176,85,0,59,'Building Computer'),(177,76,0,59,'<p>The perfect recipe for a family game night! Appeals to a wide range of people. Created By National Parks. Parents who had traveled to every single National Park worked together with their board game designer son and created a game to inspire others and help families share their love of the National Parks.</p>'),(178,75,0,60,'<p>Will you get the answers in time, or is that just WISHFUL THINKING? Let\'s see how quickly you make the connections in this fun and challenging board game. You only have 60 seconds to figure out three Mystery words on the card. The only thing they have in common is that they all begin with the same letter. You (and your teammates) are allowed as many guesses as you like</p>\r\n<table style=\"border-collapse: collapse; width: 100%;\" border=\"1\">\r\n<tbody>\r\n<tr>\r\n<td style=\"width: 50%;\"><strong>Product Dimensions:</strong></td>\r\n<td style=\"width: 50%;\">13 x 8 x 1 inches</td>\r\n</tr>\r\n<tr>\r\n<td style=\"width: 50%;\"><strong>Model Number:</strong></td>\r\n<td style=\"width: 50%;\">O4633</td>\r\n</tr>\r\n<tr>\r\n<td style=\"width: 50%;\"><strong>Date First Available:</strong></td>\r\n<td style=\"width: 50%;\">August 20, 2019</td>\r\n</tr>\r\n<tr>\r\n<td style=\"width: 50%;\"><strong>ASIN:</strong></td>\r\n<td style=\"width: 50%;\">B07WWZM89C</td>\r\n</tr>\r\n<tr>\r\n<td style=\"width: 50%;\"><strong>Occasion:</strong></td>\r\n<td style=\"width: 50%;\">Daily, Lounge, Fall, Shopping</td>\r\n</tr>\r\n</tbody>\r\n</table>\r\n<p>INCLUDES 3 FUN PRINTABLES! Along with our learning games for kids ages 3-5, you get access to 3 FULL-COLOR, PRINTABLE downloads to READ, STORY is a fun illustrated journey through sustainable plant harvesting, endangered plants, ecosystems and more. The 27-page WILDCRAFT! BOTANICAL COLORING BOOK helps kids learn the plants in our educational game. And our POCKET GUIDE is the perfect reference to take on family nature outings, hikes and camping trips! AT LearningHerbs, WE BELIEVE IN THE POWER OF CONNECTING KIDS TO NATURE and appreciating everything OUR GREAT EARTH HAS TO OFFER. As parents, we designed Wildcraft! fun family games for kids.</p>\r\n<p>Wildcraft An Herbal Adventure Game is a fun, that’s also easy to follow – NO READING required. Because our learning board games feature clear illustrations and matching icons, even younger kids will learn what the different plants look like and can be used for.</p>'),(179,85,0,60,'Downloadable Product'),(180,76,0,60,'<p>The perfect recipe for a family game night! Appeals to a wide range of people. Created By National Parks. Parents who had traveled to every single National Park worked together with their board game designer son and created a game to inspire others and help families share their love of the National Parks.</p>'),(181,75,0,61,'<p>Will you get the answers in time, or is that just WISHFUL THINKING? Let\'s see how quickly you make the connections in this fun and challenging board game. You only have 60 seconds to figure out three Mystery words on the card. The only thing they have in common is that they all begin with the same letter. You (and your teammates) are allowed as many guesses as you like</p>\r\n<table style=\"border-collapse: collapse; width: 100%;\" border=\"1\">\r\n<tbody>\r\n<tr>\r\n<td style=\"width: 50%;\"><strong>Product Dimensions:</strong></td>\r\n<td style=\"width: 50%;\">13 x 8 x 1 inches</td>\r\n</tr>\r\n<tr>\r\n<td style=\"width: 50%;\"><strong>Model Number:</strong></td>\r\n<td style=\"width: 50%;\">O4633</td>\r\n</tr>\r\n<tr>\r\n<td style=\"width: 50%;\"><strong>Date First Available:</strong></td>\r\n<td style=\"width: 50%;\">August 20, 2019</td>\r\n</tr>\r\n<tr>\r\n<td style=\"width: 50%;\"><strong>ASIN:</strong></td>\r\n<td style=\"width: 50%;\">B07WWZM89C</td>\r\n</tr>\r\n<tr>\r\n<td style=\"width: 50%;\"><strong>Occasion:</strong></td>\r\n<td style=\"width: 50%;\">Daily, Lounge, Fall, Shopping</td>\r\n</tr>\r\n</tbody>\r\n</table>\r\n<p>INCLUDES 3 FUN PRINTABLES! Along with our learning games for kids ages 3-5, you get access to 3 FULL-COLOR, PRINTABLE downloads to READ, STORY is a fun illustrated journey through sustainable plant harvesting, endangered plants, ecosystems and more. The 27-page WILDCRAFT! BOTANICAL COLORING BOOK helps kids learn the plants in our educational game. And our POCKET GUIDE is the perfect reference to take on family nature outings, hikes and camping trips! AT LearningHerbs, WE BELIEVE IN THE POWER OF CONNECTING KIDS TO NATURE and appreciating everything OUR GREAT EARTH HAS TO OFFER. As parents, we designed Wildcraft! fun family games for kids.</p>\r\n<p>Wildcraft An Herbal Adventure Game is a fun, that’s also easy to follow – NO READING required. Because our learning board games feature clear illustrations and matching icons, even younger kids will learn what the different plants look like and can be used for.</p>'),(182,85,0,61,'Floor Uplight Lamp 69 Inch White'),(183,76,0,61,'<p>The perfect recipe for a family game night! Appeals to a wide range of people. Created By National Parks. Parents who had traveled to every single National Park worked together with their board game designer son and created a game to inspire others and help families share their love of the National Parks.</p>'),(184,75,0,62,'<p>Will you get the answers in time, or is that just WISHFUL THINKING? Let\'s see how quickly you make the connections in this fun and challenging board game. You only have 60 seconds to figure out three Mystery words on the card. The only thing they have in common is that they all begin with the same letter. You (and your teammates) are allowed as many guesses as you like</p>\r\n<table style=\"border-collapse: collapse; width: 100%;\" border=\"1\">\r\n<tbody>\r\n<tr>\r\n<td style=\"width: 50%;\"><strong>Product Dimensions:</strong></td>\r\n<td style=\"width: 50%;\">13 x 8 x 1 inches</td>\r\n</tr>\r\n<tr>\r\n<td style=\"width: 50%;\"><strong>Model Number:</strong></td>\r\n<td style=\"width: 50%;\">O4633</td>\r\n</tr>\r\n<tr>\r\n<td style=\"width: 50%;\"><strong>Date First Available:</strong></td>\r\n<td style=\"width: 50%;\">August 20, 2019</td>\r\n</tr>\r\n<tr>\r\n<td style=\"width: 50%;\"><strong>ASIN:</strong></td>\r\n<td style=\"width: 50%;\">B07WWZM89C</td>\r\n</tr>\r\n<tr>\r\n<td style=\"width: 50%;\"><strong>Occasion:</strong></td>\r\n<td style=\"width: 50%;\">Daily, Lounge, Fall, Shopping</td>\r\n</tr>\r\n</tbody>\r\n</table>\r\n<p>INCLUDES 3 FUN PRINTABLES! Along with our learning games for kids ages 3-5, you get access to 3 FULL-COLOR, PRINTABLE downloads to READ, STORY is a fun illustrated journey through sustainable plant harvesting, endangered plants, ecosystems and more. The 27-page WILDCRAFT! BOTANICAL COLORING BOOK helps kids learn the plants in our educational game. And our POCKET GUIDE is the perfect reference to take on family nature outings, hikes and camping trips! AT LearningHerbs, WE BELIEVE IN THE POWER OF CONNECTING KIDS TO NATURE and appreciating everything OUR GREAT EARTH HAS TO OFFER. As parents, we designed Wildcraft! fun family games for kids.</p>\r\n<p>Wildcraft An Herbal Adventure Game is a fun, that’s also easy to follow – NO READING required. Because our learning board games feature clear illustrations and matching icons, even younger kids will learn what the different plants look like and can be used for.</p>'),(185,85,0,62,'Silent Quartz Decorative Wall'),(186,76,0,62,'<p>The perfect recipe for a family game night! Appeals to a wide range of people. Created By National Parks. Parents who had traveled to every single National Park worked together with their board game designer son and created a game to inspire others and help families share their love of the National Parks.</p>'),(187,75,0,63,'<p>Will you get the answers in time, or is that just WISHFUL THINKING? Let\'s see how quickly you make the connections in this fun and challenging board game. You only have 60 seconds to figure out three Mystery words on the card. The only thing they have in common is that they all begin with the same letter. You (and your teammates) are allowed as many guesses as you like</p>\r\n<table style=\"border-collapse: collapse; width: 100%;\" border=\"1\">\r\n<tbody>\r\n<tr>\r\n<td style=\"width: 50%;\"><strong>Product Dimensions:</strong></td>\r\n<td style=\"width: 50%;\">13 x 8 x 1 inches</td>\r\n</tr>\r\n<tr>\r\n<td style=\"width: 50%;\"><strong>Model Number:</strong></td>\r\n<td style=\"width: 50%;\">O4633</td>\r\n</tr>\r\n<tr>\r\n<td style=\"width: 50%;\"><strong>Date First Available:</strong></td>\r\n<td style=\"width: 50%;\">August 20, 2019</td>\r\n</tr>\r\n<tr>\r\n<td style=\"width: 50%;\"><strong>ASIN:</strong></td>\r\n<td style=\"width: 50%;\">B07WWZM89C</td>\r\n</tr>\r\n<tr>\r\n<td style=\"width: 50%;\"><strong>Occasion:</strong></td>\r\n<td style=\"width: 50%;\">Daily, Lounge, Fall, Shopping</td>\r\n</tr>\r\n</tbody>\r\n</table>\r\n<p>INCLUDES 3 FUN PRINTABLES! Along with our learning games for kids ages 3-5, you get access to 3 FULL-COLOR, PRINTABLE downloads to READ, STORY is a fun illustrated journey through sustainable plant harvesting, endangered plants, ecosystems and more. The 27-page WILDCRAFT! BOTANICAL COLORING BOOK helps kids learn the plants in our educational game. And our POCKET GUIDE is the perfect reference to take on family nature outings, hikes and camping trips! AT LearningHerbs, WE BELIEVE IN THE POWER OF CONNECTING KIDS TO NATURE and appreciating everything OUR GREAT EARTH HAS TO OFFER. As parents, we designed Wildcraft! fun family games for kids.</p>\r\n<p>Wildcraft An Herbal Adventure Game is a fun, that’s also easy to follow – NO READING required. Because our learning board games feature clear illustrations and matching icons, even younger kids will learn what the different plants look like and can be used for.</p>'),(188,85,0,63,'Relax Massage Chair Recliner'),(189,76,0,63,'<p>The perfect recipe for a family game night! Appeals to a wide range of people. Created By National Parks. Parents who had traveled to every single National Park worked together with their board game designer son and created a game to inspire others and help families share their love of the National Parks.</p>'),(190,75,0,64,'<p>Will you get the answers in time, or is that just WISHFUL THINKING? Let\'s see how quickly you make the connections in this fun and challenging board game. You only have 60 seconds to figure out three Mystery words on the card. The only thing they have in common is that they all begin with the same letter. You (and your teammates) are allowed as many guesses as you like</p>\r\n<table style=\"border-collapse: collapse; width: 100%;\" border=\"1\">\r\n<tbody>\r\n<tr>\r\n<td style=\"width: 50%;\"><strong>Product Dimensions:</strong></td>\r\n<td style=\"width: 50%;\">13 x 8 x 1 inches</td>\r\n</tr>\r\n<tr>\r\n<td style=\"width: 50%;\"><strong>Model Number:</strong></td>\r\n<td style=\"width: 50%;\">O4633</td>\r\n</tr>\r\n<tr>\r\n<td style=\"width: 50%;\"><strong>Date First Available:</strong></td>\r\n<td style=\"width: 50%;\">August 20, 2019</td>\r\n</tr>\r\n<tr>\r\n<td style=\"width: 50%;\"><strong>ASIN:</strong></td>\r\n<td style=\"width: 50%;\">B07WWZM89C</td>\r\n</tr>\r\n<tr>\r\n<td style=\"width: 50%;\"><strong>Occasion:</strong></td>\r\n<td style=\"width: 50%;\">Daily, Lounge, Fall, Shopping</td>\r\n</tr>\r\n</tbody>\r\n</table>\r\n<p>INCLUDES 3 FUN PRINTABLES! Along with our learning games for kids ages 3-5, you get access to 3 FULL-COLOR, PRINTABLE downloads to READ, STORY is a fun illustrated journey through sustainable plant harvesting, endangered plants, ecosystems and more. The 27-page WILDCRAFT! BOTANICAL COLORING BOOK helps kids learn the plants in our educational game. And our POCKET GUIDE is the perfect reference to take on family nature outings, hikes and camping trips! AT LearningHerbs, WE BELIEVE IN THE POWER OF CONNECTING KIDS TO NATURE and appreciating everything OUR GREAT EARTH HAS TO OFFER. As parents, we designed Wildcraft! fun family games for kids.</p>\r\n<p>Wildcraft An Herbal Adventure Game is a fun, that’s also easy to follow – NO READING required. Because our learning board games feature clear illustrations and matching icons, even younger kids will learn what the different plants look like and can be used for.</p>'),(191,85,0,64,'Sparkle Paper Towels 24 Giant'),(192,76,0,64,'<p>The perfect recipe for a family game night! Appeals to a wide range of people. Created By National Parks. Parents who had traveled to every single National Park worked together with their board game designer son and created a game to inspire others and help families share their love of the National Parks.</p>'),(193,75,0,65,'<p>Will you get the answers in time, or is that just WISHFUL THINKING? Let\'s see how quickly you make the connections in this fun and challenging board game. You only have 60 seconds to figure out three Mystery words on the card. The only thing they have in common is that they all begin with the same letter. You (and your teammates) are allowed as many guesses as you like</p>\r\n<table style=\"border-collapse: collapse; width: 100%;\" border=\"1\">\r\n<tbody>\r\n<tr>\r\n<td style=\"width: 50%;\"><strong>Product Dimensions:</strong></td>\r\n<td style=\"width: 50%;\">13 x 8 x 1 inches</td>\r\n</tr>\r\n<tr>\r\n<td style=\"width: 50%;\"><strong>Model Number:</strong></td>\r\n<td style=\"width: 50%;\">O4633</td>\r\n</tr>\r\n<tr>\r\n<td style=\"width: 50%;\"><strong>Date First Available:</strong></td>\r\n<td style=\"width: 50%;\">August 20, 2019</td>\r\n</tr>\r\n<tr>\r\n<td style=\"width: 50%;\"><strong>ASIN:</strong></td>\r\n<td style=\"width: 50%;\">B07WWZM89C</td>\r\n</tr>\r\n<tr>\r\n<td style=\"width: 50%;\"><strong>Occasion:</strong></td>\r\n<td style=\"width: 50%;\">Daily, Lounge, Fall, Shopping</td>\r\n</tr>\r\n</tbody>\r\n</table>\r\n<p>INCLUDES 3 FUN PRINTABLES! Along with our learning games for kids ages 3-5, you get access to 3 FULL-COLOR, PRINTABLE downloads to READ, STORY is a fun illustrated journey through sustainable plant harvesting, endangered plants, ecosystems and more. The 27-page WILDCRAFT! BOTANICAL COLORING BOOK helps kids learn the plants in our educational game. And our POCKET GUIDE is the perfect reference to take on family nature outings, hikes and camping trips! AT LearningHerbs, WE BELIEVE IN THE POWER OF CONNECTING KIDS TO NATURE and appreciating everything OUR GREAT EARTH HAS TO OFFER. As parents, we designed Wildcraft! fun family games for kids.</p>\r\n<p>Wildcraft An Herbal Adventure Game is a fun, that’s also easy to follow – NO READING required. Because our learning board games feature clear illustrations and matching icons, even younger kids will learn what the different plants look like and can be used for.</p>'),(194,85,0,65,'High Back Executive Chair Black'),(195,76,0,65,'<p>The perfect recipe for a family game night! Appeals to a wide range of people. Created By National Parks. Parents who had traveled to every single National Park worked together with their board game designer son and created a game to inspire others and help families share their love of the National Parks.</p>'),(196,75,0,66,'<p>Will you get the answers in time, or is that just WISHFUL THINKING? Let\'s see how quickly you make the connections in this fun and challenging board game. You only have 60 seconds to figure out three Mystery words on the card. The only thing they have in common is that they all begin with the same letter. You (and your teammates) are allowed as many guesses as you like</p>\r\n<table style=\"border-collapse: collapse; width: 100%;\" border=\"1\">\r\n<tbody>\r\n<tr>\r\n<td style=\"width: 50%;\"><strong>Product Dimensions:</strong></td>\r\n<td style=\"width: 50%;\">13 x 8 x 1 inches</td>\r\n</tr>\r\n<tr>\r\n<td style=\"width: 50%;\"><strong>Model Number:</strong></td>\r\n<td style=\"width: 50%;\">O4633</td>\r\n</tr>\r\n<tr>\r\n<td style=\"width: 50%;\"><strong>Date First Available:</strong></td>\r\n<td style=\"width: 50%;\">August 20, 2019</td>\r\n</tr>\r\n<tr>\r\n<td style=\"width: 50%;\"><strong>ASIN:</strong></td>\r\n<td style=\"width: 50%;\">B07WWZM89C</td>\r\n</tr>\r\n<tr>\r\n<td style=\"width: 50%;\"><strong>Occasion:</strong></td>\r\n<td style=\"width: 50%;\">Daily, Lounge, Fall, Shopping</td>\r\n</tr>\r\n</tbody>\r\n</table>\r\n<p>INCLUDES 3 FUN PRINTABLES! Along with our learning games for kids ages 3-5, you get access to 3 FULL-COLOR, PRINTABLE downloads to READ, STORY is a fun illustrated journey through sustainable plant harvesting, endangered plants, ecosystems and more. The 27-page WILDCRAFT! BOTANICAL COLORING BOOK helps kids learn the plants in our educational game. And our POCKET GUIDE is the perfect reference to take on family nature outings, hikes and camping trips! AT LearningHerbs, WE BELIEVE IN THE POWER OF CONNECTING KIDS TO NATURE and appreciating everything OUR GREAT EARTH HAS TO OFFER. As parents, we designed Wildcraft! fun family games for kids.</p>\r\n<p>Wildcraft An Herbal Adventure Game is a fun, that’s also easy to follow – NO READING required. Because our learning board games feature clear illustrations and matching icons, even younger kids will learn what the different plants look like and can be used for.</p>'),(197,85,0,66,'Merango Microfiber Living Room'),(198,76,0,66,'<p>The perfect recipe for a family game night! Appeals to a wide range of people. Created By National Parks. Parents who had traveled to every single National Park worked together with their board game designer son and created a game to inspire others and help families share their love of the National Parks.</p>'),(202,75,0,68,'<p>Will you get the answers in time, or is that just WISHFUL THINKING? Let\'s see how quickly you make the connections in this fun and challenging board game. You only have 60 seconds to figure out three Mystery words on the card. The only thing they have in common is that they all begin with the same letter. You (and your teammates) are allowed as many guesses as you like</p>\r\n<table style=\"border-collapse: collapse; width: 100%;\" border=\"1\">\r\n<tbody>\r\n<tr>\r\n<td style=\"width: 50%;\"><strong>Product Dimensions:</strong></td>\r\n<td style=\"width: 50%;\">13 x 8 x 1 inches</td>\r\n</tr>\r\n<tr>\r\n<td style=\"width: 50%;\"><strong>Model Number:</strong></td>\r\n<td style=\"width: 50%;\">O4633</td>\r\n</tr>\r\n<tr>\r\n<td style=\"width: 50%;\"><strong>Date First Available:</strong></td>\r\n<td style=\"width: 50%;\">August 20, 2019</td>\r\n</tr>\r\n<tr>\r\n<td style=\"width: 50%;\"><strong>ASIN:</strong></td>\r\n<td style=\"width: 50%;\">B07WWZM89C</td>\r\n</tr>\r\n<tr>\r\n<td style=\"width: 50%;\"><strong>Occasion:</strong></td>\r\n<td style=\"width: 50%;\">Daily, Lounge, Fall, Shopping</td>\r\n</tr>\r\n</tbody>\r\n</table>\r\n<p>INCLUDES 3 FUN PRINTABLES! Along with our learning games for kids ages 3-5, you get access to 3 FULL-COLOR, PRINTABLE downloads to READ, STORY is a fun illustrated journey through sustainable plant harvesting, endangered plants, ecosystems and more. The 27-page WILDCRAFT! BOTANICAL COLORING BOOK helps kids learn the plants in our educational game. And our POCKET GUIDE is the perfect reference to take on family nature outings, hikes and camping trips! AT LearningHerbs, WE BELIEVE IN THE POWER OF CONNECTING KIDS TO NATURE and appreciating everything OUR GREAT EARTH HAS TO OFFER. As parents, we designed Wildcraft! fun family games for kids.</p>\r\n<p>Wildcraft An Herbal Adventure Game is a fun, that’s also easy to follow – NO READING required. Because our learning board games feature clear illustrations and matching icons, even younger kids will learn what the different plants look like and can be used for.</p>'),(203,85,0,68,'Gildan Mens Heavy Cotton 10 Pack'),(204,76,0,68,'<p>The perfect recipe for a family game night! Appeals to a wide range of people. Created By National Parks. Parents who had traveled to every single National Park worked together with their board game designer son and created a game to inspire others and help families share their love of the National Parks.</p>'),(205,75,0,69,'<p>Will you get the answers in time, or is that just WISHFUL THINKING? Let\'s see how quickly you make the connections in this fun and challenging board game. You only have 60 seconds to figure out three Mystery words on the card. The only thing they have in common is that they all begin with the same letter. You (and your teammates) are allowed as many guesses as you like</p>\r\n<table style=\"border-collapse: collapse; width: 100%;\" border=\"1\">\r\n<tbody>\r\n<tr>\r\n<td style=\"width: 50%;\"><strong>Product Dimensions:</strong></td>\r\n<td style=\"width: 50%;\">13 x 8 x 1 inches</td>\r\n</tr>\r\n<tr>\r\n<td style=\"width: 50%;\"><strong>Model Number:</strong></td>\r\n<td style=\"width: 50%;\">O4633</td>\r\n</tr>\r\n<tr>\r\n<td style=\"width: 50%;\"><strong>Date First Available:</strong></td>\r\n<td style=\"width: 50%;\">August 20, 2019</td>\r\n</tr>\r\n<tr>\r\n<td style=\"width: 50%;\"><strong>ASIN:</strong></td>\r\n<td style=\"width: 50%;\">B07WWZM89C</td>\r\n</tr>\r\n<tr>\r\n<td style=\"width: 50%;\"><strong>Occasion:</strong></td>\r\n<td style=\"width: 50%;\">Daily, Lounge, Fall, Shopping</td>\r\n</tr>\r\n</tbody>\r\n</table>\r\n<p>INCLUDES 3 FUN PRINTABLES! Along with our learning games for kids ages 3-5, you get access to 3 FULL-COLOR, PRINTABLE downloads to READ, STORY is a fun illustrated journey through sustainable plant harvesting, endangered plants, ecosystems and more. The 27-page WILDCRAFT! BOTANICAL COLORING BOOK helps kids learn the plants in our educational game. And our POCKET GUIDE is the perfect reference to take on family nature outings, hikes and camping trips! AT LearningHerbs, WE BELIEVE IN THE POWER OF CONNECTING KIDS TO NATURE and appreciating everything OUR GREAT EARTH HAS TO OFFER. As parents, we designed Wildcraft! fun family games for kids.</p>\r\n<p>Wildcraft An Herbal Adventure Game is a fun, that’s also easy to follow – NO READING required. Because our learning board games feature clear illustrations and matching icons, even younger kids will learn what the different plants look like and can be used for.</p>'),(206,85,0,69,'Forget Retro Gift Music Novelty'),(207,76,0,69,'<p>The perfect recipe for a family game night! Appeals to a wide range of people. Created By National Parks. Parents who had traveled to every single National Park worked together with their board game designer son and created a game to inspire others and help families share their love of the National Parks.</p>'),(208,75,0,70,'<p>Will you get the answers in time, or is that just WISHFUL THINKING? Let\'s see how quickly you make the connections in this fun and challenging board game. You only have 60 seconds to figure out three Mystery words on the card. The only thing they have in common is that they all begin with the same letter. You (and your teammates) are allowed as many guesses as you like</p>\r\n<table style=\"border-collapse: collapse; width: 100%;\" border=\"1\">\r\n<tbody>\r\n<tr>\r\n<td style=\"width: 50%;\"><strong>Product Dimensions:</strong></td>\r\n<td style=\"width: 50%;\">13 x 8 x 1 inches</td>\r\n</tr>\r\n<tr>\r\n<td style=\"width: 50%;\"><strong>Model Number:</strong></td>\r\n<td style=\"width: 50%;\">O4633</td>\r\n</tr>\r\n<tr>\r\n<td style=\"width: 50%;\"><strong>Date First Available:</strong></td>\r\n<td style=\"width: 50%;\">August 20, 2019</td>\r\n</tr>\r\n<tr>\r\n<td style=\"width: 50%;\"><strong>ASIN:</strong></td>\r\n<td style=\"width: 50%;\">B07WWZM89C</td>\r\n</tr>\r\n<tr>\r\n<td style=\"width: 50%;\"><strong>Occasion:</strong></td>\r\n<td style=\"width: 50%;\">Daily, Lounge, Fall, Shopping</td>\r\n</tr>\r\n</tbody>\r\n</table>\r\n<p>INCLUDES 3 FUN PRINTABLES! Along with our learning games for kids ages 3-5, you get access to 3 FULL-COLOR, PRINTABLE downloads to READ, STORY is a fun illustrated journey through sustainable plant harvesting, endangered plants, ecosystems and more. The 27-page WILDCRAFT! BOTANICAL COLORING BOOK helps kids learn the plants in our educational game. And our POCKET GUIDE is the perfect reference to take on family nature outings, hikes and camping trips! AT LearningHerbs, WE BELIEVE IN THE POWER OF CONNECTING KIDS TO NATURE and appreciating everything OUR GREAT EARTH HAS TO OFFER. As parents, we designed Wildcraft! fun family games for kids.</p>\r\n<p>Wildcraft An Herbal Adventure Game is a fun, that’s also easy to follow – NO READING required. Because our learning board games feature clear illustrations and matching icons, even younger kids will learn what the different plants look like and can be used for.</p>'),(209,85,0,70,'Everest Luggage Sporty Gear Bag'),(210,76,0,70,'<p>The perfect recipe for a family game night! Appeals to a wide range of people. Created By National Parks. Parents who had traveled to every single National Park worked together with their board game designer son and created a game to inspire others and help families share their love of the National Parks.</p>'),(211,75,0,71,'<p>Will you get the answers in time, or is that just WISHFUL THINKING? Let\'s see how quickly you make the connections in this fun and challenging board game. You only have 60 seconds to figure out three Mystery words on the card. The only thing they have in common is that they all begin with the same letter. You (and your teammates) are allowed as many guesses as you like</p>\r\n<table style=\"border-collapse: collapse; width: 100%;\" border=\"1\">\r\n<tbody>\r\n<tr>\r\n<td style=\"width: 50%;\"><strong>Product Dimensions:</strong></td>\r\n<td style=\"width: 50%;\">13 x 8 x 1 inches</td>\r\n</tr>\r\n<tr>\r\n<td style=\"width: 50%;\"><strong>Model Number:</strong></td>\r\n<td style=\"width: 50%;\">O4633</td>\r\n</tr>\r\n<tr>\r\n<td style=\"width: 50%;\"><strong>Date First Available:</strong></td>\r\n<td style=\"width: 50%;\">August 20, 2019</td>\r\n</tr>\r\n<tr>\r\n<td style=\"width: 50%;\"><strong>ASIN:</strong></td>\r\n<td style=\"width: 50%;\">B07WWZM89C</td>\r\n</tr>\r\n<tr>\r\n<td style=\"width: 50%;\"><strong>Occasion:</strong></td>\r\n<td style=\"width: 50%;\">Daily, Lounge, Fall, Shopping</td>\r\n</tr>\r\n</tbody>\r\n</table>\r\n<p>INCLUDES 3 FUN PRINTABLES! Along with our learning games for kids ages 3-5, you get access to 3 FULL-COLOR, PRINTABLE downloads to READ, STORY is a fun illustrated journey through sustainable plant harvesting, endangered plants, ecosystems and more. The 27-page WILDCRAFT! BOTANICAL COLORING BOOK helps kids learn the plants in our educational game. And our POCKET GUIDE is the perfect reference to take on family nature outings, hikes and camping trips! AT LearningHerbs, WE BELIEVE IN THE POWER OF CONNECTING KIDS TO NATURE and appreciating everything OUR GREAT EARTH HAS TO OFFER. As parents, we designed Wildcraft! fun family games for kids.</p>\r\n<p>Wildcraft An Herbal Adventure Game is a fun, that’s also easy to follow – NO READING required. Because our learning board games feature clear illustrations and matching icons, even younger kids will learn what the different plants look like and can be used for.</p>'),(212,85,0,71,'Polo Ralph Lauren Mens Faxon'),(213,76,0,71,'<p>The perfect recipe for a family game night! Appeals to a wide range of people. Created By National Parks. Parents who had traveled to every single National Park worked together with their board game designer son and created a game to inspire others and help families share their love of the National Parks.</p>'),(214,75,0,72,'<p>Will you get the answers in time, or is that just WISHFUL THINKING? Let\'s see how quickly you make the connections in this fun and challenging board game. You only have 60 seconds to figure out three Mystery words on the card. The only thing they have in common is that they all begin with the same letter. You (and your teammates) are allowed as many guesses as you like</p>\r\n<table style=\"border-collapse: collapse; width: 100%;\" border=\"1\">\r\n<tbody>\r\n<tr>\r\n<td style=\"width: 50%;\"><strong>Product Dimensions:</strong></td>\r\n<td style=\"width: 50%;\">13 x 8 x 1 inches</td>\r\n</tr>\r\n<tr>\r\n<td style=\"width: 50%;\"><strong>Model Number:</strong></td>\r\n<td style=\"width: 50%;\">O4633</td>\r\n</tr>\r\n<tr>\r\n<td style=\"width: 50%;\"><strong>Date First Available:</strong></td>\r\n<td style=\"width: 50%;\">August 20, 2019</td>\r\n</tr>\r\n<tr>\r\n<td style=\"width: 50%;\"><strong>ASIN:</strong></td>\r\n<td style=\"width: 50%;\">B07WWZM89C</td>\r\n</tr>\r\n<tr>\r\n<td style=\"width: 50%;\"><strong>Occasion:</strong></td>\r\n<td style=\"width: 50%;\">Daily, Lounge, Fall, Shopping</td>\r\n</tr>\r\n</tbody>\r\n</table>\r\n<p>INCLUDES 3 FUN PRINTABLES! Along with our learning games for kids ages 3-5, you get access to 3 FULL-COLOR, PRINTABLE downloads to READ, STORY is a fun illustrated journey through sustainable plant harvesting, endangered plants, ecosystems and more. The 27-page WILDCRAFT! BOTANICAL COLORING BOOK helps kids learn the plants in our educational game. And our POCKET GUIDE is the perfect reference to take on family nature outings, hikes and camping trips! AT LearningHerbs, WE BELIEVE IN THE POWER OF CONNECTING KIDS TO NATURE and appreciating everything OUR GREAT EARTH HAS TO OFFER. As parents, we designed Wildcraft! fun family games for kids.</p>\r\n<p>Wildcraft An Herbal Adventure Game is a fun, that’s also easy to follow – NO READING required. Because our learning board games feature clear illustrations and matching icons, even younger kids will learn what the different plants look like and can be used for.</p>'),(215,85,0,72,'Russell Athletic Basic Cotton'),(216,76,0,72,'<p>The perfect recipe for a family game night! Appeals to a wide range of people. Created By National Parks. Parents who had traveled to every single National Park worked together with their board game designer son and created a game to inspire others and help families share their love of the National Parks.</p>'),(217,75,0,73,'<p>Will you get the answers in time, or is that just WISHFUL THINKING? Let\'s see how quickly you make the connections in this fun and challenging board game. You only have 60 seconds to figure out three Mystery words on the card. The only thing they have in common is that they all begin with the same letter. You (and your teammates) are allowed as many guesses as you like</p>\r\n<table style=\"border-collapse: collapse; width: 100%;\" border=\"1\">\r\n<tbody>\r\n<tr>\r\n<td style=\"width: 50%;\"><strong>Product Dimensions:</strong></td>\r\n<td style=\"width: 50%;\">13 x 8 x 1 inches</td>\r\n</tr>\r\n<tr>\r\n<td style=\"width: 50%;\"><strong>Model Number:</strong></td>\r\n<td style=\"width: 50%;\">O4633</td>\r\n</tr>\r\n<tr>\r\n<td style=\"width: 50%;\"><strong>Date First Available:</strong></td>\r\n<td style=\"width: 50%;\">August 20, 2019</td>\r\n</tr>\r\n<tr>\r\n<td style=\"width: 50%;\"><strong>ASIN:</strong></td>\r\n<td style=\"width: 50%;\">B07WWZM89C</td>\r\n</tr>\r\n<tr>\r\n<td style=\"width: 50%;\"><strong>Occasion:</strong></td>\r\n<td style=\"width: 50%;\">Daily, Lounge, Fall, Shopping</td>\r\n</tr>\r\n</tbody>\r\n</table>\r\n<p>INCLUDES 3 FUN PRINTABLES! Along with our learning games for kids ages 3-5, you get access to 3 FULL-COLOR, PRINTABLE downloads to READ, STORY is a fun illustrated journey through sustainable plant harvesting, endangered plants, ecosystems and more. The 27-page WILDCRAFT! BOTANICAL COLORING BOOK helps kids learn the plants in our educational game. And our POCKET GUIDE is the perfect reference to take on family nature outings, hikes and camping trips! AT LearningHerbs, WE BELIEVE IN THE POWER OF CONNECTING KIDS TO NATURE and appreciating everything OUR GREAT EARTH HAS TO OFFER. As parents, we designed Wildcraft! fun family games for kids.</p>\r\n<p>Wildcraft An Herbal Adventure Game is a fun, that’s also easy to follow – NO READING required. Because our learning board games feature clear illustrations and matching icons, even younger kids will learn what the different plants look like and can be used for.</p>'),(218,85,0,73,'Folding Sport Backpack Drawstring'),(219,76,0,73,'<p>The perfect recipe for a family game night! Appeals to a wide range of people. Created By National Parks. Parents who had traveled to every single National Park worked together with their board game designer son and created a game to inspire others and help families share their love of the National Parks.</p>'),(220,75,0,74,'<p>Will you get the answers in time, or is that just WISHFUL THINKING? Let\'s see how quickly you make the connections in this fun and challenging board game. You only have 60 seconds to figure out three Mystery words on the card. The only thing they have in common is that they all begin with the same letter. You (and your teammates) are allowed as many guesses as you like</p>\r\n<table style=\"border-collapse: collapse; width: 100%;\" border=\"1\">\r\n<tbody>\r\n<tr>\r\n<td style=\"width: 50%;\"><strong>Product Dimensions:</strong></td>\r\n<td style=\"width: 50%;\">13 x 8 x 1 inches</td>\r\n</tr>\r\n<tr>\r\n<td style=\"width: 50%;\"><strong>Model Number:</strong></td>\r\n<td style=\"width: 50%;\">O4633</td>\r\n</tr>\r\n<tr>\r\n<td style=\"width: 50%;\"><strong>Date First Available:</strong></td>\r\n<td style=\"width: 50%;\">August 20, 2019</td>\r\n</tr>\r\n<tr>\r\n<td style=\"width: 50%;\"><strong>ASIN:</strong></td>\r\n<td style=\"width: 50%;\">B07WWZM89C</td>\r\n</tr>\r\n<tr>\r\n<td style=\"width: 50%;\"><strong>Occasion:</strong></td>\r\n<td style=\"width: 50%;\">Daily, Lounge, Fall, Shopping</td>\r\n</tr>\r\n</tbody>\r\n</table>\r\n<p>INCLUDES 3 FUN PRINTABLES! Along with our learning games for kids ages 3-5, you get access to 3 FULL-COLOR, PRINTABLE downloads to READ, STORY is a fun illustrated journey through sustainable plant harvesting, endangered plants, ecosystems and more. The 27-page WILDCRAFT! BOTANICAL COLORING BOOK helps kids learn the plants in our educational game. And our POCKET GUIDE is the perfect reference to take on family nature outings, hikes and camping trips! AT LearningHerbs, WE BELIEVE IN THE POWER OF CONNECTING KIDS TO NATURE and appreciating everything OUR GREAT EARTH HAS TO OFFER. As parents, we designed Wildcraft! fun family games for kids.</p>\r\n<p>Wildcraft An Herbal Adventure Game is a fun, that’s also easy to follow – NO READING required. Because our learning board games feature clear illustrations and matching icons, even younger kids will learn what the different plants look like and can be used for.</p>'),(221,85,0,74,'Hanes Womens NanoT VNeck'),(222,76,0,74,'<p>The perfect recipe for a family game night! Appeals to a wide range of people. Created By National Parks. Parents who had traveled to every single National Park worked together with their board game designer son and created a game to inspire others and help families share their love of the National Parks.</p>'),(223,75,0,75,'<p>Will you get the answers in time, or is that just WISHFUL THINKING? Let\'s see how quickly you make the connections in this fun and challenging board game. You only have 60 seconds to figure out three Mystery words on the card. The only thing they have in common is that they all begin with the same letter. You (and your teammates) are allowed as many guesses as you like</p>\r\n<table style=\"border-collapse: collapse; width: 100%;\" border=\"1\">\r\n<tbody>\r\n<tr>\r\n<td style=\"width: 50%;\"><strong>Product Dimensions:</strong></td>\r\n<td style=\"width: 50%;\">13 x 8 x 1 inches</td>\r\n</tr>\r\n<tr>\r\n<td style=\"width: 50%;\"><strong>Model Number:</strong></td>\r\n<td style=\"width: 50%;\">O4633</td>\r\n</tr>\r\n<tr>\r\n<td style=\"width: 50%;\"><strong>Date First Available:</strong></td>\r\n<td style=\"width: 50%;\">August 20, 2019</td>\r\n</tr>\r\n<tr>\r\n<td style=\"width: 50%;\"><strong>ASIN:</strong></td>\r\n<td style=\"width: 50%;\">B07WWZM89C</td>\r\n</tr>\r\n<tr>\r\n<td style=\"width: 50%;\"><strong>Occasion:</strong></td>\r\n<td style=\"width: 50%;\">Daily, Lounge, Fall, Shopping</td>\r\n</tr>\r\n</tbody>\r\n</table>\r\n<p>INCLUDES 3 FUN PRINTABLES! Along with our learning games for kids ages 3-5, you get access to 3 FULL-COLOR, PRINTABLE downloads to READ, STORY is a fun illustrated journey through sustainable plant harvesting, endangered plants, ecosystems and more. The 27-page WILDCRAFT! BOTANICAL COLORING BOOK helps kids learn the plants in our educational game. And our POCKET GUIDE is the perfect reference to take on family nature outings, hikes and camping trips! AT LearningHerbs, WE BELIEVE IN THE POWER OF CONNECTING KIDS TO NATURE and appreciating everything OUR GREAT EARTH HAS TO OFFER. As parents, we designed Wildcraft! fun family games for kids.</p>\r\n<p>Wildcraft An Herbal Adventure Game is a fun, that’s also easy to follow – NO READING required. Because our learning board games feature clear illustrations and matching icons, even younger kids will learn what the different plants look like and can be used for.</p>'),(224,85,0,75,'N6210 Next Level Mens CVC Crew'),(225,76,0,75,'<p>The perfect recipe for a family game night! Appeals to a wide range of people. Created By National Parks. Parents who had traveled to every single National Park worked together with their board game designer son and created a game to inspire others and help families share their love of the National Parks.</p>'),(226,75,0,76,'<p>Will you get the answers in time, or is that just WISHFUL THINKING? Let\'s see how quickly you make the connections in this fun and challenging board game. You only have 60 seconds to figure out three Mystery words on the card. The only thing they have in common is that they all begin with the same letter. You (and your teammates) are allowed as many guesses as you like</p>\r\n<table style=\"border-collapse: collapse; width: 100%;\" border=\"1\">\r\n<tbody>\r\n<tr>\r\n<td style=\"width: 50%;\"><strong>Product Dimensions:</strong></td>\r\n<td style=\"width: 50%;\">13 x 8 x 1 inches</td>\r\n</tr>\r\n<tr>\r\n<td style=\"width: 50%;\"><strong>Model Number:</strong></td>\r\n<td style=\"width: 50%;\">O4633</td>\r\n</tr>\r\n<tr>\r\n<td style=\"width: 50%;\"><strong>Date First Available:</strong></td>\r\n<td style=\"width: 50%;\">August 20, 2019</td>\r\n</tr>\r\n<tr>\r\n<td style=\"width: 50%;\"><strong>ASIN:</strong></td>\r\n<td style=\"width: 50%;\">B07WWZM89C</td>\r\n</tr>\r\n<tr>\r\n<td style=\"width: 50%;\"><strong>Occasion:</strong></td>\r\n<td style=\"width: 50%;\">Daily, Lounge, Fall, Shopping</td>\r\n</tr>\r\n</tbody>\r\n</table>\r\n<p>INCLUDES 3 FUN PRINTABLES! Along with our learning games for kids ages 3-5, you get access to 3 FULL-COLOR, PRINTABLE downloads to READ, STORY is a fun illustrated journey through sustainable plant harvesting, endangered plants, ecosystems and more. The 27-page WILDCRAFT! BOTANICAL COLORING BOOK helps kids learn the plants in our educational game. And our POCKET GUIDE is the perfect reference to take on family nature outings, hikes and camping trips! AT LearningHerbs, WE BELIEVE IN THE POWER OF CONNECTING KIDS TO NATURE and appreciating everything OUR GREAT EARTH HAS TO OFFER. As parents, we designed Wildcraft! fun family games for kids.</p>\r\n<p>Wildcraft An Herbal Adventure Game is a fun, that’s also easy to follow – NO READING required. Because our learning board games feature clear illustrations and matching icons, even younger kids will learn what the different plants look like and can be used for.</p>'),(227,85,0,76,'Gildan Mens Heavy Cotton Pack'),(228,76,0,76,'<p>The perfect recipe for a family game night! Appeals to a wide range of people. Created By National Parks. Parents who had traveled to every single National Park worked together with their board game designer son and created a game to inspire others and help families share their love of the National Parks.</p>'),(229,75,0,77,'<p>Will you get the answers in time, or is that just WISHFUL THINKING? Let\'s see how quickly you make the connections in this fun and challenging board game. You only have 60 seconds to figure out three Mystery words on the card. The only thing they have in common is that they all begin with the same letter. You (and your teammates) are allowed as many guesses as you like</p>\r\n<table style=\"border-collapse: collapse; width: 100%;\" border=\"1\">\r\n<tbody>\r\n<tr>\r\n<td style=\"width: 50%;\"><strong>Product Dimensions:</strong></td>\r\n<td style=\"width: 50%;\">13 x 8 x 1 inches</td>\r\n</tr>\r\n<tr>\r\n<td style=\"width: 50%;\"><strong>Model Number:</strong></td>\r\n<td style=\"width: 50%;\">O4633</td>\r\n</tr>\r\n<tr>\r\n<td style=\"width: 50%;\"><strong>Date First Available:</strong></td>\r\n<td style=\"width: 50%;\">August 20, 2019</td>\r\n</tr>\r\n<tr>\r\n<td style=\"width: 50%;\"><strong>ASIN:</strong></td>\r\n<td style=\"width: 50%;\">B07WWZM89C</td>\r\n</tr>\r\n<tr>\r\n<td style=\"width: 50%;\"><strong>Occasion:</strong></td>\r\n<td style=\"width: 50%;\">Daily, Lounge, Fall, Shopping</td>\r\n</tr>\r\n</tbody>\r\n</table>\r\n<p>INCLUDES 3 FUN PRINTABLES! Along with our learning games for kids ages 3-5, you get access to 3 FULL-COLOR, PRINTABLE downloads to READ, STORY is a fun illustrated journey through sustainable plant harvesting, endangered plants, ecosystems and more. The 27-page WILDCRAFT! BOTANICAL COLORING BOOK helps kids learn the plants in our educational game. And our POCKET GUIDE is the perfect reference to take on family nature outings, hikes and camping trips! AT LearningHerbs, WE BELIEVE IN THE POWER OF CONNECTING KIDS TO NATURE and appreciating everything OUR GREAT EARTH HAS TO OFFER. As parents, we designed Wildcraft! fun family games for kids.</p>\r\n<p>Wildcraft An Herbal Adventure Game is a fun, that’s also easy to follow – NO READING required. Because our learning board games feature clear illustrations and matching icons, even younger kids will learn what the different plants look like and can be used for.</p>'),(230,85,0,77,'Place Girls Daisy Trim Tank'),(231,76,0,77,'<p>The perfect recipe for a family game night! Appeals to a wide range of people. Created By National Parks. Parents who had traveled to every single National Park worked together with their board game designer son and created a game to inspire others and help families share their love of the National Parks.</p>'),(232,75,0,78,'<p>Will you get the answers in time, or is that just WISHFUL THINKING? Let\'s see how quickly you make the connections in this fun and challenging board game. You only have 60 seconds to figure out three Mystery words on the card. The only thing they have in common is that they all begin with the same letter. You (and your teammates) are allowed as many guesses as you like</p>\r\n<table style=\"border-collapse: collapse; width: 100%;\" border=\"1\">\r\n<tbody>\r\n<tr>\r\n<td style=\"width: 50%;\"><strong>Product Dimensions:</strong></td>\r\n<td style=\"width: 50%;\">13 x 8 x 1 inches</td>\r\n</tr>\r\n<tr>\r\n<td style=\"width: 50%;\"><strong>Model Number:</strong></td>\r\n<td style=\"width: 50%;\">O4633</td>\r\n</tr>\r\n<tr>\r\n<td style=\"width: 50%;\"><strong>Date First Available:</strong></td>\r\n<td style=\"width: 50%;\">August 20, 2019</td>\r\n</tr>\r\n<tr>\r\n<td style=\"width: 50%;\"><strong>ASIN:</strong></td>\r\n<td style=\"width: 50%;\">B07WWZM89C</td>\r\n</tr>\r\n<tr>\r\n<td style=\"width: 50%;\"><strong>Occasion:</strong></td>\r\n<td style=\"width: 50%;\">Daily, Lounge, Fall, Shopping</td>\r\n</tr>\r\n</tbody>\r\n</table>\r\n<p>INCLUDES 3 FUN PRINTABLES! Along with our learning games for kids ages 3-5, you get access to 3 FULL-COLOR, PRINTABLE downloads to READ, STORY is a fun illustrated journey through sustainable plant harvesting, endangered plants, ecosystems and more. The 27-page WILDCRAFT! BOTANICAL COLORING BOOK helps kids learn the plants in our educational game. And our POCKET GUIDE is the perfect reference to take on family nature outings, hikes and camping trips! AT LearningHerbs, WE BELIEVE IN THE POWER OF CONNECTING KIDS TO NATURE and appreciating everything OUR GREAT EARTH HAS TO OFFER. As parents, we designed Wildcraft! fun family games for kids.</p>\r\n<p>Wildcraft An Herbal Adventure Game is a fun, that’s also easy to follow – NO READING required. Because our learning board games feature clear illustrations and matching icons, even younger kids will learn what the different plants look like and can be used for.</p>'),(233,85,0,78,'Big Girls Cold Shoulder Top'),(234,76,0,78,'<p>The perfect recipe for a family game night! Appeals to a wide range of people. Created By National Parks. Parents who had traveled to every single National Park worked together with their board game designer son and created a game to inspire others and help families share their love of the National Parks.</p>'),(235,75,0,79,'<p>Will you get the answers in time, or is that just WISHFUL THINKING? Let\'s see how quickly you make the connections in this fun and challenging board game. You only have 60 seconds to figure out three Mystery words on the card. The only thing they have in common is that they all begin with the same letter. You (and your teammates) are allowed as many guesses as you like</p>\r\n<table style=\"border-collapse: collapse; width: 100%;\" border=\"1\">\r\n<tbody>\r\n<tr>\r\n<td style=\"width: 50%;\"><strong>Product Dimensions:</strong></td>\r\n<td style=\"width: 50%;\">13 x 8 x 1 inches</td>\r\n</tr>\r\n<tr>\r\n<td style=\"width: 50%;\"><strong>Model Number:</strong></td>\r\n<td style=\"width: 50%;\">O4633</td>\r\n</tr>\r\n<tr>\r\n<td style=\"width: 50%;\"><strong>Date First Available:</strong></td>\r\n<td style=\"width: 50%;\">August 20, 2019</td>\r\n</tr>\r\n<tr>\r\n<td style=\"width: 50%;\"><strong>ASIN:</strong></td>\r\n<td style=\"width: 50%;\">B07WWZM89C</td>\r\n</tr>\r\n<tr>\r\n<td style=\"width: 50%;\"><strong>Occasion:</strong></td>\r\n<td style=\"width: 50%;\">Daily, Lounge, Fall, Shopping</td>\r\n</tr>\r\n</tbody>\r\n</table>\r\n<p>INCLUDES 3 FUN PRINTABLES! Along with our learning games for kids ages 3-5, you get access to 3 FULL-COLOR, PRINTABLE downloads to READ, STORY is a fun illustrated journey through sustainable plant harvesting, endangered plants, ecosystems and more. The 27-page WILDCRAFT! BOTANICAL COLORING BOOK helps kids learn the plants in our educational game. And our POCKET GUIDE is the perfect reference to take on family nature outings, hikes and camping trips! AT LearningHerbs, WE BELIEVE IN THE POWER OF CONNECTING KIDS TO NATURE and appreciating everything OUR GREAT EARTH HAS TO OFFER. As parents, we designed Wildcraft! fun family games for kids.</p>\r\n<p>Wildcraft An Herbal Adventure Game is a fun, that’s also easy to follow – NO READING required. Because our learning board games feature clear illustrations and matching icons, even younger kids will learn what the different plants look like and can be used for.</p>'),(236,85,0,79,'Graphic TShirt Americana Collection'),(237,76,0,79,'<p>The perfect recipe for a family game night! Appeals to a wide range of people. Created By National Parks. Parents who had traveled to every single National Park worked together with their board game designer son and created a game to inspire others and help families share their love of the National Parks.</p>'),(238,75,0,80,'<p>Will you get the answers in time, or is that just WISHFUL THINKING? Let\'s see how quickly you make the connections in this fun and challenging board game. You only have 60 seconds to figure out three Mystery words on the card. The only thing they have in common is that they all begin with the same letter. You (and your teammates) are allowed as many guesses as you like</p>\r\n<table style=\"border-collapse: collapse; width: 100%;\" border=\"1\">\r\n<tbody>\r\n<tr>\r\n<td style=\"width: 50%;\"><strong>Product Dimensions:</strong></td>\r\n<td style=\"width: 50%;\">13 x 8 x 1 inches</td>\r\n</tr>\r\n<tr>\r\n<td style=\"width: 50%;\"><strong>Model Number:</strong></td>\r\n<td style=\"width: 50%;\">O4633</td>\r\n</tr>\r\n<tr>\r\n<td style=\"width: 50%;\"><strong>Date First Available:</strong></td>\r\n<td style=\"width: 50%;\">August 20, 2019</td>\r\n</tr>\r\n<tr>\r\n<td style=\"width: 50%;\"><strong>ASIN:</strong></td>\r\n<td style=\"width: 50%;\">B07WWZM89C</td>\r\n</tr>\r\n<tr>\r\n<td style=\"width: 50%;\"><strong>Occasion:</strong></td>\r\n<td style=\"width: 50%;\">Daily, Lounge, Fall, Shopping</td>\r\n</tr>\r\n</tbody>\r\n</table>\r\n<p>INCLUDES 3 FUN PRINTABLES! Along with our learning games for kids ages 3-5, you get access to 3 FULL-COLOR, PRINTABLE downloads to READ, STORY is a fun illustrated journey through sustainable plant harvesting, endangered plants, ecosystems and more. The 27-page WILDCRAFT! BOTANICAL COLORING BOOK helps kids learn the plants in our educational game. And our POCKET GUIDE is the perfect reference to take on family nature outings, hikes and camping trips! AT LearningHerbs, WE BELIEVE IN THE POWER OF CONNECTING KIDS TO NATURE and appreciating everything OUR GREAT EARTH HAS TO OFFER. As parents, we designed Wildcraft! fun family games for kids.</p>\r\n<p>Wildcraft An Herbal Adventure Game is a fun, that’s also easy to follow – NO READING required. Because our learning board games feature clear illustrations and matching icons, even younger kids will learn what the different plants look like and can be used for.</p>'),(239,85,0,80,'Hanes Mens Humor Graphic TShirt'),(240,76,0,80,'<p>The perfect recipe for a family game night! Appeals to a wide range of people. Created By National Parks. Parents who had traveled to every single National Park worked together with their board game designer son and created a game to inspire others and help families share their love of the National Parks.</p>'),(241,75,0,81,'<p>Will you get the answers in time, or is that just WISHFUL THINKING? Let\'s see how quickly you make the connections in this fun and challenging board game. You only have 60 seconds to figure out three Mystery words on the card. The only thing they have in common is that they all begin with the same letter. You (and your teammates) are allowed as many guesses as you like</p>\r\n<table style=\"border-collapse: collapse; width: 100%;\" border=\"1\">\r\n<tbody>\r\n<tr>\r\n<td style=\"width: 50%;\"><strong>Product Dimensions:</strong></td>\r\n<td style=\"width: 50%;\">13 x 8 x 1 inches</td>\r\n</tr>\r\n<tr>\r\n<td style=\"width: 50%;\"><strong>Model Number:</strong></td>\r\n<td style=\"width: 50%;\">O4633</td>\r\n</tr>\r\n<tr>\r\n<td style=\"width: 50%;\"><strong>Date First Available:</strong></td>\r\n<td style=\"width: 50%;\">August 20, 2019</td>\r\n</tr>\r\n<tr>\r\n<td style=\"width: 50%;\"><strong>ASIN:</strong></td>\r\n<td style=\"width: 50%;\">B07WWZM89C</td>\r\n</tr>\r\n<tr>\r\n<td style=\"width: 50%;\"><strong>Occasion:</strong></td>\r\n<td style=\"width: 50%;\">Daily, Lounge, Fall, Shopping</td>\r\n</tr>\r\n</tbody>\r\n</table>\r\n<p>INCLUDES 3 FUN PRINTABLES! Along with our learning games for kids ages 3-5, you get access to 3 FULL-COLOR, PRINTABLE downloads to READ, STORY is a fun illustrated journey through sustainable plant harvesting, endangered plants, ecosystems and more. The 27-page WILDCRAFT! BOTANICAL COLORING BOOK helps kids learn the plants in our educational game. And our POCKET GUIDE is the perfect reference to take on family nature outings, hikes and camping trips! AT LearningHerbs, WE BELIEVE IN THE POWER OF CONNECTING KIDS TO NATURE and appreciating everything OUR GREAT EARTH HAS TO OFFER. As parents, we designed Wildcraft! fun family games for kids.</p>\r\n<p>Wildcraft An Herbal Adventure Game is a fun, that’s also easy to follow – NO READING required. Because our learning board games feature clear illustrations and matching icons, even younger kids will learn what the different plants look like and can be used for.</p>'),(242,85,0,81,'Munchkin White Hot Inflatable Tub'),(243,76,0,81,'<p>The perfect recipe for a family game night! Appeals to a wide range of people. Created By National Parks. Parents who had traveled to every single National Park worked together with their board game designer son and created a game to inspire others and help families share their love of the National Parks.</p>'),(244,75,0,82,'<p>Will you get the answers in time, or is that just WISHFUL THINKING? Let\'s see how quickly you make the connections in this fun and challenging board game. You only have 60 seconds to figure out three Mystery words on the card. The only thing they have in common is that they all begin with the same letter. You (and your teammates) are allowed as many guesses as you like</p>\r\n<table style=\"border-collapse: collapse; width: 100%;\" border=\"1\">\r\n<tbody>\r\n<tr>\r\n<td style=\"width: 50%;\"><strong>Product Dimensions:</strong></td>\r\n<td style=\"width: 50%;\">13 x 8 x 1 inches</td>\r\n</tr>\r\n<tr>\r\n<td style=\"width: 50%;\"><strong>Model Number:</strong></td>\r\n<td style=\"width: 50%;\">O4633</td>\r\n</tr>\r\n<tr>\r\n<td style=\"width: 50%;\"><strong>Date First Available:</strong></td>\r\n<td style=\"width: 50%;\">August 20, 2019</td>\r\n</tr>\r\n<tr>\r\n<td style=\"width: 50%;\"><strong>ASIN:</strong></td>\r\n<td style=\"width: 50%;\">B07WWZM89C</td>\r\n</tr>\r\n<tr>\r\n<td style=\"width: 50%;\"><strong>Occasion:</strong></td>\r\n<td style=\"width: 50%;\">Daily, Lounge, Fall, Shopping</td>\r\n</tr>\r\n</tbody>\r\n</table>\r\n<p>INCLUDES 3 FUN PRINTABLES! Along with our learning games for kids ages 3-5, you get access to 3 FULL-COLOR, PRINTABLE downloads to READ, STORY is a fun illustrated journey through sustainable plant harvesting, endangered plants, ecosystems and more. The 27-page WILDCRAFT! BOTANICAL COLORING BOOK helps kids learn the plants in our educational game. And our POCKET GUIDE is the perfect reference to take on family nature outings, hikes and camping trips! AT LearningHerbs, WE BELIEVE IN THE POWER OF CONNECTING KIDS TO NATURE and appreciating everything OUR GREAT EARTH HAS TO OFFER. As parents, we designed Wildcraft! fun family games for kids.</p>\r\n<p>Wildcraft An Herbal Adventure Game is a fun, that’s also easy to follow – NO READING required. Because our learning board games feature clear illustrations and matching icons, even younger kids will learn what the different plants look like and can be used for.</p>'),(245,85,0,82,'Gund Sesame Street Take Along'),(246,76,0,82,'<p>The perfect recipe for a family game night! Appeals to a wide range of people. Created By National Parks. Parents who had traveled to every single National Park worked together with their board game designer son and created a game to inspire others and help families share their love of the National Parks.</p>'),(247,75,0,83,'<p>Will you get the answers in time, or is that just WISHFUL THINKING? Let\'s see how quickly you make the connections in this fun and challenging board game. You only have 60 seconds to figure out three Mystery words on the card. The only thing they have in common is that they all begin with the same letter. You (and your teammates) are allowed as many guesses as you like</p>\r\n<table style=\"border-collapse: collapse; width: 100%;\" border=\"1\">\r\n<tbody>\r\n<tr>\r\n<td style=\"width: 50%;\"><strong>Product Dimensions:</strong></td>\r\n<td style=\"width: 50%;\">13 x 8 x 1 inches</td>\r\n</tr>\r\n<tr>\r\n<td style=\"width: 50%;\"><strong>Model Number:</strong></td>\r\n<td style=\"width: 50%;\">O4633</td>\r\n</tr>\r\n<tr>\r\n<td style=\"width: 50%;\"><strong>Date First Available:</strong></td>\r\n<td style=\"width: 50%;\">August 20, 2019</td>\r\n</tr>\r\n<tr>\r\n<td style=\"width: 50%;\"><strong>ASIN:</strong></td>\r\n<td style=\"width: 50%;\">B07WWZM89C</td>\r\n</tr>\r\n<tr>\r\n<td style=\"width: 50%;\"><strong>Occasion:</strong></td>\r\n<td style=\"width: 50%;\">Daily, Lounge, Fall, Shopping</td>\r\n</tr>\r\n</tbody>\r\n</table>\r\n<p>INCLUDES 3 FUN PRINTABLES! Along with our learning games for kids ages 3-5, you get access to 3 FULL-COLOR, PRINTABLE downloads to READ, STORY is a fun illustrated journey through sustainable plant harvesting, endangered plants, ecosystems and more. The 27-page WILDCRAFT! BOTANICAL COLORING BOOK helps kids learn the plants in our educational game. And our POCKET GUIDE is the perfect reference to take on family nature outings, hikes and camping trips! AT LearningHerbs, WE BELIEVE IN THE POWER OF CONNECTING KIDS TO NATURE and appreciating everything OUR GREAT EARTH HAS TO OFFER. As parents, we designed Wildcraft! fun family games for kids.</p>\r\n<p>Wildcraft An Herbal Adventure Game is a fun, that’s also easy to follow – NO READING required. Because our learning board games feature clear illustrations and matching icons, even younger kids will learn what the different plants look like and can be used for.</p>'),(248,85,0,83,'Little Tikes First Slide Red'),(249,76,0,83,'<p>The perfect recipe for a family game night! Appeals to a wide range of people. Created By National Parks. Parents who had traveled to every single National Park worked together with their board game designer son and created a game to inspire others and help families share their love of the National Parks.</p>'),(250,75,0,84,'<p>Will you get the answers in time, or is that just WISHFUL THINKING? Let\'s see how quickly you make the connections in this fun and challenging board game. You only have 60 seconds to figure out three Mystery words on the card. The only thing they have in common is that they all begin with the same letter. You (and your teammates) are allowed as many guesses as you like</p>\r\n<table style=\"border-collapse: collapse; width: 100%;\" border=\"1\">\r\n<tbody>\r\n<tr>\r\n<td style=\"width: 50%;\"><strong>Product Dimensions:</strong></td>\r\n<td style=\"width: 50%;\">13 x 8 x 1 inches</td>\r\n</tr>\r\n<tr>\r\n<td style=\"width: 50%;\"><strong>Model Number:</strong></td>\r\n<td style=\"width: 50%;\">O4633</td>\r\n</tr>\r\n<tr>\r\n<td style=\"width: 50%;\"><strong>Date First Available:</strong></td>\r\n<td style=\"width: 50%;\">August 20, 2019</td>\r\n</tr>\r\n<tr>\r\n<td style=\"width: 50%;\"><strong>ASIN:</strong></td>\r\n<td style=\"width: 50%;\">B07WWZM89C</td>\r\n</tr>\r\n<tr>\r\n<td style=\"width: 50%;\"><strong>Occasion:</strong></td>\r\n<td style=\"width: 50%;\">Daily, Lounge, Fall, Shopping</td>\r\n</tr>\r\n</tbody>\r\n</table>\r\n<p>INCLUDES 3 FUN PRINTABLES! Along with our learning games for kids ages 3-5, you get access to 3 FULL-COLOR, PRINTABLE downloads to READ, STORY is a fun illustrated journey through sustainable plant harvesting, endangered plants, ecosystems and more. The 27-page WILDCRAFT! BOTANICAL COLORING BOOK helps kids learn the plants in our educational game. And our POCKET GUIDE is the perfect reference to take on family nature outings, hikes and camping trips! AT LearningHerbs, WE BELIEVE IN THE POWER OF CONNECTING KIDS TO NATURE and appreciating everything OUR GREAT EARTH HAS TO OFFER. As parents, we designed Wildcraft! fun family games for kids.</p>\r\n<p>Wildcraft An Herbal Adventure Game is a fun, that’s also easy to follow – NO READING required. Because our learning board games feature clear illustrations and matching icons, even younger kids will learn what the different plants look like and can be used for.</p>'),(251,85,0,84,'VTech Busy Learners Activity Cube'),(252,76,0,84,'<p>The perfect recipe for a family game night! Appeals to a wide range of people. Created By National Parks. Parents who had traveled to every single National Park worked together with their board game designer son and created a game to inspire others and help families share their love of the National Parks.</p>'),(253,75,0,85,'<p>Will you get the answers in time, or is that just WISHFUL THINKING? Let\'s see how quickly you make the connections in this fun and challenging board game. You only have 60 seconds to figure out three Mystery words on the card. The only thing they have in common is that they all begin with the same letter. You (and your teammates) are allowed as many guesses as you like</p>\r\n<table style=\"border-collapse: collapse; width: 100%;\" border=\"1\">\r\n<tbody>\r\n<tr>\r\n<td style=\"width: 50%;\"><strong>Product Dimensions:</strong></td>\r\n<td style=\"width: 50%;\">13 x 8 x 1 inches</td>\r\n</tr>\r\n<tr>\r\n<td style=\"width: 50%;\"><strong>Model Number:</strong></td>\r\n<td style=\"width: 50%;\">O4633</td>\r\n</tr>\r\n<tr>\r\n<td style=\"width: 50%;\"><strong>Date First Available:</strong></td>\r\n<td style=\"width: 50%;\">August 20, 2019</td>\r\n</tr>\r\n<tr>\r\n<td style=\"width: 50%;\"><strong>ASIN:</strong></td>\r\n<td style=\"width: 50%;\">B07WWZM89C</td>\r\n</tr>\r\n<tr>\r\n<td style=\"width: 50%;\"><strong>Occasion:</strong></td>\r\n<td style=\"width: 50%;\">Daily, Lounge, Fall, Shopping</td>\r\n</tr>\r\n</tbody>\r\n</table>\r\n<p>INCLUDES 3 FUN PRINTABLES! Along with our learning games for kids ages 3-5, you get access to 3 FULL-COLOR, PRINTABLE downloads to READ, STORY is a fun illustrated journey through sustainable plant harvesting, endangered plants, ecosystems and more. The 27-page WILDCRAFT! BOTANICAL COLORING BOOK helps kids learn the plants in our educational game. And our POCKET GUIDE is the perfect reference to take on family nature outings, hikes and camping trips! AT LearningHerbs, WE BELIEVE IN THE POWER OF CONNECTING KIDS TO NATURE and appreciating everything OUR GREAT EARTH HAS TO OFFER. As parents, we designed Wildcraft! fun family games for kids.</p>\r\n<p>Wildcraft An Herbal Adventure Game is a fun, that’s also easy to follow – NO READING required. Because our learning board games feature clear illustrations and matching icons, even younger kids will learn what the different plants look like and can be used for.</p>'),(254,85,0,85,'Color You Talking Hamster Repeats'),(255,76,0,85,'<p>The perfect recipe for a family game night! Appeals to a wide range of people. Created By National Parks. Parents who had traveled to every single National Park worked together with their board game designer son and created a game to inspire others and help families share their love of the National Parks.</p>'),(256,75,0,86,'<p>Will you get the answers in time, or is that just WISHFUL THINKING? Let\'s see how quickly you make the connections in this fun and challenging board game. You only have 60 seconds to figure out three Mystery words on the card. The only thing they have in common is that they all begin with the same letter. You (and your teammates) are allowed as many guesses as you like</p>\r\n<table style=\"border-collapse: collapse; width: 100%;\" border=\"1\">\r\n<tbody>\r\n<tr>\r\n<td style=\"width: 50%;\"><strong>Product Dimensions:</strong></td>\r\n<td style=\"width: 50%;\">13 x 8 x 1 inches</td>\r\n</tr>\r\n<tr>\r\n<td style=\"width: 50%;\"><strong>Model Number:</strong></td>\r\n<td style=\"width: 50%;\">O4633</td>\r\n</tr>\r\n<tr>\r\n<td style=\"width: 50%;\"><strong>Date First Available:</strong></td>\r\n<td style=\"width: 50%;\">August 20, 2019</td>\r\n</tr>\r\n<tr>\r\n<td style=\"width: 50%;\"><strong>ASIN:</strong></td>\r\n<td style=\"width: 50%;\">B07WWZM89C</td>\r\n</tr>\r\n<tr>\r\n<td style=\"width: 50%;\"><strong>Occasion:</strong></td>\r\n<td style=\"width: 50%;\">Daily, Lounge, Fall, Shopping</td>\r\n</tr>\r\n</tbody>\r\n</table>\r\n<p>INCLUDES 3 FUN PRINTABLES! Along with our learning games for kids ages 3-5, you get access to 3 FULL-COLOR, PRINTABLE downloads to READ, STORY is a fun illustrated journey through sustainable plant harvesting, endangered plants, ecosystems and more. The 27-page WILDCRAFT! BOTANICAL COLORING BOOK helps kids learn the plants in our educational game. And our POCKET GUIDE is the perfect reference to take on family nature outings, hikes and camping trips! AT LearningHerbs, WE BELIEVE IN THE POWER OF CONNECTING KIDS TO NATURE and appreciating everything OUR GREAT EARTH HAS TO OFFER. As parents, we designed Wildcraft! fun family games for kids.</p>\r\n<p>Wildcraft An Herbal Adventure Game is a fun, that’s also easy to follow – NO READING required. Because our learning board games feature clear illustrations and matching icons, even younger kids will learn what the different plants look like and can be used for.</p>'),(257,85,0,86,'Nuby IcyBite Keys Teether Free'),(258,76,0,86,'<p>The perfect recipe for a family game night! Appeals to a wide range of people. Created By National Parks. Parents who had traveled to every single National Park worked together with their board game designer son and created a game to inspire others and help families share their love of the National Parks.</p>'),(259,75,0,87,'<p>Will you get the answers in time, or is that just WISHFUL THINKING? Let\'s see how quickly you make the connections in this fun and challenging board game. You only have 60 seconds to figure out three Mystery words on the card. The only thing they have in common is that they all begin with the same letter. You (and your teammates) are allowed as many guesses as you like</p>\r\n<table style=\"border-collapse: collapse; width: 100%;\" border=\"1\">\r\n<tbody>\r\n<tr>\r\n<td style=\"width: 50%;\"><strong>Product Dimensions:</strong></td>\r\n<td style=\"width: 50%;\">13 x 8 x 1 inches</td>\r\n</tr>\r\n<tr>\r\n<td style=\"width: 50%;\"><strong>Model Number:</strong></td>\r\n<td style=\"width: 50%;\">O4633</td>\r\n</tr>\r\n<tr>\r\n<td style=\"width: 50%;\"><strong>Date First Available:</strong></td>\r\n<td style=\"width: 50%;\">August 20, 2019</td>\r\n</tr>\r\n<tr>\r\n<td style=\"width: 50%;\"><strong>ASIN:</strong></td>\r\n<td style=\"width: 50%;\">B07WWZM89C</td>\r\n</tr>\r\n<tr>\r\n<td style=\"width: 50%;\"><strong>Occasion:</strong></td>\r\n<td style=\"width: 50%;\">Daily, Lounge, Fall, Shopping</td>\r\n</tr>\r\n</tbody>\r\n</table>\r\n<p>INCLUDES 3 FUN PRINTABLES! Along with our learning games for kids ages 3-5, you get access to 3 FULL-COLOR, PRINTABLE downloads to READ, STORY is a fun illustrated journey through sustainable plant harvesting, endangered plants, ecosystems and more. The 27-page WILDCRAFT! BOTANICAL COLORING BOOK helps kids learn the plants in our educational game. And our POCKET GUIDE is the perfect reference to take on family nature outings, hikes and camping trips! AT LearningHerbs, WE BELIEVE IN THE POWER OF CONNECTING KIDS TO NATURE and appreciating everything OUR GREAT EARTH HAS TO OFFER. As parents, we designed Wildcraft! fun family games for kids.</p>\r\n<p>Wildcraft An Herbal Adventure Game is a fun, that’s also easy to follow – NO READING required. Because our learning board games feature clear illustrations and matching icons, even younger kids will learn what the different plants look like and can be used for.</p>'),(260,85,0,87,'Baby Einstein Take Along Tunes'),(261,76,0,87,'<p>The perfect recipe for a family game night! Appeals to a wide range of people. Created By National Parks. Parents who had traveled to every single National Park worked together with their board game designer son and created a game to inspire others and help families share their love of the National Parks.</p>'),(262,75,0,88,'<p>Will you get the answers in time, or is that just WISHFUL THINKING? Let\'s see how quickly you make the connections in this fun and challenging board game. You only have 60 seconds to figure out three Mystery words on the card. The only thing they have in common is that they all begin with the same letter. You (and your teammates) are allowed as many guesses as you like</p>\r\n<table style=\"border-collapse: collapse; width: 100%;\" border=\"1\">\r\n<tbody>\r\n<tr>\r\n<td style=\"width: 50%;\"><strong>Product Dimensions:</strong></td>\r\n<td style=\"width: 50%;\">13 x 8 x 1 inches</td>\r\n</tr>\r\n<tr>\r\n<td style=\"width: 50%;\"><strong>Model Number:</strong></td>\r\n<td style=\"width: 50%;\">O4633</td>\r\n</tr>\r\n<tr>\r\n<td style=\"width: 50%;\"><strong>Date First Available:</strong></td>\r\n<td style=\"width: 50%;\">August 20, 2019</td>\r\n</tr>\r\n<tr>\r\n<td style=\"width: 50%;\"><strong>ASIN:</strong></td>\r\n<td style=\"width: 50%;\">B07WWZM89C</td>\r\n</tr>\r\n<tr>\r\n<td style=\"width: 50%;\"><strong>Occasion:</strong></td>\r\n<td style=\"width: 50%;\">Daily, Lounge, Fall, Shopping</td>\r\n</tr>\r\n</tbody>\r\n</table>\r\n<p>INCLUDES 3 FUN PRINTABLES! Along with our learning games for kids ages 3-5, you get access to 3 FULL-COLOR, PRINTABLE downloads to READ, STORY is a fun illustrated journey through sustainable plant harvesting, endangered plants, ecosystems and more. The 27-page WILDCRAFT! BOTANICAL COLORING BOOK helps kids learn the plants in our educational game. And our POCKET GUIDE is the perfect reference to take on family nature outings, hikes and camping trips! AT LearningHerbs, WE BELIEVE IN THE POWER OF CONNECTING KIDS TO NATURE and appreciating everything OUR GREAT EARTH HAS TO OFFER. As parents, we designed Wildcraft! fun family games for kids.</p>\r\n<p>Wildcraft An Herbal Adventure Game is a fun, that’s also easy to follow – NO READING required. Because our learning board games feature clear illustrations and matching icons, even younger kids will learn what the different plants look like and can be used for.</p>'),(263,85,0,88,'Sassy Developmental Bumpy Ball'),(264,76,0,88,'<p>The perfect recipe for a family game night! Appeals to a wide range of people. Created By National Parks. Parents who had traveled to every single National Park worked together with their board game designer son and created a game to inspire others and help families share their love of the National Parks.</p>'),(265,139,0,57,'size-chart-example'),(266,75,0,89,'<div data-content-type=\"html\" data-appearance=\"default\" data-element=\"main\">&lt;p&gt;Will you get the answers in time, or is that just WISHFUL THINKING? Let\'s see how quickly you make the connections in this fun and challenging board game. You only have 60 seconds to figure out three Mystery words on the card. The only thing they have in common is that they all begin with the same letter. You (and your teammates) are allowed as many guesses as you like&lt;/p&gt;\r\n&lt;table style=\"border-collapse: collapse; width: 100%;\" border=\"1\"&gt;\r\n&lt;tbody&gt;\r\n&lt;tr&gt;\r\n&lt;td style=\"width: 50%;\"&gt;&lt;strong&gt;Product Dimensions:&lt;/strong&gt;&lt;/td&gt;\r\n&lt;td style=\"width: 50%;\"&gt;13 x 8 x 1 inches&lt;/td&gt;\r\n&lt;/tr&gt;\r\n&lt;tr&gt;\r\n&lt;td style=\"width: 50%;\"&gt;&lt;strong&gt;Model Number:&lt;/strong&gt;&lt;/td&gt;\r\n&lt;td style=\"width: 50%;\"&gt;O4633&lt;/td&gt;\r\n&lt;/tr&gt;\r\n&lt;tr&gt;\r\n&lt;td style=\"width: 50%;\"&gt;&lt;strong&gt;Date First Available:&lt;/strong&gt;&lt;/td&gt;\r\n&lt;td style=\"width: 50%;\"&gt;August 20, 2019&lt;/td&gt;\r\n&lt;/tr&gt;\r\n&lt;tr&gt;\r\n&lt;td style=\"width: 50%;\"&gt;&lt;strong&gt;ASIN:&lt;/strong&gt;&lt;/td&gt;\r\n&lt;td style=\"width: 50%;\"&gt;B07WWZM89C&lt;/td&gt;\r\n&lt;/tr&gt;\r\n&lt;tr&gt;\r\n&lt;td style=\"width: 50%;\"&gt;&lt;strong&gt;Occasion:&lt;/strong&gt;&lt;/td&gt;\r\n&lt;td style=\"width: 50%;\"&gt;Daily, Lounge, Fall, Shopping&lt;/td&gt;\r\n&lt;/tr&gt;\r\n&lt;/tbody&gt;\r\n&lt;/table&gt;\r\n&lt;p&gt;INCLUDES 3 FUN PRINTABLES! Along with our learning games for kids ages 3-5, you get access to 3 FULL-COLOR, PRINTABLE downloads to READ, STORY is a fun illustrated journey through sustainable plant harvesting, endangered plants, ecosystems and more. The 27-page WILDCRAFT! BOTANICAL COLORING BOOK helps kids learn the plants in our educational game. And our POCKET GUIDE is the perfect reference to take on family nature outings, hikes and camping trips! AT LearningHerbs, WE BELIEVE IN THE POWER OF CONNECTING KIDS TO NATURE and appreciating everything OUR GREAT EARTH HAS TO OFFER. As parents, we designed Wildcraft! fun family games for kids.&lt;/p&gt;\r\n&lt;p&gt;Wildcraft An Herbal Adventure Game is a fun, that’s also easy to follow – NO READING required. Because our learning board games feature clear illustrations and matching icons, even younger kids will learn what the different plants look like and can be used for.&lt;/p&gt;</div>'),(267,85,0,89,'Authentic South Sea Tahitan Pearl'),(268,76,0,89,'<p>The perfect recipe for a family game night! Appeals to a wide range of people. Created By National Parks. Parents who had traveled to every single National Park worked together with their board game designer son and created a game to inspire others and help families share their love of the National Parks.</p>'),(269,75,0,90,'<div data-content-type=\"html\" data-appearance=\"default\" data-element=\"main\">&lt;p&gt;Will you get the answers in time, or is that just WISHFUL THINKING? Let\'s see how quickly you make the connections in this fun and challenging board game. You only have 60 seconds to figure out three Mystery words on the card. The only thing they have in common is that they all begin with the same letter. You (and your teammates) are allowed as many guesses as you like&lt;/p&gt;\r\n&lt;table style=\"border-collapse: collapse; width: 100%;\" border=\"1\"&gt;\r\n&lt;tbody&gt;\r\n&lt;tr&gt;\r\n&lt;td style=\"width: 50%;\"&gt;&lt;strong&gt;Product Dimensions:&lt;/strong&gt;&lt;/td&gt;\r\n&lt;td style=\"width: 50%;\"&gt;13 x 8 x 1 inches&lt;/td&gt;\r\n&lt;/tr&gt;\r\n&lt;tr&gt;\r\n&lt;td style=\"width: 50%;\"&gt;&lt;strong&gt;Model Number:&lt;/strong&gt;&lt;/td&gt;\r\n&lt;td style=\"width: 50%;\"&gt;O4633&lt;/td&gt;\r\n&lt;/tr&gt;\r\n&lt;tr&gt;\r\n&lt;td style=\"width: 50%;\"&gt;&lt;strong&gt;Date First Available:&lt;/strong&gt;&lt;/td&gt;\r\n&lt;td style=\"width: 50%;\"&gt;August 20, 2019&lt;/td&gt;\r\n&lt;/tr&gt;\r\n&lt;tr&gt;\r\n&lt;td style=\"width: 50%;\"&gt;&lt;strong&gt;ASIN:&lt;/strong&gt;&lt;/td&gt;\r\n&lt;td style=\"width: 50%;\"&gt;B07WWZM89C&lt;/td&gt;\r\n&lt;/tr&gt;\r\n&lt;tr&gt;\r\n&lt;td style=\"width: 50%;\"&gt;&lt;strong&gt;Occasion:&lt;/strong&gt;&lt;/td&gt;\r\n&lt;td style=\"width: 50%;\"&gt;Daily, Lounge, Fall, Shopping&lt;/td&gt;\r\n&lt;/tr&gt;\r\n&lt;/tbody&gt;\r\n&lt;/table&gt;\r\n&lt;p&gt;INCLUDES 3 FUN PRINTABLES! Along with our learning games for kids ages 3-5, you get access to 3 FULL-COLOR, PRINTABLE downloads to READ, STORY is a fun illustrated journey through sustainable plant harvesting, endangered plants, ecosystems and more. The 27-page WILDCRAFT! BOTANICAL COLORING BOOK helps kids learn the plants in our educational game. And our POCKET GUIDE is the perfect reference to take on family nature outings, hikes and camping trips! AT LearningHerbs, WE BELIEVE IN THE POWER OF CONNECTING KIDS TO NATURE and appreciating everything OUR GREAT EARTH HAS TO OFFER. As parents, we designed Wildcraft! fun family games for kids.&lt;/p&gt;\r\n&lt;p&gt;Wildcraft An Herbal Adventure Game is a fun, that’s also easy to follow – NO READING required. Because our learning board games feature clear illustrations and matching icons, even younger kids will learn what the different plants look like and can be used for.&lt;/p&gt;</div>'),(270,85,0,90,'Flower Collar Necklace for Women'),(271,76,0,90,'<p>The perfect recipe for a family game night! Appeals to a wide range of people. Created By National Parks. Parents who had traveled to every single National Park worked together with their board game designer son and created a game to inspire others and help families share their love of the National Parks.</p>'),(272,75,0,91,'<div data-content-type=\"html\" data-appearance=\"default\" data-element=\"main\">&lt;p&gt;Will you get the answers in time, or is that just WISHFUL THINKING? Let\'s see how quickly you make the connections in this fun and challenging board game. You only have 60 seconds to figure out three Mystery words on the card. The only thing they have in common is that they all begin with the same letter. You (and your teammates) are allowed as many guesses as you like&lt;/p&gt;\r\n&lt;table style=\"border-collapse: collapse; width: 100%;\" border=\"1\"&gt;\r\n&lt;tbody&gt;\r\n&lt;tr&gt;\r\n&lt;td style=\"width: 50%;\"&gt;&lt;strong&gt;Product Dimensions:&lt;/strong&gt;&lt;/td&gt;\r\n&lt;td style=\"width: 50%;\"&gt;13 x 8 x 1 inches&lt;/td&gt;\r\n&lt;/tr&gt;\r\n&lt;tr&gt;\r\n&lt;td style=\"width: 50%;\"&gt;&lt;strong&gt;Model Number:&lt;/strong&gt;&lt;/td&gt;\r\n&lt;td style=\"width: 50%;\"&gt;O4633&lt;/td&gt;\r\n&lt;/tr&gt;\r\n&lt;tr&gt;\r\n&lt;td style=\"width: 50%;\"&gt;&lt;strong&gt;Date First Available:&lt;/strong&gt;&lt;/td&gt;\r\n&lt;td style=\"width: 50%;\"&gt;August 20, 2019&lt;/td&gt;\r\n&lt;/tr&gt;\r\n&lt;tr&gt;\r\n&lt;td style=\"width: 50%;\"&gt;&lt;strong&gt;ASIN:&lt;/strong&gt;&lt;/td&gt;\r\n&lt;td style=\"width: 50%;\"&gt;B07WWZM89C&lt;/td&gt;\r\n&lt;/tr&gt;\r\n&lt;tr&gt;\r\n&lt;td style=\"width: 50%;\"&gt;&lt;strong&gt;Occasion:&lt;/strong&gt;&lt;/td&gt;\r\n&lt;td style=\"width: 50%;\"&gt;Daily, Lounge, Fall, Shopping&lt;/td&gt;\r\n&lt;/tr&gt;\r\n&lt;/tbody&gt;\r\n&lt;/table&gt;\r\n&lt;p&gt;INCLUDES 3 FUN PRINTABLES! Along with our learning games for kids ages 3-5, you get access to 3 FULL-COLOR, PRINTABLE downloads to READ, STORY is a fun illustrated journey through sustainable plant harvesting, endangered plants, ecosystems and more. The 27-page WILDCRAFT! BOTANICAL COLORING BOOK helps kids learn the plants in our educational game. And our POCKET GUIDE is the perfect reference to take on family nature outings, hikes and camping trips! AT LearningHerbs, WE BELIEVE IN THE POWER OF CONNECTING KIDS TO NATURE and appreciating everything OUR GREAT EARTH HAS TO OFFER. As parents, we designed Wildcraft! fun family games for kids.&lt;/p&gt;\r\n&lt;p&gt;Wildcraft An Herbal Adventure Game is a fun, that’s also easy to follow – NO READING required. Because our learning board games feature clear illustrations and matching icons, even younger kids will learn what the different plants look like and can be used for.&lt;/p&gt;</div>'),(273,85,0,91,'Peackock Tones Freshwater Cultured'),(274,76,0,91,'<p>The perfect recipe for a family game night! Appeals to a wide range of people. Created By National Parks. Parents who had traveled to every single National Park worked together with their board game designer son and created a game to inspire others and help families share their love of the National Parks.</p>'),(275,75,0,92,'<div data-content-type=\"html\" data-appearance=\"default\" data-element=\"main\">&lt;p&gt;Will you get the answers in time, or is that just WISHFUL THINKING? Let\'s see how quickly you make the connections in this fun and challenging board game. You only have 60 seconds to figure out three Mystery words on the card. The only thing they have in common is that they all begin with the same letter. You (and your teammates) are allowed as many guesses as you like&lt;/p&gt;\r\n&lt;table style=\"border-collapse: collapse; width: 100%;\" border=\"1\"&gt;\r\n&lt;tbody&gt;\r\n&lt;tr&gt;\r\n&lt;td style=\"width: 50%;\"&gt;&lt;strong&gt;Product Dimensions:&lt;/strong&gt;&lt;/td&gt;\r\n&lt;td style=\"width: 50%;\"&gt;13 x 8 x 1 inches&lt;/td&gt;\r\n&lt;/tr&gt;\r\n&lt;tr&gt;\r\n&lt;td style=\"width: 50%;\"&gt;&lt;strong&gt;Model Number:&lt;/strong&gt;&lt;/td&gt;\r\n&lt;td style=\"width: 50%;\"&gt;O4633&lt;/td&gt;\r\n&lt;/tr&gt;\r\n&lt;tr&gt;\r\n&lt;td style=\"width: 50%;\"&gt;&lt;strong&gt;Date First Available:&lt;/strong&gt;&lt;/td&gt;\r\n&lt;td style=\"width: 50%;\"&gt;August 20, 2019&lt;/td&gt;\r\n&lt;/tr&gt;\r\n&lt;tr&gt;\r\n&lt;td style=\"width: 50%;\"&gt;&lt;strong&gt;ASIN:&lt;/strong&gt;&lt;/td&gt;\r\n&lt;td style=\"width: 50%;\"&gt;B07WWZM89C&lt;/td&gt;\r\n&lt;/tr&gt;\r\n&lt;tr&gt;\r\n&lt;td style=\"width: 50%;\"&gt;&lt;strong&gt;Occasion:&lt;/strong&gt;&lt;/td&gt;\r\n&lt;td style=\"width: 50%;\"&gt;Daily, Lounge, Fall, Shopping&lt;/td&gt;\r\n&lt;/tr&gt;\r\n&lt;/tbody&gt;\r\n&lt;/table&gt;\r\n&lt;p&gt;INCLUDES 3 FUN PRINTABLES! Along with our learning games for kids ages 3-5, you get access to 3 FULL-COLOR, PRINTABLE downloads to READ, STORY is a fun illustrated journey through sustainable plant harvesting, endangered plants, ecosystems and more. The 27-page WILDCRAFT! BOTANICAL COLORING BOOK helps kids learn the plants in our educational game. And our POCKET GUIDE is the perfect reference to take on family nature outings, hikes and camping trips! AT LearningHerbs, WE BELIEVE IN THE POWER OF CONNECTING KIDS TO NATURE and appreciating everything OUR GREAT EARTH HAS TO OFFER. As parents, we designed Wildcraft! fun family games for kids.&lt;/p&gt;\r\n&lt;p&gt;Wildcraft An Herbal Adventure Game is a fun, that’s also easy to follow – NO READING required. Because our learning board games feature clear illustrations and matching icons, even younger kids will learn what the different plants look like and can be used for.&lt;/p&gt;</div>'),(276,85,0,92,'Pink Angel 18K Rose Gold Plated'),(277,76,0,92,'<p>The perfect recipe for a family game night! Appeals to a wide range of people. Created By National Parks. Parents who had traveled to every single National Park worked together with their board game designer son and created a game to inspire others and help families share their love of the National Parks.</p>'),(278,75,0,93,'<div data-content-type=\"html\" data-appearance=\"default\" data-element=\"main\">&lt;p&gt;Will you get the answers in time, or is that just WISHFUL THINKING? Let\'s see how quickly you make the connections in this fun and challenging board game. You only have 60 seconds to figure out three Mystery words on the card. The only thing they have in common is that they all begin with the same letter. You (and your teammates) are allowed as many guesses as you like&lt;/p&gt;\r\n&lt;table style=\"border-collapse: collapse; width: 100%;\" border=\"1\"&gt;\r\n&lt;tbody&gt;\r\n&lt;tr&gt;\r\n&lt;td style=\"width: 50%;\"&gt;&lt;strong&gt;Product Dimensions:&lt;/strong&gt;&lt;/td&gt;\r\n&lt;td style=\"width: 50%;\"&gt;13 x 8 x 1 inches&lt;/td&gt;\r\n&lt;/tr&gt;\r\n&lt;tr&gt;\r\n&lt;td style=\"width: 50%;\"&gt;&lt;strong&gt;Model Number:&lt;/strong&gt;&lt;/td&gt;\r\n&lt;td style=\"width: 50%;\"&gt;O4633&lt;/td&gt;\r\n&lt;/tr&gt;\r\n&lt;tr&gt;\r\n&lt;td style=\"width: 50%;\"&gt;&lt;strong&gt;Date First Available:&lt;/strong&gt;&lt;/td&gt;\r\n&lt;td style=\"width: 50%;\"&gt;August 20, 2019&lt;/td&gt;\r\n&lt;/tr&gt;\r\n&lt;tr&gt;\r\n&lt;td style=\"width: 50%;\"&gt;&lt;strong&gt;ASIN:&lt;/strong&gt;&lt;/td&gt;\r\n&lt;td style=\"width: 50%;\"&gt;B07WWZM89C&lt;/td&gt;\r\n&lt;/tr&gt;\r\n&lt;tr&gt;\r\n&lt;td style=\"width: 50%;\"&gt;&lt;strong&gt;Occasion:&lt;/strong&gt;&lt;/td&gt;\r\n&lt;td style=\"width: 50%;\"&gt;Daily, Lounge, Fall, Shopping&lt;/td&gt;\r\n&lt;/tr&gt;\r\n&lt;/tbody&gt;\r\n&lt;/table&gt;\r\n&lt;p&gt;INCLUDES 3 FUN PRINTABLES! Along with our learning games for kids ages 3-5, you get access to 3 FULL-COLOR, PRINTABLE downloads to READ, STORY is a fun illustrated journey through sustainable plant harvesting, endangered plants, ecosystems and more. The 27-page WILDCRAFT! BOTANICAL COLORING BOOK helps kids learn the plants in our educational game. And our POCKET GUIDE is the perfect reference to take on family nature outings, hikes and camping trips! AT LearningHerbs, WE BELIEVE IN THE POWER OF CONNECTING KIDS TO NATURE and appreciating everything OUR GREAT EARTH HAS TO OFFER. As parents, we designed Wildcraft! fun family games for kids.&lt;/p&gt;\r\n&lt;p&gt;Wildcraft An Herbal Adventure Game is a fun, that’s also easy to follow – NO READING required. Because our learning board games feature clear illustrations and matching icons, even younger kids will learn what the different plants look like and can be used for.&lt;/p&gt;</div>'),(279,85,0,93,'Rose & Jake 18K Rose Gold Plated'),(280,76,0,93,'<p>The perfect recipe for a family game night! Appeals to a wide range of people. Created By National Parks. Parents who had traveled to every single National Park worked together with their board game designer son and created a game to inspire others and help families share their love of the National Parks.</p>'),(281,75,0,94,'<div data-content-type=\"html\" data-appearance=\"default\" data-element=\"main\">&lt;p&gt;Will you get the answers in time, or is that just WISHFUL THINKING? Let\'s see how quickly you make the connections in this fun and challenging board game. You only have 60 seconds to figure out three Mystery words on the card. The only thing they have in common is that they all begin with the same letter. You (and your teammates) are allowed as many guesses as you like&lt;/p&gt;\r\n&lt;table style=\"border-collapse: collapse; width: 100%;\" border=\"1\"&gt;\r\n&lt;tbody&gt;\r\n&lt;tr&gt;\r\n&lt;td style=\"width: 50%;\"&gt;&lt;strong&gt;Product Dimensions:&lt;/strong&gt;&lt;/td&gt;\r\n&lt;td style=\"width: 50%;\"&gt;13 x 8 x 1 inches&lt;/td&gt;\r\n&lt;/tr&gt;\r\n&lt;tr&gt;\r\n&lt;td style=\"width: 50%;\"&gt;&lt;strong&gt;Model Number:&lt;/strong&gt;&lt;/td&gt;\r\n&lt;td style=\"width: 50%;\"&gt;O4633&lt;/td&gt;\r\n&lt;/tr&gt;\r\n&lt;tr&gt;\r\n&lt;td style=\"width: 50%;\"&gt;&lt;strong&gt;Date First Available:&lt;/strong&gt;&lt;/td&gt;\r\n&lt;td style=\"width: 50%;\"&gt;August 20, 2019&lt;/td&gt;\r\n&lt;/tr&gt;\r\n&lt;tr&gt;\r\n&lt;td style=\"width: 50%;\"&gt;&lt;strong&gt;ASIN:&lt;/strong&gt;&lt;/td&gt;\r\n&lt;td style=\"width: 50%;\"&gt;B07WWZM89C&lt;/td&gt;\r\n&lt;/tr&gt;\r\n&lt;tr&gt;\r\n&lt;td style=\"width: 50%;\"&gt;&lt;strong&gt;Occasion:&lt;/strong&gt;&lt;/td&gt;\r\n&lt;td style=\"width: 50%;\"&gt;Daily, Lounge, Fall, Shopping&lt;/td&gt;\r\n&lt;/tr&gt;\r\n&lt;/tbody&gt;\r\n&lt;/table&gt;\r\n&lt;p&gt;INCLUDES 3 FUN PRINTABLES! Along with our learning games for kids ages 3-5, you get access to 3 FULL-COLOR, PRINTABLE downloads to READ, STORY is a fun illustrated journey through sustainable plant harvesting, endangered plants, ecosystems and more. The 27-page WILDCRAFT! BOTANICAL COLORING BOOK helps kids learn the plants in our educational game. And our POCKET GUIDE is the perfect reference to take on family nature outings, hikes and camping trips! AT LearningHerbs, WE BELIEVE IN THE POWER OF CONNECTING KIDS TO NATURE and appreciating everything OUR GREAT EARTH HAS TO OFFER. As parents, we designed Wildcraft! fun family games for kids.&lt;/p&gt;\r\n&lt;p&gt;Wildcraft An Herbal Adventure Game is a fun, that’s also easy to follow – NO READING required. Because our learning board games feature clear illustrations and matching icons, even younger kids will learn what the different plants look like and can be used for.&lt;/p&gt;</div>'),(282,85,0,94,'Silver Elegant Flower Engagement'),(283,76,0,94,'<p>The perfect recipe for a family game night! Appeals to a wide range of people. Created By National Parks. Parents who had traveled to every single National Park worked together with their board game designer son and created a game to inspire others and help families share their love of the National Parks.</p>'),(284,75,0,95,'<div data-content-type=\"html\" data-appearance=\"default\" data-element=\"main\">&lt;p&gt;Will you get the answers in time, or is that just WISHFUL THINKING? Let\'s see how quickly you make the connections in this fun and challenging board game. You only have 60 seconds to figure out three Mystery words on the card. The only thing they have in common is that they all begin with the same letter. You (and your teammates) are allowed as many guesses as you like&lt;/p&gt;\r\n&lt;table style=\"border-collapse: collapse; width: 100%;\" border=\"1\"&gt;\r\n&lt;tbody&gt;\r\n&lt;tr&gt;\r\n&lt;td style=\"width: 50%;\"&gt;&lt;strong&gt;Product Dimensions:&lt;/strong&gt;&lt;/td&gt;\r\n&lt;td style=\"width: 50%;\"&gt;13 x 8 x 1 inches&lt;/td&gt;\r\n&lt;/tr&gt;\r\n&lt;tr&gt;\r\n&lt;td style=\"width: 50%;\"&gt;&lt;strong&gt;Model Number:&lt;/strong&gt;&lt;/td&gt;\r\n&lt;td style=\"width: 50%;\"&gt;O4633&lt;/td&gt;\r\n&lt;/tr&gt;\r\n&lt;tr&gt;\r\n&lt;td style=\"width: 50%;\"&gt;&lt;strong&gt;Date First Available:&lt;/strong&gt;&lt;/td&gt;\r\n&lt;td style=\"width: 50%;\"&gt;August 20, 2019&lt;/td&gt;\r\n&lt;/tr&gt;\r\n&lt;tr&gt;\r\n&lt;td style=\"width: 50%;\"&gt;&lt;strong&gt;ASIN:&lt;/strong&gt;&lt;/td&gt;\r\n&lt;td style=\"width: 50%;\"&gt;B07WWZM89C&lt;/td&gt;\r\n&lt;/tr&gt;\r\n&lt;tr&gt;\r\n&lt;td style=\"width: 50%;\"&gt;&lt;strong&gt;Occasion:&lt;/strong&gt;&lt;/td&gt;\r\n&lt;td style=\"width: 50%;\"&gt;Daily, Lounge, Fall, Shopping&lt;/td&gt;\r\n&lt;/tr&gt;\r\n&lt;/tbody&gt;\r\n&lt;/table&gt;\r\n&lt;p&gt;INCLUDES 3 FUN PRINTABLES! Along with our learning games for kids ages 3-5, you get access to 3 FULL-COLOR, PRINTABLE downloads to READ, STORY is a fun illustrated journey through sustainable plant harvesting, endangered plants, ecosystems and more. The 27-page WILDCRAFT! BOTANICAL COLORING BOOK helps kids learn the plants in our educational game. And our POCKET GUIDE is the perfect reference to take on family nature outings, hikes and camping trips! AT LearningHerbs, WE BELIEVE IN THE POWER OF CONNECTING KIDS TO NATURE and appreciating everything OUR GREAT EARTH HAS TO OFFER. As parents, we designed Wildcraft! fun family games for kids.&lt;/p&gt;\r\n&lt;p&gt;Wildcraft An Herbal Adventure Game is a fun, that’s also easy to follow – NO READING required. Because our learning board games feature clear illustrations and matching icons, even younger kids will learn what the different plants look like and can be used for.&lt;/p&gt;</div>'),(285,85,0,95,'Super Bee Pollen Complex'),(286,76,0,95,'<p>The perfect recipe for a family game night! Appeals to a wide range of people. Created By National Parks. Parents who had traveled to every single National Park worked together with their board game designer son and created a game to inspire others and help families share their love of the National Parks.</p>'),(287,75,0,96,'<div data-content-type=\"html\" data-appearance=\"default\" data-element=\"main\">&lt;p&gt;Will you get the answers in time, or is that just WISHFUL THINKING? Let\'s see how quickly you make the connections in this fun and challenging board game. You only have 60 seconds to figure out three Mystery words on the card. The only thing they have in common is that they all begin with the same letter. You (and your teammates) are allowed as many guesses as you like&lt;/p&gt;\r\n&lt;table style=\"border-collapse: collapse; width: 100%;\" border=\"1\"&gt;\r\n&lt;tbody&gt;\r\n&lt;tr&gt;\r\n&lt;td style=\"width: 50%;\"&gt;&lt;strong&gt;Product Dimensions:&lt;/strong&gt;&lt;/td&gt;\r\n&lt;td style=\"width: 50%;\"&gt;13 x 8 x 1 inches&lt;/td&gt;\r\n&lt;/tr&gt;\r\n&lt;tr&gt;\r\n&lt;td style=\"width: 50%;\"&gt;&lt;strong&gt;Model Number:&lt;/strong&gt;&lt;/td&gt;\r\n&lt;td style=\"width: 50%;\"&gt;O4633&lt;/td&gt;\r\n&lt;/tr&gt;\r\n&lt;tr&gt;\r\n&lt;td style=\"width: 50%;\"&gt;&lt;strong&gt;Date First Available:&lt;/strong&gt;&lt;/td&gt;\r\n&lt;td style=\"width: 50%;\"&gt;August 20, 2019&lt;/td&gt;\r\n&lt;/tr&gt;\r\n&lt;tr&gt;\r\n&lt;td style=\"width: 50%;\"&gt;&lt;strong&gt;ASIN:&lt;/strong&gt;&lt;/td&gt;\r\n&lt;td style=\"width: 50%;\"&gt;B07WWZM89C&lt;/td&gt;\r\n&lt;/tr&gt;\r\n&lt;tr&gt;\r\n&lt;td style=\"width: 50%;\"&gt;&lt;strong&gt;Occasion:&lt;/strong&gt;&lt;/td&gt;\r\n&lt;td style=\"width: 50%;\"&gt;Daily, Lounge, Fall, Shopping&lt;/td&gt;\r\n&lt;/tr&gt;\r\n&lt;/tbody&gt;\r\n&lt;/table&gt;\r\n&lt;p&gt;INCLUDES 3 FUN PRINTABLES! Along with our learning games for kids ages 3-5, you get access to 3 FULL-COLOR, PRINTABLE downloads to READ, STORY is a fun illustrated journey through sustainable plant harvesting, endangered plants, ecosystems and more. The 27-page WILDCRAFT! BOTANICAL COLORING BOOK helps kids learn the plants in our educational game. And our POCKET GUIDE is the perfect reference to take on family nature outings, hikes and camping trips! AT LearningHerbs, WE BELIEVE IN THE POWER OF CONNECTING KIDS TO NATURE and appreciating everything OUR GREAT EARTH HAS TO OFFER. As parents, we designed Wildcraft! fun family games for kids.&lt;/p&gt;\r\n&lt;p&gt;Wildcraft An Herbal Adventure Game is a fun, that’s also easy to follow – NO READING required. Because our learning board games feature clear illustrations and matching icons, even younger kids will learn what the different plants look like and can be used for.&lt;/p&gt;</div>'),(288,85,0,96,'Pure White Kidney Bean Extract'),(289,76,0,96,'<p>The perfect recipe for a family game night! Appeals to a wide range of people. Created By National Parks. Parents who had traveled to every single National Park worked together with their board game designer son and created a game to inspire others and help families share their love of the National Parks.</p>'),(290,75,0,97,'<div data-content-type=\"html\" data-appearance=\"default\" data-element=\"main\">&lt;p&gt;Will you get the answers in time, or is that just WISHFUL THINKING? Let\'s see how quickly you make the connections in this fun and challenging board game. You only have 60 seconds to figure out three Mystery words on the card. The only thing they have in common is that they all begin with the same letter. You (and your teammates) are allowed as many guesses as you like&lt;/p&gt;\r\n&lt;table style=\"border-collapse: collapse; width: 100%;\" border=\"1\"&gt;\r\n&lt;tbody&gt;\r\n&lt;tr&gt;\r\n&lt;td style=\"width: 50%;\"&gt;&lt;strong&gt;Product Dimensions:&lt;/strong&gt;&lt;/td&gt;\r\n&lt;td style=\"width: 50%;\"&gt;13 x 8 x 1 inches&lt;/td&gt;\r\n&lt;/tr&gt;\r\n&lt;tr&gt;\r\n&lt;td style=\"width: 50%;\"&gt;&lt;strong&gt;Model Number:&lt;/strong&gt;&lt;/td&gt;\r\n&lt;td style=\"width: 50%;\"&gt;O4633&lt;/td&gt;\r\n&lt;/tr&gt;\r\n&lt;tr&gt;\r\n&lt;td style=\"width: 50%;\"&gt;&lt;strong&gt;Date First Available:&lt;/strong&gt;&lt;/td&gt;\r\n&lt;td style=\"width: 50%;\"&gt;August 20, 2019&lt;/td&gt;\r\n&lt;/tr&gt;\r\n&lt;tr&gt;\r\n&lt;td style=\"width: 50%;\"&gt;&lt;strong&gt;ASIN:&lt;/strong&gt;&lt;/td&gt;\r\n&lt;td style=\"width: 50%;\"&gt;B07WWZM89C&lt;/td&gt;\r\n&lt;/tr&gt;\r\n&lt;tr&gt;\r\n&lt;td style=\"width: 50%;\"&gt;&lt;strong&gt;Occasion:&lt;/strong&gt;&lt;/td&gt;\r\n&lt;td style=\"width: 50%;\"&gt;Daily, Lounge, Fall, Shopping&lt;/td&gt;\r\n&lt;/tr&gt;\r\n&lt;/tbody&gt;\r\n&lt;/table&gt;\r\n&lt;p&gt;INCLUDES 3 FUN PRINTABLES! Along with our learning games for kids ages 3-5, you get access to 3 FULL-COLOR, PRINTABLE downloads to READ, STORY is a fun illustrated journey through sustainable plant harvesting, endangered plants, ecosystems and more. The 27-page WILDCRAFT! BOTANICAL COLORING BOOK helps kids learn the plants in our educational game. And our POCKET GUIDE is the perfect reference to take on family nature outings, hikes and camping trips! AT LearningHerbs, WE BELIEVE IN THE POWER OF CONNECTING KIDS TO NATURE and appreciating everything OUR GREAT EARTH HAS TO OFFER. As parents, we designed Wildcraft! fun family games for kids.&lt;/p&gt;\r\n&lt;p&gt;Wildcraft An Herbal Adventure Game is a fun, that’s also easy to follow – NO READING required. Because our learning board games feature clear illustrations and matching icons, even younger kids will learn what the different plants look like and can be used for.&lt;/p&gt;</div>'),(291,85,0,97,'Alteril All Natural Sleep Aid'),(292,76,0,97,'<p>The perfect recipe for a family game night! Appeals to a wide range of people. Created By National Parks. Parents who had traveled to every single National Park worked together with their board game designer son and created a game to inspire others and help families share their love of the National Parks.</p>'),(293,75,0,98,'<div data-content-type=\"html\" data-appearance=\"default\" data-element=\"main\">&lt;p&gt;Will you get the answers in time, or is that just WISHFUL THINKING? Let\'s see how quickly you make the connections in this fun and challenging board game. You only have 60 seconds to figure out three Mystery words on the card. The only thing they have in common is that they all begin with the same letter. You (and your teammates) are allowed as many guesses as you like&lt;/p&gt;\r\n&lt;table style=\"border-collapse: collapse; width: 100%;\" border=\"1\"&gt;\r\n&lt;tbody&gt;\r\n&lt;tr&gt;\r\n&lt;td style=\"width: 50%;\"&gt;&lt;strong&gt;Product Dimensions:&lt;/strong&gt;&lt;/td&gt;\r\n&lt;td style=\"width: 50%;\"&gt;13 x 8 x 1 inches&lt;/td&gt;\r\n&lt;/tr&gt;\r\n&lt;tr&gt;\r\n&lt;td style=\"width: 50%;\"&gt;&lt;strong&gt;Model Number:&lt;/strong&gt;&lt;/td&gt;\r\n&lt;td style=\"width: 50%;\"&gt;O4633&lt;/td&gt;\r\n&lt;/tr&gt;\r\n&lt;tr&gt;\r\n&lt;td style=\"width: 50%;\"&gt;&lt;strong&gt;Date First Available:&lt;/strong&gt;&lt;/td&gt;\r\n&lt;td style=\"width: 50%;\"&gt;August 20, 2019&lt;/td&gt;\r\n&lt;/tr&gt;\r\n&lt;tr&gt;\r\n&lt;td style=\"width: 50%;\"&gt;&lt;strong&gt;ASIN:&lt;/strong&gt;&lt;/td&gt;\r\n&lt;td style=\"width: 50%;\"&gt;B07WWZM89C&lt;/td&gt;\r\n&lt;/tr&gt;\r\n&lt;tr&gt;\r\n&lt;td style=\"width: 50%;\"&gt;&lt;strong&gt;Occasion:&lt;/strong&gt;&lt;/td&gt;\r\n&lt;td style=\"width: 50%;\"&gt;Daily, Lounge, Fall, Shopping&lt;/td&gt;\r\n&lt;/tr&gt;\r\n&lt;/tbody&gt;\r\n&lt;/table&gt;\r\n&lt;p&gt;INCLUDES 3 FUN PRINTABLES! Along with our learning games for kids ages 3-5, you get access to 3 FULL-COLOR, PRINTABLE downloads to READ, STORY is a fun illustrated journey through sustainable plant harvesting, endangered plants, ecosystems and more. The 27-page WILDCRAFT! BOTANICAL COLORING BOOK helps kids learn the plants in our educational game. And our POCKET GUIDE is the perfect reference to take on family nature outings, hikes and camping trips! AT LearningHerbs, WE BELIEVE IN THE POWER OF CONNECTING KIDS TO NATURE and appreciating everything OUR GREAT EARTH HAS TO OFFER. As parents, we designed Wildcraft! fun family games for kids.&lt;/p&gt;\r\n&lt;p&gt;Wildcraft An Herbal Adventure Game is a fun, that’s also easy to follow – NO READING required. Because our learning board games feature clear illustrations and matching icons, even younger kids will learn what the different plants look like and can be used for.&lt;/p&gt;</div>'),(294,85,0,98,'Homeopathic Medicine for Cradle'),(295,76,0,98,'<p>The perfect recipe for a family game night! Appeals to a wide range of people. Created By National Parks. Parents who had traveled to every single National Park worked together with their board game designer son and created a game to inspire others and help families share their love of the National Parks.</p>'),(296,75,0,99,'<div data-content-type=\"html\" data-appearance=\"default\" data-element=\"main\">&lt;p&gt;Will you get the answers in time, or is that just WISHFUL THINKING? Let\'s see how quickly you make the connections in this fun and challenging board game. You only have 60 seconds to figure out three Mystery words on the card. The only thing they have in common is that they all begin with the same letter. You (and your teammates) are allowed as many guesses as you like&lt;/p&gt;\r\n&lt;table style=\"border-collapse: collapse; width: 100%;\" border=\"1\"&gt;\r\n&lt;tbody&gt;\r\n&lt;tr&gt;\r\n&lt;td style=\"width: 50%;\"&gt;&lt;strong&gt;Product Dimensions:&lt;/strong&gt;&lt;/td&gt;\r\n&lt;td style=\"width: 50%;\"&gt;13 x 8 x 1 inches&lt;/td&gt;\r\n&lt;/tr&gt;\r\n&lt;tr&gt;\r\n&lt;td style=\"width: 50%;\"&gt;&lt;strong&gt;Model Number:&lt;/strong&gt;&lt;/td&gt;\r\n&lt;td style=\"width: 50%;\"&gt;O4633&lt;/td&gt;\r\n&lt;/tr&gt;\r\n&lt;tr&gt;\r\n&lt;td style=\"width: 50%;\"&gt;&lt;strong&gt;Date First Available:&lt;/strong&gt;&lt;/td&gt;\r\n&lt;td style=\"width: 50%;\"&gt;August 20, 2019&lt;/td&gt;\r\n&lt;/tr&gt;\r\n&lt;tr&gt;\r\n&lt;td style=\"width: 50%;\"&gt;&lt;strong&gt;ASIN:&lt;/strong&gt;&lt;/td&gt;\r\n&lt;td style=\"width: 50%;\"&gt;B07WWZM89C&lt;/td&gt;\r\n&lt;/tr&gt;\r\n&lt;tr&gt;\r\n&lt;td style=\"width: 50%;\"&gt;&lt;strong&gt;Occasion:&lt;/strong&gt;&lt;/td&gt;\r\n&lt;td style=\"width: 50%;\"&gt;Daily, Lounge, Fall, Shopping&lt;/td&gt;\r\n&lt;/tr&gt;\r\n&lt;/tbody&gt;\r\n&lt;/table&gt;\r\n&lt;p&gt;INCLUDES 3 FUN PRINTABLES! Along with our learning games for kids ages 3-5, you get access to 3 FULL-COLOR, PRINTABLE downloads to READ, STORY is a fun illustrated journey through sustainable plant harvesting, endangered plants, ecosystems and more. The 27-page WILDCRAFT! BOTANICAL COLORING BOOK helps kids learn the plants in our educational game. And our POCKET GUIDE is the perfect reference to take on family nature outings, hikes and camping trips! AT LearningHerbs, WE BELIEVE IN THE POWER OF CONNECTING KIDS TO NATURE and appreciating everything OUR GREAT EARTH HAS TO OFFER. As parents, we designed Wildcraft! fun family games for kids.&lt;/p&gt;\r\n&lt;p&gt;Wildcraft An Herbal Adventure Game is a fun, that’s also easy to follow – NO READING required. Because our learning board games feature clear illustrations and matching icons, even younger kids will learn what the different plants look like and can be used for.&lt;/p&gt;</div>'),(297,85,0,99,'Fast Hair Growth Biotin Vitamins'),(298,76,0,99,'<p>The perfect recipe for a family game night! Appeals to a wide range of people. Created By National Parks. Parents who had traveled to every single National Park worked together with their board game designer son and created a game to inspire others and help families share their love of the National Parks.</p>'),(299,75,0,100,'<div data-content-type=\"html\" data-appearance=\"default\" data-element=\"main\">&lt;p&gt;Will you get the answers in time, or is that just WISHFUL THINKING? Let\'s see how quickly you make the connections in this fun and challenging board game. You only have 60 seconds to figure out three Mystery words on the card. The only thing they have in common is that they all begin with the same letter. You (and your teammates) are allowed as many guesses as you like&lt;/p&gt;\r\n&lt;table style=\"border-collapse: collapse; width: 100%;\" border=\"1\"&gt;\r\n&lt;tbody&gt;\r\n&lt;tr&gt;\r\n&lt;td style=\"width: 50%;\"&gt;&lt;strong&gt;Product Dimensions:&lt;/strong&gt;&lt;/td&gt;\r\n&lt;td style=\"width: 50%;\"&gt;13 x 8 x 1 inches&lt;/td&gt;\r\n&lt;/tr&gt;\r\n&lt;tr&gt;\r\n&lt;td style=\"width: 50%;\"&gt;&lt;strong&gt;Model Number:&lt;/strong&gt;&lt;/td&gt;\r\n&lt;td style=\"width: 50%;\"&gt;O4633&lt;/td&gt;\r\n&lt;/tr&gt;\r\n&lt;tr&gt;\r\n&lt;td style=\"width: 50%;\"&gt;&lt;strong&gt;Date First Available:&lt;/strong&gt;&lt;/td&gt;\r\n&lt;td style=\"width: 50%;\"&gt;August 20, 2019&lt;/td&gt;\r\n&lt;/tr&gt;\r\n&lt;tr&gt;\r\n&lt;td style=\"width: 50%;\"&gt;&lt;strong&gt;ASIN:&lt;/strong&gt;&lt;/td&gt;\r\n&lt;td style=\"width: 50%;\"&gt;B07WWZM89C&lt;/td&gt;\r\n&lt;/tr&gt;\r\n&lt;tr&gt;\r\n&lt;td style=\"width: 50%;\"&gt;&lt;strong&gt;Occasion:&lt;/strong&gt;&lt;/td&gt;\r\n&lt;td style=\"width: 50%;\"&gt;Daily, Lounge, Fall, Shopping&lt;/td&gt;\r\n&lt;/tr&gt;\r\n&lt;/tbody&gt;\r\n&lt;/table&gt;\r\n&lt;p&gt;INCLUDES 3 FUN PRINTABLES! Along with our learning games for kids ages 3-5, you get access to 3 FULL-COLOR, PRINTABLE downloads to READ, STORY is a fun illustrated journey through sustainable plant harvesting, endangered plants, ecosystems and more. The 27-page WILDCRAFT! BOTANICAL COLORING BOOK helps kids learn the plants in our educational game. And our POCKET GUIDE is the perfect reference to take on family nature outings, hikes and camping trips! AT LearningHerbs, WE BELIEVE IN THE POWER OF CONNECTING KIDS TO NATURE and appreciating everything OUR GREAT EARTH HAS TO OFFER. As parents, we designed Wildcraft! fun family games for kids.&lt;/p&gt;\r\n&lt;p&gt;Wildcraft An Herbal Adventure Game is a fun, that’s also easy to follow – NO READING required. Because our learning board games feature clear illustrations and matching icons, even younger kids will learn what the different plants look like and can be used for.&lt;/p&gt;</div>'),(300,85,0,100,'Multi Collagen Protein Powder'),(301,76,0,100,'<p>The perfect recipe for a family game night! Appeals to a wide range of people. Created By National Parks. Parents who had traveled to every single National Park worked together with their board game designer son and created a game to inspire others and help families share their love of the National Parks.</p>'),(302,75,0,101,'<div data-content-type=\"html\" data-appearance=\"default\" data-element=\"main\">&lt;p&gt;Will you get the answers in time, or is that just WISHFUL THINKING? Let\'s see how quickly you make the connections in this fun and challenging board game. You only have 60 seconds to figure out three Mystery words on the card. The only thing they have in common is that they all begin with the same letter. You (and your teammates) are allowed as many guesses as you like&lt;/p&gt;\r\n&lt;table style=\"border-collapse: collapse; width: 100%;\" border=\"1\"&gt;\r\n&lt;tbody&gt;\r\n&lt;tr&gt;\r\n&lt;td style=\"width: 50%;\"&gt;&lt;strong&gt;Product Dimensions:&lt;/strong&gt;&lt;/td&gt;\r\n&lt;td style=\"width: 50%;\"&gt;13 x 8 x 1 inches&lt;/td&gt;\r\n&lt;/tr&gt;\r\n&lt;tr&gt;\r\n&lt;td style=\"width: 50%;\"&gt;&lt;strong&gt;Model Number:&lt;/strong&gt;&lt;/td&gt;\r\n&lt;td style=\"width: 50%;\"&gt;O4633&lt;/td&gt;\r\n&lt;/tr&gt;\r\n&lt;tr&gt;\r\n&lt;td style=\"width: 50%;\"&gt;&lt;strong&gt;Date First Available:&lt;/strong&gt;&lt;/td&gt;\r\n&lt;td style=\"width: 50%;\"&gt;August 20, 2019&lt;/td&gt;\r\n&lt;/tr&gt;\r\n&lt;tr&gt;\r\n&lt;td style=\"width: 50%;\"&gt;&lt;strong&gt;ASIN:&lt;/strong&gt;&lt;/td&gt;\r\n&lt;td style=\"width: 50%;\"&gt;B07WWZM89C&lt;/td&gt;\r\n&lt;/tr&gt;\r\n&lt;tr&gt;\r\n&lt;td style=\"width: 50%;\"&gt;&lt;strong&gt;Occasion:&lt;/strong&gt;&lt;/td&gt;\r\n&lt;td style=\"width: 50%;\"&gt;Daily, Lounge, Fall, Shopping&lt;/td&gt;\r\n&lt;/tr&gt;\r\n&lt;/tbody&gt;\r\n&lt;/table&gt;\r\n&lt;p&gt;INCLUDES 3 FUN PRINTABLES! Along with our learning games for kids ages 3-5, you get access to 3 FULL-COLOR, PRINTABLE downloads to READ, STORY is a fun illustrated journey through sustainable plant harvesting, endangered plants, ecosystems and more. The 27-page WILDCRAFT! BOTANICAL COLORING BOOK helps kids learn the plants in our educational game. And our POCKET GUIDE is the perfect reference to take on family nature outings, hikes and camping trips! AT LearningHerbs, WE BELIEVE IN THE POWER OF CONNECTING KIDS TO NATURE and appreciating everything OUR GREAT EARTH HAS TO OFFER. As parents, we designed Wildcraft! fun family games for kids.&lt;/p&gt;\r\n&lt;p&gt;Wildcraft An Herbal Adventure Game is a fun, that’s also easy to follow – NO READING required. Because our learning board games feature clear illustrations and matching icons, even younger kids will learn what the different plants look like and can be used for.&lt;/p&gt;</div>'),(303,85,0,101,'Litt Ball Mary Jane Flat Shoes'),(304,76,0,101,'<p>The perfect recipe for a family game night! Appeals to a wide range of people. Created By National Parks. Parents who had traveled to every single National Park worked together with their board game designer son and created a game to inspire others and help families share their love of the National Parks.</p>'),(305,75,0,102,'<div data-content-type=\"html\" data-appearance=\"default\" data-element=\"main\">&lt;p&gt;Will you get the answers in time, or is that just WISHFUL THINKING? Let\'s see how quickly you make the connections in this fun and challenging board game. You only have 60 seconds to figure out three Mystery words on the card. The only thing they have in common is that they all begin with the same letter. You (and your teammates) are allowed as many guesses as you like&lt;/p&gt;\r\n&lt;table style=\"border-collapse: collapse; width: 100%;\" border=\"1\"&gt;\r\n&lt;tbody&gt;\r\n&lt;tr&gt;\r\n&lt;td style=\"width: 50%;\"&gt;&lt;strong&gt;Product Dimensions:&lt;/strong&gt;&lt;/td&gt;\r\n&lt;td style=\"width: 50%;\"&gt;13 x 8 x 1 inches&lt;/td&gt;\r\n&lt;/tr&gt;\r\n&lt;tr&gt;\r\n&lt;td style=\"width: 50%;\"&gt;&lt;strong&gt;Model Number:&lt;/strong&gt;&lt;/td&gt;\r\n&lt;td style=\"width: 50%;\"&gt;O4633&lt;/td&gt;\r\n&lt;/tr&gt;\r\n&lt;tr&gt;\r\n&lt;td style=\"width: 50%;\"&gt;&lt;strong&gt;Date First Available:&lt;/strong&gt;&lt;/td&gt;\r\n&lt;td style=\"width: 50%;\"&gt;August 20, 2019&lt;/td&gt;\r\n&lt;/tr&gt;\r\n&lt;tr&gt;\r\n&lt;td style=\"width: 50%;\"&gt;&lt;strong&gt;ASIN:&lt;/strong&gt;&lt;/td&gt;\r\n&lt;td style=\"width: 50%;\"&gt;B07WWZM89C&lt;/td&gt;\r\n&lt;/tr&gt;\r\n&lt;tr&gt;\r\n&lt;td style=\"width: 50%;\"&gt;&lt;strong&gt;Occasion:&lt;/strong&gt;&lt;/td&gt;\r\n&lt;td style=\"width: 50%;\"&gt;Daily, Lounge, Fall, Shopping&lt;/td&gt;\r\n&lt;/tr&gt;\r\n&lt;/tbody&gt;\r\n&lt;/table&gt;\r\n&lt;p&gt;INCLUDES 3 FUN PRINTABLES! Along with our learning games for kids ages 3-5, you get access to 3 FULL-COLOR, PRINTABLE downloads to READ, STORY is a fun illustrated journey through sustainable plant harvesting, endangered plants, ecosystems and more. The 27-page WILDCRAFT! BOTANICAL COLORING BOOK helps kids learn the plants in our educational game. And our POCKET GUIDE is the perfect reference to take on family nature outings, hikes and camping trips! AT LearningHerbs, WE BELIEVE IN THE POWER OF CONNECTING KIDS TO NATURE and appreciating everything OUR GREAT EARTH HAS TO OFFER. As parents, we designed Wildcraft! fun family games for kids.&lt;/p&gt;\r\n&lt;p&gt;Wildcraft An Herbal Adventure Game is a fun, that’s also easy to follow – NO READING required. Because our learning board games feature clear illustrations and matching icons, even younger kids will learn what the different plants look like and can be used for.&lt;/p&gt;</div>'),(306,85,0,102,'Original Two Tone Memory Foam'),(307,76,0,102,'<p>The perfect recipe for a family game night! Appeals to a wide range of people. Created By National Parks. Parents who had traveled to every single National Park worked together with their board game designer son and created a game to inspire others and help families share their love of the National Parks.</p>'),(308,75,0,103,'<div data-content-type=\"html\" data-appearance=\"default\" data-element=\"main\">&lt;p&gt;Will you get the answers in time, or is that just WISHFUL THINKING? Let\'s see how quickly you make the connections in this fun and challenging board game. You only have 60 seconds to figure out three Mystery words on the card. The only thing they have in common is that they all begin with the same letter. You (and your teammates) are allowed as many guesses as you like&lt;/p&gt;\r\n&lt;table style=\"border-collapse: collapse; width: 100%;\" border=\"1\"&gt;\r\n&lt;tbody&gt;\r\n&lt;tr&gt;\r\n&lt;td style=\"width: 50%;\"&gt;&lt;strong&gt;Product Dimensions:&lt;/strong&gt;&lt;/td&gt;\r\n&lt;td style=\"width: 50%;\"&gt;13 x 8 x 1 inches&lt;/td&gt;\r\n&lt;/tr&gt;\r\n&lt;tr&gt;\r\n&lt;td style=\"width: 50%;\"&gt;&lt;strong&gt;Model Number:&lt;/strong&gt;&lt;/td&gt;\r\n&lt;td style=\"width: 50%;\"&gt;O4633&lt;/td&gt;\r\n&lt;/tr&gt;\r\n&lt;tr&gt;\r\n&lt;td style=\"width: 50%;\"&gt;&lt;strong&gt;Date First Available:&lt;/strong&gt;&lt;/td&gt;\r\n&lt;td style=\"width: 50%;\"&gt;August 20, 2019&lt;/td&gt;\r\n&lt;/tr&gt;\r\n&lt;tr&gt;\r\n&lt;td style=\"width: 50%;\"&gt;&lt;strong&gt;ASIN:&lt;/strong&gt;&lt;/td&gt;\r\n&lt;td style=\"width: 50%;\"&gt;B07WWZM89C&lt;/td&gt;\r\n&lt;/tr&gt;\r\n&lt;tr&gt;\r\n&lt;td style=\"width: 50%;\"&gt;&lt;strong&gt;Occasion:&lt;/strong&gt;&lt;/td&gt;\r\n&lt;td style=\"width: 50%;\"&gt;Daily, Lounge, Fall, Shopping&lt;/td&gt;\r\n&lt;/tr&gt;\r\n&lt;/tbody&gt;\r\n&lt;/table&gt;\r\n&lt;p&gt;INCLUDES 3 FUN PRINTABLES! Along with our learning games for kids ages 3-5, you get access to 3 FULL-COLOR, PRINTABLE downloads to READ, STORY is a fun illustrated journey through sustainable plant harvesting, endangered plants, ecosystems and more. The 27-page WILDCRAFT! BOTANICAL COLORING BOOK helps kids learn the plants in our educational game. And our POCKET GUIDE is the perfect reference to take on family nature outings, hikes and camping trips! AT LearningHerbs, WE BELIEVE IN THE POWER OF CONNECTING KIDS TO NATURE and appreciating everything OUR GREAT EARTH HAS TO OFFER. As parents, we designed Wildcraft! fun family games for kids.&lt;/p&gt;\r\n&lt;p&gt;Wildcraft An Herbal Adventure Game is a fun, that’s also easy to follow – NO READING required. Because our learning board games feature clear illustrations and matching icons, even younger kids will learn what the different plants look like and can be used for.&lt;/p&gt;</div>'),(309,85,0,103,'Backpack Sosoon Business Bags'),(310,76,0,103,'<p>The perfect recipe for a family game night! Appeals to a wide range of people. Created By National Parks. Parents who had traveled to every single National Park worked together with their board game designer son and created a game to inspire others and help families share their love of the National Parks.</p>'),(311,75,0,104,'<div data-content-type=\"html\" data-appearance=\"default\" data-element=\"main\">&lt;p&gt;Will you get the answers in time, or is that just WISHFUL THINKING? Let\'s see how quickly you make the connections in this fun and challenging board game. You only have 60 seconds to figure out three Mystery words on the card. The only thing they have in common is that they all begin with the same letter. You (and your teammates) are allowed as many guesses as you like&lt;/p&gt;\r\n&lt;table style=\"border-collapse: collapse; width: 100%;\" border=\"1\"&gt;\r\n&lt;tbody&gt;\r\n&lt;tr&gt;\r\n&lt;td style=\"width: 50%;\"&gt;&lt;strong&gt;Product Dimensions:&lt;/strong&gt;&lt;/td&gt;\r\n&lt;td style=\"width: 50%;\"&gt;13 x 8 x 1 inches&lt;/td&gt;\r\n&lt;/tr&gt;\r\n&lt;tr&gt;\r\n&lt;td style=\"width: 50%;\"&gt;&lt;strong&gt;Model Number:&lt;/strong&gt;&lt;/td&gt;\r\n&lt;td style=\"width: 50%;\"&gt;O4633&lt;/td&gt;\r\n&lt;/tr&gt;\r\n&lt;tr&gt;\r\n&lt;td style=\"width: 50%;\"&gt;&lt;strong&gt;Date First Available:&lt;/strong&gt;&lt;/td&gt;\r\n&lt;td style=\"width: 50%;\"&gt;August 20, 2019&lt;/td&gt;\r\n&lt;/tr&gt;\r\n&lt;tr&gt;\r\n&lt;td style=\"width: 50%;\"&gt;&lt;strong&gt;ASIN:&lt;/strong&gt;&lt;/td&gt;\r\n&lt;td style=\"width: 50%;\"&gt;B07WWZM89C&lt;/td&gt;\r\n&lt;/tr&gt;\r\n&lt;tr&gt;\r\n&lt;td style=\"width: 50%;\"&gt;&lt;strong&gt;Occasion:&lt;/strong&gt;&lt;/td&gt;\r\n&lt;td style=\"width: 50%;\"&gt;Daily, Lounge, Fall, Shopping&lt;/td&gt;\r\n&lt;/tr&gt;\r\n&lt;/tbody&gt;\r\n&lt;/table&gt;\r\n&lt;p&gt;INCLUDES 3 FUN PRINTABLES! Along with our learning games for kids ages 3-5, you get access to 3 FULL-COLOR, PRINTABLE downloads to READ, STORY is a fun illustrated journey through sustainable plant harvesting, endangered plants, ecosystems and more. The 27-page WILDCRAFT! BOTANICAL COLORING BOOK helps kids learn the plants in our educational game. And our POCKET GUIDE is the perfect reference to take on family nature outings, hikes and camping trips! AT LearningHerbs, WE BELIEVE IN THE POWER OF CONNECTING KIDS TO NATURE and appreciating everything OUR GREAT EARTH HAS TO OFFER. As parents, we designed Wildcraft! fun family games for kids.&lt;/p&gt;\r\n&lt;p&gt;Wildcraft An Herbal Adventure Game is a fun, that’s also easy to follow – NO READING required. Because our learning board games feature clear illustrations and matching icons, even younger kids will learn what the different plants look like and can be used for.&lt;/p&gt;</div>'),(312,85,0,104,'Fitness BIO Core Roller Wheel'),(313,76,0,104,'<p>The perfect recipe for a family game night! Appeals to a wide range of people. Created By National Parks. Parents who had traveled to every single National Park worked together with their board game designer son and created a game to inspire others and help families share their love of the National Parks.</p>'),(314,75,0,105,'<div data-content-type=\"html\" data-appearance=\"default\" data-element=\"main\">&lt;p&gt;Will you get the answers in time, or is that just WISHFUL THINKING? Let\'s see how quickly you make the connections in this fun and challenging board game. You only have 60 seconds to figure out three Mystery words on the card. The only thing they have in common is that they all begin with the same letter. You (and your teammates) are allowed as many guesses as you like&lt;/p&gt;\r\n&lt;table style=\"border-collapse: collapse; width: 100%;\" border=\"1\"&gt;\r\n&lt;tbody&gt;\r\n&lt;tr&gt;\r\n&lt;td style=\"width: 50%;\"&gt;&lt;strong&gt;Product Dimensions:&lt;/strong&gt;&lt;/td&gt;\r\n&lt;td style=\"width: 50%;\"&gt;13 x 8 x 1 inches&lt;/td&gt;\r\n&lt;/tr&gt;\r\n&lt;tr&gt;\r\n&lt;td style=\"width: 50%;\"&gt;&lt;strong&gt;Model Number:&lt;/strong&gt;&lt;/td&gt;\r\n&lt;td style=\"width: 50%;\"&gt;O4633&lt;/td&gt;\r\n&lt;/tr&gt;\r\n&lt;tr&gt;\r\n&lt;td style=\"width: 50%;\"&gt;&lt;strong&gt;Date First Available:&lt;/strong&gt;&lt;/td&gt;\r\n&lt;td style=\"width: 50%;\"&gt;August 20, 2019&lt;/td&gt;\r\n&lt;/tr&gt;\r\n&lt;tr&gt;\r\n&lt;td style=\"width: 50%;\"&gt;&lt;strong&gt;ASIN:&lt;/strong&gt;&lt;/td&gt;\r\n&lt;td style=\"width: 50%;\"&gt;B07WWZM89C&lt;/td&gt;\r\n&lt;/tr&gt;\r\n&lt;tr&gt;\r\n&lt;td style=\"width: 50%;\"&gt;&lt;strong&gt;Occasion:&lt;/strong&gt;&lt;/td&gt;\r\n&lt;td style=\"width: 50%;\"&gt;Daily, Lounge, Fall, Shopping&lt;/td&gt;\r\n&lt;/tr&gt;\r\n&lt;/tbody&gt;\r\n&lt;/table&gt;\r\n&lt;p&gt;INCLUDES 3 FUN PRINTABLES! Along with our learning games for kids ages 3-5, you get access to 3 FULL-COLOR, PRINTABLE downloads to READ, STORY is a fun illustrated journey through sustainable plant harvesting, endangered plants, ecosystems and more. The 27-page WILDCRAFT! BOTANICAL COLORING BOOK helps kids learn the plants in our educational game. And our POCKET GUIDE is the perfect reference to take on family nature outings, hikes and camping trips! AT LearningHerbs, WE BELIEVE IN THE POWER OF CONNECTING KIDS TO NATURE and appreciating everything OUR GREAT EARTH HAS TO OFFER. As parents, we designed Wildcraft! fun family games for kids.&lt;/p&gt;\r\n&lt;p&gt;Wildcraft An Herbal Adventure Game is a fun, that’s also easy to follow – NO READING required. Because our learning board games feature clear illustrations and matching icons, even younger kids will learn what the different plants look like and can be used for.&lt;/p&gt;</div>'),(315,85,0,105,'Auoxer Exercise Weighted Hula'),(316,76,0,105,'<p>The perfect recipe for a family game night! Appeals to a wide range of people. Created By National Parks. Parents who had traveled to every single National Park worked together with their board game designer son and created a game to inspire others and help families share their love of the National Parks.</p>'),(317,75,0,106,'<div data-content-type=\"html\" data-appearance=\"default\" data-element=\"main\">&lt;p&gt;Will you get the answers in time, or is that just WISHFUL THINKING? Let\'s see how quickly you make the connections in this fun and challenging board game. You only have 60 seconds to figure out three Mystery words on the card. The only thing they have in common is that they all begin with the same letter. You (and your teammates) are allowed as many guesses as you like&lt;/p&gt;\r\n&lt;table style=\"border-collapse: collapse; width: 100%;\" border=\"1\"&gt;\r\n&lt;tbody&gt;\r\n&lt;tr&gt;\r\n&lt;td style=\"width: 50%;\"&gt;&lt;strong&gt;Product Dimensions:&lt;/strong&gt;&lt;/td&gt;\r\n&lt;td style=\"width: 50%;\"&gt;13 x 8 x 1 inches&lt;/td&gt;\r\n&lt;/tr&gt;\r\n&lt;tr&gt;\r\n&lt;td style=\"width: 50%;\"&gt;&lt;strong&gt;Model Number:&lt;/strong&gt;&lt;/td&gt;\r\n&lt;td style=\"width: 50%;\"&gt;O4633&lt;/td&gt;\r\n&lt;/tr&gt;\r\n&lt;tr&gt;\r\n&lt;td style=\"width: 50%;\"&gt;&lt;strong&gt;Date First Available:&lt;/strong&gt;&lt;/td&gt;\r\n&lt;td style=\"width: 50%;\"&gt;August 20, 2019&lt;/td&gt;\r\n&lt;/tr&gt;\r\n&lt;tr&gt;\r\n&lt;td style=\"width: 50%;\"&gt;&lt;strong&gt;ASIN:&lt;/strong&gt;&lt;/td&gt;\r\n&lt;td style=\"width: 50%;\"&gt;B07WWZM89C&lt;/td&gt;\r\n&lt;/tr&gt;\r\n&lt;tr&gt;\r\n&lt;td style=\"width: 50%;\"&gt;&lt;strong&gt;Occasion:&lt;/strong&gt;&lt;/td&gt;\r\n&lt;td style=\"width: 50%;\"&gt;Daily, Lounge, Fall, Shopping&lt;/td&gt;\r\n&lt;/tr&gt;\r\n&lt;/tbody&gt;\r\n&lt;/table&gt;\r\n&lt;p&gt;INCLUDES 3 FUN PRINTABLES! Along with our learning games for kids ages 3-5, you get access to 3 FULL-COLOR, PRINTABLE downloads to READ, STORY is a fun illustrated journey through sustainable plant harvesting, endangered plants, ecosystems and more. The 27-page WILDCRAFT! BOTANICAL COLORING BOOK helps kids learn the plants in our educational game. And our POCKET GUIDE is the perfect reference to take on family nature outings, hikes and camping trips! AT LearningHerbs, WE BELIEVE IN THE POWER OF CONNECTING KIDS TO NATURE and appreciating everything OUR GREAT EARTH HAS TO OFFER. As parents, we designed Wildcraft! fun family games for kids.&lt;/p&gt;\r\n&lt;p&gt;Wildcraft An Herbal Adventure Game is a fun, that’s also easy to follow – NO READING required. Because our learning board games feature clear illustrations and matching icons, even younger kids will learn what the different plants look like and can be used for.&lt;/p&gt;</div>'),(318,85,0,106,'Valeo Ab Roller Wheel Fitness'),(319,76,0,106,'<p>The perfect recipe for a family game night! Appeals to a wide range of people. Created By National Parks. Parents who had traveled to every single National Park worked together with their board game designer son and created a game to inspire others and help families share their love of the National Parks.</p>'),(320,75,0,107,'<div data-content-type=\"html\" data-appearance=\"default\" data-element=\"main\">&lt;p&gt;Will you get the answers in time, or is that just WISHFUL THINKING? Let\'s see how quickly you make the connections in this fun and challenging board game. You only have 60 seconds to figure out three Mystery words on the card. The only thing they have in common is that they all begin with the same letter. You (and your teammates) are allowed as many guesses as you like&lt;/p&gt;\r\n&lt;table style=\"border-collapse: collapse; width: 100%;\" border=\"1\"&gt;\r\n&lt;tbody&gt;\r\n&lt;tr&gt;\r\n&lt;td style=\"width: 50%;\"&gt;&lt;strong&gt;Product Dimensions:&lt;/strong&gt;&lt;/td&gt;\r\n&lt;td style=\"width: 50%;\"&gt;13 x 8 x 1 inches&lt;/td&gt;\r\n&lt;/tr&gt;\r\n&lt;tr&gt;\r\n&lt;td style=\"width: 50%;\"&gt;&lt;strong&gt;Model Number:&lt;/strong&gt;&lt;/td&gt;\r\n&lt;td style=\"width: 50%;\"&gt;O4633&lt;/td&gt;\r\n&lt;/tr&gt;\r\n&lt;tr&gt;\r\n&lt;td style=\"width: 50%;\"&gt;&lt;strong&gt;Date First Available:&lt;/strong&gt;&lt;/td&gt;\r\n&lt;td style=\"width: 50%;\"&gt;August 20, 2019&lt;/td&gt;\r\n&lt;/tr&gt;\r\n&lt;tr&gt;\r\n&lt;td style=\"width: 50%;\"&gt;&lt;strong&gt;ASIN:&lt;/strong&gt;&lt;/td&gt;\r\n&lt;td style=\"width: 50%;\"&gt;B07WWZM89C&lt;/td&gt;\r\n&lt;/tr&gt;\r\n&lt;tr&gt;\r\n&lt;td style=\"width: 50%;\"&gt;&lt;strong&gt;Occasion:&lt;/strong&gt;&lt;/td&gt;\r\n&lt;td style=\"width: 50%;\"&gt;Daily, Lounge, Fall, Shopping&lt;/td&gt;\r\n&lt;/tr&gt;\r\n&lt;/tbody&gt;\r\n&lt;/table&gt;\r\n&lt;p&gt;INCLUDES 3 FUN PRINTABLES! Along with our learning games for kids ages 3-5, you get access to 3 FULL-COLOR, PRINTABLE downloads to READ, STORY is a fun illustrated journey through sustainable plant harvesting, endangered plants, ecosystems and more. The 27-page WILDCRAFT! BOTANICAL COLORING BOOK helps kids learn the plants in our educational game. And our POCKET GUIDE is the perfect reference to take on family nature outings, hikes and camping trips! AT LearningHerbs, WE BELIEVE IN THE POWER OF CONNECTING KIDS TO NATURE and appreciating everything OUR GREAT EARTH HAS TO OFFER. As parents, we designed Wildcraft! fun family games for kids.&lt;/p&gt;\r\n&lt;p&gt;Wildcraft An Herbal Adventure Game is a fun, that’s also easy to follow – NO READING required. Because our learning board games feature clear illustrations and matching icons, even younger kids will learn what the different plants look like and can be used for.&lt;/p&gt;</div>'),(321,85,0,107,'Vitamin Serum Face Anti Aging'),(322,76,0,107,'<p>The perfect recipe for a family game night! Appeals to a wide range of people. Created By National Parks. Parents who had traveled to every single National Park worked together with their board game designer son and created a game to inspire others and help families share their love of the National Parks.</p>'),(323,75,0,108,'<div data-content-type=\"html\" data-appearance=\"default\" data-element=\"main\">&lt;p&gt;Will you get the answers in time, or is that just WISHFUL THINKING? Let\'s see how quickly you make the connections in this fun and challenging board game. You only have 60 seconds to figure out three Mystery words on the card. The only thing they have in common is that they all begin with the same letter. You (and your teammates) are allowed as many guesses as you like&lt;/p&gt;\r\n&lt;table style=\"border-collapse: collapse; width: 100%;\" border=\"1\"&gt;\r\n&lt;tbody&gt;\r\n&lt;tr&gt;\r\n&lt;td style=\"width: 50%;\"&gt;&lt;strong&gt;Product Dimensions:&lt;/strong&gt;&lt;/td&gt;\r\n&lt;td style=\"width: 50%;\"&gt;13 x 8 x 1 inches&lt;/td&gt;\r\n&lt;/tr&gt;\r\n&lt;tr&gt;\r\n&lt;td style=\"width: 50%;\"&gt;&lt;strong&gt;Model Number:&lt;/strong&gt;&lt;/td&gt;\r\n&lt;td style=\"width: 50%;\"&gt;O4633&lt;/td&gt;\r\n&lt;/tr&gt;\r\n&lt;tr&gt;\r\n&lt;td style=\"width: 50%;\"&gt;&lt;strong&gt;Date First Available:&lt;/strong&gt;&lt;/td&gt;\r\n&lt;td style=\"width: 50%;\"&gt;August 20, 2019&lt;/td&gt;\r\n&lt;/tr&gt;\r\n&lt;tr&gt;\r\n&lt;td style=\"width: 50%;\"&gt;&lt;strong&gt;ASIN:&lt;/strong&gt;&lt;/td&gt;\r\n&lt;td style=\"width: 50%;\"&gt;B07WWZM89C&lt;/td&gt;\r\n&lt;/tr&gt;\r\n&lt;tr&gt;\r\n&lt;td style=\"width: 50%;\"&gt;&lt;strong&gt;Occasion:&lt;/strong&gt;&lt;/td&gt;\r\n&lt;td style=\"width: 50%;\"&gt;Daily, Lounge, Fall, Shopping&lt;/td&gt;\r\n&lt;/tr&gt;\r\n&lt;/tbody&gt;\r\n&lt;/table&gt;\r\n&lt;p&gt;INCLUDES 3 FUN PRINTABLES! Along with our learning games for kids ages 3-5, you get access to 3 FULL-COLOR, PRINTABLE downloads to READ, STORY is a fun illustrated journey through sustainable plant harvesting, endangered plants, ecosystems and more. The 27-page WILDCRAFT! BOTANICAL COLORING BOOK helps kids learn the plants in our educational game. And our POCKET GUIDE is the perfect reference to take on family nature outings, hikes and camping trips! AT LearningHerbs, WE BELIEVE IN THE POWER OF CONNECTING KIDS TO NATURE and appreciating everything OUR GREAT EARTH HAS TO OFFER. As parents, we designed Wildcraft! fun family games for kids.&lt;/p&gt;\r\n&lt;p&gt;Wildcraft An Herbal Adventure Game is a fun, that’s also easy to follow – NO READING required. Because our learning board games feature clear illustrations and matching icons, even younger kids will learn what the different plants look like and can be used for.&lt;/p&gt;</div>'),(324,85,0,108,'New Balance Hook Loop Running'),(325,76,0,108,'<p>The perfect recipe for a family game night! Appeals to a wide range of people. Created By National Parks. Parents who had traveled to every single National Park worked together with their board game designer son and created a game to inspire others and help families share their love of the National Parks.</p>'),(326,75,0,109,'<div data-content-type=\"html\" data-appearance=\"default\" data-element=\"main\">&lt;p&gt;Will you get the answers in time, or is that just WISHFUL THINKING? Let\'s see how quickly you make the connections in this fun and challenging board game. You only have 60 seconds to figure out three Mystery words on the card. The only thing they have in common is that they all begin with the same letter. You (and your teammates) are allowed as many guesses as you like&lt;/p&gt;\r\n&lt;table style=\"border-collapse: collapse; width: 100%;\" border=\"1\"&gt;\r\n&lt;tbody&gt;\r\n&lt;tr&gt;\r\n&lt;td style=\"width: 50%;\"&gt;&lt;strong&gt;Product Dimensions:&lt;/strong&gt;&lt;/td&gt;\r\n&lt;td style=\"width: 50%;\"&gt;13 x 8 x 1 inches&lt;/td&gt;\r\n&lt;/tr&gt;\r\n&lt;tr&gt;\r\n&lt;td style=\"width: 50%;\"&gt;&lt;strong&gt;Model Number:&lt;/strong&gt;&lt;/td&gt;\r\n&lt;td style=\"width: 50%;\"&gt;O4633&lt;/td&gt;\r\n&lt;/tr&gt;\r\n&lt;tr&gt;\r\n&lt;td style=\"width: 50%;\"&gt;&lt;strong&gt;Date First Available:&lt;/strong&gt;&lt;/td&gt;\r\n&lt;td style=\"width: 50%;\"&gt;August 20, 2019&lt;/td&gt;\r\n&lt;/tr&gt;\r\n&lt;tr&gt;\r\n&lt;td style=\"width: 50%;\"&gt;&lt;strong&gt;ASIN:&lt;/strong&gt;&lt;/td&gt;\r\n&lt;td style=\"width: 50%;\"&gt;B07WWZM89C&lt;/td&gt;\r\n&lt;/tr&gt;\r\n&lt;tr&gt;\r\n&lt;td style=\"width: 50%;\"&gt;&lt;strong&gt;Occasion:&lt;/strong&gt;&lt;/td&gt;\r\n&lt;td style=\"width: 50%;\"&gt;Daily, Lounge, Fall, Shopping&lt;/td&gt;\r\n&lt;/tr&gt;\r\n&lt;/tbody&gt;\r\n&lt;/table&gt;\r\n&lt;p&gt;INCLUDES 3 FUN PRINTABLES! Along with our learning games for kids ages 3-5, you get access to 3 FULL-COLOR, PRINTABLE downloads to READ, STORY is a fun illustrated journey through sustainable plant harvesting, endangered plants, ecosystems and more. The 27-page WILDCRAFT! BOTANICAL COLORING BOOK helps kids learn the plants in our educational game. And our POCKET GUIDE is the perfect reference to take on family nature outings, hikes and camping trips! AT LearningHerbs, WE BELIEVE IN THE POWER OF CONNECTING KIDS TO NATURE and appreciating everything OUR GREAT EARTH HAS TO OFFER. As parents, we designed Wildcraft! fun family games for kids.&lt;/p&gt;\r\n&lt;p&gt;Wildcraft An Herbal Adventure Game is a fun, that’s also easy to follow – NO READING required. Because our learning board games feature clear illustrations and matching icons, even younger kids will learn what the different plants look like and can be used for.&lt;/p&gt;</div>'),(327,85,0,109,'Comfy Cold Shoulde Twist Knot'),(328,76,0,109,'<p>The perfect recipe for a family game night! Appeals to a wide range of people. Created By National Parks. Parents who had traveled to every single National Park worked together with their board game designer son and created a game to inspire others and help families share their love of the National Parks.</p>'),(329,75,0,110,'<div data-content-type=\"html\" data-appearance=\"default\" data-element=\"main\">&lt;p&gt;Will you get the answers in time, or is that just WISHFUL THINKING? Let\'s see how quickly you make the connections in this fun and challenging board game. You only have 60 seconds to figure out three Mystery words on the card. The only thing they have in common is that they all begin with the same letter. You (and your teammates) are allowed as many guesses as you like&lt;/p&gt;\r\n&lt;table style=\"border-collapse: collapse; width: 100%;\" border=\"1\"&gt;\r\n&lt;tbody&gt;\r\n&lt;tr&gt;\r\n&lt;td style=\"width: 50%;\"&gt;&lt;strong&gt;Product Dimensions:&lt;/strong&gt;&lt;/td&gt;\r\n&lt;td style=\"width: 50%;\"&gt;13 x 8 x 1 inches&lt;/td&gt;\r\n&lt;/tr&gt;\r\n&lt;tr&gt;\r\n&lt;td style=\"width: 50%;\"&gt;&lt;strong&gt;Model Number:&lt;/strong&gt;&lt;/td&gt;\r\n&lt;td style=\"width: 50%;\"&gt;O4633&lt;/td&gt;\r\n&lt;/tr&gt;\r\n&lt;tr&gt;\r\n&lt;td style=\"width: 50%;\"&gt;&lt;strong&gt;Date First Available:&lt;/strong&gt;&lt;/td&gt;\r\n&lt;td style=\"width: 50%;\"&gt;August 20, 2019&lt;/td&gt;\r\n&lt;/tr&gt;\r\n&lt;tr&gt;\r\n&lt;td style=\"width: 50%;\"&gt;&lt;strong&gt;ASIN:&lt;/strong&gt;&lt;/td&gt;\r\n&lt;td style=\"width: 50%;\"&gt;B07WWZM89C&lt;/td&gt;\r\n&lt;/tr&gt;\r\n&lt;tr&gt;\r\n&lt;td style=\"width: 50%;\"&gt;&lt;strong&gt;Occasion:&lt;/strong&gt;&lt;/td&gt;\r\n&lt;td style=\"width: 50%;\"&gt;Daily, Lounge, Fall, Shopping&lt;/td&gt;\r\n&lt;/tr&gt;\r\n&lt;/tbody&gt;\r\n&lt;/table&gt;\r\n&lt;p&gt;INCLUDES 3 FUN PRINTABLES! Along with our learning games for kids ages 3-5, you get access to 3 FULL-COLOR, PRINTABLE downloads to READ, STORY is a fun illustrated journey through sustainable plant harvesting, endangered plants, ecosystems and more. The 27-page WILDCRAFT! BOTANICAL COLORING BOOK helps kids learn the plants in our educational game. And our POCKET GUIDE is the perfect reference to take on family nature outings, hikes and camping trips! AT LearningHerbs, WE BELIEVE IN THE POWER OF CONNECTING KIDS TO NATURE and appreciating everything OUR GREAT EARTH HAS TO OFFER. As parents, we designed Wildcraft! fun family games for kids.&lt;/p&gt;\r\n&lt;p&gt;Wildcraft An Herbal Adventure Game is a fun, that’s also easy to follow – NO READING required. Because our learning board games feature clear illustrations and matching icons, even younger kids will learn what the different plants look like and can be used for.&lt;/p&gt;</div>'),(330,85,0,110,'Swis Smart TSA Laptop Backpack'),(331,76,0,110,'<p>The perfect recipe for a family game night! Appeals to a wide range of people. Created By National Parks. Parents who had traveled to every single National Park worked together with their board game designer son and created a game to inspire others and help families share their love of the National Parks.</p>'),(332,75,0,111,'<div data-content-type=\"html\" data-appearance=\"default\" data-element=\"main\">&lt;p&gt;Will you get the answers in time, or is that just WISHFUL THINKING? Let\'s see how quickly you make the connections in this fun and challenging board game. You only have 60 seconds to figure out three Mystery words on the card. The only thing they have in common is that they all begin with the same letter. You (and your teammates) are allowed as many guesses as you like&lt;/p&gt;\r\n&lt;table style=\"border-collapse: collapse; width: 100%;\" border=\"1\"&gt;\r\n&lt;tbody&gt;\r\n&lt;tr&gt;\r\n&lt;td style=\"width: 50%;\"&gt;&lt;strong&gt;Product Dimensions:&lt;/strong&gt;&lt;/td&gt;\r\n&lt;td style=\"width: 50%;\"&gt;13 x 8 x 1 inches&lt;/td&gt;\r\n&lt;/tr&gt;\r\n&lt;tr&gt;\r\n&lt;td style=\"width: 50%;\"&gt;&lt;strong&gt;Model Number:&lt;/strong&gt;&lt;/td&gt;\r\n&lt;td style=\"width: 50%;\"&gt;O4633&lt;/td&gt;\r\n&lt;/tr&gt;\r\n&lt;tr&gt;\r\n&lt;td style=\"width: 50%;\"&gt;&lt;strong&gt;Date First Available:&lt;/strong&gt;&lt;/td&gt;\r\n&lt;td style=\"width: 50%;\"&gt;August 20, 2019&lt;/td&gt;\r\n&lt;/tr&gt;\r\n&lt;tr&gt;\r\n&lt;td style=\"width: 50%;\"&gt;&lt;strong&gt;ASIN:&lt;/strong&gt;&lt;/td&gt;\r\n&lt;td style=\"width: 50%;\"&gt;B07WWZM89C&lt;/td&gt;\r\n&lt;/tr&gt;\r\n&lt;tr&gt;\r\n&lt;td style=\"width: 50%;\"&gt;&lt;strong&gt;Occasion:&lt;/strong&gt;&lt;/td&gt;\r\n&lt;td style=\"width: 50%;\"&gt;Daily, Lounge, Fall, Shopping&lt;/td&gt;\r\n&lt;/tr&gt;\r\n&lt;/tbody&gt;\r\n&lt;/table&gt;\r\n&lt;p&gt;INCLUDES 3 FUN PRINTABLES! Along with our learning games for kids ages 3-5, you get access to 3 FULL-COLOR, PRINTABLE downloads to READ, STORY is a fun illustrated journey through sustainable plant harvesting, endangered plants, ecosystems and more. The 27-page WILDCRAFT! BOTANICAL COLORING BOOK helps kids learn the plants in our educational game. And our POCKET GUIDE is the perfect reference to take on family nature outings, hikes and camping trips! AT LearningHerbs, WE BELIEVE IN THE POWER OF CONNECTING KIDS TO NATURE and appreciating everything OUR GREAT EARTH HAS TO OFFER. As parents, we designed Wildcraft! fun family games for kids.&lt;/p&gt;\r\n&lt;p&gt;Wildcraft An Herbal Adventure Game is a fun, that’s also easy to follow – NO READING required. Because our learning board games feature clear illustrations and matching icons, even younger kids will learn what the different plants look like and can be used for.&lt;/p&gt;</div>'),(333,85,0,111,'Heir Cap Sleev Tee Made Extra'),(334,76,0,111,'<p>The perfect recipe for a family game night! Appeals to a wide range of people. Created By National Parks. Parents who had traveled to every single National Park worked together with their board game designer son and created a game to inspire others and help families share their love of the National Parks.</p>'),(335,75,0,112,'<div data-content-type=\"html\" data-appearance=\"default\" data-element=\"main\">&lt;p&gt;Will you get the answers in time, or is that just WISHFUL THINKING? Let\'s see how quickly you make the connections in this fun and challenging board game. You only have 60 seconds to figure out three Mystery words on the card. The only thing they have in common is that they all begin with the same letter. You (and your teammates) are allowed as many guesses as you like&lt;/p&gt;\r\n&lt;table style=\"border-collapse: collapse; width: 100%;\" border=\"1\"&gt;\r\n&lt;tbody&gt;\r\n&lt;tr&gt;\r\n&lt;td style=\"width: 50%;\"&gt;&lt;strong&gt;Product Dimensions:&lt;/strong&gt;&lt;/td&gt;\r\n&lt;td style=\"width: 50%;\"&gt;13 x 8 x 1 inches&lt;/td&gt;\r\n&lt;/tr&gt;\r\n&lt;tr&gt;\r\n&lt;td style=\"width: 50%;\"&gt;&lt;strong&gt;Model Number:&lt;/strong&gt;&lt;/td&gt;\r\n&lt;td style=\"width: 50%;\"&gt;O4633&lt;/td&gt;\r\n&lt;/tr&gt;\r\n&lt;tr&gt;\r\n&lt;td style=\"width: 50%;\"&gt;&lt;strong&gt;Date First Available:&lt;/strong&gt;&lt;/td&gt;\r\n&lt;td style=\"width: 50%;\"&gt;August 20, 2019&lt;/td&gt;\r\n&lt;/tr&gt;\r\n&lt;tr&gt;\r\n&lt;td style=\"width: 50%;\"&gt;&lt;strong&gt;ASIN:&lt;/strong&gt;&lt;/td&gt;\r\n&lt;td style=\"width: 50%;\"&gt;B07WWZM89C&lt;/td&gt;\r\n&lt;/tr&gt;\r\n&lt;tr&gt;\r\n&lt;td style=\"width: 50%;\"&gt;&lt;strong&gt;Occasion:&lt;/strong&gt;&lt;/td&gt;\r\n&lt;td style=\"width: 50%;\"&gt;Daily, Lounge, Fall, Shopping&lt;/td&gt;\r\n&lt;/tr&gt;\r\n&lt;/tbody&gt;\r\n&lt;/table&gt;\r\n&lt;p&gt;INCLUDES 3 FUN PRINTABLES! Along with our learning games for kids ages 3-5, you get access to 3 FULL-COLOR, PRINTABLE downloads to READ, STORY is a fun illustrated journey through sustainable plant harvesting, endangered plants, ecosystems and more. The 27-page WILDCRAFT! BOTANICAL COLORING BOOK helps kids learn the plants in our educational game. And our POCKET GUIDE is the perfect reference to take on family nature outings, hikes and camping trips! AT LearningHerbs, WE BELIEVE IN THE POWER OF CONNECTING KIDS TO NATURE and appreciating everything OUR GREAT EARTH HAS TO OFFER. As parents, we designed Wildcraft! fun family games for kids.&lt;/p&gt;\r\n&lt;p&gt;Wildcraft An Herbal Adventure Game is a fun, that’s also easy to follow – NO READING required. Because our learning board games feature clear illustrations and matching icons, even younger kids will learn what the different plants look like and can be used for.&lt;/p&gt;</div>'),(336,85,0,112,'Infant Romper Heart Pants Hats'),(337,76,0,112,'<p>The perfect recipe for a family game night! Appeals to a wide range of people. Created By National Parks. Parents who had traveled to every single National Park worked together with their board game designer son and created a game to inspire others and help families share their love of the National Parks.</p>'),(338,75,0,113,'<div data-content-type=\"html\" data-appearance=\"default\" data-element=\"main\">&lt;p&gt;Will you get the answers in time, or is that just WISHFUL THINKING? Let\'s see how quickly you make the connections in this fun and challenging board game. You only have 60 seconds to figure out three Mystery words on the card. The only thing they have in common is that they all begin with the same letter. You (and your teammates) are allowed as many guesses as you like&lt;/p&gt;\r\n&lt;table style=\"border-collapse: collapse; width: 100%;\" border=\"1\"&gt;\r\n&lt;tbody&gt;\r\n&lt;tr&gt;\r\n&lt;td style=\"width: 50%;\"&gt;&lt;strong&gt;Product Dimensions:&lt;/strong&gt;&lt;/td&gt;\r\n&lt;td style=\"width: 50%;\"&gt;13 x 8 x 1 inches&lt;/td&gt;\r\n&lt;/tr&gt;\r\n&lt;tr&gt;\r\n&lt;td style=\"width: 50%;\"&gt;&lt;strong&gt;Model Number:&lt;/strong&gt;&lt;/td&gt;\r\n&lt;td style=\"width: 50%;\"&gt;O4633&lt;/td&gt;\r\n&lt;/tr&gt;\r\n&lt;tr&gt;\r\n&lt;td style=\"width: 50%;\"&gt;&lt;strong&gt;Date First Available:&lt;/strong&gt;&lt;/td&gt;\r\n&lt;td style=\"width: 50%;\"&gt;August 20, 2019&lt;/td&gt;\r\n&lt;/tr&gt;\r\n&lt;tr&gt;\r\n&lt;td style=\"width: 50%;\"&gt;&lt;strong&gt;ASIN:&lt;/strong&gt;&lt;/td&gt;\r\n&lt;td style=\"width: 50%;\"&gt;B07WWZM89C&lt;/td&gt;\r\n&lt;/tr&gt;\r\n&lt;tr&gt;\r\n&lt;td style=\"width: 50%;\"&gt;&lt;strong&gt;Occasion:&lt;/strong&gt;&lt;/td&gt;\r\n&lt;td style=\"width: 50%;\"&gt;Daily, Lounge, Fall, Shopping&lt;/td&gt;\r\n&lt;/tr&gt;\r\n&lt;/tbody&gt;\r\n&lt;/table&gt;\r\n&lt;p&gt;INCLUDES 3 FUN PRINTABLES! Along with our learning games for kids ages 3-5, you get access to 3 FULL-COLOR, PRINTABLE downloads to READ, STORY is a fun illustrated journey through sustainable plant harvesting, endangered plants, ecosystems and more. The 27-page WILDCRAFT! BOTANICAL COLORING BOOK helps kids learn the plants in our educational game. And our POCKET GUIDE is the perfect reference to take on family nature outings, hikes and camping trips! AT LearningHerbs, WE BELIEVE IN THE POWER OF CONNECTING KIDS TO NATURE and appreciating everything OUR GREAT EARTH HAS TO OFFER. As parents, we designed Wildcraft! fun family games for kids.&lt;/p&gt;\r\n&lt;p&gt;Wildcraft An Herbal Adventure Game is a fun, that’s also easy to follow – NO READING required. Because our learning board games feature clear illustrations and matching icons, even younger kids will learn what the different plants look like and can be used for.&lt;/p&gt;</div>'),(339,85,0,113,'Parts Gear Lube Quicksilver'),(340,76,0,113,'<p>The perfect recipe for a family game night! Appeals to a wide range of people. Created By National Parks. Parents who had traveled to every single National Park worked together with their board game designer son and created a game to inspire others and help families share their love of the National Parks.</p>'),(341,75,0,114,'<div data-content-type=\"html\" data-appearance=\"default\" data-element=\"main\">&lt;p&gt;Will you get the answers in time, or is that just WISHFUL THINKING? Let\'s see how quickly you make the connections in this fun and challenging board game. You only have 60 seconds to figure out three Mystery words on the card. The only thing they have in common is that they all begin with the same letter. You (and your teammates) are allowed as many guesses as you like&lt;/p&gt;\r\n&lt;table style=\"border-collapse: collapse; width: 100%;\" border=\"1\"&gt;\r\n&lt;tbody&gt;\r\n&lt;tr&gt;\r\n&lt;td style=\"width: 50%;\"&gt;&lt;strong&gt;Product Dimensions:&lt;/strong&gt;&lt;/td&gt;\r\n&lt;td style=\"width: 50%;\"&gt;13 x 8 x 1 inches&lt;/td&gt;\r\n&lt;/tr&gt;\r\n&lt;tr&gt;\r\n&lt;td style=\"width: 50%;\"&gt;&lt;strong&gt;Model Number:&lt;/strong&gt;&lt;/td&gt;\r\n&lt;td style=\"width: 50%;\"&gt;O4633&lt;/td&gt;\r\n&lt;/tr&gt;\r\n&lt;tr&gt;\r\n&lt;td style=\"width: 50%;\"&gt;&lt;strong&gt;Date First Available:&lt;/strong&gt;&lt;/td&gt;\r\n&lt;td style=\"width: 50%;\"&gt;August 20, 2019&lt;/td&gt;\r\n&lt;/tr&gt;\r\n&lt;tr&gt;\r\n&lt;td style=\"width: 50%;\"&gt;&lt;strong&gt;ASIN:&lt;/strong&gt;&lt;/td&gt;\r\n&lt;td style=\"width: 50%;\"&gt;B07WWZM89C&lt;/td&gt;\r\n&lt;/tr&gt;\r\n&lt;tr&gt;\r\n&lt;td style=\"width: 50%;\"&gt;&lt;strong&gt;Occasion:&lt;/strong&gt;&lt;/td&gt;\r\n&lt;td style=\"width: 50%;\"&gt;Daily, Lounge, Fall, Shopping&lt;/td&gt;\r\n&lt;/tr&gt;\r\n&lt;/tbody&gt;\r\n&lt;/table&gt;\r\n&lt;p&gt;INCLUDES 3 FUN PRINTABLES! Along with our learning games for kids ages 3-5, you get access to 3 FULL-COLOR, PRINTABLE downloads to READ, STORY is a fun illustrated journey through sustainable plant harvesting, endangered plants, ecosystems and more. The 27-page WILDCRAFT! BOTANICAL COLORING BOOK helps kids learn the plants in our educational game. And our POCKET GUIDE is the perfect reference to take on family nature outings, hikes and camping trips! AT LearningHerbs, WE BELIEVE IN THE POWER OF CONNECTING KIDS TO NATURE and appreciating everything OUR GREAT EARTH HAS TO OFFER. As parents, we designed Wildcraft! fun family games for kids.&lt;/p&gt;\r\n&lt;p&gt;Wildcraft An Herbal Adventure Game is a fun, that’s also easy to follow – NO READING required. Because our learning board games feature clear illustrations and matching icons, even younger kids will learn what the different plants look like and can be used for.&lt;/p&gt;</div>'),(342,85,0,114,'Aosake Leather Steering Wheels'),(343,76,0,114,'<p>The perfect recipe for a family game night! Appeals to a wide range of people. Created By National Parks. Parents who had traveled to every single National Park worked together with their board game designer son and created a game to inspire others and help families share their love of the National Parks.</p>'),(344,75,0,115,'<div data-content-type=\"html\" data-appearance=\"default\" data-element=\"main\">&lt;p&gt;Will you get the answers in time, or is that just WISHFUL THINKING? Let\'s see how quickly you make the connections in this fun and challenging board game. You only have 60 seconds to figure out three Mystery words on the card. The only thing they have in common is that they all begin with the same letter. You (and your teammates) are allowed as many guesses as you like&lt;/p&gt;\r\n&lt;table style=\"border-collapse: collapse; width: 100%;\" border=\"1\"&gt;\r\n&lt;tbody&gt;\r\n&lt;tr&gt;\r\n&lt;td style=\"width: 50%;\"&gt;&lt;strong&gt;Product Dimensions:&lt;/strong&gt;&lt;/td&gt;\r\n&lt;td style=\"width: 50%;\"&gt;13 x 8 x 1 inches&lt;/td&gt;\r\n&lt;/tr&gt;\r\n&lt;tr&gt;\r\n&lt;td style=\"width: 50%;\"&gt;&lt;strong&gt;Model Number:&lt;/strong&gt;&lt;/td&gt;\r\n&lt;td style=\"width: 50%;\"&gt;O4633&lt;/td&gt;\r\n&lt;/tr&gt;\r\n&lt;tr&gt;\r\n&lt;td style=\"width: 50%;\"&gt;&lt;strong&gt;Date First Available:&lt;/strong&gt;&lt;/td&gt;\r\n&lt;td style=\"width: 50%;\"&gt;August 20, 2019&lt;/td&gt;\r\n&lt;/tr&gt;\r\n&lt;tr&gt;\r\n&lt;td style=\"width: 50%;\"&gt;&lt;strong&gt;ASIN:&lt;/strong&gt;&lt;/td&gt;\r\n&lt;td style=\"width: 50%;\"&gt;B07WWZM89C&lt;/td&gt;\r\n&lt;/tr&gt;\r\n&lt;tr&gt;\r\n&lt;td style=\"width: 50%;\"&gt;&lt;strong&gt;Occasion:&lt;/strong&gt;&lt;/td&gt;\r\n&lt;td style=\"width: 50%;\"&gt;Daily, Lounge, Fall, Shopping&lt;/td&gt;\r\n&lt;/tr&gt;\r\n&lt;/tbody&gt;\r\n&lt;/table&gt;\r\n&lt;p&gt;INCLUDES 3 FUN PRINTABLES! Along with our learning games for kids ages 3-5, you get access to 3 FULL-COLOR, PRINTABLE downloads to READ, STORY is a fun illustrated journey through sustainable plant harvesting, endangered plants, ecosystems and more. The 27-page WILDCRAFT! BOTANICAL COLORING BOOK helps kids learn the plants in our educational game. And our POCKET GUIDE is the perfect reference to take on family nature outings, hikes and camping trips! AT LearningHerbs, WE BELIEVE IN THE POWER OF CONNECTING KIDS TO NATURE and appreciating everything OUR GREAT EARTH HAS TO OFFER. As parents, we designed Wildcraft! fun family games for kids.&lt;/p&gt;\r\n&lt;p&gt;Wildcraft An Herbal Adventure Game is a fun, that’s also easy to follow – NO READING required. Because our learning board games feature clear illustrations and matching icons, even younger kids will learn what the different plants look like and can be used for.&lt;/p&gt;</div>'),(345,85,0,115,'Discount Starter and Alternator'),(346,76,0,115,'<p>The perfect recipe for a family game night! Appeals to a wide range of people. Created By National Parks. Parents who had traveled to every single National Park worked together with their board game designer son and created a game to inspire others and help families share their love of the National Parks.</p>'),(347,75,0,116,'<div data-content-type=\"html\" data-appearance=\"default\" data-element=\"main\">&lt;p&gt;Will you get the answers in time, or is that just WISHFUL THINKING? Let\'s see how quickly you make the connections in this fun and challenging board game. You only have 60 seconds to figure out three Mystery words on the card. The only thing they have in common is that they all begin with the same letter. You (and your teammates) are allowed as many guesses as you like&lt;/p&gt;\r\n&lt;table style=\"border-collapse: collapse; width: 100%;\" border=\"1\"&gt;\r\n&lt;tbody&gt;\r\n&lt;tr&gt;\r\n&lt;td style=\"width: 50%;\"&gt;&lt;strong&gt;Product Dimensions:&lt;/strong&gt;&lt;/td&gt;\r\n&lt;td style=\"width: 50%;\"&gt;13 x 8 x 1 inches&lt;/td&gt;\r\n&lt;/tr&gt;\r\n&lt;tr&gt;\r\n&lt;td style=\"width: 50%;\"&gt;&lt;strong&gt;Model Number:&lt;/strong&gt;&lt;/td&gt;\r\n&lt;td style=\"width: 50%;\"&gt;O4633&lt;/td&gt;\r\n&lt;/tr&gt;\r\n&lt;tr&gt;\r\n&lt;td style=\"width: 50%;\"&gt;&lt;strong&gt;Date First Available:&lt;/strong&gt;&lt;/td&gt;\r\n&lt;td style=\"width: 50%;\"&gt;August 20, 2019&lt;/td&gt;\r\n&lt;/tr&gt;\r\n&lt;tr&gt;\r\n&lt;td style=\"width: 50%;\"&gt;&lt;strong&gt;ASIN:&lt;/strong&gt;&lt;/td&gt;\r\n&lt;td style=\"width: 50%;\"&gt;B07WWZM89C&lt;/td&gt;\r\n&lt;/tr&gt;\r\n&lt;tr&gt;\r\n&lt;td style=\"width: 50%;\"&gt;&lt;strong&gt;Occasion:&lt;/strong&gt;&lt;/td&gt;\r\n&lt;td style=\"width: 50%;\"&gt;Daily, Lounge, Fall, Shopping&lt;/td&gt;\r\n&lt;/tr&gt;\r\n&lt;/tbody&gt;\r\n&lt;/table&gt;\r\n&lt;p&gt;INCLUDES 3 FUN PRINTABLES! Along with our learning games for kids ages 3-5, you get access to 3 FULL-COLOR, PRINTABLE downloads to READ, STORY is a fun illustrated journey through sustainable plant harvesting, endangered plants, ecosystems and more. The 27-page WILDCRAFT! BOTANICAL COLORING BOOK helps kids learn the plants in our educational game. And our POCKET GUIDE is the perfect reference to take on family nature outings, hikes and camping trips! AT LearningHerbs, WE BELIEVE IN THE POWER OF CONNECTING KIDS TO NATURE and appreciating everything OUR GREAT EARTH HAS TO OFFER. As parents, we designed Wildcraft! fun family games for kids.&lt;/p&gt;\r\n&lt;p&gt;Wildcraft An Herbal Adventure Game is a fun, that’s also easy to follow – NO READING required. Because our learning board games feature clear illustrations and matching icons, even younger kids will learn what the different plants look like and can be used for.&lt;/p&gt;</div>'),(348,85,0,116,'Out Your Halogen Light Black'),(349,76,0,116,'<p>The perfect recipe for a family game night! Appeals to a wide range of people. Created By National Parks. Parents who had traveled to every single National Park worked together with their board game designer son and created a game to inspire others and help families share their love of the National Parks.</p>'),(350,75,0,117,'<div data-content-type=\"html\" data-appearance=\"default\" data-element=\"main\">&lt;p&gt;Will you get the answers in time, or is that just WISHFUL THINKING? Let\'s see how quickly you make the connections in this fun and challenging board game. You only have 60 seconds to figure out three Mystery words on the card. The only thing they have in common is that they all begin with the same letter. You (and your teammates) are allowed as many guesses as you like&lt;/p&gt;\r\n&lt;table style=\"border-collapse: collapse; width: 100%;\" border=\"1\"&gt;\r\n&lt;tbody&gt;\r\n&lt;tr&gt;\r\n&lt;td style=\"width: 50%;\"&gt;&lt;strong&gt;Product Dimensions:&lt;/strong&gt;&lt;/td&gt;\r\n&lt;td style=\"width: 50%;\"&gt;13 x 8 x 1 inches&lt;/td&gt;\r\n&lt;/tr&gt;\r\n&lt;tr&gt;\r\n&lt;td style=\"width: 50%;\"&gt;&lt;strong&gt;Model Number:&lt;/strong&gt;&lt;/td&gt;\r\n&lt;td style=\"width: 50%;\"&gt;O4633&lt;/td&gt;\r\n&lt;/tr&gt;\r\n&lt;tr&gt;\r\n&lt;td style=\"width: 50%;\"&gt;&lt;strong&gt;Date First Available:&lt;/strong&gt;&lt;/td&gt;\r\n&lt;td style=\"width: 50%;\"&gt;August 20, 2019&lt;/td&gt;\r\n&lt;/tr&gt;\r\n&lt;tr&gt;\r\n&lt;td style=\"width: 50%;\"&gt;&lt;strong&gt;ASIN:&lt;/strong&gt;&lt;/td&gt;\r\n&lt;td style=\"width: 50%;\"&gt;B07WWZM89C&lt;/td&gt;\r\n&lt;/tr&gt;\r\n&lt;tr&gt;\r\n&lt;td style=\"width: 50%;\"&gt;&lt;strong&gt;Occasion:&lt;/strong&gt;&lt;/td&gt;\r\n&lt;td style=\"width: 50%;\"&gt;Daily, Lounge, Fall, Shopping&lt;/td&gt;\r\n&lt;/tr&gt;\r\n&lt;/tbody&gt;\r\n&lt;/table&gt;\r\n&lt;p&gt;INCLUDES 3 FUN PRINTABLES! Along with our learning games for kids ages 3-5, you get access to 3 FULL-COLOR, PRINTABLE downloads to READ, STORY is a fun illustrated journey through sustainable plant harvesting, endangered plants, ecosystems and more. The 27-page WILDCRAFT! BOTANICAL COLORING BOOK helps kids learn the plants in our educational game. And our POCKET GUIDE is the perfect reference to take on family nature outings, hikes and camping trips! AT LearningHerbs, WE BELIEVE IN THE POWER OF CONNECTING KIDS TO NATURE and appreciating everything OUR GREAT EARTH HAS TO OFFER. As parents, we designed Wildcraft! fun family games for kids.&lt;/p&gt;\r\n&lt;p&gt;Wildcraft An Herbal Adventure Game is a fun, that’s also easy to follow – NO READING required. Because our learning board games feature clear illustrations and matching icons, even younger kids will learn what the different plants look like and can be used for.&lt;/p&gt;</div>'),(351,85,0,117,'Bluetooth V4.2 Radio Adapter'),(352,76,0,117,'<p>The perfect recipe for a family game night! Appeals to a wide range of people. Created By National Parks. Parents who had traveled to every single National Park worked together with their board game designer son and created a game to inspire others and help families share their love of the National Parks.</p>'),(353,75,0,118,'<div data-content-type=\"html\" data-appearance=\"default\" data-element=\"main\">&lt;p&gt;Will you get the answers in time, or is that just WISHFUL THINKING? Let\'s see how quickly you make the connections in this fun and challenging board game. You only have 60 seconds to figure out three Mystery words on the card. The only thing they have in common is that they all begin with the same letter. You (and your teammates) are allowed as many guesses as you like&lt;/p&gt;\r\n&lt;table style=\"border-collapse: collapse; width: 100%;\" border=\"1\"&gt;\r\n&lt;tbody&gt;\r\n&lt;tr&gt;\r\n&lt;td style=\"width: 50%;\"&gt;&lt;strong&gt;Product Dimensions:&lt;/strong&gt;&lt;/td&gt;\r\n&lt;td style=\"width: 50%;\"&gt;13 x 8 x 1 inches&lt;/td&gt;\r\n&lt;/tr&gt;\r\n&lt;tr&gt;\r\n&lt;td style=\"width: 50%;\"&gt;&lt;strong&gt;Model Number:&lt;/strong&gt;&lt;/td&gt;\r\n&lt;td style=\"width: 50%;\"&gt;O4633&lt;/td&gt;\r\n&lt;/tr&gt;\r\n&lt;tr&gt;\r\n&lt;td style=\"width: 50%;\"&gt;&lt;strong&gt;Date First Available:&lt;/strong&gt;&lt;/td&gt;\r\n&lt;td style=\"width: 50%;\"&gt;August 20, 2019&lt;/td&gt;\r\n&lt;/tr&gt;\r\n&lt;tr&gt;\r\n&lt;td style=\"width: 50%;\"&gt;&lt;strong&gt;ASIN:&lt;/strong&gt;&lt;/td&gt;\r\n&lt;td style=\"width: 50%;\"&gt;B07WWZM89C&lt;/td&gt;\r\n&lt;/tr&gt;\r\n&lt;tr&gt;\r\n&lt;td style=\"width: 50%;\"&gt;&lt;strong&gt;Occasion:&lt;/strong&gt;&lt;/td&gt;\r\n&lt;td style=\"width: 50%;\"&gt;Daily, Lounge, Fall, Shopping&lt;/td&gt;\r\n&lt;/tr&gt;\r\n&lt;/tbody&gt;\r\n&lt;/table&gt;\r\n&lt;p&gt;INCLUDES 3 FUN PRINTABLES! Along with our learning games for kids ages 3-5, you get access to 3 FULL-COLOR, PRINTABLE downloads to READ, STORY is a fun illustrated journey through sustainable plant harvesting, endangered plants, ecosystems and more. The 27-page WILDCRAFT! BOTANICAL COLORING BOOK helps kids learn the plants in our educational game. And our POCKET GUIDE is the perfect reference to take on family nature outings, hikes and camping trips! AT LearningHerbs, WE BELIEVE IN THE POWER OF CONNECTING KIDS TO NATURE and appreciating everything OUR GREAT EARTH HAS TO OFFER. As parents, we designed Wildcraft! fun family games for kids.&lt;/p&gt;\r\n&lt;p&gt;Wildcraft An Herbal Adventure Game is a fun, that’s also easy to follow – NO READING required. Because our learning board games feature clear illustrations and matching icons, even younger kids will learn what the different plants look like and can be used for.&lt;/p&gt;</div>'),(354,85,0,118,'22-5 Hole Aluminum Wheel'),(355,76,0,118,'<p>The perfect recipe for a family game night! Appeals to a wide range of people. Created By National Parks. Parents who had traveled to every single National Park worked together with their board game designer son and created a game to inspire others and help families share their love of the National Parks.</p>'),(356,75,0,119,'<div data-content-type=\"html\" data-appearance=\"default\" data-element=\"main\">&lt;p&gt;Will you get the answers in time, or is that just WISHFUL THINKING? Let\'s see how quickly you make the connections in this fun and challenging board game. You only have 60 seconds to figure out three Mystery words on the card. The only thing they have in common is that they all begin with the same letter. You (and your teammates) are allowed as many guesses as you like&lt;/p&gt;\r\n&lt;table style=\"border-collapse: collapse; width: 100%;\" border=\"1\"&gt;\r\n&lt;tbody&gt;\r\n&lt;tr&gt;\r\n&lt;td style=\"width: 50%;\"&gt;&lt;strong&gt;Product Dimensions:&lt;/strong&gt;&lt;/td&gt;\r\n&lt;td style=\"width: 50%;\"&gt;13 x 8 x 1 inches&lt;/td&gt;\r\n&lt;/tr&gt;\r\n&lt;tr&gt;\r\n&lt;td style=\"width: 50%;\"&gt;&lt;strong&gt;Model Number:&lt;/strong&gt;&lt;/td&gt;\r\n&lt;td style=\"width: 50%;\"&gt;O4633&lt;/td&gt;\r\n&lt;/tr&gt;\r\n&lt;tr&gt;\r\n&lt;td style=\"width: 50%;\"&gt;&lt;strong&gt;Date First Available:&lt;/strong&gt;&lt;/td&gt;\r\n&lt;td style=\"width: 50%;\"&gt;August 20, 2019&lt;/td&gt;\r\n&lt;/tr&gt;\r\n&lt;tr&gt;\r\n&lt;td style=\"width: 50%;\"&gt;&lt;strong&gt;ASIN:&lt;/strong&gt;&lt;/td&gt;\r\n&lt;td style=\"width: 50%;\"&gt;B07WWZM89C&lt;/td&gt;\r\n&lt;/tr&gt;\r\n&lt;tr&gt;\r\n&lt;td style=\"width: 50%;\"&gt;&lt;strong&gt;Occasion:&lt;/strong&gt;&lt;/td&gt;\r\n&lt;td style=\"width: 50%;\"&gt;Daily, Lounge, Fall, Shopping&lt;/td&gt;\r\n&lt;/tr&gt;\r\n&lt;/tbody&gt;\r\n&lt;/table&gt;\r\n&lt;p&gt;INCLUDES 3 FUN PRINTABLES! Along with our learning games for kids ages 3-5, you get access to 3 FULL-COLOR, PRINTABLE downloads to READ, STORY is a fun illustrated journey through sustainable plant harvesting, endangered plants, ecosystems and more. The 27-page WILDCRAFT! BOTANICAL COLORING BOOK helps kids learn the plants in our educational game. And our POCKET GUIDE is the perfect reference to take on family nature outings, hikes and camping trips! AT LearningHerbs, WE BELIEVE IN THE POWER OF CONNECTING KIDS TO NATURE and appreciating everything OUR GREAT EARTH HAS TO OFFER. As parents, we designed Wildcraft! fun family games for kids.&lt;/p&gt;\r\n&lt;p&gt;Wildcraft An Herbal Adventure Game is a fun, that’s also easy to follow – NO READING required. Because our learning board games feature clear illustrations and matching icons, even younger kids will learn what the different plants look like and can be used for.&lt;/p&gt;</div>'),(357,85,0,119,'20x9 Wheels Fit GMC Chevy'),(358,76,0,119,'<p>The perfect recipe for a family game night! Appeals to a wide range of people. Created By National Parks. Parents who had traveled to every single National Park worked together with their board game designer son and created a game to inspire others and help families share their love of the National Parks.</p>'),(359,75,0,120,'<div data-content-type=\"html\" data-appearance=\"default\" data-element=\"main\">&lt;p&gt;Will you get the answers in time, or is that just WISHFUL THINKING? Let\'s see how quickly you make the connections in this fun and challenging board game. You only have 60 seconds to figure out three Mystery words on the card. The only thing they have in common is that they all begin with the same letter. You (and your teammates) are allowed as many guesses as you like&lt;/p&gt;\r\n&lt;table style=\"border-collapse: collapse; width: 100%;\" border=\"1\"&gt;\r\n&lt;tbody&gt;\r\n&lt;tr&gt;\r\n&lt;td style=\"width: 50%;\"&gt;&lt;strong&gt;Product Dimensions:&lt;/strong&gt;&lt;/td&gt;\r\n&lt;td style=\"width: 50%;\"&gt;13 x 8 x 1 inches&lt;/td&gt;\r\n&lt;/tr&gt;\r\n&lt;tr&gt;\r\n&lt;td style=\"width: 50%;\"&gt;&lt;strong&gt;Model Number:&lt;/strong&gt;&lt;/td&gt;\r\n&lt;td style=\"width: 50%;\"&gt;O4633&lt;/td&gt;\r\n&lt;/tr&gt;\r\n&lt;tr&gt;\r\n&lt;td style=\"width: 50%;\"&gt;&lt;strong&gt;Date First Available:&lt;/strong&gt;&lt;/td&gt;\r\n&lt;td style=\"width: 50%;\"&gt;August 20, 2019&lt;/td&gt;\r\n&lt;/tr&gt;\r\n&lt;tr&gt;\r\n&lt;td style=\"width: 50%;\"&gt;&lt;strong&gt;ASIN:&lt;/strong&gt;&lt;/td&gt;\r\n&lt;td style=\"width: 50%;\"&gt;B07WWZM89C&lt;/td&gt;\r\n&lt;/tr&gt;\r\n&lt;tr&gt;\r\n&lt;td style=\"width: 50%;\"&gt;&lt;strong&gt;Occasion:&lt;/strong&gt;&lt;/td&gt;\r\n&lt;td style=\"width: 50%;\"&gt;Daily, Lounge, Fall, Shopping&lt;/td&gt;\r\n&lt;/tr&gt;\r\n&lt;/tbody&gt;\r\n&lt;/table&gt;\r\n&lt;p&gt;INCLUDES 3 FUN PRINTABLES! Along with our learning games for kids ages 3-5, you get access to 3 FULL-COLOR, PRINTABLE downloads to READ, STORY is a fun illustrated journey through sustainable plant harvesting, endangered plants, ecosystems and more. The 27-page WILDCRAFT! BOTANICAL COLORING BOOK helps kids learn the plants in our educational game. And our POCKET GUIDE is the perfect reference to take on family nature outings, hikes and camping trips! AT LearningHerbs, WE BELIEVE IN THE POWER OF CONNECTING KIDS TO NATURE and appreciating everything OUR GREAT EARTH HAS TO OFFER. As parents, we designed Wildcraft! fun family games for kids.&lt;/p&gt;\r\n&lt;p&gt;Wildcraft An Herbal Adventure Game is a fun, that’s also easy to follow – NO READING required. Because our learning board games feature clear illustrations and matching icons, even younger kids will learn what the different plants look like and can be used for.&lt;/p&gt;</div>'),(360,85,0,120,'Max Cordless Drill Combo Kit'),(361,76,0,120,'<p>The perfect recipe for a family game night! Appeals to a wide range of people. Created By National Parks. Parents who had traveled to every single National Park worked together with their board game designer son and created a game to inspire others and help families share their love of the National Parks.</p>'),(362,75,0,121,'<div data-content-type=\"html\" data-appearance=\"default\" data-element=\"main\">&lt;p&gt;Will you get the answers in time, or is that just WISHFUL THINKING? Let\'s see how quickly you make the connections in this fun and challenging board game. You only have 60 seconds to figure out three Mystery words on the card. The only thing they have in common is that they all begin with the same letter. You (and your teammates) are allowed as many guesses as you like&lt;/p&gt;\r\n&lt;table style=\"border-collapse: collapse; width: 100%;\" border=\"1\"&gt;\r\n&lt;tbody&gt;\r\n&lt;tr&gt;\r\n&lt;td style=\"width: 50%;\"&gt;&lt;strong&gt;Product Dimensions:&lt;/strong&gt;&lt;/td&gt;\r\n&lt;td style=\"width: 50%;\"&gt;13 x 8 x 1 inches&lt;/td&gt;\r\n&lt;/tr&gt;\r\n&lt;tr&gt;\r\n&lt;td style=\"width: 50%;\"&gt;&lt;strong&gt;Model Number:&lt;/strong&gt;&lt;/td&gt;\r\n&lt;td style=\"width: 50%;\"&gt;O4633&lt;/td&gt;\r\n&lt;/tr&gt;\r\n&lt;tr&gt;\r\n&lt;td style=\"width: 50%;\"&gt;&lt;strong&gt;Date First Available:&lt;/strong&gt;&lt;/td&gt;\r\n&lt;td style=\"width: 50%;\"&gt;August 20, 2019&lt;/td&gt;\r\n&lt;/tr&gt;\r\n&lt;tr&gt;\r\n&lt;td style=\"width: 50%;\"&gt;&lt;strong&gt;ASIN:&lt;/strong&gt;&lt;/td&gt;\r\n&lt;td style=\"width: 50%;\"&gt;B07WWZM89C&lt;/td&gt;\r\n&lt;/tr&gt;\r\n&lt;tr&gt;\r\n&lt;td style=\"width: 50%;\"&gt;&lt;strong&gt;Occasion:&lt;/strong&gt;&lt;/td&gt;\r\n&lt;td style=\"width: 50%;\"&gt;Daily, Lounge, Fall, Shopping&lt;/td&gt;\r\n&lt;/tr&gt;\r\n&lt;/tbody&gt;\r\n&lt;/table&gt;\r\n&lt;p&gt;INCLUDES 3 FUN PRINTABLES! Along with our learning games for kids ages 3-5, you get access to 3 FULL-COLOR, PRINTABLE downloads to READ, STORY is a fun illustrated journey through sustainable plant harvesting, endangered plants, ecosystems and more. The 27-page WILDCRAFT! BOTANICAL COLORING BOOK helps kids learn the plants in our educational game. And our POCKET GUIDE is the perfect reference to take on family nature outings, hikes and camping trips! AT LearningHerbs, WE BELIEVE IN THE POWER OF CONNECTING KIDS TO NATURE and appreciating everything OUR GREAT EARTH HAS TO OFFER. As parents, we designed Wildcraft! fun family games for kids.&lt;/p&gt;\r\n&lt;p&gt;Wildcraft An Herbal Adventure Game is a fun, that’s also easy to follow – NO READING required. Because our learning board games feature clear illustrations and matching icons, even younger kids will learn what the different plants look like and can be used for.&lt;/p&gt;</div>'),(363,85,0,121,'Magnetic with Plastic Racking'),(364,76,0,121,'<p>The perfect recipe for a family game night! Appeals to a wide range of people. Created By National Parks. Parents who had traveled to every single National Park worked together with their board game designer son and created a game to inspire others and help families share their love of the National Parks.</p>'),(365,75,0,122,'<div data-content-type=\"html\" data-appearance=\"default\" data-element=\"main\">&lt;p&gt;Will you get the answers in time, or is that just WISHFUL THINKING? Let\'s see how quickly you make the connections in this fun and challenging board game. You only have 60 seconds to figure out three Mystery words on the card. The only thing they have in common is that they all begin with the same letter. You (and your teammates) are allowed as many guesses as you like&lt;/p&gt;\r\n&lt;table style=\"border-collapse: collapse; width: 100%;\" border=\"1\"&gt;\r\n&lt;tbody&gt;\r\n&lt;tr&gt;\r\n&lt;td style=\"width: 50%;\"&gt;&lt;strong&gt;Product Dimensions:&lt;/strong&gt;&lt;/td&gt;\r\n&lt;td style=\"width: 50%;\"&gt;13 x 8 x 1 inches&lt;/td&gt;\r\n&lt;/tr&gt;\r\n&lt;tr&gt;\r\n&lt;td style=\"width: 50%;\"&gt;&lt;strong&gt;Model Number:&lt;/strong&gt;&lt;/td&gt;\r\n&lt;td style=\"width: 50%;\"&gt;O4633&lt;/td&gt;\r\n&lt;/tr&gt;\r\n&lt;tr&gt;\r\n&lt;td style=\"width: 50%;\"&gt;&lt;strong&gt;Date First Available:&lt;/strong&gt;&lt;/td&gt;\r\n&lt;td style=\"width: 50%;\"&gt;August 20, 2019&lt;/td&gt;\r\n&lt;/tr&gt;\r\n&lt;tr&gt;\r\n&lt;td style=\"width: 50%;\"&gt;&lt;strong&gt;ASIN:&lt;/strong&gt;&lt;/td&gt;\r\n&lt;td style=\"width: 50%;\"&gt;B07WWZM89C&lt;/td&gt;\r\n&lt;/tr&gt;\r\n&lt;tr&gt;\r\n&lt;td style=\"width: 50%;\"&gt;&lt;strong&gt;Occasion:&lt;/strong&gt;&lt;/td&gt;\r\n&lt;td style=\"width: 50%;\"&gt;Daily, Lounge, Fall, Shopping&lt;/td&gt;\r\n&lt;/tr&gt;\r\n&lt;/tbody&gt;\r\n&lt;/table&gt;\r\n&lt;p&gt;INCLUDES 3 FUN PRINTABLES! Along with our learning games for kids ages 3-5, you get access to 3 FULL-COLOR, PRINTABLE downloads to READ, STORY is a fun illustrated journey through sustainable plant harvesting, endangered plants, ecosystems and more. The 27-page WILDCRAFT! BOTANICAL COLORING BOOK helps kids learn the plants in our educational game. And our POCKET GUIDE is the perfect reference to take on family nature outings, hikes and camping trips! AT LearningHerbs, WE BELIEVE IN THE POWER OF CONNECTING KIDS TO NATURE and appreciating everything OUR GREAT EARTH HAS TO OFFER. As parents, we designed Wildcraft! fun family games for kids.&lt;/p&gt;\r\n&lt;p&gt;Wildcraft An Herbal Adventure Game is a fun, that’s also easy to follow – NO READING required. Because our learning board games feature clear illustrations and matching icons, even younger kids will learn what the different plants look like and can be used for.&lt;/p&gt;</div>'),(366,85,0,122,'Basic Crimping Tool with Cutter'),(367,76,0,122,'<p>The perfect recipe for a family game night! Appeals to a wide range of people. Created By National Parks. Parents who had traveled to every single National Park worked together with their board game designer son and created a game to inspire others and help families share their love of the National Parks.</p>'),(368,75,0,123,'<div data-content-type=\"html\" data-appearance=\"default\" data-element=\"main\">&lt;p&gt;Will you get the answers in time, or is that just WISHFUL THINKING? Let\'s see how quickly you make the connections in this fun and challenging board game. You only have 60 seconds to figure out three Mystery words on the card. The only thing they have in common is that they all begin with the same letter. You (and your teammates) are allowed as many guesses as you like&lt;/p&gt;\r\n&lt;table style=\"border-collapse: collapse; width: 100%;\" border=\"1\"&gt;\r\n&lt;tbody&gt;\r\n&lt;tr&gt;\r\n&lt;td style=\"width: 50%;\"&gt;&lt;strong&gt;Product Dimensions:&lt;/strong&gt;&lt;/td&gt;\r\n&lt;td style=\"width: 50%;\"&gt;13 x 8 x 1 inches&lt;/td&gt;\r\n&lt;/tr&gt;\r\n&lt;tr&gt;\r\n&lt;td style=\"width: 50%;\"&gt;&lt;strong&gt;Model Number:&lt;/strong&gt;&lt;/td&gt;\r\n&lt;td style=\"width: 50%;\"&gt;O4633&lt;/td&gt;\r\n&lt;/tr&gt;\r\n&lt;tr&gt;\r\n&lt;td style=\"width: 50%;\"&gt;&lt;strong&gt;Date First Available:&lt;/strong&gt;&lt;/td&gt;\r\n&lt;td style=\"width: 50%;\"&gt;August 20, 2019&lt;/td&gt;\r\n&lt;/tr&gt;\r\n&lt;tr&gt;\r\n&lt;td style=\"width: 50%;\"&gt;&lt;strong&gt;ASIN:&lt;/strong&gt;&lt;/td&gt;\r\n&lt;td style=\"width: 50%;\"&gt;B07WWZM89C&lt;/td&gt;\r\n&lt;/tr&gt;\r\n&lt;tr&gt;\r\n&lt;td style=\"width: 50%;\"&gt;&lt;strong&gt;Occasion:&lt;/strong&gt;&lt;/td&gt;\r\n&lt;td style=\"width: 50%;\"&gt;Daily, Lounge, Fall, Shopping&lt;/td&gt;\r\n&lt;/tr&gt;\r\n&lt;/tbody&gt;\r\n&lt;/table&gt;\r\n&lt;p&gt;INCLUDES 3 FUN PRINTABLES! Along with our learning games for kids ages 3-5, you get access to 3 FULL-COLOR, PRINTABLE downloads to READ, STORY is a fun illustrated journey through sustainable plant harvesting, endangered plants, ecosystems and more. The 27-page WILDCRAFT! BOTANICAL COLORING BOOK helps kids learn the plants in our educational game. And our POCKET GUIDE is the perfect reference to take on family nature outings, hikes and camping trips! AT LearningHerbs, WE BELIEVE IN THE POWER OF CONNECTING KIDS TO NATURE and appreciating everything OUR GREAT EARTH HAS TO OFFER. As parents, we designed Wildcraft! fun family games for kids.&lt;/p&gt;\r\n&lt;p&gt;Wildcraft An Herbal Adventure Game is a fun, that’s also easy to follow – NO READING required. Because our learning board games feature clear illustrations and matching icons, even younger kids will learn what the different plants look like and can be used for.&lt;/p&gt;</div>'),(369,85,0,123,'Milwaukee Off Tool Bare Tool'),(370,76,0,123,'<p>The perfect recipe for a family game night! Appeals to a wide range of people. Created By National Parks. Parents who had traveled to every single National Park worked together with their board game designer son and created a game to inspire others and help families share their love of the National Parks.</p>'),(371,75,0,124,'<div data-content-type=\"html\" data-appearance=\"default\" data-element=\"main\">&lt;p&gt;Will you get the answers in time, or is that just WISHFUL THINKING? Let\'s see how quickly you make the connections in this fun and challenging board game. You only have 60 seconds to figure out three Mystery words on the card. The only thing they have in common is that they all begin with the same letter. You (and your teammates) are allowed as many guesses as you like&lt;/p&gt;\r\n&lt;table style=\"border-collapse: collapse; width: 100%;\" border=\"1\"&gt;\r\n&lt;tbody&gt;\r\n&lt;tr&gt;\r\n&lt;td style=\"width: 50%;\"&gt;&lt;strong&gt;Product Dimensions:&lt;/strong&gt;&lt;/td&gt;\r\n&lt;td style=\"width: 50%;\"&gt;13 x 8 x 1 inches&lt;/td&gt;\r\n&lt;/tr&gt;\r\n&lt;tr&gt;\r\n&lt;td style=\"width: 50%;\"&gt;&lt;strong&gt;Model Number:&lt;/strong&gt;&lt;/td&gt;\r\n&lt;td style=\"width: 50%;\"&gt;O4633&lt;/td&gt;\r\n&lt;/tr&gt;\r\n&lt;tr&gt;\r\n&lt;td style=\"width: 50%;\"&gt;&lt;strong&gt;Date First Available:&lt;/strong&gt;&lt;/td&gt;\r\n&lt;td style=\"width: 50%;\"&gt;August 20, 2019&lt;/td&gt;\r\n&lt;/tr&gt;\r\n&lt;tr&gt;\r\n&lt;td style=\"width: 50%;\"&gt;&lt;strong&gt;ASIN:&lt;/strong&gt;&lt;/td&gt;\r\n&lt;td style=\"width: 50%;\"&gt;B07WWZM89C&lt;/td&gt;\r\n&lt;/tr&gt;\r\n&lt;tr&gt;\r\n&lt;td style=\"width: 50%;\"&gt;&lt;strong&gt;Occasion:&lt;/strong&gt;&lt;/td&gt;\r\n&lt;td style=\"width: 50%;\"&gt;Daily, Lounge, Fall, Shopping&lt;/td&gt;\r\n&lt;/tr&gt;\r\n&lt;/tbody&gt;\r\n&lt;/table&gt;\r\n&lt;p&gt;INCLUDES 3 FUN PRINTABLES! Along with our learning games for kids ages 3-5, you get access to 3 FULL-COLOR, PRINTABLE downloads to READ, STORY is a fun illustrated journey through sustainable plant harvesting, endangered plants, ecosystems and more. The 27-page WILDCRAFT! BOTANICAL COLORING BOOK helps kids learn the plants in our educational game. And our POCKET GUIDE is the perfect reference to take on family nature outings, hikes and camping trips! AT LearningHerbs, WE BELIEVE IN THE POWER OF CONNECTING KIDS TO NATURE and appreciating everything OUR GREAT EARTH HAS TO OFFER. As parents, we designed Wildcraft! fun family games for kids.&lt;/p&gt;\r\n&lt;p&gt;Wildcraft An Herbal Adventure Game is a fun, that’s also easy to follow – NO READING required. Because our learning board games feature clear illustrations and matching icons, even younger kids will learn what the different plants look like and can be used for.&lt;/p&gt;</div>'),(372,85,0,124,'Multi Tool Speed Tool Only'),(373,76,0,124,'<p>The perfect recipe for a family game night! Appeals to a wide range of people. Created By National Parks. Parents who had traveled to every single National Park worked together with their board game designer son and created a game to inspire others and help families share their love of the National Parks.</p>'),(374,75,0,125,'<div data-content-type=\"html\" data-appearance=\"default\" data-element=\"main\">&lt;p&gt;Will you get the answers in time, or is that just WISHFUL THINKING? Let\'s see how quickly you make the connections in this fun and challenging board game. You only have 60 seconds to figure out three Mystery words on the card. The only thing they have in common is that they all begin with the same letter. You (and your teammates) are allowed as many guesses as you like&lt;/p&gt;\r\n&lt;table style=\"border-collapse: collapse; width: 100%;\" border=\"1\"&gt;\r\n&lt;tbody&gt;\r\n&lt;tr&gt;\r\n&lt;td style=\"width: 50%;\"&gt;&lt;strong&gt;Product Dimensions:&lt;/strong&gt;&lt;/td&gt;\r\n&lt;td style=\"width: 50%;\"&gt;13 x 8 x 1 inches&lt;/td&gt;\r\n&lt;/tr&gt;\r\n&lt;tr&gt;\r\n&lt;td style=\"width: 50%;\"&gt;&lt;strong&gt;Model Number:&lt;/strong&gt;&lt;/td&gt;\r\n&lt;td style=\"width: 50%;\"&gt;O4633&lt;/td&gt;\r\n&lt;/tr&gt;\r\n&lt;tr&gt;\r\n&lt;td style=\"width: 50%;\"&gt;&lt;strong&gt;Date First Available:&lt;/strong&gt;&lt;/td&gt;\r\n&lt;td style=\"width: 50%;\"&gt;August 20, 2019&lt;/td&gt;\r\n&lt;/tr&gt;\r\n&lt;tr&gt;\r\n&lt;td style=\"width: 50%;\"&gt;&lt;strong&gt;ASIN:&lt;/strong&gt;&lt;/td&gt;\r\n&lt;td style=\"width: 50%;\"&gt;B07WWZM89C&lt;/td&gt;\r\n&lt;/tr&gt;\r\n&lt;tr&gt;\r\n&lt;td style=\"width: 50%;\"&gt;&lt;strong&gt;Occasion:&lt;/strong&gt;&lt;/td&gt;\r\n&lt;td style=\"width: 50%;\"&gt;Daily, Lounge, Fall, Shopping&lt;/td&gt;\r\n&lt;/tr&gt;\r\n&lt;/tbody&gt;\r\n&lt;/table&gt;\r\n&lt;p&gt;INCLUDES 3 FUN PRINTABLES! Along with our learning games for kids ages 3-5, you get access to 3 FULL-COLOR, PRINTABLE downloads to READ, STORY is a fun illustrated journey through sustainable plant harvesting, endangered plants, ecosystems and more. The 27-page WILDCRAFT! BOTANICAL COLORING BOOK helps kids learn the plants in our educational game. And our POCKET GUIDE is the perfect reference to take on family nature outings, hikes and camping trips! AT LearningHerbs, WE BELIEVE IN THE POWER OF CONNECTING KIDS TO NATURE and appreciating everything OUR GREAT EARTH HAS TO OFFER. As parents, we designed Wildcraft! fun family games for kids.&lt;/p&gt;\r\n&lt;p&gt;Wildcraft An Herbal Adventure Game is a fun, that’s also easy to follow – NO READING required. Because our learning board games feature clear illustrations and matching icons, even younger kids will learn what the different plants look like and can be used for.&lt;/p&gt;</div>'),(375,85,0,125,'Tools 012 Adjustable Wrench'),(376,76,0,125,'<p>The perfect recipe for a family game night! Appeals to a wide range of people. Created By National Parks. Parents who had traveled to every single National Park worked together with their board game designer son and created a game to inspire others and help families share their love of the National Parks.</p>'),(377,75,0,126,'<div data-content-type=\"html\" data-appearance=\"default\" data-element=\"main\">&lt;p&gt;Will you get the answers in time, or is that just WISHFUL THINKING? Let\'s see how quickly you make the connections in this fun and challenging board game. You only have 60 seconds to figure out three Mystery words on the card. The only thing they have in common is that they all begin with the same letter. You (and your teammates) are allowed as many guesses as you like&lt;/p&gt;\r\n&lt;table style=\"border-collapse: collapse; width: 100%;\" border=\"1\"&gt;\r\n&lt;tbody&gt;\r\n&lt;tr&gt;\r\n&lt;td style=\"width: 50%;\"&gt;&lt;strong&gt;Product Dimensions:&lt;/strong&gt;&lt;/td&gt;\r\n&lt;td style=\"width: 50%;\"&gt;13 x 8 x 1 inches&lt;/td&gt;\r\n&lt;/tr&gt;\r\n&lt;tr&gt;\r\n&lt;td style=\"width: 50%;\"&gt;&lt;strong&gt;Model Number:&lt;/strong&gt;&lt;/td&gt;\r\n&lt;td style=\"width: 50%;\"&gt;O4633&lt;/td&gt;\r\n&lt;/tr&gt;\r\n&lt;tr&gt;\r\n&lt;td style=\"width: 50%;\"&gt;&lt;strong&gt;Date First Available:&lt;/strong&gt;&lt;/td&gt;\r\n&lt;td style=\"width: 50%;\"&gt;August 20, 2019&lt;/td&gt;\r\n&lt;/tr&gt;\r\n&lt;tr&gt;\r\n&lt;td style=\"width: 50%;\"&gt;&lt;strong&gt;ASIN:&lt;/strong&gt;&lt;/td&gt;\r\n&lt;td style=\"width: 50%;\"&gt;B07WWZM89C&lt;/td&gt;\r\n&lt;/tr&gt;\r\n&lt;tr&gt;\r\n&lt;td style=\"width: 50%;\"&gt;&lt;strong&gt;Occasion:&lt;/strong&gt;&lt;/td&gt;\r\n&lt;td style=\"width: 50%;\"&gt;Daily, Lounge, Fall, Shopping&lt;/td&gt;\r\n&lt;/tr&gt;\r\n&lt;/tbody&gt;\r\n&lt;/table&gt;\r\n&lt;p&gt;INCLUDES 3 FUN PRINTABLES! Along with our learning games for kids ages 3-5, you get access to 3 FULL-COLOR, PRINTABLE downloads to READ, STORY is a fun illustrated journey through sustainable plant harvesting, endangered plants, ecosystems and more. The 27-page WILDCRAFT! BOTANICAL COLORING BOOK helps kids learn the plants in our educational game. And our POCKET GUIDE is the perfect reference to take on family nature outings, hikes and camping trips! AT LearningHerbs, WE BELIEVE IN THE POWER OF CONNECTING KIDS TO NATURE and appreciating everything OUR GREAT EARTH HAS TO OFFER. As parents, we designed Wildcraft! fun family games for kids.&lt;/p&gt;\r\n&lt;p&gt;Wildcraft An Herbal Adventure Game is a fun, that’s also easy to follow – NO READING required. Because our learning board games feature clear illustrations and matching icons, even younger kids will learn what the different plants look like and can be used for.&lt;/p&gt;</div>'),(378,85,0,126,'20V Max XRSE Cordless Router'),(379,76,0,126,'<p>The perfect recipe for a family game night! Appeals to a wide range of people. Created By National Parks. Parents who had traveled to every single National Park worked together with their board game designer son and created a game to inspire others and help families share their love of the National Parks.</p>'),(380,75,0,127,'<div data-content-type=\"html\" data-appearance=\"default\" data-element=\"main\">&lt;p&gt;Will you get the answers in time, or is that just WISHFUL THINKING? Let\'s see how quickly you make the connections in this fun and challenging board game. You only have 60 seconds to figure out three Mystery words on the card. The only thing they have in common is that they all begin with the same letter. You (and your teammates) are allowed as many guesses as you like&lt;/p&gt;\r\n&lt;table style=\"border-collapse: collapse; width: 100%;\" border=\"1\"&gt;\r\n&lt;tbody&gt;\r\n&lt;tr&gt;\r\n&lt;td style=\"width: 50%;\"&gt;&lt;strong&gt;Product Dimensions:&lt;/strong&gt;&lt;/td&gt;\r\n&lt;td style=\"width: 50%;\"&gt;13 x 8 x 1 inches&lt;/td&gt;\r\n&lt;/tr&gt;\r\n&lt;tr&gt;\r\n&lt;td style=\"width: 50%;\"&gt;&lt;strong&gt;Model Number:&lt;/strong&gt;&lt;/td&gt;\r\n&lt;td style=\"width: 50%;\"&gt;O4633&lt;/td&gt;\r\n&lt;/tr&gt;\r\n&lt;tr&gt;\r\n&lt;td style=\"width: 50%;\"&gt;&lt;strong&gt;Date First Available:&lt;/strong&gt;&lt;/td&gt;\r\n&lt;td style=\"width: 50%;\"&gt;August 20, 2019&lt;/td&gt;\r\n&lt;/tr&gt;\r\n&lt;tr&gt;\r\n&lt;td style=\"width: 50%;\"&gt;&lt;strong&gt;ASIN:&lt;/strong&gt;&lt;/td&gt;\r\n&lt;td style=\"width: 50%;\"&gt;B07WWZM89C&lt;/td&gt;\r\n&lt;/tr&gt;\r\n&lt;tr&gt;\r\n&lt;td style=\"width: 50%;\"&gt;&lt;strong&gt;Occasion:&lt;/strong&gt;&lt;/td&gt;\r\n&lt;td style=\"width: 50%;\"&gt;Daily, Lounge, Fall, Shopping&lt;/td&gt;\r\n&lt;/tr&gt;\r\n&lt;/tbody&gt;\r\n&lt;/table&gt;\r\n&lt;p&gt;INCLUDES 3 FUN PRINTABLES! Along with our learning games for kids ages 3-5, you get access to 3 FULL-COLOR, PRINTABLE downloads to READ, STORY is a fun illustrated journey through sustainable plant harvesting, endangered plants, ecosystems and more. The 27-page WILDCRAFT! BOTANICAL COLORING BOOK helps kids learn the plants in our educational game. And our POCKET GUIDE is the perfect reference to take on family nature outings, hikes and camping trips! AT LearningHerbs, WE BELIEVE IN THE POWER OF CONNECTING KIDS TO NATURE and appreciating everything OUR GREAT EARTH HAS TO OFFER. As parents, we designed Wildcraft! fun family games for kids.&lt;/p&gt;\r\n&lt;p&gt;Wildcraft An Herbal Adventure Game is a fun, that’s also easy to follow – NO READING required. Because our learning board games feature clear illustrations and matching icons, even younger kids will learn what the different plants look like and can be used for.&lt;/p&gt;</div>'),(381,85,0,127,'Tool Storage Rack Wall Mount'),(382,76,0,127,'<p>The perfect recipe for a family game night! Appeals to a wide range of people. Created By National Parks. Parents who had traveled to every single National Park worked together with their board game designer son and created a game to inspire others and help families share their love of the National Parks.</p>'),(383,75,0,128,'<div data-content-type=\"html\" data-appearance=\"default\" data-element=\"main\">&lt;p&gt;Will you get the answers in time, or is that just WISHFUL THINKING? Let\'s see how quickly you make the connections in this fun and challenging board game. You only have 60 seconds to figure out three Mystery words on the card. The only thing they have in common is that they all begin with the same letter. You (and your teammates) are allowed as many guesses as you like&lt;/p&gt;\r\n&lt;table style=\"border-collapse: collapse; width: 100%;\" border=\"1\"&gt;\r\n&lt;tbody&gt;\r\n&lt;tr&gt;\r\n&lt;td style=\"width: 50%;\"&gt;&lt;strong&gt;Product Dimensions:&lt;/strong&gt;&lt;/td&gt;\r\n&lt;td style=\"width: 50%;\"&gt;13 x 8 x 1 inches&lt;/td&gt;\r\n&lt;/tr&gt;\r\n&lt;tr&gt;\r\n&lt;td style=\"width: 50%;\"&gt;&lt;strong&gt;Model Number:&lt;/strong&gt;&lt;/td&gt;\r\n&lt;td style=\"width: 50%;\"&gt;O4633&lt;/td&gt;\r\n&lt;/tr&gt;\r\n&lt;tr&gt;\r\n&lt;td style=\"width: 50%;\"&gt;&lt;strong&gt;Date First Available:&lt;/strong&gt;&lt;/td&gt;\r\n&lt;td style=\"width: 50%;\"&gt;August 20, 2019&lt;/td&gt;\r\n&lt;/tr&gt;\r\n&lt;tr&gt;\r\n&lt;td style=\"width: 50%;\"&gt;&lt;strong&gt;ASIN:&lt;/strong&gt;&lt;/td&gt;\r\n&lt;td style=\"width: 50%;\"&gt;B07WWZM89C&lt;/td&gt;\r\n&lt;/tr&gt;\r\n&lt;tr&gt;\r\n&lt;td style=\"width: 50%;\"&gt;&lt;strong&gt;Occasion:&lt;/strong&gt;&lt;/td&gt;\r\n&lt;td style=\"width: 50%;\"&gt;Daily, Lounge, Fall, Shopping&lt;/td&gt;\r\n&lt;/tr&gt;\r\n&lt;/tbody&gt;\r\n&lt;/table&gt;\r\n&lt;p&gt;INCLUDES 3 FUN PRINTABLES! Along with our learning games for kids ages 3-5, you get access to 3 FULL-COLOR, PRINTABLE downloads to READ, STORY is a fun illustrated journey through sustainable plant harvesting, endangered plants, ecosystems and more. The 27-page WILDCRAFT! BOTANICAL COLORING BOOK helps kids learn the plants in our educational game. And our POCKET GUIDE is the perfect reference to take on family nature outings, hikes and camping trips! AT LearningHerbs, WE BELIEVE IN THE POWER OF CONNECTING KIDS TO NATURE and appreciating everything OUR GREAT EARTH HAS TO OFFER. As parents, we designed Wildcraft! fun family games for kids.&lt;/p&gt;\r\n&lt;p&gt;Wildcraft An Herbal Adventure Game is a fun, that’s also easy to follow – NO READING required. Because our learning board games feature clear illustrations and matching icons, even younger kids will learn what the different plants look like and can be used for.&lt;/p&gt;</div>'),(384,85,0,128,'Tools Tool Set with Lineman'),(385,76,0,128,'<p>The perfect recipe for a family game night! Appeals to a wide range of people. Created By National Parks. Parents who had traveled to every single National Park worked together with their board game designer son and created a game to inspire others and help families share their love of the National Parks.</p>'),(386,75,0,129,'<div data-content-type=\"html\" data-appearance=\"default\" data-element=\"main\">&lt;p&gt;Will you get the answers in time, or is that just WISHFUL THINKING? Let\'s see how quickly you make the connections in this fun and challenging board game. You only have 60 seconds to figure out three Mystery words on the card. The only thing they have in common is that they all begin with the same letter. You (and your teammates) are allowed as many guesses as you like&lt;/p&gt;\r\n&lt;table style=\"border-collapse: collapse; width: 100%;\" border=\"1\"&gt;\r\n&lt;tbody&gt;\r\n&lt;tr&gt;\r\n&lt;td style=\"width: 50%;\"&gt;&lt;strong&gt;Product Dimensions:&lt;/strong&gt;&lt;/td&gt;\r\n&lt;td style=\"width: 50%;\"&gt;13 x 8 x 1 inches&lt;/td&gt;\r\n&lt;/tr&gt;\r\n&lt;tr&gt;\r\n&lt;td style=\"width: 50%;\"&gt;&lt;strong&gt;Model Number:&lt;/strong&gt;&lt;/td&gt;\r\n&lt;td style=\"width: 50%;\"&gt;O4633&lt;/td&gt;\r\n&lt;/tr&gt;\r\n&lt;tr&gt;\r\n&lt;td style=\"width: 50%;\"&gt;&lt;strong&gt;Date First Available:&lt;/strong&gt;&lt;/td&gt;\r\n&lt;td style=\"width: 50%;\"&gt;August 20, 2019&lt;/td&gt;\r\n&lt;/tr&gt;\r\n&lt;tr&gt;\r\n&lt;td style=\"width: 50%;\"&gt;&lt;strong&gt;ASIN:&lt;/strong&gt;&lt;/td&gt;\r\n&lt;td style=\"width: 50%;\"&gt;B07WWZM89C&lt;/td&gt;\r\n&lt;/tr&gt;\r\n&lt;tr&gt;\r\n&lt;td style=\"width: 50%;\"&gt;&lt;strong&gt;Occasion:&lt;/strong&gt;&lt;/td&gt;\r\n&lt;td style=\"width: 50%;\"&gt;Daily, Lounge, Fall, Shopping&lt;/td&gt;\r\n&lt;/tr&gt;\r\n&lt;/tbody&gt;\r\n&lt;/table&gt;\r\n&lt;p&gt;INCLUDES 3 FUN PRINTABLES! Along with our learning games for kids ages 3-5, you get access to 3 FULL-COLOR, PRINTABLE downloads to READ, STORY is a fun illustrated journey through sustainable plant harvesting, endangered plants, ecosystems and more. The 27-page WILDCRAFT! BOTANICAL COLORING BOOK helps kids learn the plants in our educational game. And our POCKET GUIDE is the perfect reference to take on family nature outings, hikes and camping trips! AT LearningHerbs, WE BELIEVE IN THE POWER OF CONNECTING KIDS TO NATURE and appreciating everything OUR GREAT EARTH HAS TO OFFER. As parents, we designed Wildcraft! fun family games for kids.&lt;/p&gt;\r\n&lt;p&gt;Wildcraft An Herbal Adventure Game is a fun, that’s also easy to follow – NO READING required. Because our learning board games feature clear illustrations and matching icons, even younger kids will learn what the different plants look like and can be used for.&lt;/p&gt;</div>'),(387,85,0,129,'Screen Tool Spline for Screen'),(388,76,0,129,'<p>The perfect recipe for a family game night! Appeals to a wide range of people. Created By National Parks. Parents who had traveled to every single National Park worked together with their board game designer son and created a game to inspire others and help families share their love of the National Parks.</p>'),(389,75,0,130,'<div data-content-type=\"html\" data-appearance=\"default\" data-element=\"main\">&lt;p&gt;Will you get the answers in time, or is that just WISHFUL THINKING? Let\'s see how quickly you make the connections in this fun and challenging board game. You only have 60 seconds to figure out three Mystery words on the card. The only thing they have in common is that they all begin with the same letter. You (and your teammates) are allowed as many guesses as you like&lt;/p&gt;\r\n&lt;table style=\"border-collapse: collapse; width: 100%;\" border=\"1\"&gt;\r\n&lt;tbody&gt;\r\n&lt;tr&gt;\r\n&lt;td style=\"width: 50%;\"&gt;&lt;strong&gt;Product Dimensions:&lt;/strong&gt;&lt;/td&gt;\r\n&lt;td style=\"width: 50%;\"&gt;13 x 8 x 1 inches&lt;/td&gt;\r\n&lt;/tr&gt;\r\n&lt;tr&gt;\r\n&lt;td style=\"width: 50%;\"&gt;&lt;strong&gt;Model Number:&lt;/strong&gt;&lt;/td&gt;\r\n&lt;td style=\"width: 50%;\"&gt;O4633&lt;/td&gt;\r\n&lt;/tr&gt;\r\n&lt;tr&gt;\r\n&lt;td style=\"width: 50%;\"&gt;&lt;strong&gt;Date First Available:&lt;/strong&gt;&lt;/td&gt;\r\n&lt;td style=\"width: 50%;\"&gt;August 20, 2019&lt;/td&gt;\r\n&lt;/tr&gt;\r\n&lt;tr&gt;\r\n&lt;td style=\"width: 50%;\"&gt;&lt;strong&gt;ASIN:&lt;/strong&gt;&lt;/td&gt;\r\n&lt;td style=\"width: 50%;\"&gt;B07WWZM89C&lt;/td&gt;\r\n&lt;/tr&gt;\r\n&lt;tr&gt;\r\n&lt;td style=\"width: 50%;\"&gt;&lt;strong&gt;Occasion:&lt;/strong&gt;&lt;/td&gt;\r\n&lt;td style=\"width: 50%;\"&gt;Daily, Lounge, Fall, Shopping&lt;/td&gt;\r\n&lt;/tr&gt;\r\n&lt;/tbody&gt;\r\n&lt;/table&gt;\r\n&lt;p&gt;INCLUDES 3 FUN PRINTABLES! Along with our learning games for kids ages 3-5, you get access to 3 FULL-COLOR, PRINTABLE downloads to READ, STORY is a fun illustrated journey through sustainable plant harvesting, endangered plants, ecosystems and more. The 27-page WILDCRAFT! BOTANICAL COLORING BOOK helps kids learn the plants in our educational game. And our POCKET GUIDE is the perfect reference to take on family nature outings, hikes and camping trips! AT LearningHerbs, WE BELIEVE IN THE POWER OF CONNECTING KIDS TO NATURE and appreciating everything OUR GREAT EARTH HAS TO OFFER. As parents, we designed Wildcraft! fun family games for kids.&lt;/p&gt;\r\n&lt;p&gt;Wildcraft An Herbal Adventure Game is a fun, that’s also easy to follow – NO READING required. Because our learning board games feature clear illustrations and matching icons, even younger kids will learn what the different plants look like and can be used for.&lt;/p&gt;</div>'),(390,85,0,130,'Dual Drive Ratchet and Bits'),(391,76,0,130,'<p>The perfect recipe for a family game night! Appeals to a wide range of people. Created By National Parks. Parents who had traveled to every single National Park worked together with their board game designer son and created a game to inspire others and help families share their love of the National Parks.</p>'),(392,75,0,131,'<div data-content-type=\"html\" data-appearance=\"default\" data-element=\"main\">&lt;p&gt;Will you get the answers in time, or is that just WISHFUL THINKING? Let\'s see how quickly you make the connections in this fun and challenging board game. You only have 60 seconds to figure out three Mystery words on the card. The only thing they have in common is that they all begin with the same letter. You (and your teammates) are allowed as many guesses as you like&lt;/p&gt;\r\n&lt;table style=\"border-collapse: collapse; width: 100%;\" border=\"1\"&gt;\r\n&lt;tbody&gt;\r\n&lt;tr&gt;\r\n&lt;td style=\"width: 50%;\"&gt;&lt;strong&gt;Product Dimensions:&lt;/strong&gt;&lt;/td&gt;\r\n&lt;td style=\"width: 50%;\"&gt;13 x 8 x 1 inches&lt;/td&gt;\r\n&lt;/tr&gt;\r\n&lt;tr&gt;\r\n&lt;td style=\"width: 50%;\"&gt;&lt;strong&gt;Model Number:&lt;/strong&gt;&lt;/td&gt;\r\n&lt;td style=\"width: 50%;\"&gt;O4633&lt;/td&gt;\r\n&lt;/tr&gt;\r\n&lt;tr&gt;\r\n&lt;td style=\"width: 50%;\"&gt;&lt;strong&gt;Date First Available:&lt;/strong&gt;&lt;/td&gt;\r\n&lt;td style=\"width: 50%;\"&gt;August 20, 2019&lt;/td&gt;\r\n&lt;/tr&gt;\r\n&lt;tr&gt;\r\n&lt;td style=\"width: 50%;\"&gt;&lt;strong&gt;ASIN:&lt;/strong&gt;&lt;/td&gt;\r\n&lt;td style=\"width: 50%;\"&gt;B07WWZM89C&lt;/td&gt;\r\n&lt;/tr&gt;\r\n&lt;tr&gt;\r\n&lt;td style=\"width: 50%;\"&gt;&lt;strong&gt;Occasion:&lt;/strong&gt;&lt;/td&gt;\r\n&lt;td style=\"width: 50%;\"&gt;Daily, Lounge, Fall, Shopping&lt;/td&gt;\r\n&lt;/tr&gt;\r\n&lt;/tbody&gt;\r\n&lt;/table&gt;\r\n&lt;p&gt;INCLUDES 3 FUN PRINTABLES! Along with our learning games for kids ages 3-5, you get access to 3 FULL-COLOR, PRINTABLE downloads to READ, STORY is a fun illustrated journey through sustainable plant harvesting, endangered plants, ecosystems and more. The 27-page WILDCRAFT! BOTANICAL COLORING BOOK helps kids learn the plants in our educational game. And our POCKET GUIDE is the perfect reference to take on family nature outings, hikes and camping trips! AT LearningHerbs, WE BELIEVE IN THE POWER OF CONNECTING KIDS TO NATURE and appreciating everything OUR GREAT EARTH HAS TO OFFER. As parents, we designed Wildcraft! fun family games for kids.&lt;/p&gt;\r\n&lt;p&gt;Wildcraft An Herbal Adventure Game is a fun, that’s also easy to follow – NO READING required. Because our learning board games feature clear illustrations and matching icons, even younger kids will learn what the different plants look like and can be used for.&lt;/p&gt;</div>'),(393,85,0,131,'Lume LED Work Light Tool Only'),(394,76,0,131,'<p>The perfect recipe for a family game night! Appeals to a wide range of people. Created By National Parks. Parents who had traveled to every single National Park worked together with their board game designer son and created a game to inspire others and help families share their love of the National Parks.</p>'),(395,75,0,132,'<div data-content-type=\"html\" data-appearance=\"default\" data-element=\"main\">&lt;p&gt;Will you get the answers in time, or is that just WISHFUL THINKING? Let\'s see how quickly you make the connections in\r\n    this fun and challenging board game. You only have 60 seconds to figure out three Mystery words on the card. The\r\n    only thing they have in common is that they all begin with the same letter. You (and your teammates) are allowed as\r\n    many guesses as you like&lt;/p&gt;\r\n&lt;table style=\"border-collapse: collapse; width: 100%;\" border=\"1\"&gt;\r\n    &lt;tbody&gt;\r\n    &lt;tr&gt;\r\n        &lt;td style=\"width: 50%;\"&gt;&lt;strong&gt;Product Dimensions:&lt;/strong&gt;&lt;/td&gt;\r\n        &lt;td style=\"width: 50%;\"&gt;13 x 8 x 1 inches&lt;/td&gt;\r\n    &lt;/tr&gt;\r\n    &lt;tr&gt;\r\n        &lt;td style=\"width: 50%;\"&gt;&lt;strong&gt;Model Number:&lt;/strong&gt;&lt;/td&gt;\r\n        &lt;td style=\"width: 50%;\"&gt;O4633&lt;/td&gt;\r\n    &lt;/tr&gt;\r\n    &lt;tr&gt;\r\n        &lt;td style=\"width: 50%;\"&gt;&lt;strong&gt;Date First Available:&lt;/strong&gt;&lt;/td&gt;\r\n        &lt;td style=\"width: 50%;\"&gt;August 20, 2019&lt;/td&gt;\r\n    &lt;/tr&gt;\r\n    &lt;tr&gt;\r\n        &lt;td style=\"width: 50%;\"&gt;&lt;strong&gt;ASIN:&lt;/strong&gt;&lt;/td&gt;\r\n        &lt;td style=\"width: 50%;\"&gt;B07WWZM89C&lt;/td&gt;\r\n    &lt;/tr&gt;\r\n    &lt;tr&gt;\r\n        &lt;td style=\"width: 50%;\"&gt;&lt;strong&gt;Occasion:&lt;/strong&gt;&lt;/td&gt;\r\n        &lt;td style=\"width: 50%;\"&gt;Daily, Lounge, Fall, Shopping&lt;/td&gt;\r\n    &lt;/tr&gt;\r\n    &lt;/tbody&gt;\r\n&lt;/table&gt;\r\n&lt;p&gt;INCLUDES 3 FUN PRINTABLES! Along with our learning games for kids ages 3-5, you get access to 3 FULL-COLOR, PRINTABLE\r\n    downloads to READ, STORY is a fun illustrated journey through sustainable plant harvesting, endangered plants,\r\n    ecosystems and more. The 27-page WILDCRAFT! BOTANICAL COLORING BOOK helps kids learn the plants in our educational\r\n    game. And our POCKET GUIDE is the perfect reference to take on family nature outings, hikes and camping trips! AT\r\n    LearningHerbs, WE BELIEVE IN THE POWER OF CONNECTING KIDS TO NATURE and appreciating everything OUR GREAT EARTH HAS\r\n    TO OFFER. As parents, we designed Wildcraft! fun family games for kids.&lt;/p&gt;\r\n&lt;p&gt;Wildcraft An Herbal Adventure Game is a fun, that’s also easy to follow – NO READING required. Because our learning\r\n    board games feature clear illustrations and matching icons, even younger kids will learn what the different plants\r\n    look like and can be used for.&lt;/p&gt;</div>'),(396,85,0,132,'Quality Fresh Fruit TEJC Good'),(397,76,0,132,'<p>The perfect recipe for a family game night! Appeals to a wide range of people. Created By National Parks. Parents who had traveled to every single National Park worked together with their board game designer son and created a game to inspire others and help families share their love of the National Parks.</p>'),(398,75,0,133,'<div data-content-type=\"html\" data-appearance=\"default\" data-element=\"main\">&lt;p&gt;Will you get the answers in time, or is that just WISHFUL THINKING? Let\'s see how quickly you make the connections in\r\n    this fun and challenging board game. You only have 60 seconds to figure out three Mystery words on the card. The\r\n    only thing they have in common is that they all begin with the same letter. You (and your teammates) are allowed as\r\n    many guesses as you like&lt;/p&gt;\r\n&lt;table style=\"border-collapse: collapse; width: 100%;\" border=\"1\"&gt;\r\n    &lt;tbody&gt;\r\n    &lt;tr&gt;\r\n        &lt;td style=\"width: 50%;\"&gt;&lt;strong&gt;Product Dimensions:&lt;/strong&gt;&lt;/td&gt;\r\n        &lt;td style=\"width: 50%;\"&gt;13 x 8 x 1 inches&lt;/td&gt;\r\n    &lt;/tr&gt;\r\n    &lt;tr&gt;\r\n        &lt;td style=\"width: 50%;\"&gt;&lt;strong&gt;Model Number:&lt;/strong&gt;&lt;/td&gt;\r\n        &lt;td style=\"width: 50%;\"&gt;O4633&lt;/td&gt;\r\n    &lt;/tr&gt;\r\n    &lt;tr&gt;\r\n        &lt;td style=\"width: 50%;\"&gt;&lt;strong&gt;Date First Available:&lt;/strong&gt;&lt;/td&gt;\r\n        &lt;td style=\"width: 50%;\"&gt;August 20, 2019&lt;/td&gt;\r\n    &lt;/tr&gt;\r\n    &lt;tr&gt;\r\n        &lt;td style=\"width: 50%;\"&gt;&lt;strong&gt;ASIN:&lt;/strong&gt;&lt;/td&gt;\r\n        &lt;td style=\"width: 50%;\"&gt;B07WWZM89C&lt;/td&gt;\r\n    &lt;/tr&gt;\r\n    &lt;tr&gt;\r\n        &lt;td style=\"width: 50%;\"&gt;&lt;strong&gt;Occasion:&lt;/strong&gt;&lt;/td&gt;\r\n        &lt;td style=\"width: 50%;\"&gt;Daily, Lounge, Fall, Shopping&lt;/td&gt;\r\n    &lt;/tr&gt;\r\n    &lt;/tbody&gt;\r\n&lt;/table&gt;\r\n&lt;p&gt;INCLUDES 3 FUN PRINTABLES! Along with our learning games for kids ages 3-5, you get access to 3 FULL-COLOR, PRINTABLE\r\n    downloads to READ, STORY is a fun illustrated journey through sustainable plant harvesting, endangered plants,\r\n    ecosystems and more. The 27-page WILDCRAFT! BOTANICAL COLORING BOOK helps kids learn the plants in our educational\r\n    game. And our POCKET GUIDE is the perfect reference to take on family nature outings, hikes and camping trips! AT\r\n    LearningHerbs, WE BELIEVE IN THE POWER OF CONNECTING KIDS TO NATURE and appreciating everything OUR GREAT EARTH HAS\r\n    TO OFFER. As parents, we designed Wildcraft! fun family games for kids.&lt;/p&gt;\r\n&lt;p&gt;Wildcraft An Herbal Adventure Game is a fun, that’s also easy to follow – NO READING required. Because our learning\r\n    board games feature clear illustrations and matching icons, even younger kids will learn what the different plants\r\n    look like and can be used for.&lt;/p&gt;</div>'),(399,85,0,133,'Heal High Fresh Natural Fruit'),(400,76,0,133,'<p>The perfect recipe for a family game night! Appeals to a wide range of people. Created By National Parks. Parents who had traveled to every single National Park worked together with their board game designer son and created a game to inspire others and help families share their love of the National Parks.</p>'),(401,75,0,134,'<div data-content-type=\"html\" data-appearance=\"default\" data-element=\"main\">&lt;p&gt;Will you get the answers in time, or is that just WISHFUL THINKING? Let\'s see how quickly you make the connections in\r\n    this fun and challenging board game. You only have 60 seconds to figure out three Mystery words on the card. The\r\n    only thing they have in common is that they all begin with the same letter. You (and your teammates) are allowed as\r\n    many guesses as you like&lt;/p&gt;\r\n&lt;table style=\"border-collapse: collapse; width: 100%;\" border=\"1\"&gt;\r\n    &lt;tbody&gt;\r\n    &lt;tr&gt;\r\n        &lt;td style=\"width: 50%;\"&gt;&lt;strong&gt;Product Dimensions:&lt;/strong&gt;&lt;/td&gt;\r\n        &lt;td style=\"width: 50%;\"&gt;13 x 8 x 1 inches&lt;/td&gt;\r\n    &lt;/tr&gt;\r\n    &lt;tr&gt;\r\n        &lt;td style=\"width: 50%;\"&gt;&lt;strong&gt;Model Number:&lt;/strong&gt;&lt;/td&gt;\r\n        &lt;td style=\"width: 50%;\"&gt;O4633&lt;/td&gt;\r\n    &lt;/tr&gt;\r\n    &lt;tr&gt;\r\n        &lt;td style=\"width: 50%;\"&gt;&lt;strong&gt;Date First Available:&lt;/strong&gt;&lt;/td&gt;\r\n        &lt;td style=\"width: 50%;\"&gt;August 20, 2019&lt;/td&gt;\r\n    &lt;/tr&gt;\r\n    &lt;tr&gt;\r\n        &lt;td style=\"width: 50%;\"&gt;&lt;strong&gt;ASIN:&lt;/strong&gt;&lt;/td&gt;\r\n        &lt;td style=\"width: 50%;\"&gt;B07WWZM89C&lt;/td&gt;\r\n    &lt;/tr&gt;\r\n    &lt;tr&gt;\r\n        &lt;td style=\"width: 50%;\"&gt;&lt;strong&gt;Occasion:&lt;/strong&gt;&lt;/td&gt;\r\n        &lt;td style=\"width: 50%;\"&gt;Daily, Lounge, Fall, Shopping&lt;/td&gt;\r\n    &lt;/tr&gt;\r\n    &lt;/tbody&gt;\r\n&lt;/table&gt;\r\n&lt;p&gt;INCLUDES 3 FUN PRINTABLES! Along with our learning games for kids ages 3-5, you get access to 3 FULL-COLOR, PRINTABLE\r\n    downloads to READ, STORY is a fun illustrated journey through sustainable plant harvesting, endangered plants,\r\n    ecosystems and more. The 27-page WILDCRAFT! BOTANICAL COLORING BOOK helps kids learn the plants in our educational\r\n    game. And our POCKET GUIDE is the perfect reference to take on family nature outings, hikes and camping trips! AT\r\n    LearningHerbs, WE BELIEVE IN THE POWER OF CONNECTING KIDS TO NATURE and appreciating everything OUR GREAT EARTH HAS\r\n    TO OFFER. As parents, we designed Wildcraft! fun family games for kids.&lt;/p&gt;\r\n&lt;p&gt;Wildcraft An Herbal Adventure Game is a fun, that’s also easy to follow – NO READING required. Because our learning\r\n    board games feature clear illustrations and matching icons, even younger kids will learn what the different plants\r\n    look like and can be used for.&lt;/p&gt;</div>'),(402,85,0,134,'Delicious Fresh Egypt Natural'),(403,76,0,134,'<p>The perfect recipe for a family game night! Appeals to a wide range of people. Created By National Parks. Parents who had traveled to every single National Park worked together with their board game designer son and created a game to inspire others and help families share their love of the National Parks.</p>'),(404,75,0,135,'<div data-content-type=\"html\" data-appearance=\"default\" data-element=\"main\">&lt;p&gt;Will you get the answers in time, or is that just WISHFUL THINKING? Let\'s see how quickly you make the connections in\r\n    this fun and challenging board game. You only have 60 seconds to figure out three Mystery words on the card. The\r\n    only thing they have in common is that they all begin with the same letter. You (and your teammates) are allowed as\r\n    many guesses as you like&lt;/p&gt;\r\n&lt;table style=\"border-collapse: collapse; width: 100%;\" border=\"1\"&gt;\r\n    &lt;tbody&gt;\r\n    &lt;tr&gt;\r\n        &lt;td style=\"width: 50%;\"&gt;&lt;strong&gt;Product Dimensions:&lt;/strong&gt;&lt;/td&gt;\r\n        &lt;td style=\"width: 50%;\"&gt;13 x 8 x 1 inches&lt;/td&gt;\r\n    &lt;/tr&gt;\r\n    &lt;tr&gt;\r\n        &lt;td style=\"width: 50%;\"&gt;&lt;strong&gt;Model Number:&lt;/strong&gt;&lt;/td&gt;\r\n        &lt;td style=\"width: 50%;\"&gt;O4633&lt;/td&gt;\r\n    &lt;/tr&gt;\r\n    &lt;tr&gt;\r\n        &lt;td style=\"width: 50%;\"&gt;&lt;strong&gt;Date First Available:&lt;/strong&gt;&lt;/td&gt;\r\n        &lt;td style=\"width: 50%;\"&gt;August 20, 2019&lt;/td&gt;\r\n    &lt;/tr&gt;\r\n    &lt;tr&gt;\r\n        &lt;td style=\"width: 50%;\"&gt;&lt;strong&gt;ASIN:&lt;/strong&gt;&lt;/td&gt;\r\n        &lt;td style=\"width: 50%;\"&gt;B07WWZM89C&lt;/td&gt;\r\n    &lt;/tr&gt;\r\n    &lt;tr&gt;\r\n        &lt;td style=\"width: 50%;\"&gt;&lt;strong&gt;Occasion:&lt;/strong&gt;&lt;/td&gt;\r\n        &lt;td style=\"width: 50%;\"&gt;Daily, Lounge, Fall, Shopping&lt;/td&gt;\r\n    &lt;/tr&gt;\r\n    &lt;/tbody&gt;\r\n&lt;/table&gt;\r\n&lt;p&gt;INCLUDES 3 FUN PRINTABLES! Along with our learning games for kids ages 3-5, you get access to 3 FULL-COLOR, PRINTABLE\r\n    downloads to READ, STORY is a fun illustrated journey through sustainable plant harvesting, endangered plants,\r\n    ecosystems and more. The 27-page WILDCRAFT! BOTANICAL COLORING BOOK helps kids learn the plants in our educational\r\n    game. And our POCKET GUIDE is the perfect reference to take on family nature outings, hikes and camping trips! AT\r\n    LearningHerbs, WE BELIEVE IN THE POWER OF CONNECTING KIDS TO NATURE and appreciating everything OUR GREAT EARTH HAS\r\n    TO OFFER. As parents, we designed Wildcraft! fun family games for kids.&lt;/p&gt;\r\n&lt;p&gt;Wildcraft An Herbal Adventure Game is a fun, that’s also easy to follow – NO READING required. Because our learning\r\n    board games feature clear illustrations and matching icons, even younger kids will learn what the different plants\r\n    look like and can be used for.&lt;/p&gt;</div>'),(405,85,0,135,'Fresh Red Fruits Box Quality'),(406,76,0,135,'<p>The perfect recipe for a family game night! Appeals to a wide range of people. Created By National Parks. Parents who had traveled to every single National Park worked together with their board game designer son and created a game to inspire others and help families share their love of the National Parks.</p>'),(407,75,0,136,'<div data-content-type=\"html\" data-appearance=\"default\" data-element=\"main\">&lt;p&gt;Will you get the answers in time, or is that just WISHFUL THINKING? Let\'s see how quickly you make the connections in\r\n    this fun and challenging board game. You only have 60 seconds to figure out three Mystery words on the card. The\r\n    only thing they have in common is that they all begin with the same letter. You (and your teammates) are allowed as\r\n    many guesses as you like&lt;/p&gt;\r\n&lt;table style=\"border-collapse: collapse; width: 100%;\" border=\"1\"&gt;\r\n    &lt;tbody&gt;\r\n    &lt;tr&gt;\r\n        &lt;td style=\"width: 50%;\"&gt;&lt;strong&gt;Product Dimensions:&lt;/strong&gt;&lt;/td&gt;\r\n        &lt;td style=\"width: 50%;\"&gt;13 x 8 x 1 inches&lt;/td&gt;\r\n    &lt;/tr&gt;\r\n    &lt;tr&gt;\r\n        &lt;td style=\"width: 50%;\"&gt;&lt;strong&gt;Model Number:&lt;/strong&gt;&lt;/td&gt;\r\n        &lt;td style=\"width: 50%;\"&gt;O4633&lt;/td&gt;\r\n    &lt;/tr&gt;\r\n    &lt;tr&gt;\r\n        &lt;td style=\"width: 50%;\"&gt;&lt;strong&gt;Date First Available:&lt;/strong&gt;&lt;/td&gt;\r\n        &lt;td style=\"width: 50%;\"&gt;August 20, 2019&lt;/td&gt;\r\n    &lt;/tr&gt;\r\n    &lt;tr&gt;\r\n        &lt;td style=\"width: 50%;\"&gt;&lt;strong&gt;ASIN:&lt;/strong&gt;&lt;/td&gt;\r\n        &lt;td style=\"width: 50%;\"&gt;B07WWZM89C&lt;/td&gt;\r\n    &lt;/tr&gt;\r\n    &lt;tr&gt;\r\n        &lt;td style=\"width: 50%;\"&gt;&lt;strong&gt;Occasion:&lt;/strong&gt;&lt;/td&gt;\r\n        &lt;td style=\"width: 50%;\"&gt;Daily, Lounge, Fall, Shopping&lt;/td&gt;\r\n    &lt;/tr&gt;\r\n    &lt;/tbody&gt;\r\n&lt;/table&gt;\r\n&lt;p&gt;INCLUDES 3 FUN PRINTABLES! Along with our learning games for kids ages 3-5, you get access to 3 FULL-COLOR, PRINTABLE\r\n    downloads to READ, STORY is a fun illustrated journey through sustainable plant harvesting, endangered plants,\r\n    ecosystems and more. The 27-page WILDCRAFT! BOTANICAL COLORING BOOK helps kids learn the plants in our educational\r\n    game. And our POCKET GUIDE is the perfect reference to take on family nature outings, hikes and camping trips! AT\r\n    LearningHerbs, WE BELIEVE IN THE POWER OF CONNECTING KIDS TO NATURE and appreciating everything OUR GREAT EARTH HAS\r\n    TO OFFER. As parents, we designed Wildcraft! fun family games for kids.&lt;/p&gt;\r\n&lt;p&gt;Wildcraft An Herbal Adventure Game is a fun, that’s also easy to follow – NO READING required. Because our learning\r\n    board games feature clear illustrations and matching icons, even younger kids will learn what the different plants\r\n    look like and can be used for.&lt;/p&gt;</div>'),(408,85,0,136,'Organic New Cheap Sweet Fresh'),(409,76,0,136,'<p>The perfect recipe for a family game night! Appeals to a wide range of people. Created By National Parks. Parents who had traveled to every single National Park worked together with their board game designer son and created a game to inspire others and help families share their love of the National Parks.</p>'),(410,75,0,137,'<div data-content-type=\"html\" data-appearance=\"default\" data-element=\"main\">&lt;p&gt;Will you get the answers in time, or is that just WISHFUL THINKING? Let\'s see how quickly you make the connections in\r\n    this fun and challenging board game. You only have 60 seconds to figure out three Mystery words on the card. The\r\n    only thing they have in common is that they all begin with the same letter. You (and your teammates) are allowed as\r\n    many guesses as you like&lt;/p&gt;\r\n&lt;table style=\"border-collapse: collapse; width: 100%;\" border=\"1\"&gt;\r\n    &lt;tbody&gt;\r\n    &lt;tr&gt;\r\n        &lt;td style=\"width: 50%;\"&gt;&lt;strong&gt;Product Dimensions:&lt;/strong&gt;&lt;/td&gt;\r\n        &lt;td style=\"width: 50%;\"&gt;13 x 8 x 1 inches&lt;/td&gt;\r\n    &lt;/tr&gt;\r\n    &lt;tr&gt;\r\n        &lt;td style=\"width: 50%;\"&gt;&lt;strong&gt;Model Number:&lt;/strong&gt;&lt;/td&gt;\r\n        &lt;td style=\"width: 50%;\"&gt;O4633&lt;/td&gt;\r\n    &lt;/tr&gt;\r\n    &lt;tr&gt;\r\n        &lt;td style=\"width: 50%;\"&gt;&lt;strong&gt;Date First Available:&lt;/strong&gt;&lt;/td&gt;\r\n        &lt;td style=\"width: 50%;\"&gt;August 20, 2019&lt;/td&gt;\r\n    &lt;/tr&gt;\r\n    &lt;tr&gt;\r\n        &lt;td style=\"width: 50%;\"&gt;&lt;strong&gt;ASIN:&lt;/strong&gt;&lt;/td&gt;\r\n        &lt;td style=\"width: 50%;\"&gt;B07WWZM89C&lt;/td&gt;\r\n    &lt;/tr&gt;\r\n    &lt;tr&gt;\r\n        &lt;td style=\"width: 50%;\"&gt;&lt;strong&gt;Occasion:&lt;/strong&gt;&lt;/td&gt;\r\n        &lt;td style=\"width: 50%;\"&gt;Daily, Lounge, Fall, Shopping&lt;/td&gt;\r\n    &lt;/tr&gt;\r\n    &lt;/tbody&gt;\r\n&lt;/table&gt;\r\n&lt;p&gt;INCLUDES 3 FUN PRINTABLES! Along with our learning games for kids ages 3-5, you get access to 3 FULL-COLOR, PRINTABLE\r\n    downloads to READ, STORY is a fun illustrated journey through sustainable plant harvesting, endangered plants,\r\n    ecosystems and more. The 27-page WILDCRAFT! BOTANICAL COLORING BOOK helps kids learn the plants in our educational\r\n    game. And our POCKET GUIDE is the perfect reference to take on family nature outings, hikes and camping trips! AT\r\n    LearningHerbs, WE BELIEVE IN THE POWER OF CONNECTING KIDS TO NATURE and appreciating everything OUR GREAT EARTH HAS\r\n    TO OFFER. As parents, we designed Wildcraft! fun family games for kids.&lt;/p&gt;\r\n&lt;p&gt;Wildcraft An Herbal Adventure Game is a fun, that’s also easy to follow – NO READING required. Because our learning\r\n    board games feature clear illustrations and matching icons, even younger kids will learn what the different plants\r\n    look like and can be used for.&lt;/p&gt;</div>'),(411,85,0,137,'New Crop Citrus Fruit Summer'),(412,76,0,137,'<p>The perfect recipe for a family game night! Appeals to a wide range of people. Created By National Parks. Parents who had traveled to every single National Park worked together with their board game designer son and created a game to inspire others and help families share their love of the National Parks.</p>'),(413,75,0,138,'<div data-content-type=\"html\" data-appearance=\"default\" data-element=\"main\">&lt;p&gt;Will you get the answers in time, or is that just WISHFUL THINKING? Let\'s see how quickly you make the connections in\r\n    this fun and challenging board game. You only have 60 seconds to figure out three Mystery words on the card. The\r\n    only thing they have in common is that they all begin with the same letter. You (and your teammates) are allowed as\r\n    many guesses as you like&lt;/p&gt;\r\n&lt;table style=\"border-collapse: collapse; width: 100%;\" border=\"1\"&gt;\r\n    &lt;tbody&gt;\r\n    &lt;tr&gt;\r\n        &lt;td style=\"width: 50%;\"&gt;&lt;strong&gt;Product Dimensions:&lt;/strong&gt;&lt;/td&gt;\r\n        &lt;td style=\"width: 50%;\"&gt;13 x 8 x 1 inches&lt;/td&gt;\r\n    &lt;/tr&gt;\r\n    &lt;tr&gt;\r\n        &lt;td style=\"width: 50%;\"&gt;&lt;strong&gt;Model Number:&lt;/strong&gt;&lt;/td&gt;\r\n        &lt;td style=\"width: 50%;\"&gt;O4633&lt;/td&gt;\r\n    &lt;/tr&gt;\r\n    &lt;tr&gt;\r\n        &lt;td style=\"width: 50%;\"&gt;&lt;strong&gt;Date First Available:&lt;/strong&gt;&lt;/td&gt;\r\n        &lt;td style=\"width: 50%;\"&gt;August 20, 2019&lt;/td&gt;\r\n    &lt;/tr&gt;\r\n    &lt;tr&gt;\r\n        &lt;td style=\"width: 50%;\"&gt;&lt;strong&gt;ASIN:&lt;/strong&gt;&lt;/td&gt;\r\n        &lt;td style=\"width: 50%;\"&gt;B07WWZM89C&lt;/td&gt;\r\n    &lt;/tr&gt;\r\n    &lt;tr&gt;\r\n        &lt;td style=\"width: 50%;\"&gt;&lt;strong&gt;Occasion:&lt;/strong&gt;&lt;/td&gt;\r\n        &lt;td style=\"width: 50%;\"&gt;Daily, Lounge, Fall, Shopping&lt;/td&gt;\r\n    &lt;/tr&gt;\r\n    &lt;/tbody&gt;\r\n&lt;/table&gt;\r\n&lt;p&gt;INCLUDES 3 FUN PRINTABLES! Along with our learning games for kids ages 3-5, you get access to 3 FULL-COLOR, PRINTABLE\r\n    downloads to READ, STORY is a fun illustrated journey through sustainable plant harvesting, endangered plants,\r\n    ecosystems and more. The 27-page WILDCRAFT! BOTANICAL COLORING BOOK helps kids learn the plants in our educational\r\n    game. And our POCKET GUIDE is the perfect reference to take on family nature outings, hikes and camping trips! AT\r\n    LearningHerbs, WE BELIEVE IN THE POWER OF CONNECTING KIDS TO NATURE and appreciating everything OUR GREAT EARTH HAS\r\n    TO OFFER. As parents, we designed Wildcraft! fun family games for kids.&lt;/p&gt;\r\n&lt;p&gt;Wildcraft An Herbal Adventure Game is a fun, that’s also easy to follow – NO READING required. Because our learning\r\n    board games feature clear illustrations and matching icons, even younger kids will learn what the different plants\r\n    look like and can be used for.&lt;/p&gt;</div>'),(414,85,0,138,'Hot Price Fruit Honey Pomelo'),(415,76,0,138,'<p>The perfect recipe for a family game night! Appeals to a wide range of people. Created By National Parks. Parents who had traveled to every single National Park worked together with their board game designer son and created a game to inspire others and help families share their love of the National Parks.</p>'),(416,75,0,139,'<div data-content-type=\"html\" data-appearance=\"default\" data-element=\"main\">&lt;p&gt;Will you get the answers in time, or is that just WISHFUL THINKING? Let\'s see how quickly you make the connections in\r\n    this fun and challenging board game. You only have 60 seconds to figure out three Mystery words on the card. The\r\n    only thing they have in common is that they all begin with the same letter. You (and your teammates) are allowed as\r\n    many guesses as you like&lt;/p&gt;\r\n&lt;table style=\"border-collapse: collapse; width: 100%;\" border=\"1\"&gt;\r\n    &lt;tbody&gt;\r\n    &lt;tr&gt;\r\n        &lt;td style=\"width: 50%;\"&gt;&lt;strong&gt;Product Dimensions:&lt;/strong&gt;&lt;/td&gt;\r\n        &lt;td style=\"width: 50%;\"&gt;13 x 8 x 1 inches&lt;/td&gt;\r\n    &lt;/tr&gt;\r\n    &lt;tr&gt;\r\n        &lt;td style=\"width: 50%;\"&gt;&lt;strong&gt;Model Number:&lt;/strong&gt;&lt;/td&gt;\r\n        &lt;td style=\"width: 50%;\"&gt;O4633&lt;/td&gt;\r\n    &lt;/tr&gt;\r\n    &lt;tr&gt;\r\n        &lt;td style=\"width: 50%;\"&gt;&lt;strong&gt;Date First Available:&lt;/strong&gt;&lt;/td&gt;\r\n        &lt;td style=\"width: 50%;\"&gt;August 20, 2019&lt;/td&gt;\r\n    &lt;/tr&gt;\r\n    &lt;tr&gt;\r\n        &lt;td style=\"width: 50%;\"&gt;&lt;strong&gt;ASIN:&lt;/strong&gt;&lt;/td&gt;\r\n        &lt;td style=\"width: 50%;\"&gt;B07WWZM89C&lt;/td&gt;\r\n    &lt;/tr&gt;\r\n    &lt;tr&gt;\r\n        &lt;td style=\"width: 50%;\"&gt;&lt;strong&gt;Occasion:&lt;/strong&gt;&lt;/td&gt;\r\n        &lt;td style=\"width: 50%;\"&gt;Daily, Lounge, Fall, Shopping&lt;/td&gt;\r\n    &lt;/tr&gt;\r\n    &lt;/tbody&gt;\r\n&lt;/table&gt;\r\n&lt;p&gt;INCLUDES 3 FUN PRINTABLES! Along with our learning games for kids ages 3-5, you get access to 3 FULL-COLOR, PRINTABLE\r\n    downloads to READ, STORY is a fun illustrated journey through sustainable plant harvesting, endangered plants,\r\n    ecosystems and more. The 27-page WILDCRAFT! BOTANICAL COLORING BOOK helps kids learn the plants in our educational\r\n    game. And our POCKET GUIDE is the perfect reference to take on family nature outings, hikes and camping trips! AT\r\n    LearningHerbs, WE BELIEVE IN THE POWER OF CONNECTING KIDS TO NATURE and appreciating everything OUR GREAT EARTH HAS\r\n    TO OFFER. As parents, we designed Wildcraft! fun family games for kids.&lt;/p&gt;\r\n&lt;p&gt;Wildcraft An Herbal Adventure Game is a fun, that’s also easy to follow – NO READING required. Because our learning\r\n    board games feature clear illustrations and matching icons, even younger kids will learn what the different plants\r\n    look like and can be used for.&lt;/p&gt;</div>'),(417,85,0,139,'Natural New Season Set Fresh'),(418,76,0,139,'<p>The perfect recipe for a family game night! Appeals to a wide range of people. Created By National Parks. Parents who had traveled to every single National Park worked together with their board game designer son and created a game to inspire others and help families share their love of the National Parks.</p>'),(419,75,0,140,'<div data-content-type=\"html\" data-appearance=\"default\" data-element=\"main\">&lt;p&gt;Will you get the answers in time, or is that just WISHFUL THINKING? Let\'s see how quickly you make the connections in\r\n    this fun and challenging board game. You only have 60 seconds to figure out three Mystery words on the card. The\r\n    only thing they have in common is that they all begin with the same letter. You (and your teammates) are allowed as\r\n    many guesses as you like&lt;/p&gt;\r\n&lt;table style=\"border-collapse: collapse; width: 100%;\" border=\"1\"&gt;\r\n    &lt;tbody&gt;\r\n    &lt;tr&gt;\r\n        &lt;td style=\"width: 50%;\"&gt;&lt;strong&gt;Product Dimensions:&lt;/strong&gt;&lt;/td&gt;\r\n        &lt;td style=\"width: 50%;\"&gt;13 x 8 x 1 inches&lt;/td&gt;\r\n    &lt;/tr&gt;\r\n    &lt;tr&gt;\r\n        &lt;td style=\"width: 50%;\"&gt;&lt;strong&gt;Model Number:&lt;/strong&gt;&lt;/td&gt;\r\n        &lt;td style=\"width: 50%;\"&gt;O4633&lt;/td&gt;\r\n    &lt;/tr&gt;\r\n    &lt;tr&gt;\r\n        &lt;td style=\"width: 50%;\"&gt;&lt;strong&gt;Date First Available:&lt;/strong&gt;&lt;/td&gt;\r\n        &lt;td style=\"width: 50%;\"&gt;August 20, 2019&lt;/td&gt;\r\n    &lt;/tr&gt;\r\n    &lt;tr&gt;\r\n        &lt;td style=\"width: 50%;\"&gt;&lt;strong&gt;ASIN:&lt;/strong&gt;&lt;/td&gt;\r\n        &lt;td style=\"width: 50%;\"&gt;B07WWZM89C&lt;/td&gt;\r\n    &lt;/tr&gt;\r\n    &lt;tr&gt;\r\n        &lt;td style=\"width: 50%;\"&gt;&lt;strong&gt;Occasion:&lt;/strong&gt;&lt;/td&gt;\r\n        &lt;td style=\"width: 50%;\"&gt;Daily, Lounge, Fall, Shopping&lt;/td&gt;\r\n    &lt;/tr&gt;\r\n    &lt;/tbody&gt;\r\n&lt;/table&gt;\r\n&lt;p&gt;INCLUDES 3 FUN PRINTABLES! Along with our learning games for kids ages 3-5, you get access to 3 FULL-COLOR, PRINTABLE\r\n    downloads to READ, STORY is a fun illustrated journey through sustainable plant harvesting, endangered plants,\r\n    ecosystems and more. The 27-page WILDCRAFT! BOTANICAL COLORING BOOK helps kids learn the plants in our educational\r\n    game. And our POCKET GUIDE is the perfect reference to take on family nature outings, hikes and camping trips! AT\r\n    LearningHerbs, WE BELIEVE IN THE POWER OF CONNECTING KIDS TO NATURE and appreciating everything OUR GREAT EARTH HAS\r\n    TO OFFER. As parents, we designed Wildcraft! fun family games for kids.&lt;/p&gt;\r\n&lt;p&gt;Wildcraft An Herbal Adventure Game is a fun, that’s also easy to follow – NO READING required. Because our learning\r\n    board games feature clear illustrations and matching icons, even younger kids will learn what the different plants\r\n    look like and can be used for.&lt;/p&gt;</div>'),(420,85,0,140,'Vitra View X185 Mid Tower-Black'),(421,76,0,140,'<p>The perfect recipe for a family game night! Appeals to a wide range of people. Created By National Parks. Parents who had traveled to every single National Park worked together with their board game designer son and created a game to inspire others and help families share their love of the National Parks.</p>'),(422,75,0,141,'<div data-content-type=\"html\" data-appearance=\"default\" data-element=\"main\">&lt;p&gt;Will you get the answers in time, or is that just WISHFUL THINKING? Let\'s see how quickly you make the connections in\r\n    this fun and challenging board game. You only have 60 seconds to figure out three Mystery words on the card. The\r\n    only thing they have in common is that they all begin with the same letter. You (and your teammates) are allowed as\r\n    many guesses as you like&lt;/p&gt;\r\n&lt;table style=\"border-collapse: collapse; width: 100%;\" border=\"1\"&gt;\r\n    &lt;tbody&gt;\r\n    &lt;tr&gt;\r\n        &lt;td style=\"width: 50%;\"&gt;&lt;strong&gt;Product Dimensions:&lt;/strong&gt;&lt;/td&gt;\r\n        &lt;td style=\"width: 50%;\"&gt;13 x 8 x 1 inches&lt;/td&gt;\r\n    &lt;/tr&gt;\r\n    &lt;tr&gt;\r\n        &lt;td style=\"width: 50%;\"&gt;&lt;strong&gt;Model Number:&lt;/strong&gt;&lt;/td&gt;\r\n        &lt;td style=\"width: 50%;\"&gt;O4633&lt;/td&gt;\r\n    &lt;/tr&gt;\r\n    &lt;tr&gt;\r\n        &lt;td style=\"width: 50%;\"&gt;&lt;strong&gt;Date First Available:&lt;/strong&gt;&lt;/td&gt;\r\n        &lt;td style=\"width: 50%;\"&gt;August 20, 2019&lt;/td&gt;\r\n    &lt;/tr&gt;\r\n    &lt;tr&gt;\r\n        &lt;td style=\"width: 50%;\"&gt;&lt;strong&gt;ASIN:&lt;/strong&gt;&lt;/td&gt;\r\n        &lt;td style=\"width: 50%;\"&gt;B07WWZM89C&lt;/td&gt;\r\n    &lt;/tr&gt;\r\n    &lt;tr&gt;\r\n        &lt;td style=\"width: 50%;\"&gt;&lt;strong&gt;Occasion:&lt;/strong&gt;&lt;/td&gt;\r\n        &lt;td style=\"width: 50%;\"&gt;Daily, Lounge, Fall, Shopping&lt;/td&gt;\r\n    &lt;/tr&gt;\r\n    &lt;/tbody&gt;\r\n&lt;/table&gt;\r\n&lt;p&gt;INCLUDES 3 FUN PRINTABLES! Along with our learning games for kids ages 3-5, you get access to 3 FULL-COLOR, PRINTABLE\r\n    downloads to READ, STORY is a fun illustrated journey through sustainable plant harvesting, endangered plants,\r\n    ecosystems and more. The 27-page WILDCRAFT! BOTANICAL COLORING BOOK helps kids learn the plants in our educational\r\n    game. And our POCKET GUIDE is the perfect reference to take on family nature outings, hikes and camping trips! AT\r\n    LearningHerbs, WE BELIEVE IN THE POWER OF CONNECTING KIDS TO NATURE and appreciating everything OUR GREAT EARTH HAS\r\n    TO OFFER. As parents, we designed Wildcraft! fun family games for kids.&lt;/p&gt;\r\n&lt;p&gt;Wildcraft An Herbal Adventure Game is a fun, that’s also easy to follow – NO READING required. Because our learning\r\n    board games feature clear illustrations and matching icons, even younger kids will learn what the different plants\r\n    look like and can be used for.&lt;/p&gt;</div>'),(423,85,0,141,'Cooler Master MasterBox MB511 ARGB'),(424,76,0,141,'<p>The perfect recipe for a family game night! Appeals to a wide range of people. Created By National Parks. Parents who had traveled to every single National Park worked together with their board game designer son and created a game to inspire others and help families share their love of the National Parks.</p>'),(425,75,0,142,'<div data-content-type=\"html\" data-appearance=\"default\" data-element=\"main\">&lt;p&gt;Will you get the answers in time, or is that just WISHFUL THINKING? Let\'s see how quickly you make the connections in\r\n    this fun and challenging board game. You only have 60 seconds to figure out three Mystery words on the card. The\r\n    only thing they have in common is that they all begin with the same letter. You (and your teammates) are allowed as\r\n    many guesses as you like&lt;/p&gt;\r\n&lt;table style=\"border-collapse: collapse; width: 100%;\" border=\"1\"&gt;\r\n    &lt;tbody&gt;\r\n    &lt;tr&gt;\r\n        &lt;td style=\"width: 50%;\"&gt;&lt;strong&gt;Product Dimensions:&lt;/strong&gt;&lt;/td&gt;\r\n        &lt;td style=\"width: 50%;\"&gt;13 x 8 x 1 inches&lt;/td&gt;\r\n    &lt;/tr&gt;\r\n    &lt;tr&gt;\r\n        &lt;td style=\"width: 50%;\"&gt;&lt;strong&gt;Model Number:&lt;/strong&gt;&lt;/td&gt;\r\n        &lt;td style=\"width: 50%;\"&gt;O4633&lt;/td&gt;\r\n    &lt;/tr&gt;\r\n    &lt;tr&gt;\r\n        &lt;td style=\"width: 50%;\"&gt;&lt;strong&gt;Date First Available:&lt;/strong&gt;&lt;/td&gt;\r\n        &lt;td style=\"width: 50%;\"&gt;August 20, 2019&lt;/td&gt;\r\n    &lt;/tr&gt;\r\n    &lt;tr&gt;\r\n        &lt;td style=\"width: 50%;\"&gt;&lt;strong&gt;ASIN:&lt;/strong&gt;&lt;/td&gt;\r\n        &lt;td style=\"width: 50%;\"&gt;B07WWZM89C&lt;/td&gt;\r\n    &lt;/tr&gt;\r\n    &lt;tr&gt;\r\n        &lt;td style=\"width: 50%;\"&gt;&lt;strong&gt;Occasion:&lt;/strong&gt;&lt;/td&gt;\r\n        &lt;td style=\"width: 50%;\"&gt;Daily, Lounge, Fall, Shopping&lt;/td&gt;\r\n    &lt;/tr&gt;\r\n    &lt;/tbody&gt;\r\n&lt;/table&gt;\r\n&lt;p&gt;INCLUDES 3 FUN PRINTABLES! Along with our learning games for kids ages 3-5, you get access to 3 FULL-COLOR, PRINTABLE\r\n    downloads to READ, STORY is a fun illustrated journey through sustainable plant harvesting, endangered plants,\r\n    ecosystems and more. The 27-page WILDCRAFT! BOTANICAL COLORING BOOK helps kids learn the plants in our educational\r\n    game. And our POCKET GUIDE is the perfect reference to take on family nature outings, hikes and camping trips! AT\r\n    LearningHerbs, WE BELIEVE IN THE POWER OF CONNECTING KIDS TO NATURE and appreciating everything OUR GREAT EARTH HAS\r\n    TO OFFER. As parents, we designed Wildcraft! fun family games for kids.&lt;/p&gt;\r\n&lt;p&gt;Wildcraft An Herbal Adventure Game is a fun, that’s also easy to follow – NO READING required. Because our learning\r\n    board games feature clear illustrations and matching icons, even younger kids will learn what the different plants\r\n    look like and can be used for.&lt;/p&gt;</div>'),(426,85,0,142,'Jonsbo QT01 Black Edition Mid Tower-Black'),(427,76,0,142,'<p>The perfect recipe for a family game night! Appeals to a wide range of people. Created By National Parks. Parents who had traveled to every single National Park worked together with their board game designer son and created a game to inspire others and help families share their love of the National Parks.</p>'),(428,75,0,143,'<div data-content-type=\"html\" data-appearance=\"default\" data-element=\"main\">&lt;p&gt;Will you get the answers in time, or is that just WISHFUL THINKING? Let\'s see how quickly you make the connections in\r\n    this fun and challenging board game. You only have 60 seconds to figure out three Mystery words on the card. The\r\n    only thing they have in common is that they all begin with the same letter. You (and your teammates) are allowed as\r\n    many guesses as you like&lt;/p&gt;\r\n&lt;table style=\"border-collapse: collapse; width: 100%;\" border=\"1\"&gt;\r\n    &lt;tbody&gt;\r\n    &lt;tr&gt;\r\n        &lt;td style=\"width: 50%;\"&gt;&lt;strong&gt;Product Dimensions:&lt;/strong&gt;&lt;/td&gt;\r\n        &lt;td style=\"width: 50%;\"&gt;13 x 8 x 1 inches&lt;/td&gt;\r\n    &lt;/tr&gt;\r\n    &lt;tr&gt;\r\n        &lt;td style=\"width: 50%;\"&gt;&lt;strong&gt;Model Number:&lt;/strong&gt;&lt;/td&gt;\r\n        &lt;td style=\"width: 50%;\"&gt;O4633&lt;/td&gt;\r\n    &lt;/tr&gt;\r\n    &lt;tr&gt;\r\n        &lt;td style=\"width: 50%;\"&gt;&lt;strong&gt;Date First Available:&lt;/strong&gt;&lt;/td&gt;\r\n        &lt;td style=\"width: 50%;\"&gt;August 20, 2019&lt;/td&gt;\r\n    &lt;/tr&gt;\r\n    &lt;tr&gt;\r\n        &lt;td style=\"width: 50%;\"&gt;&lt;strong&gt;ASIN:&lt;/strong&gt;&lt;/td&gt;\r\n        &lt;td style=\"width: 50%;\"&gt;B07WWZM89C&lt;/td&gt;\r\n    &lt;/tr&gt;\r\n    &lt;tr&gt;\r\n        &lt;td style=\"width: 50%;\"&gt;&lt;strong&gt;Occasion:&lt;/strong&gt;&lt;/td&gt;\r\n        &lt;td style=\"width: 50%;\"&gt;Daily, Lounge, Fall, Shopping&lt;/td&gt;\r\n    &lt;/tr&gt;\r\n    &lt;/tbody&gt;\r\n&lt;/table&gt;\r\n&lt;p&gt;INCLUDES 3 FUN PRINTABLES! Along with our learning games for kids ages 3-5, you get access to 3 FULL-COLOR, PRINTABLE\r\n    downloads to READ, STORY is a fun illustrated journey through sustainable plant harvesting, endangered plants,\r\n    ecosystems and more. The 27-page WILDCRAFT! BOTANICAL COLORING BOOK helps kids learn the plants in our educational\r\n    game. And our POCKET GUIDE is the perfect reference to take on family nature outings, hikes and camping trips! AT\r\n    LearningHerbs, WE BELIEVE IN THE POWER OF CONNECTING KIDS TO NATURE and appreciating everything OUR GREAT EARTH HAS\r\n    TO OFFER. As parents, we designed Wildcraft! fun family games for kids.&lt;/p&gt;\r\n&lt;p&gt;Wildcraft An Herbal Adventure Game is a fun, that’s also easy to follow – NO READING required. Because our learning\r\n    board games feature clear illustrations and matching icons, even younger kids will learn what the different plants\r\n    look like and can be used for.&lt;/p&gt;</div>'),(429,85,0,143,'Vitra Poseidon R03 Black Mid Tower'),(430,76,0,143,'<p>The perfect recipe for a family game night! Appeals to a wide range of people. Created By National Parks. Parents who had traveled to every single National Park worked together with their board game designer son and created a game to inspire others and help families share their love of the National Parks.</p>'),